796
CXUS56 KMTR 241000
CF6WVI
PRELIMINARY LOCAL CLIMATOLOGICAL DATA (WS FORM: F-6)

                                          STATION:   WATSONVILLE AIRPORT
                                          MONTH:     JUNE
                                          YEAR:      2017
                                          LATITUDE:   36 55 N
                                          LONGITUDE: 121 47 W

  TEMPERATURE IN F:       :PCPN:    SNOW:  WIND      :SUNSHINE: SKY     :PK WND
================================================================================
1   2   3   4   5  6A  6B    7    8   9   10  11  12  13   14  15   16   17  18
                                     12Z  AVG MX 2MIN
DY MAX MIN AVG DEP HDD CDD  WTR  SNW DPTH SPD SPD DIR MIN PSBL S-S WX    SPD DR
================================================================================

 1  75  53  64   4   1   0 0.00  0.0    0  3.6 12 140   M    M   4        14 180
 2  73  50  62   2   3   0 0.00  0.0    0  4.2 13 120   M    M   3 12     15 140
 3  72  50  61   0   4   0 0.00  0.0    0  4.8 12 150   M    M   1 1      15 190
 4  73  49  61   0   4   0 0.00  0.0    0  4.2 12 130   M    M   3 1      15 120
 5  70  43  57  -4   8   0 0.00  0.0    0  4.3 12 170   M    M   1 1      15 210
 6  67  48  58  -3   7   0 0.00  0.0    0  4.1 12 140   M    M   4 128    14 150
 7  63  46  55  -6  10   0 0.00  0.0    0  4.6 14 240   M    M   7 1      17 200
 8  66  54  60  -1   5   0 0.09  0.0    0  3.9  9 250   M    M   9 1      13 260
 9  71  50  61   0   4   0 0.02  0.0    0  4.8 13  90   M    M   8 18     16 210
10  72  45  59  -2   6   0 0.00  0.0    0  6.5 16 230   M    M   1        20 250
11  66  45  56  -6   9   0 0.00  0.0    0 10.5 24 240   M    M   1        35 240
12  67  46  57  -5   8   0 0.00  0.0    0  5.9 17 230   M    M   4        23 220
13  73  46  60  -2   5   0 0.00  0.0    0  4.7 12 120   M    M   1 1      14 120
14  73  47  60  -2   5   0 0.00  0.0    0  4.4 12 140   M    M   1 1      17 180
15  76  47  62   0   3   0 0.00  0.0    0  4.0 10 150   M    M   0        14 180
16  78  53  66   4   0   1 0.00  0.0    0  4.5 12 150   M    M   0        15 170
17  83  53  68   6   0   3 0.00  0.0    0  3.8 12 150   M    M   0        16 160
18  79  56  68   6   0   3 0.00  0.0    0  4.6 13 170   M    M   0 18     16 220
19  79  53  66   4   0   1 0.00  0.0    0  4.2 13 160   M    M   2 1      16 210
20  67  53  60  -2   5   0 0.00  0.0    0  4.9 12 180   M    M   4 18     17 180
21  68  53  61  -1   4   0 0.00  0.0    0  5.0 12 190   M    M   4 1      15 190
22  78  52  65   2   0   0 0.00  0.0    0  6.3 18 260   M    M   3 128    22 250
23  70  54  62  -1   3   0 0.00  0.0    0  7.1 14 240   M    M   7 1      18 230
================================================================================
SM 1659 1146        94   8  0.11     0.0 114.9          M       68
================================================================================
AV 72.1 49.8                               5.0 FASTST   M    M   3    MAX(MPH)
                                 MISC ---->  # 24 240               # 35  240
================================================================================
NOTES:
# LAST OF SEVERAL OCCURRENCES

COLUMN 17 PEAK WIND IN M.P.H.

PRELIMINARY LOCAL CLIMATOLOGICAL DATA (WS FORM: F-6) , PAGE 2

                                          STATION:  WATSONVILLE AIRPORT
                                          MONTH:    JUNE
                                          YEAR:     2017
                                          LATITUDE:   36 55 N
                                          LONGITUDE: 121 47 W

[TEMPERATURE DATA]      [PRECIPITATION DATA]       SYMBOLS USED IN COLUMN 16

AVERAGE MONTHLY: 61.0   TOTAL FOR MONTH:   0.11    1 = FOG OR MIST
DPTR FM NORMAL:  -0.6   DPTR FM NORMAL:    0.01    2 = FOG REDUCING VISIBILITY
HIGHEST:    83 ON 17    GRTST 24HR  0.09 ON  8- 8      TO 1/4 MILE OR LESS
LOWEST:     43 ON  5                               3 = THUNDER
                        SNOW, ICE PELLETS, HAIL    4 = ICE PELLETS
                        TOTAL MONTH:   0.0 INCH    5 = HAIL
                        GRTST 24HR     0.0         6 = FREEZING RAIN OR DRIZZLE
                        GRTST DEPTH:   0           7 = DUSTSTORM OR SANDSTORM:
                                                       VSBY 1/2 MILE OR LESS
                                                   8 = SMOKE OR HAZE
[NO. OF DAYS WITH]      [WEATHER - DAYS WITH]      9 = BLOWING SNOW
                                                   X = TORNADO
MAX 32 OR BELOW:   0    0.01 INCH OR MORE:   2
MAX 90 OR ABOVE:   0    0.10 INCH OR MORE:   0
MIN 32 OR BELOW:   0    0.50 INCH OR MORE:   0
MIN  0 OR BELOW:   0    1.00 INCH OR MORE:   0

[HDD (BASE 65) ]
TOTAL THIS MO.    94    CLEAR  (SCALE 0-3)  13
DPTR FM NORMAL     6    PTCLDY (SCALE 4-7)   8
TOTAL FM JUL 1  2790    CLOUDY (SCALE 8-10)  2
DPTR FM NORMAL  -132

[CDD (BASE 65) ]
TOTAL THIS MO.     8
DPTR FM NORMAL     2    [PRESSURE DATA]
TOTAL FM JAN 1    12    HIGHEST SLP M ON M
DPTR FM NORMAL    -7    LOWEST  SLP 29.66 ON 22

[REMARKS]
