000
CXUS54 KFWD 160730
CF6XBP
PRELIMINARY LOCAL CLIMATOLOGICAL DATA (WS FORM: F-6)

                                          STATION:   BRIDGEPORT
                                          MONTH:     APRIL
                                          YEAR:      2014
                                          LATITUDE:   33 10 N
                                          LONGITUDE:  96 30 W

  TEMPERATURE IN F:       :PCPN:    SNOW:  WIND      :SUNSHINE: SKY     :PK WND
================================================================================
1   2   3   4   5  6A  6B    7    8   9   10  11  12  13   14  15   16   17  18
                                     12Z  AVG MX 2MIN
DY MAX MIN AVG DEP HDD CDD  WTR  SNW DPTH SPD SPD DIR MIN PSBL S-S WX    SPD DR
================================================================================

 1  84  56  70  12   0   5    M  0.0    0  8.3 16 150   M    M   3 3      22 140
 2  80  68  74  15   0   9 0.00  0.0    0 13.1 18 180   M    M   3        24 180
 3  90  56  73  14   0   8 0.17  0.0    0 10.7 22 340   M    M   2 3      32 340
 4  67  43  55  -4  10   0 0.00  0.0    0  8.7 18 340   M    M   0        27 330
 5  60  42  51  -9  14   0 0.00  0.0    0  5.4 12 140   M    M   4        18 140
 6  53  46  50 -10  15   0 0.43  0.0    0  6.4 12 100   M    M  10 3      17 100
 7  68  47  58  -2   7   0 0.05  0.0    0  3.8 12 310   M    M   5 3      24 310
 8  70  46  58  -2   7   0 0.00  0.0    0  9.6 20 330   M    M   0        28 320
 9  83  39  61   0   4   0 0.00  0.0    0  8.8 17 170   M    M   0        25 180
10  88  62  75  14   0  10 0.00  0.0    0 13.2 22 170   M    M   0        30 190
11  84  59  72  11   0   7 0.00  0.0    0  7.9 14 150   M    M   0        21 150
12  84  62  73  11   0   8 0.00  0.0    0 12.9 21 180   M    M   0        28 180
13  79  55  67   5   0   2 0.00  0.0    0 17.3 25 190   M    M   3 3      38 190
14  54  42  48 -14  17   0 0.00  0.0    0 15.7 23 340   M    M   7        35 340
15  64  30  47 -15  18   0 0.00  0.0    0  5.0 10 160   M    M   0         M  M
================================================================================
SM 1108  753        92  49  0.65     0.0 146.8          M       37
================================================================================
AV 73.9 50.2                               9.8 FASTST   M    M   2    MAX(MPH)
                                 MISC ---->    25   M               # 38  190
================================================================================
NOTES:
# LAST OF SEVERAL OCCURRENCES

COLUMN 17 PEAK WIND IN M.P.H.

PRELIMINARY LOCAL CLIMATOLOGICAL DATA (WS FORM: F-6) , PAGE 2

                                          STATION:  BRIDGEPORT
                                          MONTH:    APRIL
                                          YEAR:     2014
                                          LATITUDE:   33 10 N
                                          LONGITUDE:  96 30 W

[TEMPERATURE DATA]      [PRECIPITATION DATA]       SYMBOLS USED IN COLUMN 16

AVERAGE MONTHLY: 62.0   TOTAL FOR MONTH:   0.65    1 = FOG OR MIST
DPTR FM NORMAL:   1.6   DPTR FM NORMAL:   -0.57    2 = FOG REDUCING VISIBILITY
HIGHEST:    90 ON  3    GRTST 24HR  0.43 ON  6- 6      TO 1/4 MILE OR LESS
LOWEST:     30 ON 15                               3 = THUNDER
                        SNOW, ICE PELLETS, HAIL    4 = ICE PELLETS
                        TOTAL MONTH:   0.0 INCH    5 = HAIL
                        GRTST 24HR     0.0         6 = FREEZING RAIN OR DRIZZLE
                        GRTST DEPTH:   0           7 = DUSTSTORM OR SANDSTORM:
                                                       VSBY 1/2 MILE OR LESS
                                                   8 = SMOKE OR HAZE
[NO. OF DAYS WITH]      [WEATHER - DAYS WITH]      9 = BLOWING SNOW
                                                   X = TORNADO
MAX 32 OR BELOW:   0    0.01 INCH OR MORE:   3
MAX 90 OR ABOVE:   1    0.10 INCH OR MORE:   2
MIN 32 OR BELOW:   1    0.50 INCH OR MORE:   0
MIN  0 OR BELOW:   0    1.00 INCH OR MORE:   0

[HDD (BASE 65) ]
TOTAL THIS MO.    92    CLEAR  (SCALE 0-3)   9
DPTR FM NORMAL    -1    PTCLDY (SCALE 4-7)   5
TOTAL FM JUL 1  3083    CLOUDY (SCALE 8-10)  1
DPTR FM NORMAL   192

[CDD (BASE 65) ]
TOTAL THIS MO.    49
DPTR FM NORMAL    27    [PRESSURE DATA]
TOTAL FM JAN 1    65    HIGHEST SLP M ON M
DPTR FM NORMAL    27    LOWEST  SLP M ON M

[REMARKS]
