000
CXUS54 KFWD 290730
CF6XBP
PRELIMINARY LOCAL CLIMATOLOGICAL DATA (WS FORM: F-6)

                                          STATION:   BRIDGEPORT
                                          MONTH:     AUGUST
                                          YEAR:      2015
                                          LATITUDE:   33 10 N
                                          LONGITUDE:  96 30 W

  TEMPERATURE IN F:       :PCPN:    SNOW:  WIND      :SUNSHINE: SKY     :PK WND
================================================================================
1   2   3   4   5  6A  6B    7    8   9   10  11  12  13   14  15   16   17  18
                                     12Z  AVG MX 2MIN
DY MAX MIN AVG DEP HDD CDD  WTR  SNW DPTH SPD SPD DIR MIN PSBL S-S WX    SPD DR
================================================================================

 1   M   M   M   M   M   M    M    M    M   M   M   M   M    M   M         M  M
 2   M   M   M   M   M   M    M    M    M   M   M   M   M    M   M         M  M
 3   M   M   M   M   M   M    M    M    M   M   M   M   M    M   M         M  M
 4   M   M   M   M   M   M    M    M    M   M   M   M   M    M   M         M  M
 5 100   M   M   M   M   M 0.00  0.0    0  7.5 13 180   M    M   0        17 230
 6 101  81  91   8   0  26 0.00  0.0    0  9.1 13 220   M    M   0        18 190
 7 101  79  90   7   0  25 0.00  0.0    0  6.7 10 160   M    M   0         M  M
 8 102  76  89   6   0  24 0.00  0.0    0  7.6 12 190   M    M   0        16 220
 9 103  76  90   7   0  25 0.00  0.0    0  6.9  9 170   M    M   0         M  M
10 103  71  87   4   0  22 0.00  0.0    0  2.9  9 200   M    M   0 8       M  M
11 101  72  87   4   0  22 0.00  0.0    0  3.0  8  40   M    M   1         M  M
12  97  74  86   3   0  21 0.00  0.0    0  4.9 10  10   M    M   0        18  20
13  97  68  83   0   0  18 0.00  0.0    0  2.7  6  50   M    M   1         M  M
14  88  70  79  -4   0  14 0.00  0.0    0  3.3  9 120   M    M   4 3       M  M
15  95  68  82  -1   0  17 0.00  0.0    0  4.2  9 120   M    M   1         M  M
16  97  61  79  -4   0  14 0.00  0.0    0  3.1  9 100   M    M   0         M  M
17  96  68  82  -1   0  17 0.00  0.0    0  4.0  8 160   M    M   1         M  M
18  99  78  89   6   0  24 0.00  0.0    0  8.2 10 170   M    M   0        18 200
19  85  64  75  -8   0  10 0.10  0.0    0  8.9 16  10   M    M   5 3      24  10
20  82  64  73  -9   0   8    T  0.0    0  4.8  9 130   M    M   6 3       M  M
21  93  70  82   0   0  17 0.00  0.0    0  9.0 14 150   M    M   5 1      20 150
22  98  73  86   4   0  21 0.00  0.0    0  8.4 14 180   M    M   1        18 170
23 100  73  87   5   0  22 0.01  0.0    0  5.0 10 170   M    M   2 3       M  M
24  94  72  83   1   0  18 0.00  0.0    0  2.2  6 320   M    M   2         M  M
25  96  70  83   1   0  18 0.00  0.0    0  3.3  8 100   M    M   1 3       M  M
26  95  68  82   0   0  17 0.00  0.0    0  3.9  9 150   M    M   1         M  M
27  97  64  81   0   0  16 0.00  0.0    0  3.6  9 130   M    M   0         M  M
28  98  68  83   2   0  18 0.00  0.0    0  5.4  9 150   M    M   0         9 160
================================================================================
SM 2318 1628         0 434  0.11     0.0 128.6          M       31
================================================================================
AV 96.6 70.8                               5.4 FASTST   M    M   1    MAX(MPH)
                                 MISC ---->    16   M                 24    M
================================================================================
NOTES:
# LAST OF SEVERAL OCCURRENCES

COLUMN 17 PEAK WIND IN M.P.H.

PRELIMINARY LOCAL CLIMATOLOGICAL DATA (WS FORM: F-6) , PAGE 2

                                          STATION:  BRIDGEPORT
                                          MONTH:    AUGUST
                                          YEAR:     2015
                                          LATITUDE:   33 10 N
                                          LONGITUDE:  96 30 W

[TEMPERATURE DATA]      [PRECIPITATION DATA]       SYMBOLS USED IN COLUMN 16

AVERAGE MONTHLY: 83.7   TOTAL FOR MONTH:   0.11    1 = FOG OR MIST
DPTR FM NORMAL:   1.1   DPTR FM NORMAL:   -1.61    2 = FOG REDUCING VISIBILITY
HIGHEST:   103 ON 10, 9 GRTST 24HR  0.10 ON 19-19      TO 1/4 MILE OR LESS
LOWEST:     61 ON 16                               3 = THUNDER
                        SNOW, ICE PELLETS, HAIL    4 = ICE PELLETS
                        TOTAL MONTH:   0.0 INCH    5 = HAIL
                        GRTST 24HR     0.0         6 = FREEZING RAIN OR DRIZZLE
                        GRTST DEPTH:   0           7 = DUSTSTORM OR SANDSTORM:
                                                       VSBY 1/2 MILE OR LESS
                                                   8 = SMOKE OR HAZE
[NO. OF DAYS WITH]      [WEATHER - DAYS WITH]      9 = BLOWING SNOW
                                                   X = TORNADO
MAX 32 OR BELOW:   0    0.01 INCH OR MORE:   2
MAX 90 OR ABOVE:  21    0.10 INCH OR MORE:   1
MIN 32 OR BELOW:   0    0.50 INCH OR MORE:   0
MIN  0 OR BELOW:   0    1.00 INCH OR MORE:   0

[HDD (BASE 65) ]
TOTAL THIS MO.     0    CLEAR  (SCALE 0-3)  20
DPTR FM NORMAL     0    PTCLDY (SCALE 4-7)   4
TOTAL FM JUL 1     0    CLOUDY (SCALE 8-10)  0
DPTR FM NORMAL     0

[CDD (BASE 65) ]
TOTAL THIS MO.   434
DPTR FM NORMAL   -58    [PRESSURE DATA]
TOTAL FM JAN 1  1547    HIGHEST SLP M ON M
DPTR FM NORMAL  -163    LOWEST  SLP M ON M

[REMARKS]
