000
CXUS54 KFWD 240730
CF6XBP
PRELIMINARY LOCAL CLIMATOLOGICAL DATA (WS FORM: F-6)

                                          STATION:   BRIDGEPORT
                                          MONTH:     FEBRUARY
                                          YEAR:      2018
                                          LATITUDE:   33 10 N
                                          LONGITUDE:  96 30 W

  TEMPERATURE IN F:       :PCPN:    SNOW:  WIND      :SUNSHINE: SKY     :PK WND
================================================================================
1   2   3   4   5  6A  6B    7    8   9   10  11  12  13   14  15   16   17  18
                                     12Z  AVG MX 2MIN
DY MAX MIN AVG DEP HDD CDD  WTR  SNW DPTH SPD SPD DIR MIN PSBL S-S WX    SPD DR
================================================================================

 1  62  40  51   7  14   0 0.00  0.0    0 10.8 20  10   M    M   0        27  30
 2  54  27  41  -3  24   0 0.00  0.0    0  4.6  9 120   M    M   0         M  M
 3  62  31  47   3  18   0 0.00  0.0    0  8.3 17 180   M    M   0        23 180
 4  64  29  47   3  18   0 0.00  0.0    0  6.3 21  10   M    M   5 12     28  10
 5  44  21  33 -11  32   0 0.00  0.0    0  3.5  9  10   M    M   3         M  M
 6  37  28  33 -11  32   0 0.00  0.0    0  6.8 13 340   M    M   8 1       M  M
 7  50  24  37  -7  28   0 0.00  0.0    0  7.6 17 360   M    M   2        25 360
 8  61  19  40  -4  25   0 0.00  0.0    0  3.5  9 130   M    M   0         M  M
 9  75  30  53   9  12   0 0.00  0.0    0  7.3 18 190   M    M   0        27 190
10  57  26  42  -3  23   0 0.00  0.0    0 10.6 18 340   M    M   9 1      25 340
11  39  22  31 -14  34   0 0.00  0.0    0  9.7 15 350   M    M   4        22 350
12  45  20  33 -12  32   0 0.00  0.0    0  4.1 10  70   M    M   0         M  M
13  47  38  43  -2  22   0    M  0.0    0  4.8  8 140   M    M  10 1       M  M
14  83  45  64  19   1   0 0.00  0.0    0  7.7 16 190   M    M   5 1      24 210
15  82  62  72  26   0   7 0.00  0.0    0 12.0 18 200   M    M   2        25 200
16  69  43  56  10   9   0    T  0.0    0 10.3 16  10   M    M   4        25  10
17  64  39  52   6  13   0 0.20  0.0    0  4.7 13 310   M    M   4        18 310
18  64  38  51   5  14   0 0.01  0.0    0  7.0 17 200   M    M   6 1      24 200
19  78  63  71  25   0   6 0.00  0.0    0 14.8 20 160   M    M   5        28 170
20  72  33  53   6  12   0 1.69  0.0    0 13.0 27 190   M    M   9 3      36 190
21  33  29  31 -16  34   0 1.50  0.0    0  6.1 16  10   M    M  10 136    24 350
22  35  30  33 -14  32   0 0.09  0.0    0  0.0  M   M   M    M  10 1       M  M
23  41  34  38  -9  27   0 0.62    M    0  2.3  6 340   M    M  10 13      M  M
================================================================================
SM 1318  771       456  13  4.11     0.0 165.8          M      106
================================================================================
AV 57.3 33.5                               7.2 FASTST   M    M   5    MAX(MPH)
                                 MISC ---->  # 27 190                 36    M
================================================================================
NOTES:
# LAST OF SEVERAL OCCURRENCES

COLUMN 17 PEAK WIND IN M.P.H.

PRELIMINARY LOCAL CLIMATOLOGICAL DATA (WS FORM: F-6) , PAGE 2

                                          STATION:  BRIDGEPORT
                                          MONTH:    FEBRUARY
                                          YEAR:     2018
                                          LATITUDE:   33 10 N
                                          LONGITUDE:  96 30 W

[TEMPERATURE DATA]      [PRECIPITATION DATA]       SYMBOLS USED IN COLUMN 16

AVERAGE MONTHLY: 45.4   TOTAL FOR MONTH:   4.11    1 = FOG OR MIST
DPTR FM NORMAL:   0.2   DPTR FM NORMAL:    2.26    2 = FOG REDUCING VISIBILITY
HIGHEST:    83 ON 14    GRTST 24HR  1.69 ON 20-20      TO 1/4 MILE OR LESS
LOWEST:     19 ON  8                               3 = THUNDER
                        SNOW, ICE PELLETS, HAIL    4 = ICE PELLETS
                        TOTAL MONTH:   0.0 INCH    5 = HAIL
                        GRTST 24HR     0.0         6 = FREEZING RAIN OR DRIZZLE
                        GRTST DEPTH:   0           7 = DUSTSTORM OR SANDSTORM:
                                                       VSBY 1/2 MILE OR LESS
                                                   8 = SMOKE OR HAZE
[NO. OF DAYS WITH]      [WEATHER - DAYS WITH]      9 = BLOWING SNOW
                                                   X = TORNADO
MAX 32 OR BELOW:   0    0.01 INCH OR MORE:   6
MAX 90 OR ABOVE:   0    0.10 INCH OR MORE:   4
MIN 32 OR BELOW:  13    0.50 INCH OR MORE:   3
MIN  0 OR BELOW:   0    1.00 INCH OR MORE:   2

[HDD (BASE 65) ]
TOTAL THIS MO.   456    CLEAR  (SCALE 0-3)   8
DPTR FM NORMAL    -1    PTCLDY (SCALE 4-7)   9
TOTAL FM JUL 1  2092    CLOUDY (SCALE 8-10)  6
DPTR FM NORMAL  -244

[CDD (BASE 65) ]
TOTAL THIS MO.    13
DPTR FM NORMAL    13    [PRESSURE DATA]
TOTAL FM JAN 1    15    HIGHEST SLP M ON M
DPTR FM NORMAL    15    LOWEST  SLP M ON M

[REMARKS]
