000
CXAK56 PAYA 270909
CF6YAK

PRELIMINARY LOCAL CLIMATOLOGICAL DATA (WS FORM: F-6)

                                          STATION:   YAKUTAT
                                          MONTH:     11
                                          YEAR:      2014
                                          LATITUDE:   59 31 N
                                          LONGITUDE: 139 40 W

  TEMPERATURE IN F:       :PCPN:    SNOW:  WIND      :SUNSHINE: SKY     :PK WND
================================================================================
1   2   3   4   5  6A  6B    7     8   9   10  11  12  13   14  15   16  17  18
                                      12Z  AVG MX 2MIN
DY MAX MIN AVG DEP HDD CDD  WTR   SNW DPTH SPD SPD DIR MIN PSBL S-S WX   SPD DR
================================================================================

 1  43  39  41   5  24   0  1.51    T   0  9.5 15   90   M    M   M 1248  22  90
 2  42  35  39   4  26   0  1.07  0.0   0  6.1 15   90   M    M   M 1     20  90
 3  43  35  39   4  26   0  0.10  0.0   0  4.2 15  100   M    M   M       20 100
 4  45  35  40   5  25   0  0.87    T   0  6.8 16  120   M    M   M 1     27 130
 5  46  30  38   4  27   0  0.39    T   0  5.2 15  100   M    M   M 12348 22  90
 6  40  30  35   1  30   0  0.08  0.0   0  5.5 13  100   M    M   M 1     17 100
 7  45  39  42   8  23   0  0.78  0.0   0  9.1 15   80   M    M   M 1     21  90
 8  43  34  39   5  26   0  0.89  0.0   0  5.9 15  100   M    M   M 1     23 120
 9  42  31  37   4  28   0  0.02  0.0   0  1.8  6   80   M    M   M 1      8  70
10  45  30  38   5  27   0  0.04  0.0   0  2.9  7  100   M    M   M 1      9 110
11  42  27  35   2  30   0  0.00  0.0   0  0.8  6   70   M    M   M 1      7  80
12  41  25  33   0  32   0  0.00  0.0   0  0.4  6   70   M    M   M 1      6  70
13  40  20  30  -2  35   0  0.00  0.0   0  0.1  3   50   M    M   M        4  40
14  41  19  30  -2  35   0  0.00  0.0   0  0.0  5   40   M    M   M 1      5  50
15  42  18  30  -2  35   0  0.00  0.0   0  1.2  6   30   M    M   M        6  30
16  43  20  32   0  33   0  0.20  0.0   0  4.4 10  110   M    M   M       14 100
17  43  29  36   4  29   0  0.06  0.0   0  3.8  9   80   M    M   M 2     12  90
18  46  27  37   5  28   0  1.52  0.0   0  3.9 12  140   M    M   M 1     19  90
19  46  29  38   7  27   0  0.11  0.0   0  0.6 10  250   M    M   M 2     14 270
20  34  24  29  -2  36   0  0.00  0.0   0  1.2  7   20   M    M   M 1      8  20
21  40  28  34   3  31   0  0.24  0.0   0  4.7 12   90   M    M   M 1     16 100
22  39  33  36   5  29   0  0.33  0.0   0  6.3 14  100   M    M   M 1     22  90
23  38  33  36   5  29   0  0.83  0.0   0  6.9 16  100   M    M   M 1     22 100
24  39  32  36   5  29   0  0.04  0.0   0  2.2 10   80   M    M   M 1     14  80
25  37  30  34   3  31   0     T  0.0   0  0.8  6   80   M    M   M 1      6  80
26  37  21  29  -2  36   0     T  0.0   0  0.8  6   40   M    M   M 1      7  80
================================================================================
SM 1082  753       767   0  9.08     T     95.1           M        M
================================================================================
AV 41.6 29.0                              3.7 FASTST  PSBL  %   M    MAX(MPH)
                                 MISC ---->  #  16  100                 27 130
================================================================================
NOTES:
# LAST OF SEVERAL OCCURRENCES

COLUMN 17 PEAK WIND IN M.P.H.

PRELIMINARY LOCAL CLIMATOLOGICAL DATA (WS FORM: F-6) , PAGE 2

                                          STATION:   YAKUTAT
                                          MONTH:     11
                                          YEAR:      2014
                                          LATITUDE:  59 31 N
                                          LONGITUDE: 139 40 W

[TEMPERATURE DATA]      [PRECIPITATION DATA]       SYMBOLS USED IN COLUMN 16

AVERAGE MONTHLY:35.3   TOTAL FOR MONTH: 9.08       1 = FOG
DPTR FM NORMAL:  2.6   DPTR FM NORMAL: -3.45       2 = FOG REDUCING VISIBILITY
HIGHEST:    46 ON 19    GRTST 24HR   1.52 ON 18        TO 1/4 MILE OR LESS
LOWEST:     18 ON 15                               3 = THUNDER
                        SNOW, ICE PELLETS, HAIL    4 = ICE PELLETS
                        TOTAL MONTH:     T         5 = HAIL
                        GRTST 24HR     T ON  5     6 = GLAZE OR RIME
                        GRTST DEPTH:    0          7 = BLOWING DUST OR SAND:
                                                       VSBY 1/2 MILE OR LESS
                                                   8 = SMOKE OR HAZE
[NO. OF DAYS WITH]      [WEATHER - DAYS WITH]      9 = BLOWING SNOW
                                                   X = TORNADO
MAX 32 OR BELOW:   0    0.01 INCH OR MORE:  18
MAX 70 OR ABOVE:   0    0.10 INCH OR MORE:  13
MIN 32 OR BELOW:  18    0.50 INCH OR MORE:   7
MIN  0 OR BELOW:   0    1.00 INCH OR MORE:   3

[HDD (BASE 65) ]
TOTAL THIS MO.   767    CLEAR  (SCALE 0-3)   M
DPTR FM NORMAL   -74    PTCLDY (SCALE 4-7)   M
SEASONAL TOTAL  2522    CLOUDY (SCALE 8-10)  M
DPTR FM NORMAL  -238

[CDD (BASE 65) ]
TOTAL THIS MO.     0
DPTR FM NORMAL     0    [PRESSURE DATA]
SEASONAL TOTAL     0    HIGHEST SLP     M
DPTR FM NORMAL     0    LOWEST  SLP     M

[REMARKS]
