000
CXAK56 PAYA 260903
CF6YAK

PRELIMINARY LOCAL CLIMATOLOGICAL DATA (WS FORM: F-6)

                                          STATION:   YAKUTAT
                                          MONTH:     07
                                          YEAR:      2016
                                          LATITUDE:   59 31 N
                                          LONGITUDE: 139 40 W

  TEMPERATURE IN F:       :PCPN:    SNOW:  WIND      :SUNSHINE: SKY     :PK WND
================================================================================
1   2   3   4   5  6A  6B    7     8   9   10  11  12  13   14  15   16  17  18
                                      12Z  AVG MX 2MIN
DY MAX MIN AVG DEP HDD CDD  WTR   SNW DPTH SPD SPD DIR MIN PSBL S-S WX   SPD DR
================================================================================

 1  65  44  55   2  10   0     T  0.0   0  2.5  9  270   M    M   M 1     14 240
 2  57  52  55   2  10   0  0.17  0.0   0  1.7  8  170   M    M   M 1     10 170
 3  63  52  58   5   7   0  0.03  0.0   0  2.3 10  190   M    M   M 1     13 190
 4  59  53  56   3   9   0     T  0.0   0  3.6  9  130   M    M   M 1     14 140
 5  60  54  57   4   8   0  0.01  0.0   0  3.6  9  230   M    M   M 1     12 230
 6  60  53  57   3   8   0  0.12  0.0   0  4.6  9  210   M    M   M 1     12 170
 7  65  47  56   2   9   0  0.00  0.0   0  4.1 12  310   M    M   M 1     17 320
 8  75  46  61   7   4   0  0.00  0.0   0  3.4 10  300   M    M   M 1     14 310
 9  62  55  59   5   6   0  0.00  0.0   0  3.3  9  210   M    M   M 1     12 190
10  66  50  58   4   7   0  0.00  0.0   0  2.9 10  240   M    M   M 18    14 240
11  70  46  58   4   7   0  0.00  0.0   0  3.9 13  260   M    M   M 18    18 240
12  71  51  61   7   4   0     T  0.0   0  1.9  8  260   M    M   M 1     10 340
13  68  53  61   7   4   0  0.00  0.0   0  3.5 10  240   M    M   M 2     14 240
14  66  51  59   5   6   0  0.00  0.0   0  3.9 10  240   M    M   M 1     13 240
15  64  58  61   7   4   0     T  0.0   0  6.2 15  260   M    M   M 1     20 270
16  63  55  59   4   6   0  0.01  0.0   0  5.9 13  250   M    M   M 1     18 260
17  66  54  60   5   5   0  0.00  0.0   0  3.7 14  240   M    M   M       18 240
18  67  50  59   4   6   0  0.00  0.0   0  4.2 12  240   M    M   M 28    16 240
19  63  57  60   5   5   0     T  0.0   0  5.3 14  140   M    M   M 1     20 180
20  61  57  59   4   6   0  0.00  0.0   0  4.6 12  130   M    M   M       15 120
21  59  55  57   2   8   0  0.26  0.0   0  3.7  9  130   M    M   M 1     14 170
22  58  54  56   1   9   0  0.49  0.0   0  7.5 16  120   M    M   M 1     26 120
23  61  51  56   1   9   0  2.34  0.0   0  8.7 23  120   M    M   M 1     33  90
24  61  50  56   1   9   0  0.15  0.0   0  4.6 12  140   M    M   M 1     19 140
25  58  53  56   1   9   0  0.90  0.0   0  7.2 13  120   M    M   M 1     20 120
================================================================================
SM 1588 1301       175   0  4.48 0.0    106.8           M        M
================================================================================
AV 63.5 52.0                              4.3 FASTST  PSBL  %   M    MAX(MPH)
                                 MISC ---->     23  120                 33  90
================================================================================
NOTES:
# LAST OF SEVERAL OCCURRENCES

COLUMN 17 PEAK WIND IN M.P.H.

PRELIMINARY LOCAL CLIMATOLOGICAL DATA (WS FORM: F-6) , PAGE 2

                                          STATION:   YAKUTAT
                                          MONTH:     07
                                          YEAR:      2016
                                          LATITUDE:  59 31 N
                                          LONGITUDE: 139 40 W

[TEMPERATURE DATA]      [PRECIPITATION DATA]       SYMBOLS USED IN COLUMN 16

AVERAGE MONTHLY:57.8   TOTAL FOR MONTH: 4.48       1 = FOG
DPTR FM NORMAL:  3.6   DPTR FM NORMAL: -1.44       2 = FOG REDUCING VISIBILITY
HIGHEST:    75 ON  8    GRTST 24HR   2.34 ON 23        TO 1/4 MILE OR LESS
LOWEST:     44 ON  1                               3 = THUNDER
                        SNOW, ICE PELLETS, HAIL    4 = ICE PELLETS
                        TOTAL MONTH: 0.0         5 = HAIL
                        GRTST 24HR   0.0           6 = GLAZE OR RIME
                        GRTST DEPTH:    0          7 = BLOWING DUST OR SAND:
                                                       VSBY 1/2 MILE OR LESS
                                                   8 = SMOKE OR HAZE
[NO. OF DAYS WITH]      [WEATHER - DAYS WITH]      9 = BLOWING SNOW
                                                   X = TORNADO
MAX 32 OR BELOW:   0    0.01 INCH OR MORE:  10
MAX 70 OR ABOVE:   3    0.10 INCH OR MORE:   7
MIN 32 OR BELOW:   0    0.50 INCH OR MORE:   2
MIN  0 OR BELOW:   0    1.00 INCH OR MORE:   1

[HDD (BASE 65) ]
TOTAL THIS MO.   175    CLEAR  (SCALE 0-3)   M
DPTR FM NORMAL   -97    PTCLDY (SCALE 4-7)   M
SEASONAL TOTAL   175    CLOUDY (SCALE 8-10)  M
DPTR FM NORMAL   -97

[CDD (BASE 65) ]
TOTAL THIS MO.     0
DPTR FM NORMAL     0    [PRESSURE DATA]
SEASONAL TOTAL     0    HIGHEST SLP     M
DPTR FM NORMAL     0    LOWEST  SLP     M

[REMARKS]
