000
CXUS56 KPDT 010532
CF6YKM
PRELIMINARY LOCAL CLIMATOLOGICAL DATA (WS FORM: F-6)

                                          STATION:   YAKIMA WA
                                          MONTH:     FEBRUARY
                                          YEAR:      2015
                                          LATITUDE:   46 34 N
                                          LONGITUDE: 120 32 W

  TEMPERATURE IN F:       :PCPN:    SNOW:  WIND      :SUNSHINE: SKY     :PK WND
================================================================================
1   2   3   4   5  6A  6B    7    8   9   10  11  12  13   14  15   16   17  18
                                     12Z  AVG MX 2MIN
DY MAX MIN AVG DEP HDD CDD  WTR  SNW DPTH SPD SPD DIR MIN PSBL S-S WX    SPD DR
================================================================================

 1  40  32  36   2  29   0    T  0.0    0  1.5  8 280   M    M  10 1       9 280
 2  42  29  36   2  29   0 0.05  0.0    0  2.8 12  90   M    M   8 126    14  90
 3  48  32  40   6  25   0 0.01  0.0    0  1.8  7 170   M    M   6 128     8 260
 4  44  34  39   5  26   0 0.11  0.0    0  1.1  7 340   M    M  10 1       7 340
 5  48  40  44  10  21   0 0.14  0.0    0  2.0  9 160   M    M   9 1      11 160
 6  60  41  51  17  14   0 0.02  0.0    0  5.8 28 200   M    M   6 1      37 200
 7  65  42  54  19  11   0 0.09  0.0    0 10.2 30 190   M    M   7 1      47 280
 8  54  35  45  10  20   0 0.03  0.0    0  6.5 23 190   M    M   5        29 190
 9  53  36  45  10  20   0    T  0.0    0  5.1 16 190   M    M   5 8      22 190
10  62  33  48  13  17   0    T  0.0    0  2.7  9 250   M    M   2        10 250
11  54  36  45  10  20   0 0.00  0.0    0  2.8  8 270   M    M   1         9 270
12  61  35  48  12  17   0 0.00  0.0    0  2.8  9 300   M    M   1 1       9 290
13  59  31  45   9  20   0 0.00  0.0    0  3.6  8 300   M    M   0 18      9 140
14  67  33  50  14  15   0 0.00  0.0    0  4.7 13 320   M    M   2 128    16 300
15  60  31  46  10  19   0 0.00  0.0    0  5.0 12 280   M    M   2        13 280
16  57  30  44   8  21   0 0.00  0.0    0  5.5 13 280   M    M   0        15 350
17  58  27  43   7  22   0 0.00  0.0    0  5.9 10 280   M    M   0        11 280
18  56  25  41   4  24   0 0.00  0.0    0  3.5  9 280   M    M   0        10 310
19  59  31  45   8  20   0    T  0.0    0  2.6 13  20   M    M   5        17  20
20  62  29  46   9  19   0 0.00  0.0    0  7.2 21 310   M    M   1        25 320
21  56  31  44   7  21   0    T  0.0    0  7.5 23  30   M    M   5        30  50
22  51  21  36  -2  29   0 0.00  0.0    0  5.7 12 280   M    M   1        13 290
23  53  18  36  -2  29   0 0.00  0.0    0  5.5 10 270   M    M   0        12 260
24  58  22  40   2  25   0 0.00  0.0    0  4.2 15 310   M    M   0        17 330
25  57   M   M   M   M   M 0.00  0.0    0  4.6 10 360   M    M   2         M  M
26  60  32  46   8  19   0    T  0.0    0  3.7 10 270   M    M   8        12  60
27  54  40  47   8  18   0 0.54  0.0    0  6.5 17  20   M    M   9 1      22  20
================================================================================
SM 1498  826       550   0  0.99     0.0 120.8          M      105
================================================================================
AV 55.5 31.8                               4.5 FASTST   M    M   4    MAX(MPH)
                                 MISC ---->  # 30 190               # 47  280
================================================================================
NOTES:
# LAST OF SEVERAL OCCURRENCES

COLUMN 17 PEAK WIND IN M.P.H.

PRELIMINARY LOCAL CLIMATOLOGICAL DATA (WS FORM: F-6) , PAGE 2

                                          STATION:  YAKIMA WA
                                          MONTH:    FEBRUARY
                                          YEAR:     2015
                                          LATITUDE:   46 34 N
                                          LONGITUDE: 120 32 W

[TEMPERATURE DATA]      [PRECIPITATION DATA]       SYMBOLS USED IN COLUMN 16

AVERAGE MONTHLY: 43.6   TOTAL FOR MONTH:   0.99    1 = FOG OR MIST
DPTR FM NORMAL:   7.6   DPTR FM NORMAL:    0.24    2 = FOG REDUCING VISIBILITY
HIGHEST:    67 ON 14    GRTST 24HR  0.54 ON 27-27      TO 1/4 MILE OR LESS
LOWEST:     18 ON 23                               3 = THUNDER
                        SNOW, ICE PELLETS, HAIL    4 = ICE PELLETS
                        TOTAL MONTH:   0.0 INCH    5 = HAIL
                        GRTST 24HR     0.0         6 = FREEZING RAIN OR DRIZZLE
                        GRTST DEPTH:   0           7 = DUSTSTORM OR SANDSTORM:
                                                       VSBY 1/2 MILE OR LESS
                                                   8 = SMOKE OR HAZE
[NO. OF DAYS WITH]      [WEATHER - DAYS WITH]      9 = BLOWING SNOW
                                                   X = TORNADO
MAX 32 OR BELOW:   0    0.01 INCH OR MORE:   8
MAX 90 OR ABOVE:   0    0.10 INCH OR MORE:   3
MIN 32 OR BELOW:  15    0.50 INCH OR MORE:   1
MIN  0 OR BELOW:   0    1.00 INCH OR MORE:   0

[HDD (BASE 65) ]
TOTAL THIS MO.   550    CLEAR  (SCALE 0-3)  14
DPTR FM NORMAL  -233    PTCLDY (SCALE 4-7)   9
TOTAL FM JUL 1  3558    CLOUDY (SCALE 8-10)  4
DPTR FM NORMAL  -943

[CDD (BASE 65) ]
TOTAL THIS MO.     0
DPTR FM NORMAL     0    [PRESSURE DATA]
TOTAL FM JAN 1     0    HIGHEST SLP 30.19 ON 26
DPTR FM NORMAL     0    LOWEST  SLP 29.42 ON  7

[REMARKS]
#FINAL-02-15#
