000
CDUS41 KBTV 040635
CLI1V4


CLIMATE REPORT
NATIONAL WEATHER SERVICE BURLINGTON VT
234 AM EDT FRI SEP 4 2015


...................................

...THE ST. JOHNSBURY VT CLIMATE SUMMARY FOR SEPTEMBER 3 2015...

CLIMATE NORMAL PERIOD 1981 TO 2010
CLIMATE RECORD PERIOD 1894 TO 2015


WEATHER ITEM   OBSERVED TIME   RECORD YEAR NORMAL DEPARTURE LAST
                VALUE   (LST)  VALUE       VALUE  FROM      YEAR
                                                  NORMAL
..................................................................
TEMPERATURE (F)
 YESTERDAY
  MAXIMUM         83    252 PM  91    1953  75      8       78
  MINIMUM         57   1159 PM  34    1970  54      3       55
  AVERAGE         70                        65      5       67

PRECIPITATION (IN)
  YESTERDAY        0.00          1.95 1909   0.10  -0.10     0.01
  MONTH TO DATE    0.01                      0.30  -0.29     0.53
  SINCE SEP 1      0.01                      0.30  -0.29     0.53
  SINCE JAN 1     28.50                     26.06   2.44    27.97

DEGREE DAYS
 HEATING
  YESTERDAY        0                         3     -3        0
  MONTH TO DATE    0                         8     -8        0
  SINCE SEP 1      0                         8     -8        0
  SINCE JUL 1     36                        58    -22       57

 COOLING
  YESTERDAY        5                         2      3        2
  MONTH TO DATE   15                         7      8       17
  SINCE SEP 1     15                         7      8       17
  SINCE JAN 1    373                       405    -32      236
..................................................................


WIND (MPH)
  HIGHEST WIND SPEED    MM   HIGHEST WIND DIRECTION    MM
  HIGHEST GUST SPEED    MM   HIGHEST GUST DIRECTION    MM
  AVERAGE WIND SPEED    MM


SKY COVER
  AVERAGE SKY COVER 0.0


WEATHER CONDITIONS
 THE FOLLOWING WEATHER WAS RECORDED YESTERDAY.
  NO SIGNIFICANT WEATHER WAS OBSERVED.


RELATIVE HUMIDITY (PERCENT)
 HIGHEST   100           400 AM
 LOWEST     51           300 PM
 AVERAGE    76

..........................................................


THE ST. JOHNSBURY VT CLIMATE NORMALS FOR TODAY
                         NORMAL    RECORD    YEAR
 MAXIMUM TEMPERATURE (F)   75        91      1999
                                             1953
 MINIMUM TEMPERATURE (F)   54        34      1946


SUNRISE AND SUNSET
SEPTEMBER  4 2015.....SUNRISE   614 AM EDT   SUNSET   720 PM EDT
SEPTEMBER  5 2015.....SUNRISE   615 AM EDT   SUNSET   718 PM EDT


-  INDICATES NEGATIVE NUMBERS.
R  INDICATES RECORD WAS SET OR TIED.
MM INDICATES DATA IS MISSING.
T  INDICATES TRACE AMOUNT.




$$
