000
CDUS41 KBTV 010533
CLI1V4


CLIMATE REPORT
NATIONAL WEATHER SERVICE BURLINGTON VT
131 AM EDT SAT AUG 1 2015


...................................

...THE ST. JOHNSBURY VT CLIMATE SUMMARY FOR JULY 31 2015...

CLIMATE NORMAL PERIOD 1981 TO 2010
CLIMATE RECORD PERIOD 1894 TO 2015


WEATHER ITEM   OBSERVED TIME   RECORD YEAR NORMAL DEPARTURE LAST
                VALUE   (LST)  VALUE       VALUE  FROM      YEAR
                                                  NORMAL
..................................................................
TEMPERATURE (F)
 YESTERDAY
  MAXIMUM         80    424 PM  94    1959  81     -1       71
  MINIMUM         60   1159 PM  41    1964  58      2       52
  AVERAGE         70                        70      0       62

PRECIPITATION (IN)
  YESTERDAY        0.00          2.40 1962   0.15  -0.15     0.01
  MONTH TO DATE    5.68                      4.12   1.56     6.69
  SINCE JUN 1     13.38                      8.13   5.25     9.96
  SINCE JAN 1     24.75                     21.54   3.21    25.66

DEGREE DAYS
 HEATING
  YESTERDAY        0                         0      0        3
  MONTH TO DATE   29                        10     19       18
  SINCE JUN 1    138                        87     51       87
  SINCE JUL 1     29                        15     14       18

 COOLING
  YESTERDAY        5                         5      0        0
  MONTH TO DATE  141                       169    -28      111
  SINCE JUN 1    174                       259    -85      158
  SINCE JAN 1    212                       277    -65      162
..................................................................


WIND (MPH)
  HIGHEST WIND SPEED    MM   HIGHEST WIND DIRECTION    MM
  HIGHEST GUST SPEED    MM   HIGHEST GUST DIRECTION    MM
  AVERAGE WIND SPEED    MM


SKY COVER
  AVERAGE SKY COVER 0.0


WEATHER CONDITIONS
 THE FOLLOWING WEATHER WAS RECORDED YESTERDAY.
  NO SIGNIFICANT WEATHER WAS OBSERVED.


RELATIVE HUMIDITY (PERCENT)
 HIGHEST   100          1200 AM
 LOWEST     42           200 PM
 AVERAGE    71

..........................................................


THE ST. JOHNSBURY VT CLIMATE NORMALS FOR TODAY
                         NORMAL    RECORD    YEAR
 MAXIMUM TEMPERATURE (F)   81        97      1917
 MINIMUM TEMPERATURE (F)   58        38      1953


SUNRISE AND SUNSET
AUGUST  1 2015........SUNRISE   535 AM EDT   SUNSET   813 PM EDT
AUGUST  2 2015........SUNRISE   536 AM EDT   SUNSET   812 PM EDT


-  INDICATES NEGATIVE NUMBERS.
R  INDICATES RECORD WAS SET OR TIED.
MM INDICATES DATA IS MISSING.
T  INDICATES TRACE AMOUNT.




$$
