758
CDUS41 KBTV 110619
CLI1V4


CLIMATE REPORT
NATIONAL WEATHER SERVICE BURLINGTON VT
117 AM EST MON DEC 11 2017


...................................

...THE ST. JOHNSBURY VT CLIMATE SUMMARY FOR DECEMBER 10 2017...

CLIMATE NORMAL PERIOD 1981 TO 2010
CLIMATE RECORD PERIOD 1894 TO 2017


WEATHER ITEM   OBSERVED TIME   RECORD YEAR NORMAL DEPARTURE LAST
                VALUE   (LST)  VALUE       VALUE  FROM      YEAR
                                                  NORMAL
..................................................................
TEMPERATURE (F)
 YESTERDAY
  MAXIMUM         33        MM  52    1946  33      0       21
  MINIMUM         24        MM -22    1902  17      7        4
  AVERAGE         29                        25      4       13

PRECIPITATION (IN)
  YESTERDAY        0.02          1.30 1907   0.11  -0.09     0.00
  MONTH TO DATE    0.55                      1.08  -0.53     0.96
  SINCE DEC 1      0.55                      1.08  -0.53     0.96
  SINCE JAN 1     40.28                     37.50   2.78    37.06

DEGREE DAYS
 HEATING
  YESTERDAY       36                        40     -4       52
  MONTH TO DATE  327                       378    -51      346
  SINCE DEC 1    327                       378    -51      346
  SINCE JUL 1   1800                      2034   -234     1806

 COOLING
  YESTERDAY        0                         0      0        0
  MONTH TO DATE    0                         0      0        0
  SINCE DEC 1      0                         0      0        0
  SINCE JAN 1    331                       433   -102      457
..................................................................


WIND (MPH)
  HIGHEST WIND SPEED    MM   HIGHEST WIND DIRECTION    MM
  HIGHEST GUST SPEED    MM   HIGHEST GUST DIRECTION    MM
  AVERAGE WIND SPEED    MM


SKY COVER
  AVERAGE SKY COVER 0.0


WEATHER CONDITIONS
 THE FOLLOWING WEATHER WAS RECORDED YESTERDAY.
  NO SIGNIFICANT WEATHER WAS OBSERVED.


RELATIVE HUMIDITY (PERCENT)
 HIGHEST   100          1200 AM
 LOWEST     63           300 PM
 AVERAGE    82

..........................................................


THE ST. JOHNSBURY VT CLIMATE NORMALS FOR TODAY
                         NORMAL    RECORD    YEAR
 MAXIMUM TEMPERATURE (F)   33        61      1952
 MINIMUM TEMPERATURE (F)   17       -24      1958


SUNRISE AND SUNSET
DECEMBER 11 2017......SUNRISE   714 AM EST   SUNSET   409 PM EST
DECEMBER 12 2017......SUNRISE   715 AM EST   SUNSET   409 PM EST


-  INDICATES NEGATIVE NUMBERS.
R  INDICATES RECORD WAS SET OR TIED.
MM INDICATES DATA IS MISSING.
T  INDICATES TRACE AMOUNT.




$$
