000
CDUS41 KBTV 220520
CLI1V4


CLIMATE REPORT
NATIONAL WEATHER SERVICE BURLINGTON VT
118 AM EDT TUE AUG 22 2017


...................................

...THE ST. JOHNSBURY VT CLIMATE SUMMARY FOR AUGUST 21 2017...

CLIMATE NORMAL PERIOD 1981 TO 2010
CLIMATE RECORD PERIOD 1894 TO 2017


WEATHER ITEM   OBSERVED TIME   RECORD YEAR NORMAL DEPARTURE LAST
                VALUE   (LST)  VALUE       VALUE  FROM      YEAR
                                                  NORMAL
..................................................................
TEMPERATURE (F)
 YESTERDAY
  MAXIMUM         82        MM  96    1916  78      4       81
  MINIMUM         55        MM  37    1934  56     -1       64
  AVERAGE         69                        67      2       73

PRECIPITATION (IN)
  YESTERDAY        0.00          1.37 2005   0.12  -0.12     1.22
  MONTH TO DATE    2.09                      3.14  -1.05     4.75
  SINCE JUN 1     12.20                     11.27   0.93    14.57
  SINCE JAN 1     29.10                     24.68   4.42    27.15

DEGREE DAYS
 HEATING
  YESTERDAY        0                         1     -1        0
  MONTH TO DATE   12                        20     -8        3
  SINCE JUN 1    142                       107     35      110
  SINCE JUL 1     37                        35      2       19

 COOLING
  YESTERDAY        4                         4      0        8
  MONTH TO DATE   60                        92    -32      116
  SINCE JUN 1    242                       351   -109      335
  SINCE JAN 1    255                       369   -114      378
..................................................................


WIND (MPH)
  HIGHEST WIND SPEED    MM   HIGHEST WIND DIRECTION    MM
  HIGHEST GUST SPEED    MM   HIGHEST GUST DIRECTION    MM
  AVERAGE WIND SPEED    MM


SKY COVER
  AVERAGE SKY COVER 0.0


WEATHER CONDITIONS
 THE FOLLOWING WEATHER WAS RECORDED YESTERDAY.
  NO SIGNIFICANT WEATHER WAS OBSERVED.


RELATIVE HUMIDITY (PERCENT)
 HIGHEST   100          1200 AM
 LOWEST     49           200 PM
 AVERAGE    75

..........................................................


THE ST. JOHNSBURY VT CLIMATE NORMALS FOR TODAY
                         NORMAL    RECORD    YEAR
 MAXIMUM TEMPERATURE (F)   78       100      2006
 MINIMUM TEMPERATURE (F)   56        36      1895


SUNRISE AND SUNSET
AUGUST 22 2017........SUNRISE   559 AM EDT   SUNSET   741 PM EDT
AUGUST 23 2017........SUNRISE   601 AM EDT   SUNSET   740 PM EDT


-  INDICATES NEGATIVE NUMBERS.
R  INDICATES RECORD WAS SET OR TIED.
MM INDICATES DATA IS MISSING.
T  INDICATES TRACE AMOUNT.




$$
