559
CDUS41 KBTV 170535
CLI1V4


CLIMATE REPORT
NATIONAL WEATHER SERVICE BURLINGTON VT
132 AM EDT TUE OCT 17 2017


...................................

...THE ST. JOHNSBURY VT CLIMATE SUMMARY FOR OCTOBER 16 2017...

CLIMATE NORMAL PERIOD 1981 TO 2010
CLIMATE RECORD PERIOD 1894 TO 2017


WEATHER ITEM   OBSERVED TIME   RECORD YEAR NORMAL DEPARTURE LAST
                VALUE   (LST)  VALUE       VALUE  FROM      YEAR
                                                  NORMAL
..................................................................
TEMPERATURE (F)
 YESTERDAY
  MAXIMUM         64        MM  83    1947  58      6       65
  MINIMUM         38        MM  21    1972  36      2       33
  AVERAGE         51                        47      4       49

PRECIPITATION (IN)
  YESTERDAY        0.00          0.90 1965   0.12  -0.12     0.00
  MONTH TO DATE    1.55                      2.05  -0.50     0.11
  SINCE SEP 1      4.76                      5.44  -0.68     1.60
  SINCE JAN 1     34.30                     31.20   3.10    29.54

DEGREE DAYS
 HEATING
  YESTERDAY       14                        18     -4       16
  MONTH TO DATE  149                       241    -92      194
  SINCE SEP 1    279                       425   -146      340
  SINCE JUL 1    370                       475   -105      367

 COOLING
  YESTERDAY        0                         0      0        0
  MONTH TO DATE    1                         0      1        0
  SINCE SEP 1     68                        34     34       49
  SINCE JAN 1    330                       432   -102      457
..................................................................


WIND (MPH)
  HIGHEST WIND SPEED    MM   HIGHEST WIND DIRECTION    MM
  HIGHEST GUST SPEED    MM   HIGHEST GUST DIRECTION    MM
  AVERAGE WIND SPEED    MM


SKY COVER
  AVERAGE SKY COVER 0.0


WEATHER CONDITIONS
 THE FOLLOWING WEATHER WAS RECORDED YESTERDAY.
  NO SIGNIFICANT WEATHER WAS OBSERVED.


RELATIVE HUMIDITY (PERCENT)
 HIGHEST    85          1000 PM
 LOWEST     65          1100 AM
 AVERAGE    75

..........................................................


THE ST. JOHNSBURY VT CLIMATE NORMALS FOR TODAY
                         NORMAL    RECORD    YEAR
 MAXIMUM TEMPERATURE (F)   57        86      1947
 MINIMUM TEMPERATURE (F)   36        17      1937


SUNRISE AND SUNSET
OCTOBER 17 2017.......SUNRISE   706 AM EDT   SUNSET   600 PM EDT
OCTOBER 18 2017.......SUNRISE   707 AM EDT   SUNSET   558 PM EDT


-  INDICATES NEGATIVE NUMBERS.
R  INDICATES RECORD WAS SET OR TIED.
MM INDICATES DATA IS MISSING.
T  INDICATES TRACE AMOUNT.




$$
