000
CDUS41 KBTV 040559
CLI1V4


CLIMATE REPORT
NATIONAL WEATHER SERVICE BURLINGTON VT
1259 AM EST WED MAR 4 2015


...................................

...THE ST. JOHNSBURY VT CLIMATE SUMMARY FOR MARCH 3 2015...

CLIMATE NORMAL PERIOD 1981 TO 2010
CLIMATE RECORD PERIOD 1894 TO 2015


WEATHER ITEM   OBSERVED TIME   RECORD YEAR NORMAL DEPARTURE LAST
                VALUE   (LST)  VALUE       VALUE  FROM      YEAR
                                                  NORMAL
..................................................................
TEMPERATURE (F)
 YESTERDAY
  MAXIMUM         26    632 PM  57    1964  36    -10       15
  MINIMUM         -2    649 AM -16    1901  13    -15       -9
  AVERAGE         12                        24    -12        3

PRECIPITATION (IN)
  YESTERDAY        0.13          0.74 1972   0.07   0.06     0.00
  MONTH TO DATE    0.19                      0.22  -0.03     0.00
  SINCE MAR 1      0.19                      0.22  -0.03     0.00
  SINCE JAN 1      4.75                      4.90  -0.15     5.13

DEGREE DAYS
 HEATING
  YESTERDAY       53                        40     13       62
  MONTH TO DATE  152                       122     30      168
  SINCE MAR 1    152                       122     30      168
  SINCE JUL 1   6217                      5846    371     6200

 COOLING
  YESTERDAY        0                         0      0        0
  MONTH TO DATE    0                         0      0        0
  SINCE MAR 1      0                         0      0        0
  SINCE JAN 1      0                         0      0        0
..................................................................


WIND (MPH)
  HIGHEST WIND SPEED    MM   HIGHEST WIND DIRECTION    MM
  HIGHEST GUST SPEED    MM   HIGHEST GUST DIRECTION    MM
  AVERAGE WIND SPEED    MM


SKY COVER
  AVERAGE SKY COVER 0.0


WEATHER CONDITIONS
 THE FOLLOWING WEATHER WAS RECORDED YESTERDAY.
  NO SIGNIFICANT WEATHER WAS OBSERVED.


RELATIVE HUMIDITY (PERCENT)
 HIGHEST    92           900 PM
 LOWEST     32           200 PM
 AVERAGE    62

..........................................................


THE ST. JOHNSBURY VT CLIMATE NORMALS FOR TODAY
                         NORMAL    RECORD    YEAR
 MAXIMUM TEMPERATURE (F)   36        54      1965
 MINIMUM TEMPERATURE (F)   13       -27      1950


SUNRISE AND SUNSET
MARCH  4 2015.........SUNRISE   621 AM EST   SUNSET   540 PM EST
MARCH  5 2015.........SUNRISE   619 AM EST   SUNSET   541 PM EST


-  INDICATES NEGATIVE NUMBERS.
R  INDICATES RECORD WAS SET OR TIED.
MM INDICATES DATA IS MISSING.
T  INDICATES TRACE AMOUNT.




$$
