000
CDUS41 KBTV 240537
CLI1V4


CLIMATE REPORT
NATIONAL WEATHER SERVICE BURLINGTON VT
136 AM EDT SUN JUL 24 2016


...................................

...THE ST. JOHNSBURY VT CLIMATE SUMMARY FOR JULY 23 2016...

CLIMATE NORMAL PERIOD 1981 TO 2010
CLIMATE RECORD PERIOD 1894 TO 2016


WEATHER ITEM   OBSERVED TIME   RECORD YEAR NORMAL DEPARTURE LAST
                VALUE   (LST)  VALUE       VALUE  FROM      YEAR
                                                  NORMAL
..................................................................
TEMPERATURE (F)
 YESTERDAY
  MAXIMUM         81        MM  97    1918  81      0       75
  MINIMUM         61        MM  42    1977  59      2       58
  AVERAGE         71                        70      1       67

PRECIPITATION (IN)
  YESTERDAY        0.44          1.08 2008   0.15   0.29     0.00
  MONTH TO DATE    5.11                      2.98   2.13     4.91
  SINCE JUN 1      9.74                      6.99   2.75    12.61
  SINCE JAN 1     22.32                     20.40   1.92    23.98

DEGREE DAYS
 HEATING
  YESTERDAY        0                         0      0        0
  MONTH TO DATE   16                        10      6       27
  SINCE JUN 1    107                        82     25      136
  SINCE JUL 1     16                        10      6       27

 COOLING
  YESTERDAY        6                         5      1        2
  MONTH TO DATE  113                       130    -17       86
  SINCE JUN 1    174                       220    -46      119
  SINCE JAN 1    217                       238    -21      157
..................................................................


WIND (MPH)
  HIGHEST WIND SPEED    MM   HIGHEST WIND DIRECTION    MM
  HIGHEST GUST SPEED    MM   HIGHEST GUST DIRECTION    MM
  AVERAGE WIND SPEED    MM


SKY COVER
  AVERAGE SKY COVER 0.0


WEATHER CONDITIONS
 THE FOLLOWING WEATHER WAS RECORDED YESTERDAY.
  NO SIGNIFICANT WEATHER WAS OBSERVED.


RELATIVE HUMIDITY (PERCENT)
 HIGHEST    97          1000 PM
 LOWEST     58          1200 PM
 AVERAGE    78

..........................................................


THE ST. JOHNSBURY VT CLIMATE NORMALS FOR TODAY
                         NORMAL    RECORD    YEAR
 MAXIMUM TEMPERATURE (F)   81        95      1952
 MINIMUM TEMPERATURE (F)   59        40      1912


SUNRISE AND SUNSET
JULY 24 2016..........SUNRISE   527 AM EDT   SUNSET   822 PM EDT
JULY 25 2016..........SUNRISE   528 AM EDT   SUNSET   821 PM EDT


-  INDICATES NEGATIVE NUMBERS.
R  INDICATES RECORD WAS SET OR TIED.
MM INDICATES DATA IS MISSING.
T  INDICATES TRACE AMOUNT.




$$
