000
CDUS41 KBTV 020525
CLI1V4


CLIMATE REPORT
NATIONAL WEATHER SERVICE BURLINGTON VT
1223 AM EST FRI DEC 2 2016


...................................

...THE ST. JOHNSBURY VT CLIMATE SUMMARY FOR DECEMBER 1 2016...

CLIMATE NORMAL PERIOD 1981 TO 2010
CLIMATE RECORD PERIOD 1894 TO 2016


WEATHER ITEM   OBSERVED TIME   RECORD YEAR NORMAL DEPARTURE LAST
                VALUE   (LST)  VALUE       VALUE  FROM      YEAR
                                                  NORMAL
..................................................................
TEMPERATURE (F)
 YESTERDAY
  MAXIMUM         49        MM  63    1934  37     12       36
  MINIMUM         39        MM -10    1958  22     17       14
  AVERAGE         44                        29     15       25

PRECIPITATION (IN)
  YESTERDAY        0.41          1.65 2006   0.11   0.30     0.47
  MONTH TO DATE    0.41                      0.11   0.30     0.47
  SINCE DEC 1      0.41                      0.11   0.30     0.47
  SINCE JAN 1     36.51                     36.53  -0.02    37.90

DEGREE DAYS
 HEATING
  YESTERDAY       21                        36    -15       40
  MONTH TO DATE   21                        36    -15       40
  SINCE DEC 1     21                        36    -15       40
  SINCE JUL 1   1481                      1692   -211     1517

 COOLING
  YESTERDAY        0                         0      0        0
  MONTH TO DATE    0                         0      0        0
  SINCE DEC 1      0                         0      0        0
  SINCE JAN 1    457                       433     24      440
..................................................................


WIND (MPH)
  HIGHEST WIND SPEED    MM   HIGHEST WIND DIRECTION    MM
  HIGHEST GUST SPEED    MM   HIGHEST GUST DIRECTION    MM
  AVERAGE WIND SPEED    MM


SKY COVER
  AVERAGE SKY COVER 0.0


WEATHER CONDITIONS
 THE FOLLOWING WEATHER WAS RECORDED YESTERDAY.
  NO SIGNIFICANT WEATHER WAS OBSERVED.


RELATIVE HUMIDITY (PERCENT)
 HIGHEST   100           400 AM
 LOWEST     60           400 PM
 AVERAGE    80

..........................................................


THE ST. JOHNSBURY VT CLIMATE NORMALS FOR TODAY
                         NORMAL    RECORD    YEAR
 MAXIMUM TEMPERATURE (F)   37        57      1970
 MINIMUM TEMPERATURE (F)   21       -12      1989


SUNRISE AND SUNSET
DECEMBER  2 2016......SUNRISE   706 AM EST   SUNSET   409 PM EST
DECEMBER  3 2016......SUNRISE   707 AM EST   SUNSET   409 PM EST


-  INDICATES NEGATIVE NUMBERS.
R  INDICATES RECORD WAS SET OR TIED.
MM INDICATES DATA IS MISSING.
T  INDICATES TRACE AMOUNT.




$$
