000
CDUS41 KBTV 290535
CLI1V4


CLIMATE REPORT
NATIONAL WEATHER SERVICE BURLINGTON VT
1233 AM EST MON DEC 29 2014


...................................

...THE ST. JOHNSBURY VT CLIMATE SUMMARY FOR DECEMBER 28 2014...

CLIMATE NORMAL PERIOD 1981 TO 2010
CLIMATE RECORD PERIOD 1894 TO 2014


WEATHER ITEM   OBSERVED TIME   RECORD YEAR NORMAL DEPARTURE LAST
                VALUE   (LST)  VALUE       VALUE  FROM      YEAR
                                                  NORMAL
..................................................................
TEMPERATURE (F)
 YESTERDAY
  MAXIMUM         43        MM  52    1949  28     15       34
  MINIMUM         32        MM -27    1933  10     22       13
  AVERAGE         38                        19     19       24

PRECIPITATION (IN)
  YESTERDAY        0.05          1.30 1946   0.09  -0.04     0.00
  MONTH TO DATE    3.89                      2.81   1.08     3.05
  SINCE DEC 1      3.89                      2.81   1.08     3.05
  SINCE JAN 1     40.32                     39.23   1.09    36.85

DEGREE DAYS
 HEATING
  YESTERDAY       27                        46    -19       41
  MONTH TO DATE 1000                      1158   -158     1210
  SINCE DEC 1   1000                      1158   -158     1210
  SINCE JUL 1   2652                      2814   -162     3009

 COOLING
  YESTERDAY        0                         0      0        0
  MONTH TO DATE    0                         0      0        0
  SINCE DEC 1      0                         0      0        0
  SINCE JAN 1    252                       433   -181      407
..................................................................


WIND (MPH)
  HIGHEST WIND SPEED    MM   HIGHEST WIND DIRECTION    MM
  HIGHEST GUST SPEED    MM   HIGHEST GUST DIRECTION    MM
  AVERAGE WIND SPEED    MM


SKY COVER
  AVERAGE SKY COVER 0.0


WEATHER CONDITIONS
 THE FOLLOWING WEATHER WAS RECORDED YESTERDAY.
  NO SIGNIFICANT WEATHER WAS OBSERVED.


RELATIVE HUMIDITY (PERCENT)
 HIGHEST    93          1000 AM
 LOWEST     43          1100 PM
 AVERAGE    68

..........................................................


THE ST. JOHNSBURY VT CLIMATE NORMALS FOR TODAY
                         NORMAL    RECORD    YEAR
 MAXIMUM TEMPERATURE (F)   28        55      1982
 MINIMUM TEMPERATURE (F)    9       -28      1933


SUNRISE AND SUNSET
DECEMBER 29 2014......SUNRISE   724 AM EST   SUNSET   417 PM EST
DECEMBER 30 2014......SUNRISE   724 AM EST   SUNSET   417 PM EST


-  INDICATES NEGATIVE NUMBERS.
R  INDICATES RECORD WAS SET OR TIED.
MM INDICATES DATA IS MISSING.
T  INDICATES TRACE AMOUNT.




$$
