000
CDUS41 KBTV 280606
CLI1V4


CLIMATE REPORT
NATIONAL WEATHER SERVICE BURLINGTON VT
104 AM EST FRI NOV 28 2014


...................................

...THE ST. JOHNSBURY VT CLIMATE SUMMARY FOR NOVEMBER 27 2014...

CLIMATE NORMAL PERIOD 1981 TO 2010
CLIMATE RECORD PERIOD 1894 TO 2014


WEATHER ITEM   OBSERVED TIME   RECORD YEAR NORMAL DEPARTURE LAST
                VALUE   (LST)  VALUE       VALUE  FROM      YEAR
                                                  NORMAL
..................................................................
TEMPERATURE (F)
 YESTERDAY
  MAXIMUM         30    232 PM  61    1979  39     -9       38
  MINIMUM         26    752 AM  -5    1949  24      2       30
  AVERAGE         28                        31     -3       34

PRECIPITATION (IN)
  YESTERDAY        0.10          1.72 1998   0.11  -0.01     1.19
  MONTH TO DATE    2.60                      3.07  -0.47     2.91
  SINCE SEP 1      8.90                     10.33  -1.43     8.80
  SINCE JAN 1     36.34                     36.09   0.25    33.77

DEGREE DAYS
 HEATING
  YESTERDAY       37                        34      3       31
  MONTH TO DATE  797                       765     32      832
  SINCE SEP 1   1475                      1502    -27     1591
  SINCE JUL 1   1532                      1552    -20     1651

 COOLING
  YESTERDAY        0                         0      0        0
  MONTH TO DATE    0                         0      0        0
  SINCE SEP 1     33                        35     -2       40
  SINCE JAN 1    252                       433   -181      407
..................................................................


WIND (MPH)
  HIGHEST WIND SPEED    MM   HIGHEST WIND DIRECTION    MM
  HIGHEST GUST SPEED    MM   HIGHEST GUST DIRECTION    MM
  AVERAGE WIND SPEED    MM


SKY COVER
  AVERAGE SKY COVER 0.0


WEATHER CONDITIONS
 THE FOLLOWING WEATHER WAS RECORDED YESTERDAY.
  NO SIGNIFICANT WEATHER WAS OBSERVED.


RELATIVE HUMIDITY (PERCENT)
 HIGHEST    92           200 AM
 LOWEST     69          1100 AM
 AVERAGE    81

..........................................................


THE ST. JOHNSBURY VT CLIMATE NORMALS FOR TODAY
                         NORMAL    RECORD    YEAR
 MAXIMUM TEMPERATURE (F)   38        60      1990
 MINIMUM TEMPERATURE (F)   23       -11      1936


SUNRISE AND SUNSET
NOVEMBER 28 2014......SUNRISE   701 AM EST   SUNSET   411 PM EST
NOVEMBER 29 2014......SUNRISE   702 AM EST   SUNSET   411 PM EST


-  INDICATES NEGATIVE NUMBERS.
R  INDICATES RECORD WAS SET OR TIED.
MM INDICATES DATA IS MISSING.
T  INDICATES TRACE AMOUNT.




$$
