361
CDUS41 KBTV 260535
CLI1V4


CLIMATE REPORT
NATIONAL WEATHER SERVICE BURLINGTON VT
135 AM EDT WED APR 26 2017


...................................

...THE ST. JOHNSBURY VT CLIMATE SUMMARY FOR APRIL 25 2017...

CLIMATE NORMAL PERIOD 1981 TO 2010
CLIMATE RECORD PERIOD 1894 TO 2017


WEATHER ITEM   OBSERVED TIME   RECORD YEAR NORMAL DEPARTURE LAST
                VALUE   (LST)  VALUE       VALUE  FROM      YEAR
                                                  NORMAL
..................................................................
TEMPERATURE (F)
 YESTERDAY
  MAXIMUM         58   1015 AM  87    2009  61     -3       55
  MINIMUM         33    550 AM  17    1965  36     -3       25
  AVERAGE         46                        49     -3       40

PRECIPITATION (IN)
  YESTERDAY        0.12          1.25 1934   0.10   0.02     0.00
  MONTH TO DATE    2.81                      2.36   0.45     1.98
  SINCE MAR 1      6.26                      4.87   1.39     4.46
  SINCE JAN 1     12.00                      9.55   2.45     9.20

DEGREE DAYS
 HEATING
  YESTERDAY       19                        16      3       25
  MONTH TO DATE  505                       542    -37      612
  SINCE MAR 1   1751                      1618    133     1539
  SINCE JUL 1   6764                      7342   -578     6424

 COOLING
  YESTERDAY        0                         0      0        0
  MONTH TO DATE    0                         0      0        0
  SINCE MAR 1      0                         0      0        0
  SINCE JAN 1      0                         0      0        0
..................................................................


WIND (MPH)
  HIGHEST WIND SPEED    MM   HIGHEST WIND DIRECTION    MM
  HIGHEST GUST SPEED    MM   HIGHEST GUST DIRECTION    MM
  AVERAGE WIND SPEED    MM


SKY COVER
  AVERAGE SKY COVER 0.0


WEATHER CONDITIONS
 THE FOLLOWING WEATHER WAS RECORDED YESTERDAY.
  NO SIGNIFICANT WEATHER WAS OBSERVED.


RELATIVE HUMIDITY (PERCENT)
 HIGHEST   100          1100 PM
 LOWEST     43          1000 AM
 AVERAGE    72

..........................................................


THE ST. JOHNSBURY VT CLIMATE NORMALS FOR TODAY
                         NORMAL    RECORD    YEAR
 MAXIMUM TEMPERATURE (F)   62        81      1915
 MINIMUM TEMPERATURE (F)   37        19      1919


SUNRISE AND SUNSET
APRIL 26 2017.........SUNRISE   546 AM EDT   SUNSET   746 PM EDT
APRIL 27 2017.........SUNRISE   544 AM EDT   SUNSET   748 PM EDT


-  INDICATES NEGATIVE NUMBERS.
R  INDICATES RECORD WAS SET OR TIED.
MM INDICATES DATA IS MISSING.
T  INDICATES TRACE AMOUNT.




$$
