000
CDUS43 KUNR 280836
CLI2WX


CLIMATE REPORT
NATIONAL WEATHER SERVICE RAPID CITY SD
236 AM MDT SUN MAY 28 2017


...................................

...THE BUFFALO SD CLIMATE SUMMARY FOR MAY 27 2017...

CLIMATE NORMAL PERIOD 1981 TO 2010
CLIMATE RECORD PERIOD 9999 TO 9999


WEATHER ITEM   OBSERVED TIME   NORMAL DEPARTURE LAST
                VALUE   (LST)  VALUE  FROM      YEAR
                                      NORMAL
......................................................
TEMPERATURE (F)
 YESTERDAY
  MAXIMUM         73    307 PM  69      4       69
  MINIMUM         41    447 AM  45     -4       46
  AVERAGE         57            57      0       58

PRECIPITATION (IN)
  YESTERDAY        0.00          0.15  -0.15     0.08
  MONTH TO DATE    1.64          2.54  -0.90     0.55
  SINCE MAR 1      6.35          4.86   1.49     2.95
  SINCE JAN 1      6.65          5.43   1.22     3.61

DEGREE DAYS
 HEATING
  YESTERDAY        8             8      0        7
  MONTH TO DATE  267           331    -64      268
  SINCE MAR 1   1684          1987   -303     1567
  SINCE JUL 1   7035          7784   -749     6345

 COOLING
  YESTERDAY        0             0      0        0
  MONTH TO DATE   13             0     13        2
  SINCE MAR 1     13             0     13        2
  SINCE JAN 1     13             0     13        2
......................................................


WIND (MPH)
  HIGHEST WIND SPEED    44   HIGHEST WIND DIRECTION    NW (320)
  HIGHEST GUST SPEED    53   HIGHEST GUST DIRECTION    NW (320)
  AVERAGE WIND SPEED    14.9




RELATIVE HUMIDITY (PERCENT)
 HIGHEST    82           300 AM
 LOWEST     26          1200 PM
 AVERAGE    54

..........................................................




SUNRISE AND SUNSET
MAY 28 2017...........SUNRISE   511 AM MDT   SUNSET   833 PM MDT
MAY 29 2017...........SUNRISE   510 AM MDT   SUNSET   834 PM MDT


-  INDICATES NEGATIVE NUMBERS.
R  INDICATES RECORD WAS SET OR TIED.
MM INDICATES DATA IS MISSING.
T  INDICATES TRACE AMOUNT.




$$
