863
CDUS43 KUNR 220839
CLI2WX


CLIMATE REPORT
NATIONAL WEATHER SERVICE RAPID CITY SD
137 AM MST SUN JAN 22 2017


...................................

...THE BUFFALO SD CLIMATE SUMMARY FOR JANUARY 21 2017...

CLIMATE NORMAL PERIOD 1981 TO 2010
CLIMATE RECORD PERIOD 9999 TO 9999


WEATHER ITEM   OBSERVED TIME   NORMAL DEPARTURE LAST
                VALUE   (LST)  VALUE  FROM      YEAR
                                      NORMAL
......................................................
TEMPERATURE (F)
 YESTERDAY
  MAXIMUM         36    319 PM  31      5       30
  MINIMUM         19   1159 PM  11      8       18
  AVERAGE         28            21      7       24

PRECIPITATION (IN)
  YESTERDAY        0.00          0.01  -0.01     0.01
  MONTH TO DATE    0.00          0.19  -0.19     0.13
  SINCE DEC 1      1.17          0.48   0.69     0.59
  SINCE JAN 1      0.00          0.19  -0.19     0.13

DEGREE DAYS
 HEATING
  YESTERDAY       37            44     -7       41
  MONTH TO DATE 1135           941    194      952
  SINCE DEC 1   2690          2303    387     2141
  SINCE JUL 1   3980          4201   -221     3603

 COOLING
  YESTERDAY        0             0      0        0
  MONTH TO DATE    0             0      0        0
  SINCE DEC 1      0             0      0        0
  SINCE JAN 1      0             0      0        0
......................................................


WIND (MPH)
  HIGHEST WIND SPEED    17   HIGHEST WIND DIRECTION    NW (300)
  HIGHEST GUST SPEED    19   HIGHEST GUST DIRECTION    NW (300)
  AVERAGE WIND SPEED    10.4




RELATIVE HUMIDITY (PERCENT)
 HIGHEST    92           200 AM
 LOWEST     75          1200 PM
 AVERAGE    84

..........................................................




SUNRISE AND SUNSET
JANUARY 22 2017.......SUNRISE   725 AM MST   SUNSET   447 PM MST
JANUARY 23 2017.......SUNRISE   725 AM MST   SUNSET   448 PM MST


-  INDICATES NEGATIVE NUMBERS.
R  INDICATES RECORD WAS SET OR TIED.
MM INDICATES DATA IS MISSING.
T  INDICATES TRACE AMOUNT.




$$
