000
CDUS43 KUNR 300833
CLI2WX


CLIMATE REPORT
NATIONAL WEATHER SERVICE RAPID CITY SD
233 AM MDT WED JUL 30 2014


...................................

...THE BUFFALO SD CLIMATE SUMMARY FOR JULY 29 2014...

CLIMATE NORMAL PERIOD 1981 TO 2010
CLIMATE RECORD PERIOD 9999 TO 9999


WEATHER ITEM   OBSERVED TIME   RECORD YEAR NORMAL DEPARTURE LAST
                VALUE   (LST)  VALUE       VALUE  FROM      YEAR
                                                  NORMAL
..................................................................
TEMPERATURE (F)
 YESTERDAY
  MAXIMUM         86    158 PM              87     -1       81
  MINIMUM         55    455 AM              59     -4       57
  AVERAGE         71                        72     -1       69

PRECIPITATION (IN)
  YESTERDAY        0.00         MM      MM   0.07  -0.07     0.00
  MONTH TO DATE    0.91                      1.95  -1.04     0.98
  SINCE JUN 1      6.45                      4.58   1.87     2.68
  SINCE JAN 1     10.79                     10.62   0.17     6.84

DEGREE DAYS
 HEATING
  YESTERDAY        0                         0      0        0
  MONTH TO DATE   16                        21     -5       10
  SINCE JUN 1    151                       135     16       99
  SINCE JUL 1     16                        21     -5       10

 COOLING
  YESTERDAY        6                         8     -2        4
  MONTH TO DATE  149                       193    -44      218
  SINCE JUN 1    165                       255    -90      264
  SINCE JAN 1    195                       261    -66      274
..................................................................


WIND (MPH)
  HIGHEST WIND SPEED    14   HIGHEST WIND DIRECTION     W (270)
  HIGHEST GUST SPEED    20   HIGHEST GUST DIRECTION     S (180)
  AVERAGE WIND SPEED     6.5




RELATIVE HUMIDITY (PERCENT)
 HIGHEST    86           500 AM
 LOWEST     31           400 PM
 AVERAGE    59

..........................................................




SUNRISE AND SUNSET
JULY 30 2014..........SUNRISE   536 AM MDT   SUNSET   825 PM MDT
JULY 31 2014..........SUNRISE   537 AM MDT   SUNSET   824 PM MDT


-  INDICATES NEGATIVE NUMBERS.
R  INDICATES RECORD WAS SET OR TIED.
MM INDICATES DATA IS MISSING.
T  INDICATES TRACE AMOUNT.




$$
