000
CDUS43 KUNR 010845
CLI2WX


CLIMATE REPORT
NATIONAL WEATHER SERVICE RAPID CITY SD
245 AM MDT MON JUN 1 2015


...................................

...THE BUFFALO SD CLIMATE SUMMARY FOR MAY 31 2015...

CLIMATE NORMAL PERIOD 1981 TO 2010
CLIMATE RECORD PERIOD 9999 TO 9999


WEATHER ITEM   OBSERVED TIME   NORMAL DEPARTURE LAST
                VALUE   (LST)  VALUE  FROM      YEAR
                                      NORMAL
......................................................
TEMPERATURE (F)
 YESTERDAY
  MAXIMUM         73    432 PM  70      3       74
  MINIMUM         45    506 AM  47     -2       51
  AVERAGE         59            58      1       63

PRECIPITATION (IN)
  YESTERDAY        0.03          0.16  -0.13     0.43
  MONTH TO DATE    2.84          3.15  -0.31     1.66
  SINCE MAR 1      4.09          5.47  -1.38     3.76
  SINCE JAN 1      4.56          6.04  -1.48     4.34

DEGREE DAYS
 HEATING
  YESTERDAY        6             7     -1        2
  MONTH TO DATE  413           362     51      343
  SINCE MAR 1   1716          2017   -301     2147
  SINCE JUL 1   7174          7814   -640     8204

 COOLING
  YESTERDAY        0             1     -1        0
  MONTH TO DATE    0             6     -6       30
  SINCE MAR 1      0             6     -6       30
  SINCE JAN 1      0             6     -6       30
......................................................


WIND (MPH)
  HIGHEST WIND SPEED    16   HIGHEST WIND DIRECTION    SE (140)
  HIGHEST GUST SPEED    21   HIGHEST GUST DIRECTION    SE (120)
  AVERAGE WIND SPEED     9.4




RELATIVE HUMIDITY (PERCENT)
 HIGHEST    89           400 AM
 LOWEST     53           200 PM
 AVERAGE    71

..........................................................




SUNRISE AND SUNSET
JUNE  1 2015..........SUNRISE   509 AM MDT   SUNSET   836 PM MDT
JUNE  2 2015..........SUNRISE   508 AM MDT   SUNSET   837 PM MDT


-  INDICATES NEGATIVE NUMBERS.
R  INDICATES RECORD WAS SET OR TIED.
MM INDICATES DATA IS MISSING.
T  INDICATES TRACE AMOUNT.




$$
