000
CDUS43 KUNR 261121
CLI2WX


CLIMATE REPORT
NATIONAL WEATHER SERVICE RAPID CITY SD
420 AM MST THU FEB 26 2015


...................................

...THE BUFFALO SD CLIMATE SUMMARY FOR FEBRUARY 25 2015...

CLIMATE NORMAL PERIOD 1981 TO 2010
CLIMATE RECORD PERIOD 9999 TO 9999


WEATHER ITEM   OBSERVED TIME   NORMAL DEPARTURE LAST
                VALUE   (LST)  VALUE  FROM      YEAR
                                      NORMAL
......................................................
TEMPERATURE (F)
 YESTERDAY
  MAXIMUM         38   1223 AM  37      1       11
  MINIMUM          2   1016 PM  16    -14       -6
  AVERAGE         20            26     -6        3

PRECIPITATION (IN)
  YESTERDAY        0.03          0.00   0.03     0.00
  MONTH TO DATE    0.13          0.24  -0.11     0.28
  SINCE DEC 1      0.63          0.82  -0.19     1.63
  SINCE JAN 1      0.47          0.53  -0.06     0.47

DEGREE DAYS
 HEATING
  YESTERDAY       45            39      6       62
  MONTH TO DATE  968          1044    -76     1243
  SINCE DEC 1   3366          3785   -419     4110
  SINCE JUL 1   5287          5683   -396     5900

 COOLING
  YESTERDAY        0             0      0        0
  MONTH TO DATE    0             0      0        0
  SINCE DEC 1      0             0      0        0
  SINCE JAN 1      0             0      0        0
......................................................


WIND (MPH)
  HIGHEST WIND SPEED    36   HIGHEST WIND DIRECTION    NW (330)
  HIGHEST GUST SPEED    42   HIGHEST GUST DIRECTION    NW (330)
  AVERAGE WIND SPEED    17.2




RELATIVE HUMIDITY (PERCENT)
 HIGHEST    96           700 AM
 LOWEST     70          1200 AM
 AVERAGE    83

..........................................................




SUNRISE AND SUNSET
FEBRUARY 26 2015......SUNRISE   638 AM MST   SUNSET   537 PM MST
FEBRUARY 27 2015......SUNRISE   637 AM MST   SUNSET   538 PM MST


-  INDICATES NEGATIVE NUMBERS.
R  INDICATES RECORD WAS SET OR TIED.
MM INDICATES DATA IS MISSING.
T  INDICATES TRACE AMOUNT.




$$
