000
CDUS43 KUNR 250836
CLI2WX


CLIMATE REPORT
NATIONAL WEATHER SERVICE RAPID CITY SD
236 AM MDT MON SEP 25 2017


...................................

...THE BUFFALO SD CLIMATE SUMMARY FOR SEPTEMBER 24 2017...

CLIMATE NORMAL PERIOD 1981 TO 2010
CLIMATE RECORD PERIOD 9999 TO 9999


WEATHER ITEM   OBSERVED TIME   NORMAL DEPARTURE LAST
                VALUE   (LST)  VALUE  FROM      YEAR
                                      NORMAL
......................................................
TEMPERATURE (F)
 YESTERDAY
  MAXIMUM         49    239 PM  68    -19       66
  MINIMUM         41   1159 PM  40      1       50
  AVERAGE         45            54     -9       58

PRECIPITATION (IN)
  YESTERDAY        0.06          0.04   0.02     0.25
  MONTH TO DATE    2.66          1.00   1.66     1.01
  SINCE SEP 1      2.66          1.00   1.66     1.01
  SINCE JAN 1     14.18         13.14   1.04     8.69

DEGREE DAYS
 HEATING
  YESTERDAY       20            11      9        7
  MONTH TO DATE  152           162    -10      113
  SINCE SEP 1    152           162    -10      113
  SINCE JUL 1    163           214    -51      143

 COOLING
  YESTERDAY        0             0      0        0
  MONTH TO DATE   90            40     50       37
  SINCE SEP 1     90            40     50       37
  SINCE JAN 1    740           511    229      729
......................................................


WIND (MPH)
  HIGHEST WIND SPEED    18   HIGHEST WIND DIRECTION     N (20)
  HIGHEST GUST SPEED    21   HIGHEST GUST DIRECTION     N (20)
  AVERAGE WIND SPEED     9.9




RELATIVE HUMIDITY (PERCENT)
 HIGHEST   100           200 AM
 LOWEST     76           600 PM
 AVERAGE    88

..........................................................




SUNRISE AND SUNSET
SEPTEMBER 25 2017.....SUNRISE   645 AM MDT   SUNSET   645 PM MDT
SEPTEMBER 26 2017.....SUNRISE   646 AM MDT   SUNSET   643 PM MDT


-  INDICATES NEGATIVE NUMBERS.
R  INDICATES RECORD WAS SET OR TIED.
MM INDICATES DATA IS MISSING.
T  INDICATES TRACE AMOUNT.




$$
