000
CDUS43 KUNR 310836
CLI2WX


CLIMATE REPORT
NATIONAL WEATHER SERVICE RAPID CITY SD
235 AM MDT SUN AUG 31 2014


...................................

...THE BUFFALO SD CLIMATE SUMMARY FOR AUGUST 30 2014...

CLIMATE NORMAL PERIOD 1981 TO 2010
CLIMATE RECORD PERIOD 9999 TO 9999


WEATHER ITEM   OBSERVED TIME   RECORD YEAR NORMAL DEPARTURE LAST
                VALUE   (LST)  VALUE       VALUE  FROM      YEAR
                                                  NORMAL
..................................................................
TEMPERATURE (F)
 YESTERDAY
  MAXIMUM         83    322 PM              81      2       99
  MINIMUM         52    354 AM              52      0       63
  AVERAGE         68                        66      2       81

PRECIPITATION (IN)
  YESTERDAY        0.07         MM      MM   0.05   0.02     0.00
  MONTH TO DATE    3.20                      1.35   1.85     2.64
  SINCE JUN 1      9.65                      6.04   3.61     5.32
  SINCE JAN 1     13.99                     12.08   1.91     9.48

DEGREE DAYS
 HEATING
  YESTERDAY        0                         3     -3        0
  MONTH TO DATE   31                        31      0        2
  SINCE JUN 1    182                       165     17      101
  SINCE JUL 1     47                        51     -4       12

 COOLING
  YESTERDAY        3                         4     -1       16
  MONTH TO DATE  160                       194    -34      204
  SINCE JUN 1    335                       463   -128      473
  SINCE JAN 1    365                       469   -104      483
..................................................................


WIND (MPH)
  HIGHEST WIND SPEED    31   HIGHEST WIND DIRECTION    NW (300)
  HIGHEST GUST SPEED    48   HIGHEST GUST DIRECTION     W (290)
  AVERAGE WIND SPEED    12.2




RELATIVE HUMIDITY (PERCENT)
 HIGHEST   100           600 AM
 LOWEST     46           200 PM
 AVERAGE    73

..........................................................




SUNRISE AND SUNSET
AUGUST 31 2014........SUNRISE   614 AM MDT   SUNSET   734 PM MDT
SEPTEMBER  1 2014.....SUNRISE   615 AM MDT   SUNSET   732 PM MDT


-  INDICATES NEGATIVE NUMBERS.
R  INDICATES RECORD WAS SET OR TIED.
MM INDICATES DATA IS MISSING.
T  INDICATES TRACE AMOUNT.




$$
