000
CDUS43 KUNR 060859
CLI2WX


CLIMATE REPORT
NATIONAL WEATHER SERVICE RAPID CITY SD
159 AM MST TUE DEC 6 2016


...................................

...THE BUFFALO SD CLIMATE SUMMARY FOR DECEMBER 5 2016...

CLIMATE NORMAL PERIOD 1981 TO 2010
CLIMATE RECORD PERIOD 9999 TO 9999


WEATHER ITEM   OBSERVED TIME   NORMAL DEPARTURE LAST
                VALUE   (LST)  VALUE  FROM      YEAR
                                      NORMAL
......................................................
TEMPERATURE (F)
 YESTERDAY
  MAXIMUM         34    427 AM  33      1       50
  MINIMUM          7   1159 PM  13     -6       29
  AVERAGE         21            23     -2       40

PRECIPITATION (IN)
  YESTERDAY        0.00          0.01  -0.01     0.00
  MONTH TO DATE    0.00          0.03  -0.03     0.05
  SINCE DEC 1      0.00          0.03  -0.03     0.05
  SINCE JAN 1      9.98         14.26  -4.28    13.81

DEGREE DAYS
 HEATING
  YESTERDAY       44            42      2       25
  MONTH TO DATE  184           208    -24      150
  SINCE DEC 1    184           208    -24      150
  SINCE JUL 1   1474          2106   -632     1612

 COOLING
  YESTERDAY        0             0      0        0
  MONTH TO DATE    0             0      0        0
  SINCE DEC 1      0             0      0        0
  SINCE JAN 1    734           513    221      631
......................................................


WIND (MPH)
  HIGHEST WIND SPEED    48   HIGHEST WIND DIRECTION    NW (300)
  HIGHEST GUST SPEED    57   HIGHEST GUST DIRECTION    NW (300)
  AVERAGE WIND SPEED    30.2




RELATIVE HUMIDITY (PERCENT)
 HIGHEST    89           400 AM
 LOWEST     62          1200 PM
 AVERAGE    76

..........................................................




SUNRISE AND SUNSET
DECEMBER  6 2016......SUNRISE   720 AM MST   SUNSET   411 PM MST
DECEMBER  7 2016......SUNRISE   721 AM MST   SUNSET   410 PM MST


-  INDICATES NEGATIVE NUMBERS.
R  INDICATES RECORD WAS SET OR TIED.
MM INDICATES DATA IS MISSING.
T  INDICATES TRACE AMOUNT.




$$
