000
CDUS43 KUNR 180837
CLI2WX


CLIMATE REPORT
NATIONAL WEATHER SERVICE RAPID CITY SD
235 AM MDT THU SEP 18 2014


...................................

...THE BUFFALO SD CLIMATE SUMMARY FOR SEPTEMBER 17 2014...

CLIMATE NORMAL PERIOD 1981 TO 2010
CLIMATE RECORD PERIOD 9999 TO 9999


WEATHER ITEM   OBSERVED TIME   RECORD YEAR NORMAL DEPARTURE LAST
                VALUE   (LST)  VALUE       VALUE  FROM      YEAR
                                                  NORMAL
..................................................................
TEMPERATURE (F)
 YESTERDAY
  MAXIMUM         77    145 PM              72      5       88
  MINIMUM         43    503 AM              43      0       51
  AVERAGE         60                        58      2       70

PRECIPITATION (IN)
  YESTERDAY        0.00         MM      MM   0.04  -0.04     0.00
  MONTH TO DATE    0.33                      0.72  -0.39     1.84
  SINCE SEP 1      0.33                      0.72  -0.39     1.84
  SINCE JAN 1     14.70                     12.86   1.84    11.32

DEGREE DAYS
 HEATING
  YESTERDAY        5                         8     -3        0
  MONTH TO DATE  176                        93     83       10
  SINCE SEP 1    176                        93     83       10
  SINCE JUL 1    227                       145     82       22

 COOLING
  YESTERDAY        0                         1     -1        5
  MONTH TO DATE    9                        37    -28       95
  SINCE SEP 1      9                        37    -28       95
  SINCE JAN 1    374                       508   -134      582
..................................................................


WIND (MPH)
  HIGHEST WIND SPEED    22   HIGHEST WIND DIRECTION     E (80)
  HIGHEST GUST SPEED    25   HIGHEST GUST DIRECTION     E (80)
  AVERAGE WIND SPEED    10.0




RELATIVE HUMIDITY (PERCENT)
 HIGHEST    80           600 AM
 LOWEST     41          1200 PM
 AVERAGE    61

..........................................................




SUNRISE AND SUNSET
SEPTEMBER 18 2014.....SUNRISE   636 AM MDT   SUNSET   659 PM MDT
SEPTEMBER 19 2014.....SUNRISE   637 AM MDT   SUNSET   657 PM MDT


-  INDICATES NEGATIVE NUMBERS.
R  INDICATES RECORD WAS SET OR TIED.
MM INDICATES DATA IS MISSING.
T  INDICATES TRACE AMOUNT.




$$
