000
CDUS43 KUNR 170832
CLI2WX


CLIMATE REPORT
NATIONAL WEATHER SERVICE RAPID CITY SD
231 AM MDT THU APR 17 2014


...................................

...THE BUFFALO SD CLIMATE SUMMARY FOR APRIL 16 2014...

CLIMATE NORMAL PERIOD 1981 TO 2010
CLIMATE RECORD PERIOD 9999 TO 9999


WEATHER ITEM   OBSERVED TIME   RECORD YEAR NORMAL DEPARTURE LAST
                VALUE   (LST)  VALUE       VALUE  FROM      YEAR
                                                  NORMAL
..................................................................
TEMPERATURE (F)
 YESTERDAY
  MAXIMUM         39   1221 PM              56    -17       30
  MINIMUM         25    551 AM              32     -7       18
  AVERAGE         32                        44    -12       24

PRECIPITATION (IN)
  YESTERDAY        0.00         MM      MM   0.05  -0.05     0.07
  MONTH TO DATE    0.23                      0.69  -0.46     0.86
  SINCE MAR 1      1.11                      1.46  -0.35     1.19
  SINCE JAN 1      1.69                      2.03  -0.34     1.34

DEGREE DAYS
 HEATING
  YESTERDAY       33                        21     12       41
  MONTH TO DATE  445                       387     58      484
  SINCE MAR 1   1554                      1393    161     1543
  SINCE JUL 1   7611                      7190    421     6880

 COOLING
  YESTERDAY        0                         0      0        0
  MONTH TO DATE    0                         0      0        0
  SINCE MAR 1      0                         0      0        0
  SINCE JAN 1      0                         0      0        0
..................................................................


WIND (MPH)
  HIGHEST WIND SPEED    24   HIGHEST WIND DIRECTION    NE (30)
  HIGHEST GUST SPEED    28   HIGHEST GUST DIRECTION    NE (30)
  AVERAGE WIND SPEED    13.9




RELATIVE HUMIDITY (PERCENT)
 HIGHEST    85          1100 PM
 LOWEST     50          1200 PM
 AVERAGE    68

..........................................................




SUNRISE AND SUNSET
APRIL 17 2014.........SUNRISE   605 AM MDT   SUNSET   743 PM MDT
APRIL 18 2014.........SUNRISE   603 AM MDT   SUNSET   745 PM MDT


-  INDICATES NEGATIVE NUMBERS.
R  INDICATES RECORD WAS SET OR TIED.
MM INDICATES DATA IS MISSING.
T  INDICATES TRACE AMOUNT.




$$
