000
CDUS43 KUNR 050832
CLI2WX


CLIMATE REPORT
NATIONAL WEATHER SERVICE RAPID CITY SD
231 AM MDT WED AUG 5 2015


...................................

...THE BUFFALO SD CLIMATE SUMMARY FOR AUGUST 4 2015...

CLIMATE NORMAL PERIOD 1981 TO 2010
CLIMATE RECORD PERIOD 9999 TO 9999


WEATHER ITEM   OBSERVED TIME   NORMAL DEPARTURE LAST
                VALUE   (LST)  VALUE  FROM      YEAR
                                      NORMAL
......................................................
TEMPERATURE (F)
 YESTERDAY
  MAXIMUM         88    250 PM  87      1       79
  MINIMUM         57    424 AM  58     -1       59
  AVERAGE         73            72      1       69

PRECIPITATION (IN)
  YESTERDAY        0.90          0.06   0.84     0.00
  MONTH TO DATE    0.90          0.23   0.67     0.00
  SINCE JUN 1      3.84          4.92  -1.08     6.45
  SINCE JAN 1      8.40         10.96  -2.56    10.79

DEGREE DAYS
 HEATING
  YESTERDAY        0             0      0        0
  MONTH TO DATE    0             0      0        0
  SINCE JUN 1     49           134    -85      151
  SINCE JUL 1      6            20    -14       16

 COOLING
  YESTERDAY        8             8      0        4
  MONTH TO DATE   36            32      4       29
  SINCE JUN 1    361           301     60      204
  SINCE JAN 1    361           307     54      234
......................................................


WIND (MPH)
  HIGHEST WIND SPEED    26   HIGHEST WIND DIRECTION     W (250)
  HIGHEST GUST SPEED    32   HIGHEST GUST DIRECTION    SE (140)
  AVERAGE WIND SPEED    13.2




RELATIVE HUMIDITY (PERCENT)
 HIGHEST    93           900 PM
 LOWEST     35           100 PM
 AVERAGE    64

..........................................................




SUNRISE AND SUNSET
AUGUST  5 2015........SUNRISE   542 AM MDT   SUNSET   817 PM MDT
AUGUST  6 2015........SUNRISE   543 AM MDT   SUNSET   816 PM MDT


-  INDICATES NEGATIVE NUMBERS.
R  INDICATES RECORD WAS SET OR TIED.
MM INDICATES DATA IS MISSING.
T  INDICATES TRACE AMOUNT.




$$
