000
CDUS43 KUNR 270832
CLI2WX


CLIMATE REPORT
NATIONAL WEATHER SERVICE RAPID CITY SD
232 AM MDT FRI MAY 27 2016


...................................

...THE BUFFALO SD CLIMATE SUMMARY FOR MAY 26 2016...

CLIMATE NORMAL PERIOD 1981 TO 2010
CLIMATE RECORD PERIOD 9999 TO 9999


WEATHER ITEM   OBSERVED TIME   NORMAL DEPARTURE LAST
                VALUE   (LST)  VALUE  FROM      YEAR
                                      NORMAL
......................................................
TEMPERATURE (F)
 YESTERDAY
  MAXIMUM         70    207 PM  68      2       74
  MINIMUM         41    330 AM  45     -4       42
  AVERAGE         56            57     -1       58

PRECIPITATION (IN)
  YESTERDAY        0.00          0.14  -0.14     0.00
  MONTH TO DATE    0.47          2.39  -1.92     1.95
  SINCE MAR 1      2.87          4.71  -1.84     3.20
  SINCE JAN 1      3.53          5.28  -1.75     3.67

DEGREE DAYS
 HEATING
  YESTERDAY        9             9      0        7
  MONTH TO DATE  261           323    -62      373
  SINCE MAR 1   1560          1979   -419     1676
  SINCE JUL 1   6338          7776  -1438     7134

 COOLING
  YESTERDAY        0             0      0        0
  MONTH TO DATE    2             0      2        0
  SINCE MAR 1      2             0      2        0
  SINCE JAN 1      2             0      2        0
......................................................


WIND (MPH)
  HIGHEST WIND SPEED    33   HIGHEST WIND DIRECTION    NW (300)
  HIGHEST GUST SPEED    39   HIGHEST GUST DIRECTION     W (280)
  AVERAGE WIND SPEED    11.1




RELATIVE HUMIDITY (PERCENT)
 HIGHEST    89           200 AM
 LOWEST     33           200 PM
 AVERAGE    61

..........................................................




SUNRISE AND SUNSET
MAY 27 2016...........SUNRISE   511 AM MDT   SUNSET   832 PM MDT
MAY 28 2016...........SUNRISE   511 AM MDT   SUNSET   833 PM MDT


-  INDICATES NEGATIVE NUMBERS.
R  INDICATES RECORD WAS SET OR TIED.
MM INDICATES DATA IS MISSING.
T  INDICATES TRACE AMOUNT.




$$
