000
CDUS43 KUNR 020850
CLI2WX


CLIMATE REPORT
NATIONAL WEATHER SERVICE RAPID CITY SD
249 AM MDT THU JUL 2 2015


...................................

...THE BUFFALO SD CLIMATE SUMMARY FOR JULY 1 2015...

CLIMATE NORMAL PERIOD 1981 TO 2010
CLIMATE RECORD PERIOD 9999 TO 9999


WEATHER ITEM   OBSERVED TIME   NORMAL DEPARTURE LAST
                VALUE   (LST)  VALUE  FROM      YEAR
                                      NORMAL
......................................................
TEMPERATURE (F)
 YESTERDAY
  MAXIMUM         81    331 PM  81      0       71
  MINIMUM         60    359 AM  55      5       54
  AVERAGE         71            68      3       63

PRECIPITATION (IN)
  YESTERDAY        0.01          0.07  -0.06     0.00
  MONTH TO DATE    0.01          0.07  -0.06     0.00
  SINCE JUN 1      2.74          2.70   0.04     5.54
  SINCE JAN 1      7.30          8.74  -1.44     9.88

DEGREE DAYS
 HEATING
  YESTERDAY        0             1     -1        2
  MONTH TO DATE    0             1     -1        2
  SINCE JUN 1     43           115    -72      137
  SINCE JUL 1      0             1     -1        2

 COOLING
  YESTERDAY        6             4      2        0
  MONTH TO DATE    6             4      2        0
  SINCE JUN 1     97            66     31       16
  SINCE JAN 1     97            72     25       46
......................................................


WIND (MPH)
  HIGHEST WIND SPEED    23   HIGHEST WIND DIRECTION     N (340)
  HIGHEST GUST SPEED    27   HIGHEST GUST DIRECTION    NW (330)
  AVERAGE WIND SPEED     8.4




RELATIVE HUMIDITY (PERCENT)
 HIGHEST   100           400 AM
 LOWEST     54           300 PM
 AVERAGE    77

..........................................................




SUNRISE AND SUNSET
JULY  2 2015..........SUNRISE   509 AM MDT   SUNSET   847 PM MDT
JULY  3 2015..........SUNRISE   510 AM MDT   SUNSET   846 PM MDT


-  INDICATES NEGATIVE NUMBERS.
R  INDICATES RECORD WAS SET OR TIED.
MM INDICATES DATA IS MISSING.
T  INDICATES TRACE AMOUNT.




$$
