000
CDUS43 KABR 191035
CLI8D3


CLIMATE REPORT
NATIONAL WEATHER SERVICE ABERDEEN SD
435 AM CST FRI JAN 19 2018


...................................

...THE SISSETON SD CLIMATE SUMMARY FOR JANUARY 18 2018...

CLIMATE NORMAL PERIOD 1981 TO 2010
CLIMATE RECORD PERIOD 1900 TO 2018


WEATHER ITEM   OBSERVED TIME   RECORD YEAR NORMAL DEPARTURE LAST
                VALUE   (LST)  VALUE       VALUE  FROM      YEAR
                                                  NORMAL
..................................................................
TEMPERATURE (F)
 YESTERDAY
  MAXIMUM         48R  1156 PM  48    1944  23     25       47
  MINIMUM         31    640 PM -28    1994   3     28       26
  AVERAGE         40                        13     27       37

PRECIPITATION (IN)
  YESTERDAY        0.00          0.14 1996   0.02  -0.02     0.00
  MONTH TO DATE    0.09                      0.28  -0.19     0.77
  SINCE DEC 1      0.39                      0.67  -0.28     2.19
  SINCE JAN 1      0.09                      0.28  -0.19     0.77

SNOWFALL (IN)
  YESTERDAY        0.0
  MONTH TO DATE    0.5
  SINCE OCT 1      4.8
  SINCE JUL 1      4.8
  SNOW DEPTH       0

DEGREE DAYS
 HEATING
  YESTERDAY       25                        52    -27       28
  MONTH TO DATE  982                       936     46     1032
  SINCE DEC 1   2409                      2424    -15     2504
  SINCE JUL 1   4052                      4275   -223     3785

 COOLING
  YESTERDAY        0                         0      0        0
  MONTH TO DATE    0                         0      0        0
  SINCE DEC 1      0                         0      0        0
  SINCE JAN 1      0                         0      0        0
..................................................................


WIND (MPH)
  HIGHEST WIND SPEED    30   HIGHEST WIND DIRECTION     W (250)
  HIGHEST GUST SPEED    35   HIGHEST GUST DIRECTION     W (250)
  AVERAGE WIND SPEED    11.2


SKY COVER
  POSSIBLE SUNSHINE  MM
  AVERAGE SKY COVER 0.0


WEATHER CONDITIONS
 THE FOLLOWING WEATHER WAS RECORDED YESTERDAY.
  NO SIGNIFICANT WEATHER WAS OBSERVED.


RELATIVE HUMIDITY (PERCENT)
 HIGHEST    70           900 PM
 LOWEST     49          1100 AM
 AVERAGE    60

..........................................................


THE SISSETON SD CLIMATE NORMALS FOR TODAY
                         NORMAL    RECORD    YEAR
 MAXIMUM TEMPERATURE (F)   23        48      1942
 MINIMUM TEMPERATURE (F)    3       -29      1985


SUNRISE AND SUNSET
JANUARY 19 2018.......SUNRISE   802 AM CST   SUNSET   516 PM CST
JANUARY 20 2018.......SUNRISE   801 AM CST   SUNSET   517 PM CST


-  INDICATES NEGATIVE NUMBERS.
R  INDICATES RECORD WAS SET OR TIED.
MM INDICATES DATA IS MISSING.
T  INDICATES TRACE AMOUNT.




$$
