000
CDUS43 KABR 291343
CLI8D3


CLIMATE REPORT
NATIONAL WEATHER SERVICE ABERDEEN SD
842 AM CDT SUN MAR 29 2015


...................................

...THE SISSETON SD CLIMATE SUMMARY FOR MARCH 28 2015...

CLIMATE NORMAL PERIOD 1981 TO 2010
CLIMATE RECORD PERIOD 1900 TO 2015


WEATHER ITEM   OBSERVED TIME   RECORD YEAR NORMAL DEPARTURE LAST
                VALUE   (LST)  VALUE       VALUE  FROM      YEAR
                                                  NORMAL
..................................................................
TEMPERATURE (F)
 YESTERDAY
  MAXIMUM         53    510 PM  82    1946  46      7       34
  MINIMUM         20    642 AM  -4    1964  25     -5       13
  AVERAGE         37                        36      1       24

PRECIPITATION (IN)
  YESTERDAY        0.00          0.66 1940   0.06  -0.06     0.00
  MONTH TO DATE    0.80                      0.95  -0.15     0.44
  SINCE MAR 1      0.80                      0.95  -0.15     0.44
  SINCE JAN 1      1.68                      1.81  -0.13     1.06

SNOWFALL (IN)
  YESTERDAY        0.0
  MONTH TO DATE    5.8
  SINCE OCT 1     28.9
  SINCE JUL 1     28.9
  SNOW DEPTH       1

DEGREE DAYS
 HEATING
  YESTERDAY       28                        30     -2       41
  MONTH TO DATE  875                       998   -123     1110
  SINCE MAR 1    875                       998   -123     1110
  SINCE JUL 1   7144                      7257   -113     7927

 COOLING
  YESTERDAY        0                         0      0        0
  MONTH TO DATE    0                         0      0        0
  SINCE MAR 1      0                         0      0        0
  SINCE JAN 1      0                         0      0        0
..................................................................


WIND (MPH)
  HIGHEST WIND SPEED    29   HIGHEST WIND DIRECTION    NW (330)
  HIGHEST GUST SPEED    36   HIGHEST GUST DIRECTION     N (340)
  AVERAGE WIND SPEED    15.3


SKY COVER
  POSSIBLE SUNSHINE  MM
  AVERAGE SKY COVER 0.0


WEATHER CONDITIONS
 THE FOLLOWING WEATHER WAS RECORDED YESTERDAY.
  NO SIGNIFICANT WEATHER WAS OBSERVED.


RELATIVE HUMIDITY (PERCENT)
 HIGHEST   100           500 AM
 LOWEST     41           500 PM
 AVERAGE    71

..........................................................


THE SISSETON SD CLIMATE NORMALS FOR TODAY
                         NORMAL    RECORD    YEAR
 MAXIMUM TEMPERATURE (F)   46        80      1986
 MINIMUM TEMPERATURE (F)   26        -5      1969


SUNRISE AND SUNSET
MARCH 29 2015.........SUNRISE   714 AM CDT   SUNSET   752 PM CDT
MARCH 30 2015.........SUNRISE   712 AM CDT   SUNSET   753 PM CDT


-  INDICATES NEGATIVE NUMBERS.
R  INDICATES RECORD WAS SET OR TIED.
MM INDICATES DATA IS MISSING.
T  INDICATES TRACE AMOUNT.




$$
