000
CDUS43 KABR 012228
CLI8D3


CLIMATE REPORT
NATIONAL WEATHER SERVICE ABERDEEN SD
526 PM CDT SAT AUG 1 2015


...................................

...THE SISSETON SD CLIMATE SUMMARY FOR AUGUST 1 2015...
VALID TODAY AS OF 0500 PM LOCAL TIME.

CLIMATE NORMAL PERIOD 1981 TO 2010
CLIMATE RECORD PERIOD 1900 TO 2015


WEATHER ITEM   OBSERVED TIME   RECORD YEAR NORMAL DEPARTURE LAST
                VALUE   (LST)  VALUE       VALUE  FROM      YEAR
                                                  NORMAL
..................................................................
TEMPERATURE (F)
 TODAY
  MAXIMUM         89    359 PM 101    1988  83      6       85
  MINIMUM         56    543 AM  42    1973  60              57
  AVERAGE         73                        71      2       71

PRECIPITATION (IN)
  TODAY            0.00          1.82 1902   0.10  -0.10     0.00
  MONTH TO DATE    0.00                      0.10  -0.10     0.00
  SINCE JUN 1      4.55                      7.42  -2.87    10.41
  SINCE JAN 1     12.20                     14.40  -2.20    18.78

DEGREE DAYS
 COOLING
  TODAY            8                         7      1        6
  MONTH TO DATE    8                         7      1        6
  SINCE JUN 1    340                       306     34      224
  SINCE JAN 1    357                       329     28      285
..................................................................


WIND (MPH)
  HIGHEST WIND SPEED    17   HIGHEST WIND DIRECTION    SW (240)
  HIGHEST GUST SPEED    25   HIGHEST GUST DIRECTION     W (270)
  AVERAGE WIND SPEED     7.2


SKY COVER
  POSSIBLE SUNSHINE  MM
  AVERAGE SKY COVER 0.0


WEATHER CONDITIONS
 THE FOLLOWING WEATHER WAS RECORDED TODAY.
  NO SIGNIFICANT WEATHER WAS OBSERVED.


RELATIVE HUMIDITY (PERCENT)
 HIGHEST    93           100 AM
 LOWEST     44           300 PM
 AVERAGE    69

..........................................................


THE SISSETON SD CLIMATE NORMALS FOR TOMORROW
                         NORMAL    RECORD    YEAR
 MAXIMUM TEMPERATURE (F)   83       102      1938
 MINIMUM TEMPERATURE (F)   60        46      1976


SUNRISE AND SUNSET
AUGUST  1 2015........SUNRISE   611 AM CDT   SUNSET   857 PM CDT
AUGUST  2 2015........SUNRISE   612 AM CDT   SUNSET   855 PM CDT


-  INDICATES NEGATIVE NUMBERS.
R  INDICATES RECORD WAS SET OR TIED.
MM INDICATES DATA IS MISSING.
T  INDICATES TRACE AMOUNT.




$$
