000
CDUS43 KABR 282240
CLI8D3


CLIMATE REPORT
NATIONAL WEATHER SERVICE ABERDEEN SD
535 PM CDT THU AUG 28 2014


...................................

...THE SISSETON SD CLIMATE SUMMARY FOR AUGUST 28 2014...
VALID TODAY AS OF 0500 PM LOCAL TIME.

CLIMATE NORMAL PERIOD 1981 TO 2010
CLIMATE RECORD PERIOD 1900 TO 2014


WEATHER ITEM   OBSERVED TIME   RECORD YEAR NORMAL DEPARTURE LAST
                VALUE   (LST)  VALUE       VALUE  FROM      YEAR
                                                  NORMAL
..................................................................
TEMPERATURE (F)
 TODAY
  MAXIMUM         67    359 PM 101    1973  79    -12       85
  MINIMUM         61    318 AM  36    1965  55              65
  AVERAGE         64                        67     -3       75

PRECIPITATION (IN)
  TODAY            0.03          1.03 1999   0.08  -0.05     0.06
  MONTH TO DATE    2.03                      2.18  -0.15     0.70
  SINCE JUN 1     12.44                      9.50   2.94     9.08
  SINCE JAN 1     20.81                     16.48   4.33    18.42

DEGREE DAYS
 COOLING
  TODAY            0                         4     -4       10
  MONTH TO DATE  112                       147    -35      147
  SINCE JUN 1    330                       446   -116      470
  SINCE JAN 1    391                       469    -78      495
..................................................................


WIND (MPH)
  HIGHEST WIND SPEED    10   HIGHEST WIND DIRECTION     S (160)
  HIGHEST GUST SPEED    14   HIGHEST GUST DIRECTION    SE (150)
  AVERAGE WIND SPEED     6.6


SKY COVER
  POSSIBLE SUNSHINE  MM
  AVERAGE SKY COVER 0.0


WEATHER CONDITIONS
 THE FOLLOWING WEATHER WAS RECORDED TODAY.
  LIGHT RAIN


RELATIVE HUMIDITY (PERCENT)
 HIGHEST   100           300 AM
 LOWEST     87           900 AM
 AVERAGE    94

..........................................................


THE SISSETON SD CLIMATE NORMALS FOR TOMORROW
                         NORMAL    RECORD    YEAR
 MAXIMUM TEMPERATURE (F)   78        99      1961
 MINIMUM TEMPERATURE (F)   55        40      1988


SUNRISE AND SUNSET
AUGUST 28 2014........SUNRISE   644 AM CDT   SUNSET   813 PM CDT
AUGUST 29 2014........SUNRISE   645 AM CDT   SUNSET   811 PM CDT


-  INDICATES NEGATIVE NUMBERS.
R  INDICATES RECORD WAS SET OR TIED.
MM INDICATES DATA IS MISSING.
T  INDICATES TRACE AMOUNT.




$$
