000
CDUS43 KABR 211200
CLI8D3


CLIMATE REPORT
NATIONAL WEATHER SERVICE ABERDEEN SD
700 AM CDT MON AUG 21 2017


...................................

...THE SISSETON SD CLIMATE SUMMARY FOR AUGUST 20 2017...

CLIMATE NORMAL PERIOD 1981 TO 2010
CLIMATE RECORD PERIOD 1900 TO 2017


WEATHER ITEM   OBSERVED TIME   RECORD YEAR NORMAL DEPARTURE LAST
                VALUE   (LST)  VALUE       VALUE  FROM      YEAR
                                                  NORMAL
..................................................................
TEMPERATURE (F)
 YESTERDAY
  MAXIMUM         73    319 PM 102    1976  80     -7       71
  MINIMUM         57   1159 PM  39    2004  57      0       51
  AVERAGE         65                        69     -4       61

PRECIPITATION (IN)
  YESTERDAY        0.00          2.24 1966   0.06  -0.06     0.07
  MONTH TO DATE    4.49                      1.55   2.94     4.10
  SINCE JUN 1      7.74                      8.87  -1.13    10.22
  SINCE JAN 1     11.91                     15.85  -3.94    15.26

DEGREE DAYS
 HEATING
  YESTERDAY        0                         1     -1        4
  MONTH TO DATE    6                        11     -5        4
  SINCE JUN 1     32                        86    -54       44
  SINCE JUL 1      6                        24    -18       17

 COOLING
  YESTERDAY        0                         5     -5        0
  MONTH TO DATE   38                       115    -77      125
  SINCE JUN 1    436                       414     22      495
  SINCE JAN 1    452                       437     15      532
..................................................................


WIND (MPH)
  HIGHEST WIND SPEED    21   HIGHEST WIND DIRECTION    NW (320)
  HIGHEST GUST SPEED    27   HIGHEST GUST DIRECTION    NW (320)
  AVERAGE WIND SPEED     7.2


SKY COVER
  POSSIBLE SUNSHINE  MM
  AVERAGE SKY COVER 0.0


WEATHER CONDITIONS
 THE FOLLOWING WEATHER WAS RECORDED YESTERDAY.
  NO SIGNIFICANT WEATHER WAS OBSERVED.


RELATIVE HUMIDITY (PERCENT)
 HIGHEST   100          1200 AM
 LOWEST     57           200 PM
 AVERAGE    79

..........................................................


THE SISSETON SD CLIMATE NORMALS FOR TODAY
                         NORMAL    RECORD    YEAR
 MAXIMUM TEMPERATURE (F)   80       102      1947
 MINIMUM TEMPERATURE (F)   57        35      2004


SUNRISE AND SUNSET
AUGUST 21 2017........SUNRISE   636 AM CDT   SUNSET   825 PM CDT
AUGUST 22 2017........SUNRISE   637 AM CDT   SUNSET   823 PM CDT


-  INDICATES NEGATIVE NUMBERS.
R  INDICATES RECORD WAS SET OR TIED.
MM INDICATES DATA IS MISSING.
T  INDICATES TRACE AMOUNT.




$$
