307
CDUS43 KABR 091635
CLI8D3


CLIMATE REPORT
NATIONAL WEATHER SERVICE ABERDEEN SD
1034 AM CST FRI DEC 9 2016


...................................

...THE SISSETON SD CLIMATE SUMMARY FOR DECEMBER 8 2016...

CLIMATE NORMAL PERIOD 1981 TO 2010
CLIMATE RECORD PERIOD 1900 TO 2016


WEATHER ITEM   OBSERVED TIME   RECORD YEAR NORMAL DEPARTURE LAST
                VALUE   (LST)  VALUE       VALUE  FROM      YEAR
                                                  NORMAL
..................................................................
TEMPERATURE (F)
 YESTERDAY
  MAXIMUM         15    251 PM  59    1990  28    -13       46
  MINIMUM          0   1159 PM -18    1976  10    -10       31
  AVERAGE          8                        19    -11       39

PRECIPITATION (IN)
  YESTERDAY        T             0.75 1963   0.01  -0.01     0.00
  MONTH TO DATE    0.08                      0.14  -0.06     0.38
  SINCE DEC 1      0.08                      0.14  -0.06     0.38
  SINCE JAN 1     22.21                     22.08   0.13    17.24

SNOWFALL (IN)
  YESTERDAY        T
  MONTH TO DATE    0.9
  SINCE OCT 1      3.4
  SINCE JUL 1      3.4
  SNOW DEPTH       1

DEGREE DAYS
 HEATING
  YESTERDAY       57                        46     11       26
  MONTH TO DATE  330                       355    -25      265
  SINCE DEC 1    330                       355    -25      265
  SINCE JUL 1   1611                      2206   -595     1661

 COOLING
  YESTERDAY        0                         0      0        0
  MONTH TO DATE    0                         0      0        0
  SINCE DEC 1      0                         0      0        0
  SINCE JAN 1    625                       527     98      635
..................................................................


WIND (MPH)
  HIGHEST WIND SPEED    32   HIGHEST WIND DIRECTION    NW (330)
  HIGHEST GUST SPEED    40   HIGHEST GUST DIRECTION    NW (330)
  AVERAGE WIND SPEED    19.4


SKY COVER
  POSSIBLE SUNSHINE  MM
  AVERAGE SKY COVER 0.0


WEATHER CONDITIONS
 THE FOLLOWING WEATHER WAS RECORDED YESTERDAY.
  LIGHT SNOW


RELATIVE HUMIDITY (PERCENT)
 HIGHEST    84           300 AM
 LOWEST     67           200 PM
 AVERAGE    76

..........................................................


THE SISSETON SD CLIMATE NORMALS FOR TODAY
                         NORMAL    RECORD    YEAR
 MAXIMUM TEMPERATURE (F)   28        64      2006
 MINIMUM TEMPERATURE (F)   10       -22      1955


SUNRISE AND SUNSET
DECEMBER  9 2016......SUNRISE   757 AM CST   SUNSET   444 PM CST
DECEMBER 10 2016......SUNRISE   758 AM CST   SUNSET   444 PM CST


-  INDICATES NEGATIVE NUMBERS.
R  INDICATES RECORD WAS SET OR TIED.
MM INDICATES DATA IS MISSING.
T  INDICATES TRACE AMOUNT.




$$
