000
CDUS46 KMFR 140837
CLIAAT


CLIMATE REPORT
NATIONAL WEATHER SERVICE MEDFORD, OR
1237 AM PST THU DEC 14 2017


...................................

...THE ALTURAS CA CLIMATE SUMMARY FOR DECEMBER 13 2017...

CLIMATE NORMAL PERIOD 1981 TO 2010
CLIMATE RECORD PERIOD 1905 TO 2017


WEATHER ITEM   OBSERVED TIME   RECORD YEAR NORMAL DEPARTURE LAST
                VALUE   (LST)  VALUE       VALUE  FROM      YEAR
                                                  NORMAL
..................................................................
TEMPERATURE (F)
 YESTERDAY
  MAXIMUM         51    302 PM  60    1988  40     11       37
  MINIMUM         13    749 AM -19    1932  19     -6       20
  AVERAGE         32                        29      3       29

PRECIPITATION (IN)
  YESTERDAY        0.00          0.68 2015   0.06  -0.06     0.21
  MONTH TO DATE    0.09                      0.69  -0.60     0.88
  SINCE OCT 1      2.71                      3.49  -0.78     2.88
  SINCE JAN 1     14.90                     13.15   1.75    10.35

SNOWFALL (IN)
  YESTERDAY       MM                        MM     MM       MM
  MONTH TO DATE   MM                        MM     MM       MM
  SINCE JUL 1     MM                        MM     MM       MM
  SNOW DEPTH      MM

DEGREE DAYS
 HEATING
  YESTERDAY       33                        36     -3       36
  MONTH TO DATE  431                       451    -20      455
  SINCE DEC 1    431                       451    -20      455
  SINCE JUL 1   1985                      2261   -276     1963

 COOLING
  YESTERDAY        0                         0      0        0
  MONTH TO DATE    0                         0      0        0
  SINCE DEC 1      0                         0      0        0
  SINCE JAN 1    516                       156    360      254
..................................................................


WIND (MPH)
  HIGHEST WIND SPEED     7   HIGHEST WIND DIRECTION    SE (140)
  HIGHEST GUST SPEED     8   HIGHEST GUST DIRECTION     E (90)
  AVERAGE WIND SPEED     1.4


SKY COVER
  POSSIBLE SUNSHINE  MM
  AVERAGE SKY COVER 0.0


WEATHER CONDITIONS
 THE FOLLOWING WEATHER WAS RECORDED YESTERDAY.
  FOG
  HAZE


RELATIVE HUMIDITY (PERCENT)
 HIGHEST    92           500 AM
 LOWEST     21           200 PM
 AVERAGE    57

..........................................................


THE ALTURAS CA CLIMATE NORMALS FOR TODAY
                         NORMAL    RECORD    YEAR
 MAXIMUM TEMPERATURE (F)   40        58      1962
 MINIMUM TEMPERATURE (F)   19       -19      1972


SUNRISE AND SUNSET
DECEMBER 14 2017......SUNRISE   721 AM PST   SUNSET   433 PM PST
DECEMBER 15 2017......SUNRISE   722 AM PST   SUNSET   433 PM PST


-  INDICATES NEGATIVE NUMBERS.
R  INDICATES RECORD WAS SET OR TIED.
MM INDICATES DATA IS MISSING.
T  INDICATES TRACE AMOUNT.




$$
