000
CDUS46 KMFR 010835
CLIAAT


CLIMATE REPORT
NATIONAL WEATHER SERVICE MEDFORD, OR
135 AM PDT SAT OCT 1 2016


...................................

...THE ALTURAS CA CLIMATE SUMMARY FOR SEPTEMBER 30 2016...

CLIMATE NORMAL PERIOD 1981 TO 2010
CLIMATE RECORD PERIOD 1905 TO 2016


WEATHER ITEM   OBSERVED TIME   RECORD YEAR NORMAL DEPARTURE LAST
                VALUE   (LST)  VALUE       VALUE  FROM      YEAR
                                                  NORMAL
..................................................................
TEMPERATURE (F)
 YESTERDAY
  MAXIMUM         77   1216 PM  93    2010  73      4       72
  MINIMUM         37    216 AM  15    1950  31      6       30
  AVERAGE         57                        52      5       51

PRECIPITATION (IN)
  YESTERDAY        0.00          0.73 1971   0.02  -0.02      T
  MONTH TO DATE    0.03                      0.52  -0.49     0.36
  SINCE OCT 1     13.45                     14.17  -0.72    11.71
  SINCE JAN 1      7.47                      9.66  -2.19     7.20

SNOWFALL (IN)
  YESTERDAY       MM                        MM     MM       MM
  MONTH TO DATE   MM                        MM     MM       MM
  SINCE JUL 1     MM                        MM     MM       MM
  SNOW DEPTH      MM

DEGREE DAYS
 HEATING
  YESTERDAY        8                        13     -5       14
  MONTH TO DATE  228                       264    -36      194
  SINCE SEP 1    228                       266    -38      194
  SINCE JUL 1    285                       377    -92      235

 COOLING
  YESTERDAY        0                         0      0        0
  MONTH TO DATE    0                         5     -5       19
  SINCE SEP 1      0                         5     -5       19
  SINCE JAN 1    254                       156     98      333
..................................................................


WIND (MPH)
  HIGHEST WIND SPEED    30   HIGHEST WIND DIRECTION     S (200)
  HIGHEST GUST SPEED    38   HIGHEST GUST DIRECTION     S (190)
  AVERAGE WIND SPEED    10.8


SKY COVER
  POSSIBLE SUNSHINE  MM
  AVERAGE SKY COVER 0.3


WEATHER CONDITIONS
 THE FOLLOWING WEATHER WAS RECORDED YESTERDAY.
  NO SIGNIFICANT WEATHER WAS OBSERVED.


RELATIVE HUMIDITY (PERCENT)
 HIGHEST    64           200 AM
 LOWEST     16          1200 PM
 AVERAGE    40

..........................................................


THE ALTURAS CA CLIMATE NORMALS FOR TODAY
                         NORMAL    RECORD    YEAR
 MAXIMUM TEMPERATURE (F)   72        91      2010
 MINIMUM TEMPERATURE (F)   31        17      1950


SUNRISE AND SUNSET
OCTOBER  1 2016.......SUNRISE   700 AM PDT   SUNSET   643 PM PDT
OCTOBER  2 2016.......SUNRISE   701 AM PDT   SUNSET   641 PM PDT


-  INDICATES NEGATIVE NUMBERS.
R  INDICATES RECORD WAS SET OR TIED.
MM INDICATES DATA IS MISSING.
T  INDICATES TRACE AMOUNT.




$$
