000
CDUS46 KMFR 040840
CLIAAT


CLIMATE REPORT
NATIONAL WEATHER SERVICE MEDFORD, OR
139 AM PDT TUE AUG 4 2015


...................................

...THE ALTURAS CA CLIMATE SUMMARY FOR AUGUST 3 2015...

CLIMATE NORMAL PERIOD 1981 TO 2010
CLIMATE RECORD PERIOD 1905 TO 2015


WEATHER ITEM   OBSERVED TIME   RECORD YEAR NORMAL DEPARTURE LAST
                VALUE   (LST)  VALUE       VALUE  FROM      YEAR
                                                  NORMAL
..................................................................
TEMPERATURE (F)
 YESTERDAY
  MAXIMUM         90    318 PM 103    1961  89      1       94
  MINIMUM         51    522 AM  31    1963  45      6       46
  AVERAGE         71                        67      4       70

PRECIPITATION (IN)
  YESTERDAY        0.00          0.10 2003   0.01  -0.01     0.00
  MONTH TO DATE    0.08                      0.03   0.05     0.00
  SINCE OCT 1     11.16                     13.32  -2.16     6.45
  SINCE JAN 1      6.65                      8.81  -2.16     5.82

SNOWFALL (IN)
  YESTERDAY       MM                        MM     MM       MM
  MONTH TO DATE   MM                        MM     MM       MM
  SINCE JUL 1     MM                        MM     MM       MM
  SNOW DEPTH      MM

DEGREE DAYS
 HEATING
  YESTERDAY        0                         1     -1        0
  MONTH TO DATE    0                         3     -3        0
  SINCE JUN 1     53                       224   -171       95
  SINCE JUL 1     23                        44    -21        6

 COOLING
  YESTERDAY        6                         3      3        5
  MONTH TO DATE   29                         9     20       19
  SINCE JUN 1    263                       104    159      292
  SINCE JAN 1    263                       104    159      292
..................................................................


WIND (MPH)
  HIGHEST WIND SPEED    21   HIGHEST WIND DIRECTION     W (270)
  HIGHEST GUST SPEED    26   HIGHEST GUST DIRECTION     W (270)
  AVERAGE WIND SPEED     5.0


SKY COVER
  POSSIBLE SUNSHINE  MM
  AVERAGE SKY COVER 0.1


WEATHER CONDITIONS
 THE FOLLOWING WEATHER WAS RECORDED YESTERDAY.
  FOG
  FOG W/VISIBILITY <= 1/4 MILE


RELATIVE HUMIDITY (PERCENT)
 HIGHEST   100           200 AM
 LOWEST     12           400 PM
 AVERAGE    56

..........................................................


THE ALTURAS CA CLIMATE NORMALS FOR TODAY
                         NORMAL    RECORD    YEAR
 MAXIMUM TEMPERATURE (F)   89       106      1961
 MINIMUM TEMPERATURE (F)   45        33      1963


SUNRISE AND SUNSET
AUGUST  4 2015........SUNRISE   600 AM PDT   SUNSET   816 PM PDT
AUGUST  5 2015........SUNRISE   601 AM PDT   SUNSET   815 PM PDT


-  INDICATES NEGATIVE NUMBERS.
R  INDICATES RECORD WAS SET OR TIED.
MM INDICATES DATA IS MISSING.
T  INDICATES TRACE AMOUNT.




$$
