000
CDUS46 KMFR 100035
CLIAAT


CLIMATE REPORT
NATIONAL WEATHER SERVICE MEDFORD, OR
535 PM PDT WED JUL 9 2014


...................................

...THE ALTURAS CA CLIMATE SUMMARY FOR JULY 9 2014...
VALID TODAY AS OF 0500 PM LOCAL TIME.

CLIMATE NORMAL PERIOD 1981 TO 2010
CLIMATE RECORD PERIOD 1905 TO 2014


WEATHER ITEM   OBSERVED TIME   RECORD YEAR NORMAL DEPARTURE LAST
                VALUE   (LST)  VALUE       VALUE  FROM      YEAR
                                                  NORMAL
..................................................................
TEMPERATURE (F)
 TODAY
  MAXIMUM         92    316 PM 103    1919  87      5       94
  MINIMUM         69    444 AM  35    1942  45     24       41
  AVERAGE         81                        66     15       68

PRECIPITATION (IN)
  TODAY            0.01          0.35 1966   0.01   0.00     0.00
  MONTH TO DATE    0.01                      0.08  -0.07      T
  SINCE SEP 1      6.56                     13.55  -6.99     8.77
  SINCE JAN 1      5.42                      8.52  -3.10     4.43

SNOWFALL (IN)
  TODAY           MM                        MM     MM       MM
  MONTH TO DATE   MM                        MM     MM       MM
  SINCE JUL 1     MM                        MM     MM       MM
  SNOW DEPTH      MM

DEGREE DAYS
 HEATING
  TODAY            0                         2     -2        0
  MONTH TO DATE    0                        19    -19        0
  SINCE JUN 1     89                       199   -110      156
  SINCE JUL 1      0                        19    -19        0

 COOLING
  TODAY           16                         2     14        3
  MONTH TO DATE   81                        15     66       67
  SINCE JUN 1    101                        26     75      110
  SINCE JAN 1    101                        26     75      110
..................................................................


WIND (MPH)
  HIGHEST WIND SPEED    21   HIGHEST WIND DIRECTION     W (290)
  HIGHEST GUST SPEED    24   HIGHEST GUST DIRECTION    NW (300)
  AVERAGE WIND SPEED     4.4


SKY COVER
  POSSIBLE SUNSHINE  MM
  AVERAGE SKY COVER 0.5


WEATHER CONDITIONS
 THE FOLLOWING WEATHER WAS RECORDED TODAY.
  LIGHT RAIN


RELATIVE HUMIDITY (PERCENT)
 HIGHEST    51           500 AM
 LOWEST     21           300 PM
 AVERAGE    36

..........................................................


THE ALTURAS CA CLIMATE NORMALS FOR TOMORROW
                         NORMAL    RECORD    YEAR
 MAXIMUM TEMPERATURE (F)   87       107      2002
 MINIMUM TEMPERATURE (F)   45        31      1980


SUNRISE AND SUNSET
JULY  9 2014..........SUNRISE   537 AM PDT   SUNSET   838 PM PDT
JULY 10 2014..........SUNRISE   538 AM PDT   SUNSET   837 PM PDT


-  INDICATES NEGATIVE NUMBERS.
R  INDICATES RECORD WAS SET OR TIED.
MM INDICATES DATA IS MISSING.
T  INDICATES TRACE AMOUNT.




$$
