000
CDUS46 KMFR 030836
CLIAAT


CLIMATE REPORT
NATIONAL WEATHER SERVICE MEDFORD, OR
136 AM PDT WED JUN 3 2015


...................................

...THE ALTURAS CA CLIMATE SUMMARY FOR JUNE 2 2015...

CLIMATE NORMAL PERIOD 1981 TO 2010
CLIMATE RECORD PERIOD 1905 TO 2015


WEATHER ITEM   OBSERVED TIME   RECORD YEAR NORMAL DEPARTURE LAST
                VALUE   (LST)  VALUE       VALUE  FROM      YEAR
                                                  NORMAL
..................................................................
TEMPERATURE (F)
 YESTERDAY
  MAXIMUM         71    321 PM  92    1960  73     -2       84
  MINIMUM         50    541 AM  24    1976  39     11       39
  AVERAGE         61                        56      5       62

PRECIPITATION (IN)
  YESTERDAY        0.06          0.34 1967   0.06   0.00     0.00
  MONTH TO DATE    0.10                      0.12  -0.02     0.00
  SINCE OCT 1      9.42                     12.17  -2.75     5.62
  SINCE JAN 1      4.91                      7.66  -2.75     4.99

SNOWFALL (IN)
  YESTERDAY       MM                        MM     MM       MM
  MONTH TO DATE   MM                        MM     MM       MM
  SINCE JUL 1     MM                        MM     MM        0.0
  SNOW DEPTH      MM

DEGREE DAYS
 HEATING
  YESTERDAY        4                         9     -5        3
  MONTH TO DATE   13                        18     -5        8
  SINCE JUN 1     13                        18     -5        8
  SINCE JUL 1   5218                      6775  -1557     6398

 COOLING
  YESTERDAY        0                         0      0        0
  MONTH TO DATE    0                         0      0        0
  SINCE JUN 1      0                         0      0        0
  SINCE JAN 1      0                         0      0        0
..................................................................


WIND (MPH)
  HIGHEST WIND SPEED    18   HIGHEST WIND DIRECTION     W (270)
  HIGHEST GUST SPEED    24   HIGHEST GUST DIRECTION     W (270)
  AVERAGE WIND SPEED     6.6


SKY COVER
  POSSIBLE SUNSHINE  MM
  AVERAGE SKY COVER 0.5


WEATHER CONDITIONS
 THE FOLLOWING WEATHER WAS RECORDED YESTERDAY.
  LIGHT RAIN
  FOG


RELATIVE HUMIDITY (PERCENT)
 HIGHEST    96           600 AM
 LOWEST     22           400 PM
 AVERAGE    59

..........................................................


THE ALTURAS CA CLIMATE NORMALS FOR TODAY
                         NORMAL    RECORD    YEAR
 MAXIMUM TEMPERATURE (F)   73        92      1960
 MINIMUM TEMPERATURE (F)   39        25      2011


SUNRISE AND SUNSET
JUNE  3 2015..........SUNRISE   530 AM PDT   SUNSET   831 PM PDT
JUNE  4 2015..........SUNRISE   530 AM PDT   SUNSET   832 PM PDT


-  INDICATES NEGATIVE NUMBERS.
R  INDICATES RECORD WAS SET OR TIED.
MM INDICATES DATA IS MISSING.
T  INDICATES TRACE AMOUNT.




$$
