000
CDUS46 KMFR 040840
CLIAAT


CLIMATE REPORT
NATIONAL WEATHER SERVICE MEDFORD, OR
139 AM PDT SAT JUL 4 2015


...................................

...THE ALTURAS CA CLIMATE SUMMARY FOR JULY 3 2015...

CLIMATE NORMAL PERIOD 1981 TO 2010
CLIMATE RECORD PERIOD 1905 TO 2015


WEATHER ITEM   OBSERVED TIME   RECORD YEAR NORMAL DEPARTURE LAST
                VALUE   (LST)  VALUE       VALUE  FROM      YEAR
                                                  NORMAL
..................................................................
TEMPERATURE (F)
 YESTERDAY
  MAXIMUM         94    347 PM 101    1967  85      9       94
  MINIMUM         67    458 AM  31    1990  44     23       49
  AVERAGE         81                        64     17       72

PRECIPITATION (IN)
  YESTERDAY        T             0.37 1980   0.01  -0.01     0.00
  MONTH TO DATE    T                         0.03  -0.03     0.00
  SINCE OCT 1      9.91                     12.98  -3.07     6.04
  SINCE JAN 1      5.40                      8.47  -3.07     5.41

SNOWFALL (IN)
  YESTERDAY       MM                        MM     MM       MM
  MONTH TO DATE   MM                        MM     MM       MM
  SINCE JUL 1     MM                        MM     MM       MM
  SNOW DEPTH      MM

DEGREE DAYS
 HEATING
  YESTERDAY        0                         2     -2        0
  MONTH TO DATE    0                         7     -7        0
  SINCE JUN 1     30                       187   -157       89
  SINCE JUL 1      0                         7     -7        0

 COOLING
  YESTERDAY       16                         1     15        7
  MONTH TO DATE   42                         3     39       23
  SINCE JUN 1    145                        14    131       43
  SINCE JAN 1    145                        14    131       43
..................................................................


WIND (MPH)
  HIGHEST WIND SPEED    23   HIGHEST WIND DIRECTION     W (260)
  HIGHEST GUST SPEED    28   HIGHEST GUST DIRECTION     W (280)
  AVERAGE WIND SPEED     7.4


SKY COVER
  POSSIBLE SUNSHINE  MM
  AVERAGE SKY COVER 0.1


WEATHER CONDITIONS
 THE FOLLOWING WEATHER WAS RECORDED YESTERDAY.
  NO SIGNIFICANT WEATHER WAS OBSERVED.


RELATIVE HUMIDITY (PERCENT)
 HIGHEST    56           500 AM
 LOWEST     23           400 PM
 AVERAGE    40

..........................................................


THE ALTURAS CA CLIMATE NORMALS FOR TODAY
                         NORMAL    RECORD    YEAR
 MAXIMUM TEMPERATURE (F)   85       101      2007
 MINIMUM TEMPERATURE (F)   44        34      2000


SUNRISE AND SUNSET
JULY  4 2015..........SUNRISE   534 AM PDT   SUNSET   839 PM PDT
JULY  5 2015..........SUNRISE   534 AM PDT   SUNSET   839 PM PDT


-  INDICATES NEGATIVE NUMBERS.
R  INDICATES RECORD WAS SET OR TIED.
MM INDICATES DATA IS MISSING.
T  INDICATES TRACE AMOUNT.




$$
