000
CDUS46 KMFR 290036
CLIAAT


CLIMATE REPORT
NATIONAL WEATHER SERVICE MEDFORD, OR
536 PM PDT TUE MAR 28 2017


...................................

...THE ALTURAS CA CLIMATE SUMMARY FOR MARCH 28 2017...
VALID TODAY AS OF 0500 PM LOCAL TIME.

CLIMATE NORMAL PERIOD 1981 TO 2010
CLIMATE RECORD PERIOD 1905 TO 2017


WEATHER ITEM   OBSERVED TIME   RECORD YEAR NORMAL DEPARTURE LAST
                VALUE   (LST)  VALUE       VALUE  FROM      YEAR
                                                  NORMAL
..................................................................
TEMPERATURE (F)
 TODAY
  MAXIMUM         53    247 PM  77    1966  54     -1       47
  MINIMUM         24    600 AM   9    1908  26     -2       29
  AVERAGE         39                        40     -1       38

PRECIPITATION (IN)
  TODAY            0.00          0.37 1963   0.06  -0.06     0.06
  MONTH TO DATE    0.90                      1.36  -0.46     1.84
  SINCE OCT 1     11.14                      8.97   2.17    10.32
  SINCE JAN 1      7.39                      4.46   2.93     4.34

SNOWFALL (IN)
  TODAY           MM                        MM     MM       MM
  MONTH TO DATE   MM                        MM     MM       MM
  SINCE JUL 1     MM                        MM     MM       MM
  SNOW DEPTH      MM

DEGREE DAYS
 HEATING
  TODAY           26                        25      1       27
  MONTH TO DATE  629                       749   -120      643
  SINCE MAR 1    629                       749   -120      643
  SINCE JUL 1   5291                      5616   -325     5030

 COOLING
  TODAY            0                         0      0        0
  MONTH TO DATE    0                         0      0        0
  SINCE MAR 1      0                         0      0        0
  SINCE JAN 1      0                         0      0        0
..................................................................


WIND (MPH)
  HIGHEST WIND SPEED    13   HIGHEST WIND DIRECTION    NW (310)
  HIGHEST GUST SPEED    19   HIGHEST GUST DIRECTION    NW (330)
  AVERAGE WIND SPEED     2.7


SKY COVER
  POSSIBLE SUNSHINE  MM
  AVERAGE SKY COVER 0.3


WEATHER CONDITIONS
 THE FOLLOWING WEATHER WAS RECORDED TODAY.
  NO SIGNIFICANT WEATHER WAS OBSERVED.


RELATIVE HUMIDITY (PERCENT)
 HIGHEST    92           300 AM
 LOWEST     44           300 PM
 AVERAGE    68

..........................................................


THE ALTURAS CA CLIMATE NORMALS FOR TOMORROW
                         NORMAL    RECORD    YEAR
 MAXIMUM TEMPERATURE (F)   54        80      1966
 MINIMUM TEMPERATURE (F)   26        10      1977


SUNRISE AND SUNSET
MARCH 28 2017.........SUNRISE   651 AM PDT   SUNSET   724 PM PDT
MARCH 29 2017.........SUNRISE   650 AM PDT   SUNSET   725 PM PDT


-  INDICATES NEGATIVE NUMBERS.
R  INDICATES RECORD WAS SET OR TIED.
MM INDICATES DATA IS MISSING.
T  INDICATES TRACE AMOUNT.




$$
