000
CDUS46 KMFR 260852
CLIAAT


CLIMATE REPORT
NATIONAL WEATHER SERVICE MEDFORD, OR
1252 AM PST WED NOV 26 2014


...................................

...THE ALTURAS CA CLIMATE SUMMARY FOR NOVEMBER 25 2014...

CLIMATE NORMAL PERIOD 1981 TO 2010
CLIMATE RECORD PERIOD 1905 TO 2014


WEATHER ITEM   OBSERVED TIME   RECORD YEAR NORMAL DEPARTURE LAST
                VALUE   (LST)  VALUE       VALUE  FROM      YEAR
                                                  NORMAL
..................................................................
TEMPERATURE (F)
 YESTERDAY
  MAXIMUM         57    234 PM  71    1950  45     12       59
  MINIMUM         27    142 AM  -5    2010  21      6       22
                                      1993
  AVERAGE         42                        33      9       41

PRECIPITATION (IN)
  YESTERDAY        0.00          0.44 1983   0.05  -0.05     0.00
  MONTH TO DATE    0.65                      1.51  -0.86     0.29
  SINCE SEP 1      2.46                      3.04  -0.58     0.97
  SINCE JAN 1      8.74                     12.18  -3.44     6.12

SNOWFALL (IN)
  YESTERDAY       MM                        MM     MM       MM
  MONTH TO DATE   MM                        MM     MM       MM
  SINCE JUL 1     MM                        MM     MM        0.0
  SNOW DEPTH      MM

DEGREE DAYS
 HEATING
  YESTERDAY       23                        32     -9       24
  MONTH TO DATE  614                       703    -89      653
  SINCE SEP 1   1135                      1535   -400     1538
  SINCE JUL 1   1160                      1646   -486     1608

 COOLING
  YESTERDAY        0                         0      0        0
  MONTH TO DATE    0                         0      0        0
  SINCE SEP 1     12                         5      7       25
  SINCE JAN 1    380                       156    224      280
..................................................................


WIND (MPH)
  HIGHEST WIND SPEED     7   HIGHEST WIND DIRECTION     E (70)
  HIGHEST GUST SPEED     8   HIGHEST GUST DIRECTION     E (70)
  AVERAGE WIND SPEED     0.9


SKY COVER
  POSSIBLE SUNSHINE  MM
  AVERAGE SKY COVER 0.3


WEATHER CONDITIONS
 THE FOLLOWING WEATHER WAS RECORDED YESTERDAY.
  FOG
  HAZE


RELATIVE HUMIDITY (PERCENT)
 HIGHEST    92           100 AM
 LOWEST     51           100 PM
 AVERAGE    72

..........................................................


THE ALTURAS CA CLIMATE NORMALS FOR TODAY
                         NORMAL    RECORD    YEAR
 MAXIMUM TEMPERATURE (F)   44        70      1950
 MINIMUM TEMPERATURE (F)   21        -6      1985


SUNRISE AND SUNSET
NOVEMBER 26 2014......SUNRISE   704 AM PST   SUNSET   435 PM PST
NOVEMBER 27 2014......SUNRISE   705 AM PST   SUNSET   435 PM PST


-  INDICATES NEGATIVE NUMBERS.
R  INDICATES RECORD WAS SET OR TIED.
MM INDICATES DATA IS MISSING.
T  INDICATES TRACE AMOUNT.




$$
