000
CDUS46 KMFR 270036
CLIAAT


CLIMATE REPORT
NATIONAL WEATHER SERVICE MEDFORD, OR
436 PM PST SUN FEB 26 2017


...................................

...THE ALTURAS CA CLIMATE SUMMARY FOR FEBRUARY 26 2017...
VALID TODAY AS OF 0400 PM LOCAL TIME.

CLIMATE NORMAL PERIOD 1981 TO 2010
CLIMATE RECORD PERIOD 1905 TO 2017


WEATHER ITEM   OBSERVED TIME   RECORD YEAR NORMAL DEPARTURE LAST
                VALUE   (LST)  VALUE       VALUE  FROM      YEAR
                                                  NORMAL
..................................................................
TEMPERATURE (F)
 TODAY
  MAXIMUM         36    344 PM  69    1908  49    -13       66
  MINIMUM         11    721 AM -10    2011  24    -13       29
  AVERAGE         24                        36    -12       48

PRECIPITATION (IN)
  TODAY            0.00          0.34 2007   0.06  -0.06     0.00
  MONTH TO DATE    3.13                      1.34   1.79     0.45
  SINCE OCT 1     10.14                      7.50   2.64     8.43
  SINCE JAN 1      6.39                      2.99   3.40     2.45

SNOWFALL (IN)
  TODAY           MM                        MM     MM       MM
  MONTH TO DATE   MM                        MM     MM       MM
  SINCE JUL 1     MM                        MM     MM       MM
  SNOW DEPTH      MM

DEGREE DAYS
 HEATING
  TODAY           41                        29     12       17
  MONTH TO DATE  722                       811    -89      672
  SINCE DEC 1   3075                      2999     76     2788
  SINCE JUL 1   4583                      4809   -226     4315

 COOLING
  TODAY            0                         0      0        0
  MONTH TO DATE    0                         0      0        0
  SINCE DEC 1      0                         0      0        0
  SINCE JAN 1      0                         0      0        0
..................................................................


WIND (MPH)
  HIGHEST WIND SPEED    31   HIGHEST WIND DIRECTION     W (250)
  HIGHEST GUST SPEED    36   HIGHEST GUST DIRECTION     W (250)
  AVERAGE WIND SPEED     7.3


SKY COVER
  POSSIBLE SUNSHINE  MM
  AVERAGE SKY COVER 0.2


WEATHER CONDITIONS
 THE FOLLOWING WEATHER WAS RECORDED TODAY.
  FOG


RELATIVE HUMIDITY (PERCENT)
 HIGHEST    92           400 AM
 LOWEST     47          1200 PM
 AVERAGE    70

..........................................................


THE ALTURAS CA CLIMATE NORMALS FOR TOMORROW
                         NORMAL    RECORD    YEAR
 MAXIMUM TEMPERATURE (F)   49        70      1968
 MINIMUM TEMPERATURE (F)   24        -4      1962


SUNRISE AND SUNSET
FEBRUARY 26 2017......SUNRISE   641 AM PST   SUNSET   550 PM PST
FEBRUARY 27 2017......SUNRISE   639 AM PST   SUNSET   551 PM PST


-  INDICATES NEGATIVE NUMBERS.
R  INDICATES RECORD WAS SET OR TIED.
MM INDICATES DATA IS MISSING.
T  INDICATES TRACE AMOUNT.




$$
