000
CDUS46 KMFR 080842
CLIAAT


CLIMATE REPORT
NATIONAL WEATHER SERVICE MEDFORD, OR
1241 AM PST THU DEC 8 2016


...................................

...THE ALTURAS CA CLIMATE SUMMARY FOR DECEMBER 7 2016...

CLIMATE NORMAL PERIOD 1981 TO 2010
CLIMATE RECORD PERIOD 1905 TO 2016


WEATHER ITEM   OBSERVED TIME   RECORD YEAR NORMAL DEPARTURE LAST
                VALUE   (LST)  VALUE       VALUE  FROM      YEAR
                                                  NORMAL
..................................................................
TEMPERATURE (F)
 YESTERDAY
  MAXIMUM         30    155 PM  63    1965  41    -11       51
  MINIMUM          1    731 AM -11    2013  20    -19       38
  AVERAGE         16                        30    -14       45

PRECIPITATION (IN)
  YESTERDAY        0.13          0.32 1967   0.06   0.07      T
  MONTH TO DATE    0.16                      0.36  -0.20     0.35
  SINCE OCT 1      2.16                      3.16  -1.00     2.82
  SINCE JAN 1      9.63                     12.82  -3.19    10.02

SNOWFALL (IN)
  YESTERDAY       MM                        MM     MM       MM
  MONTH TO DATE   MM                        MM     MM       MM
  SINCE JUL 1     MM                        MM     MM       MM
  SNOW DEPTH      MM

DEGREE DAYS
 HEATING
  YESTERDAY       49                        35     14       20
  MONTH TO DATE  264                       240     24      197
  SINCE DEC 1    264                       240     24      197
  SINCE JUL 1   1772                      2050   -278     1724

 COOLING
  YESTERDAY        0                         0      0        0
  MONTH TO DATE    0                         0      0        0
  SINCE DEC 1      0                         0      0        0
  SINCE JAN 1    254                       156     98      333
..................................................................


WIND (MPH)
  HIGHEST WIND SPEED    16   HIGHEST WIND DIRECTION     S (170)
  HIGHEST GUST SPEED    20   HIGHEST GUST DIRECTION     S (160)
  AVERAGE WIND SPEED     3.8


SKY COVER
  POSSIBLE SUNSHINE  MM
  AVERAGE SKY COVER 0.4


WEATHER CONDITIONS
 THE FOLLOWING WEATHER WAS RECORDED YESTERDAY.
  LIGHT SNOW
  FOG


RELATIVE HUMIDITY (PERCENT)
 HIGHEST   100          1100 PM
 LOWEST     49           200 PM
 AVERAGE    75

..........................................................


THE ALTURAS CA CLIMATE NORMALS FOR TODAY
                         NORMAL    RECORD    YEAR
 MAXIMUM TEMPERATURE (F)   41        65      1959
 MINIMUM TEMPERATURE (F)   19       -27      2013
                                             1972


SUNRISE AND SUNSET
DECEMBER  8 2016......SUNRISE   716 AM PST   SUNSET   432 PM PST
DECEMBER  9 2016......SUNRISE   717 AM PST   SUNSET   432 PM PST


-  INDICATES NEGATIVE NUMBERS.
R  INDICATES RECORD WAS SET OR TIED.
MM INDICATES DATA IS MISSING.
T  INDICATES TRACE AMOUNT.




$$
