000
CDUS46 KMFR 230840
CLIAAT


CLIMATE REPORT
NATIONAL WEATHER SERVICE MEDFORD, OR
140 AM PDT THU OCT 23 2014


...................................

...THE ALTURAS CA CLIMATE SUMMARY FOR OCTOBER 22 2014...

CLIMATE NORMAL PERIOD 1981 TO 2010
CLIMATE RECORD PERIOD 1905 TO 2014


WEATHER ITEM   OBSERVED TIME   RECORD YEAR NORMAL DEPARTURE LAST
                VALUE   (LST)  VALUE       VALUE  FROM      YEAR
                                                  NORMAL
..................................................................
TEMPERATURE (F)
 YESTERDAY
  MAXIMUM         58   1139 AM  82    1964  62     -4       77
  MINIMUM         32    441 AM  15    1906  27      5       25
  AVERAGE         45                        45      0       51

PRECIPITATION (IN)
  YESTERDAY        T             0.56 1931   0.04  -0.04     0.00
  MONTH TO DATE    0.43                      0.60  -0.17     0.15
  SINCE SEP 1      0.79                      1.12  -0.33     0.66
  SINCE JAN 1      7.07                     10.26  -3.19     5.81

SNOWFALL (IN)
  YESTERDAY       MM                        MM     MM       MM
  MONTH TO DATE   MM                        MM     MM       MM
  SINCE JUL 1     MM                        MM     MM       MM
  SNOW DEPTH      MM

DEGREE DAYS
 HEATING
  YESTERDAY       20                        20      0       14
  MONTH TO DATE  266                       368   -102      455
  SINCE SEP 1    382                       634   -252      680
  SINCE JUL 1    407                       745   -338      750

 COOLING
  YESTERDAY        0                         0      0        0
  MONTH TO DATE    0                         0      0        0
  SINCE SEP 1     12                         5      7       25
  SINCE JAN 1    380                       156    224      280
..................................................................


WIND (MPH)
  HIGHEST WIND SPEED    14   HIGHEST WIND DIRECTION     W (250)
  HIGHEST GUST SPEED    18   HIGHEST GUST DIRECTION     W (250)
  AVERAGE WIND SPEED     3.8


SKY COVER
  POSSIBLE SUNSHINE  MM
  AVERAGE SKY COVER 0.5


WEATHER CONDITIONS
 THE FOLLOWING WEATHER WAS RECORDED YESTERDAY.
  NO SIGNIFICANT WEATHER WAS OBSERVED.


RELATIVE HUMIDITY (PERCENT)
 HIGHEST    96           100 AM
 LOWEST     40          1200 PM
 AVERAGE    68

..........................................................


THE ALTURAS CA CLIMATE NORMALS FOR TODAY
                         NORMAL    RECORD    YEAR
 MAXIMUM TEMPERATURE (F)   62        85      1913
 MINIMUM TEMPERATURE (F)   27        14      1906


SUNRISE AND SUNSET
OCTOBER 23 2014.......SUNRISE   723 AM PDT   SUNSET   609 PM PDT
OCTOBER 24 2014.......SUNRISE   725 AM PDT   SUNSET   608 PM PDT


-  INDICATES NEGATIVE NUMBERS.
R  INDICATES RECORD WAS SET OR TIED.
MM INDICATES DATA IS MISSING.
T  INDICATES TRACE AMOUNT.




$$
