000
CDUS46 KMFR 310037
CLIAAT


CLIMATE REPORT
NATIONAL WEATHER SERVICE MEDFORD, OR
437 PM PST FRI JAN 30 2015


...................................

...THE ALTURAS CA CLIMATE SUMMARY FOR JANUARY 30 2015...
VALID TODAY AS OF 0400 PM LOCAL TIME.

CLIMATE NORMAL PERIOD 1981 TO 2010
CLIMATE RECORD PERIOD 1905 TO 2015


WEATHER ITEM   OBSERVED TIME   RECORD YEAR NORMAL DEPARTURE LAST
                VALUE   (LST)  VALUE       VALUE  FROM      YEAR
                                                  NORMAL
..................................................................
TEMPERATURE (F)
 TODAY
  MAXIMUM         53    141 PM  60    1992  43     10       42
  MINIMUM         22    758 AM -22    1917  19      3       25
  AVERAGE         38                        31      7       34

PRECIPITATION (IN)
  TODAY            0.00          0.70 1968   0.04  -0.04     0.00
  MONTH TO DATE    0.11                      1.60  -1.49     0.12
  SINCE OCT 1      4.62                      6.11  -1.49     0.75
  SINCE JAN 1      0.11                      1.60  -1.49     0.12

SNOWFALL (IN)
  TODAY           MM                        MM     MM       MM
  MONTH TO DATE   MM                        MM     MM       MM
  SINCE JUL 1     MM                        MM     MM        0.0
  SNOW DEPTH      MM

DEGREE DAYS
 HEATING
  TODAY           27                        34     -7       31
  MONTH TO DATE  807                      1056   -249      928
  SINCE DEC 1   1660                      2156   -496     2200
  SINCE JUL 1   2951                      3966  -1015     3945

 COOLING
  TODAY            0                         0      0        0
  MONTH TO DATE    0                         0      0        0
  SINCE DEC 1      0                         0      0        0
  SINCE JAN 1      0                         0      0        0
..................................................................


WIND (MPH)
  HIGHEST WIND SPEED    18   HIGHEST WIND DIRECTION     N (20)
  HIGHEST GUST SPEED    23   HIGHEST GUST DIRECTION     N (20)
  AVERAGE WIND SPEED     4.0


SKY COVER
  POSSIBLE SUNSHINE  MM
  AVERAGE SKY COVER 0.2


WEATHER CONDITIONS
 THE FOLLOWING WEATHER WAS RECORDED TODAY.
  FOG
  FOG W/VISIBILITY <= 1/4 MILE


RELATIVE HUMIDITY (PERCENT)
 HIGHEST    92           600 AM
 LOWEST     32           200 PM
 AVERAGE    62

..........................................................


THE ALTURAS CA CLIMATE NORMALS FOR TOMORROW
                         NORMAL    RECORD    YEAR
 MAXIMUM TEMPERATURE (F)   43        63      1934
 MINIMUM TEMPERATURE (F)   19       -16      1950


SUNRISE AND SUNSET
JANUARY 30 2015.......SUNRISE   716 AM PST   SUNSET   516 PM PST
JANUARY 31 2015.......SUNRISE   715 AM PST   SUNSET   517 PM PST


-  INDICATES NEGATIVE NUMBERS.
R  INDICATES RECORD WAS SET OR TIED.
MM INDICATES DATA IS MISSING.
T  INDICATES TRACE AMOUNT.




$$
