000
CDUS46 KMFR 310838
CLIAAT


CLIMATE REPORT
NATIONAL WEATHER SERVICE MEDFORD, OR
137 AM PDT THU JUL 31 2014


...................................

...THE ALTURAS CA CLIMATE SUMMARY FOR JULY 30 2014...

CLIMATE NORMAL PERIOD 1981 TO 2010
CLIMATE RECORD PERIOD 1905 TO 2014


WEATHER ITEM   OBSERVED TIME   RECORD YEAR NORMAL DEPARTURE LAST
                VALUE   (LST)  VALUE       VALUE  FROM      YEAR
                                                  NORMAL
..................................................................
TEMPERATURE (F)
 YESTERDAY
  MAXIMUM         93   1208 PM 104    1966  90      3       89
  MINIMUM         51    455 AM  34    1993  45      6       41
  AVERAGE         72                        67      5       65

PRECIPITATION (IN)
  YESTERDAY        0.00          0.32 1960   0.01  -0.01     0.00
  MONTH TO DATE    0.41                      0.32   0.09      T
  SINCE SEP 1      6.96                     13.79  -6.83     8.77
  SINCE JAN 1      5.82                      8.76  -2.94     4.43

SNOWFALL (IN)
  YESTERDAY       MM                        MM     MM       MM
  MONTH TO DATE   MM                        MM     MM       MM
  SINCE JUL 1     MM                        MM     MM       MM
  SNOW DEPTH      MM

DEGREE DAYS
 HEATING
  YESTERDAY        0                         1     -1        0
  MONTH TO DATE    6                        40    -34        4
  SINCE JUN 1     95                       220   -125      160
  SINCE JUL 1      6                        40    -34        4

 COOLING
  YESTERDAY        7                         3      4        0
  MONTH TO DATE  245                        76    169      170
  SINCE JUN 1    265                        87    178      213
  SINCE JAN 1    265                        87    178      213
..................................................................


WIND (MPH)
  HIGHEST WIND SPEED    26   HIGHEST WIND DIRECTION     S (170)
  HIGHEST GUST SPEED    41   HIGHEST GUST DIRECTION     S (180)
  AVERAGE WIND SPEED     4.3


SKY COVER
  POSSIBLE SUNSHINE  MM
  AVERAGE SKY COVER 0.0


WEATHER CONDITIONS
 THE FOLLOWING WEATHER WAS RECORDED YESTERDAY.
  NO SIGNIFICANT WEATHER WAS OBSERVED.


RELATIVE HUMIDITY (PERCENT)
 HIGHEST    63           500 AM
 LOWEST     10           100 PM
 AVERAGE    37

..........................................................


THE ALTURAS CA CLIMATE NORMALS FOR TODAY
                         NORMAL    RECORD    YEAR
 MAXIMUM TEMPERATURE (F)   90       104      1988
 MINIMUM TEMPERATURE (F)   45        31      1975


SUNRISE AND SUNSET
JULY 31 2014..........SUNRISE   556 AM PDT   SUNSET   821 PM PDT
AUGUST  1 2014........SUNRISE   557 AM PDT   SUNSET   819 PM PDT


-  INDICATES NEGATIVE NUMBERS.
R  INDICATES RECORD WAS SET OR TIED.
MM INDICATES DATA IS MISSING.
T  INDICATES TRACE AMOUNT.




$$
