000
CDUS46 KMFR 030845
CLIAAT


CLIMATE REPORT
NATIONAL WEATHER SERVICE MEDFORD, OR
1245 AM PST TUE MAR 3 2015


...................................

...THE ALTURAS CA CLIMATE SUMMARY FOR MARCH 2 2015...

CLIMATE NORMAL PERIOD 1981 TO 2010
CLIMATE RECORD PERIOD 1905 TO 2015


WEATHER ITEM   OBSERVED TIME   RECORD YEAR NORMAL DEPARTURE LAST
                VALUE   (LST)  VALUE       VALUE  FROM      YEAR
                                                  NORMAL
..................................................................
TEMPERATURE (F)
 YESTERDAY
  MAXIMUM         49    441 PM  67    1968  50     -1       50
  MINIMUM         22    442 AM -29    1917  24     -2       37
  AVERAGE         36                        37     -1       44

PRECIPITATION (IN)
  YESTERDAY        0.00          0.88 1995   0.05  -0.05     0.02
  MONTH TO DATE    0.00                      0.10  -0.10     0.09
  SINCE OCT 1      5.64                      7.71  -2.07     2.32
  SINCE JAN 1      1.13                      3.20  -2.07     1.69

SNOWFALL (IN)
  YESTERDAY       MM                        MM     MM       MM
  MONTH TO DATE   MM                        MM     MM       MM
  SINCE JUL 1     MM                        MM     MM        0.0
  SNOW DEPTH      MM

DEGREE DAYS
 HEATING
  YESTERDAY       29                        28      1       21
  MONTH TO DATE   59                        56      3       43
  SINCE MAR 1     59                        56      3       43
  SINCE JUL 1   3686                      4923  -1237     4808

 COOLING
  YESTERDAY        0                         0      0        0
  MONTH TO DATE    0                         0      0        0
  SINCE MAR 1      0                         0      0        0
  SINCE JAN 1      0                         0      0        0
..................................................................


WIND (MPH)
  HIGHEST WIND SPEED    20   HIGHEST WIND DIRECTION     W (290)
  HIGHEST GUST SPEED    24   HIGHEST GUST DIRECTION     W (290)
  AVERAGE WIND SPEED     5.5


SKY COVER
  POSSIBLE SUNSHINE  MM
  AVERAGE SKY COVER 0.8


WEATHER CONDITIONS
 THE FOLLOWING WEATHER WAS RECORDED YESTERDAY.
  FOG
  HAZE


RELATIVE HUMIDITY (PERCENT)
 HIGHEST    92           300 AM
 LOWEST     34           400 PM
 AVERAGE    63

..........................................................


THE ALTURAS CA CLIMATE NORMALS FOR TODAY
                         NORMAL    RECORD    YEAR
 MAXIMUM TEMPERATURE (F)   50        68      1986
 MINIMUM TEMPERATURE (F)   24       -14      1917


SUNRISE AND SUNSET
MARCH  3 2015.........SUNRISE   634 AM PST   SUNSET   555 PM PST
MARCH  4 2015.........SUNRISE   632 AM PST   SUNSET   556 PM PST


-  INDICATES NEGATIVE NUMBERS.
R  INDICATES RECORD WAS SET OR TIED.
MM INDICATES DATA IS MISSING.
T  INDICATES TRACE AMOUNT.




$$
