000
CDUS41 KPHI 292130
CLIABE


CLIMATE REPORT
NATIONAL WEATHER SERVICE MOUNT HOLLY NJ
528 PM EDT SAT AUG 29 2015


...................................

...THE ALLENTOWN PA CLIMATE SUMMARY FOR AUGUST 29 2015...
VALID TODAY AS OF 0500 PM LOCAL TIME.

CLIMATE NORMAL PERIOD 1981 TO 2010
CLIMATE RECORD PERIOD 1922 TO 2015


WEATHER ITEM   OBSERVED TIME   RECORD YEAR NORMAL DEPARTURE LAST
                VALUE   (LST)  VALUE       VALUE  FROM      YEAR
                                                  NORMAL
..................................................................
TEMPERATURE (F)
 TODAY
  MAXIMUM         85    337 PM  97    1953  81      4       79
  MINIMUM         53    552 AM  43    1982  59     -6       51
  AVERAGE         69                        70     -1       65

PRECIPITATION (IN)
  TODAY            0.00          1.26 2013   0.10  -0.10     0.00
  MONTH TO DATE    2.56                      3.48  -0.92     1.85
  SINCE JUN 1     15.58                     12.74   2.84    11.57
  SINCE JAN 1     27.19                     29.56  -2.37    33.87

SNOWFALL (IN)
  TODAY            0.0           0.0  2002   0.0    0.0      0.0
                                      2001
  MONTH TO DATE    0.0                       0.0    0.0      0.0
  SINCE JUN 1      0.0                       0.0    0.0      0.0
  SINCE JUL 1      0.0                       0.0    0.0      0.0
  SNOW DEPTH       0

DEGREE DAYS
 HEATING
  TODAY            0                         1     -1        0
  MONTH TO DATE    0                         2     -2        4
  SINCE JUN 1     21                        38    -17        8
  SINCE JUL 1      0                         5     -5        4

 COOLING
  TODAY            4                         5     -1        0
  MONTH TO DATE  224                       204     20      170
  SINCE JUN 1    730                       624    106      631
  SINCE JAN 1    863                       669    194      670
..................................................................


WIND (MPH)
  HIGHEST WIND SPEED    13   HIGHEST WIND DIRECTION    SW (210)
  HIGHEST GUST SPEED    15   HIGHEST GUST DIRECTION    SW (210)
  AVERAGE WIND SPEED     3.0


SKY COVER
  POSSIBLE SUNSHINE  MM
  AVERAGE SKY COVER 0.2


WEATHER CONDITIONS
 THE FOLLOWING WEATHER WAS RECORDED TODAY.
  FOG


RELATIVE HUMIDITY (PERCENT)
 HIGHEST    93           100 AM
 LOWEST     44           200 PM
 AVERAGE    69

..........................................................


THE ALLENTOWN PA CLIMATE NORMALS FOR TOMORROW
                         NORMAL    RECORD    YEAR
 MAXIMUM TEMPERATURE (F)   80        97      1953
 MINIMUM TEMPERATURE (F)   59        41      1986
                                             1934


SUNRISE AND SUNSET
AUGUST 29 2015........SUNRISE   626 AM EDT   SUNSET   739 PM EDT
AUGUST 30 2015........SUNRISE   627 AM EDT   SUNSET   737 PM EDT


-  INDICATES NEGATIVE NUMBERS.
R  INDICATES RECORD WAS SET OR TIED.
MM INDICATES DATA IS MISSING.
T  INDICATES TRACE AMOUNT.




$$
