000
CDUS41 KPHI 240627
CLIABE


CLIMATE REPORT
NATIONAL WEATHER SERVICE MOUNT HOLLY NJ
227 AM EDT MON APR 24 2017


...................................

...THE ALLENTOWN PA CLIMATE SUMMARY FOR APRIL 23 2017...

CLIMATE NORMAL PERIOD 1981 TO 2010
CLIMATE RECORD PERIOD 1922 TO 2017


WEATHER ITEM   OBSERVED TIME   RECORD YEAR NORMAL DEPARTURE LAST
                VALUE   (LST)  VALUE       VALUE  FROM      YEAR
                                                  NORMAL
..................................................................
TEMPERATURE (F)
 YESTERDAY
  MAXIMUM         68    444 PM  89    1960  64      4       66
  MINIMUM         38    535 AM  28    1945  41     -3       46
                                      1936
                                      1933
  AVERAGE         53                        52      1       56

PRECIPITATION (IN)
  YESTERDAY        0.00          1.10 2005   0.12  -0.12     0.01
  MONTH TO DATE    2.23                      2.74  -0.51     1.39
  SINCE MAR 1      7.49                      6.13   1.36     2.35
  SINCE JAN 1     12.58                     11.86   0.72    11.38

SNOWFALL (IN)
  YESTERDAY        0.0           1.1  1986   0.0    0.0      0.0
  MONTH TO DATE    0.0                       0.9   -0.9       T
  SINCE MAR 1     18.3                       5.8   12.5      0.3
  SINCE JUL 1     28.3                      32.8   -4.5     36.2
  SNOW DEPTH       0

DEGREE DAYS
 HEATING
  YESTERDAY       12                        13     -1        9
  MONTH TO DATE  227                       377   -150      362
  SINCE MAR 1   1062                      1180   -118      932
  SINCE JUL 1   4564                      5489   -925     4389

 COOLING
  YESTERDAY        0                         0      0        0
  MONTH TO DATE    2                         0      2        6
  SINCE MAR 1      2                         0      2        8
  SINCE JAN 1      2                         0      2        8
..................................................................


WIND (MPH)
  HIGHEST WIND SPEED    10   HIGHEST WIND DIRECTION    NE (60)
  HIGHEST GUST SPEED    12   HIGHEST GUST DIRECTION    NE (60)
  AVERAGE WIND SPEED     3.1


SKY COVER
  POSSIBLE SUNSHINE  MM
  AVERAGE SKY COVER 0.0


WEATHER CONDITIONS
 THE FOLLOWING WEATHER WAS RECORDED YESTERDAY.
  NO SIGNIFICANT WEATHER WAS OBSERVED.


RELATIVE HUMIDITY (PERCENT)
 HIGHEST    79           600 AM
 LOWEST     32           400 PM
 AVERAGE    56

..........................................................


THE ALLENTOWN PA CLIMATE NORMALS FOR TODAY
                         NORMAL    RECORD    YEAR
 MAXIMUM TEMPERATURE (F)   65        86      1960
 MINIMUM TEMPERATURE (F)   41        29      1930


SUNRISE AND SUNSET
APRIL 24 2017.........SUNRISE   610 AM EDT   SUNSET   751 PM EDT
APRIL 25 2017.........SUNRISE   608 AM EDT   SUNSET   752 PM EDT


-  INDICATES NEGATIVE NUMBERS.
R  INDICATES RECORD WAS SET OR TIED.
MM INDICATES DATA IS MISSING.
T  INDICATES TRACE AMOUNT.




$$
