000
CDUS41 KPHI 300628
CLIABE


CLIMATE REPORT
NATIONAL WEATHER SERVICE MOUNT HOLLY NJ
228 AM EDT TUE SEP 30 2014


...................................

...THE ALLENTOWN PA CLIMATE SUMMARY FOR SEPTEMBER 29 2014...

CLIMATE NORMAL PERIOD 1981 TO 2010
CLIMATE RECORD PERIOD 1922 TO 2014


WEATHER ITEM   OBSERVED TIME   RECORD YEAR NORMAL DEPARTURE LAST
                VALUE   (LST)  VALUE       VALUE  FROM      YEAR
                                                  NORMAL
..................................................................
TEMPERATURE (F)
 YESTERDAY
  MAXIMUM         78    113 PM  86    1945  70      8       73
                                      1929
  MINIMUM         58    633 AM  32    2000  47     11       46
  AVERAGE         68                        59      9       60

PRECIPITATION (IN)
  YESTERDAY        0.00          1.82 1963   0.18  -0.18     0.00
  MONTH TO DATE    1.53                      4.45  -2.92     2.08
  SINCE SEP 1      1.53                      4.45  -2.92     2.08
  SINCE JAN 1     35.52                     34.22   1.30    36.92

SNOWFALL (IN)
  YESTERDAY        0.0           0.0  2002   0.0    0.0      0.0
                                      2001
  MONTH TO DATE    0.0                       0.0    0.0      0.0
  SINCE SEP 1      0.0                       0.0    0.0      0.0
  SINCE JUL 1      0.0                       0.0    0.0      0.0
  SNOW DEPTH       0

DEGREE DAYS
 HEATING
  YESTERDAY        0                         7     -7        5
  MONTH TO DATE   75                        96    -21      116
  SINCE SEP 1     75                        96    -21      116
  SINCE JUL 1     79                       107    -28      120

 COOLING
  YESTERDAY        3                         1      2        0
  MONTH TO DATE  105                        71     34       78
  SINCE SEP 1    105                        71     34       78
  SINCE JAN 1    792                       750     42      903
..................................................................


WIND (MPH)
  HIGHEST WIND SPEED    12   HIGHEST WIND DIRECTION     S (180)
  HIGHEST GUST SPEED    15   HIGHEST GUST DIRECTION     S (180)
  AVERAGE WIND SPEED     2.8


SKY COVER
  POSSIBLE SUNSHINE  MM
  AVERAGE SKY COVER 0.0


WEATHER CONDITIONS
 THE FOLLOWING WEATHER WAS RECORDED YESTERDAY.
  FOG


RELATIVE HUMIDITY (PERCENT)
 HIGHEST    93           600 AM
 LOWEST     45           100 PM
 AVERAGE    69

..........................................................


THE ALLENTOWN PA CLIMATE NORMALS FOR TODAY
                         NORMAL    RECORD    YEAR
 MAXIMUM TEMPERATURE (F)   69        87      1986
                                             1953
 MINIMUM TEMPERATURE (F)   47        32      1942


SUNRISE AND SUNSET
SEPTEMBER 30 2014.....SUNRISE   657 AM EDT   SUNSET   645 PM EDT
OCTOBER  1 2014.......SUNRISE   658 AM EDT   SUNSET   644 PM EDT


-  INDICATES NEGATIVE NUMBERS.
R  INDICATES RECORD WAS SET OR TIED.
MM INDICATES DATA IS MISSING.
T  INDICATES TRACE AMOUNT.




$$
