077
CDUS41 KPHI 250629
CLIABE


CLIMATE REPORT
NATIONAL WEATHER SERVICE MOUNT HOLLY NJ
228 AM EDT THU AUG 25 2016


...................................

...THE ALLENTOWN PA CLIMATE SUMMARY FOR AUGUST 24 2016...

CLIMATE NORMAL PERIOD 1981 TO 2010
CLIMATE RECORD PERIOD 1922 TO 2016


WEATHER ITEM   OBSERVED TIME   RECORD YEAR NORMAL DEPARTURE LAST
                VALUE   (LST)  VALUE       VALUE  FROM      YEAR
                                                  NORMAL
..................................................................
TEMPERATURE (F)
 YESTERDAY
  MAXIMUM         86    301 PM  92    1947  82      4       87
  MINIMUM         57    535 AM  47    1971  60     -3       57
                                      1957
                                      1952
  AVERAGE         72                        71      1       72

PRECIPITATION (IN)
  YESTERDAY        0.00          4.77 1933   0.10  -0.10      T
  MONTH TO DATE    1.93                      2.97  -1.04     2.56
  SINCE JUN 1     10.52                     12.23  -1.71    15.58
  SINCE JAN 1     26.35                     29.05  -2.70    27.19

SNOWFALL (IN)
  YESTERDAY        0.0           0.0  2002   0.0    0.0      0.0
                                      2001
  MONTH TO DATE    0.0                       0.0    0.0      0.0
  SINCE JUN 1      0.0                       0.0    0.0      0.0
  SINCE JUL 1      0.0                       0.0    0.0      0.0
  SNOW DEPTH       0

DEGREE DAYS
 HEATING
  YESTERDAY        0                         0      0        0
  MONTH TO DATE    0                         0      0        0
  SINCE JUN 1      9                        36    -27       21
  SINCE JUL 1      0                         3     -3        0

 COOLING
  YESTERDAY        7                         6      1        7
  MONTH TO DATE  290                       176    114      209
  SINCE JUN 1    869                       596    273      715
  SINCE JAN 1    956                       641    315      848
..................................................................


WIND (MPH)
  HIGHEST WIND SPEED    14   HIGHEST WIND DIRECTION    SW (240)
  HIGHEST GUST SPEED    17   HIGHEST GUST DIRECTION     W (250)
  AVERAGE WIND SPEED     4.9


SKY COVER
  POSSIBLE SUNSHINE  MM
  AVERAGE SKY COVER 0.0


WEATHER CONDITIONS
 THE FOLLOWING WEATHER WAS RECORDED YESTERDAY.
  FOG


RELATIVE HUMIDITY (PERCENT)
 HIGHEST    93           400 AM
 LOWEST     44           200 PM
 AVERAGE    69

..........................................................


THE ALLENTOWN PA CLIMATE NORMALS FOR TODAY
                         NORMAL    RECORD    YEAR
 MAXIMUM TEMPERATURE (F)   81        95      1948
 MINIMUM TEMPERATURE (F)   60        42      1927


SUNRISE AND SUNSET
AUGUST 25 2016........SUNRISE   622 AM EDT   SUNSET   744 PM EDT
AUGUST 26 2016........SUNRISE   623 AM EDT   SUNSET   743 PM EDT


-  INDICATES NEGATIVE NUMBERS.
R  INDICATES RECORD WAS SET OR TIED.
MM INDICATES DATA IS MISSING.
T  INDICATES TRACE AMOUNT.




$$
