000
CDUS41 KPHI 020629
CLIABE


CLIMATE REPORT
NATIONAL WEATHER SERVICE MOUNT HOLLY NJ
228 AM EDT THU JUL 2 2015


...................................

...THE ALLENTOWN PA CLIMATE SUMMARY FOR JULY 1 2015...

CLIMATE NORMAL PERIOD 1981 TO 2010
CLIMATE RECORD PERIOD 1922 TO 2015


WEATHER ITEM   OBSERVED TIME   RECORD YEAR NORMAL DEPARTURE LAST
                VALUE   (LST)  VALUE       VALUE  FROM      YEAR
                                                  NORMAL
..................................................................
TEMPERATURE (F)
 YESTERDAY
  MAXIMUM         82    155 PM  97    1963  83     -1       92
                                      1941
                                      1931
  MINIMUM         64   1154 PM  48    1943  62      2       68
  AVERAGE         73                        73      0       80

PRECIPITATION (IN)
  YESTERDAY        0.33          1.16 2013   0.15   0.18     0.00
  MONTH TO DATE    0.33                      0.15   0.18     0.00
  SINCE JUN 1      7.92                      4.46   3.46     5.40
  SINCE JAN 1     19.53                     21.28  -1.75    27.70

SNOWFALL (IN)
  YESTERDAY        0.0           0.0  2002   0.0    0.0      0.0
                                      2001
  MONTH TO DATE    0.0                       0.0    0.0      0.0
  SINCE JUN 1      0.0                       0.0    0.0      0.0
  SINCE JUL 1      0.0                       0.0    0.0      0.0
  SNOW DEPTH       0

DEGREE DAYS
 HEATING
  YESTERDAY        0                         0      0        0
  MONTH TO DATE    0                         0      0        0
  SINCE JUN 1     21                        33    -12        4
  SINCE JUL 1      0                         0      0        0

 COOLING
  YESTERDAY        8                         8      0       15
  MONTH TO DATE    8                         8      0       15
  SINCE JUN 1    207                       163     44      197
  SINCE JAN 1    340                       208    132      236
..................................................................


WIND (MPH)
  HIGHEST WIND SPEED    18   HIGHEST WIND DIRECTION     W (260)
  HIGHEST GUST SPEED    26   HIGHEST GUST DIRECTION    SW (230)
  AVERAGE WIND SPEED     8.0


SKY COVER
  POSSIBLE SUNSHINE  MM
  AVERAGE SKY COVER 0.5


WEATHER CONDITIONS
 THE FOLLOWING WEATHER WAS RECORDED YESTERDAY.
  THUNDERSTORM
  RAIN
  LIGHT RAIN
  FOG
  HAZE


RELATIVE HUMIDITY (PERCENT)
 HIGHEST    93           500 AM
 LOWEST     51           400 PM
 AVERAGE    72

..........................................................


THE ALLENTOWN PA CLIMATE NORMALS FOR TODAY
                         NORMAL    RECORD    YEAR
 MAXIMUM TEMPERATURE (F)   84       102      1966
 MINIMUM TEMPERATURE (F)   62        47      2007


SUNRISE AND SUNSET
JULY  2 2015..........SUNRISE   535 AM EDT   SUNSET   836 PM EDT
JULY  3 2015..........SUNRISE   535 AM EDT   SUNSET   836 PM EDT


-  INDICATES NEGATIVE NUMBERS.
R  INDICATES RECORD WAS SET OR TIED.
MM INDICATES DATA IS MISSING.
T  INDICATES TRACE AMOUNT.




$$
