000
CDUS41 KPHI 010640
CLIABE


CLIMATE REPORT
NATIONAL WEATHER SERVICE MOUNT HOLLY NJ
237 AM EDT SAT OCT 1 2016


...................................

...THE ALLENTOWN PA CLIMATE SUMMARY FOR SEPTEMBER 30 2016...

CLIMATE NORMAL PERIOD 1981 TO 2010
CLIMATE RECORD PERIOD 1922 TO 2016


WEATHER ITEM   OBSERVED TIME   RECORD YEAR NORMAL DEPARTURE LAST
                VALUE   (LST)  VALUE       VALUE  FROM      YEAR
                                                  NORMAL
..................................................................
TEMPERATURE (F)
 YESTERDAY
  MAXIMUM         59    442 PM  87    1986  69    -10       78
                                      1953
  MINIMUM         52    653 AM  32    1942  47      5       61
  AVERAGE         56                        58     -2       70

PRECIPITATION (IN)
  YESTERDAY        1.63          5.73 2010   0.17   1.46     1.34
  MONTH TO DATE    3.42                      4.62  -1.20     4.70
  SINCE SEP 1      3.42                      4.62  -1.20     4.70
  SINCE JAN 1     29.83                     34.39  -4.56    31.89

SNOWFALL (IN)
  YESTERDAY        0.0           0.0  2002   0.0    0.0      0.0
                                      2001
  MONTH TO DATE    0.0                       0.0    0.0      0.0
  SINCE SEP 1      0.0                       0.0    0.0      0.0
  SINCE JUL 1      0.0                       0.0    0.0      0.0
  SNOW DEPTH       0

DEGREE DAYS
 HEATING
  YESTERDAY        9                         8      1        0
  MONTH TO DATE   42                       104    -62       22
  SINCE SEP 1     42                       104    -62       22
  SINCE JUL 1     42                       115    -73       22

 COOLING
  YESTERDAY        0                         1     -1        5
  MONTH TO DATE  176                        71    105      170
  SINCE SEP 1    176                        71    105      170
  SINCE JAN 1   1208                       750    458     1057
..................................................................


WIND (MPH)
  HIGHEST WIND SPEED    22   HIGHEST WIND DIRECTION     E (70)
  HIGHEST GUST SPEED    29   HIGHEST GUST DIRECTION    NE (60)
  AVERAGE WIND SPEED    13.8


SKY COVER
  POSSIBLE SUNSHINE  MM
  AVERAGE SKY COVER 1.0


WEATHER CONDITIONS
 THE FOLLOWING WEATHER WAS RECORDED YESTERDAY.
  HEAVY RAIN
  RAIN
  LIGHT RAIN
  FOG
  HAZE


RELATIVE HUMIDITY (PERCENT)
 HIGHEST    93           600 PM
 LOWEST     80          1200 AM
 AVERAGE    87

..........................................................


THE ALLENTOWN PA CLIMATE NORMALS FOR TODAY
                         NORMAL    RECORD    YEAR
 MAXIMUM TEMPERATURE (F)   69        89      1927
 MINIMUM TEMPERATURE (F)   47        33      1993
                                             1930


SUNRISE AND SUNSET
OCTOBER  1 2016.......SUNRISE   659 AM EDT   SUNSET   643 PM EDT
OCTOBER  2 2016.......SUNRISE   700 AM EDT   SUNSET   641 PM EDT


-  INDICATES NEGATIVE NUMBERS.
R  INDICATES RECORD WAS SET OR TIED.
MM INDICATES DATA IS MISSING.
T  INDICATES TRACE AMOUNT.




$$
