000
CDUS41 KPHI 200635
CLIABE


CLIMATE REPORT
NATIONAL WEATHER SERVICE MOUNT HOLLY NJ
233 AM EDT WED AUG 20 2014


...................................

...THE ALLENTOWN PA CLIMATE SUMMARY FOR AUGUST 19 2014...

CLIMATE NORMAL PERIOD 1981 TO 2010
CLIMATE RECORD PERIOD 1922 TO 2014


WEATHER ITEM   OBSERVED TIME   RECORD YEAR NORMAL DEPARTURE LAST
                VALUE   (LST)  VALUE       VALUE  FROM      YEAR
                                                  NORMAL
..................................................................
TEMPERATURE (F)
 YESTERDAY
  MAXIMUM         85    214 PM  93    1937  82      3       76
  MINIMUM         54    535 AM  48    1981  61     -7       59
                                      1963
  AVERAGE         70                        72     -2       68

PRECIPITATION (IN)
  YESTERDAY        0.00          0.79 1932   0.12  -0.12     0.00
  MONTH TO DATE    0.96                      2.42  -1.46     5.99
  SINCE JUN 1     10.68                     11.68  -1.00    16.99
  SINCE JAN 1     32.98                     28.50   4.48    30.54

SNOWFALL (IN)
  YESTERDAY        0.0           0.0  2002   0.0    0.0      0.0
                                      2001
  MONTH TO DATE    0.0                       0.0    0.0      0.0
  SINCE JUN 1      0.0                       0.0    0.0      0.0
  SINCE JUL 1      0.0                       0.0    0.0      0.0
  SNOW DEPTH       0

DEGREE DAYS
 HEATING
  YESTERDAY        0                         0      0        0
  MONTH TO DATE    4                         0      4        4
  SINCE JUN 1      8                        36    -28       13
  SINCE JUL 1      4                         3      1        4

 COOLING
  YESTERDAY        5                         7     -2        3
  MONTH TO DATE  108                       145    -37       90
  SINCE JUN 1    569                       565      4      661
  SINCE JAN 1    608                       610     -2      733
..................................................................


WIND (MPH)
  HIGHEST WIND SPEED     9   HIGHEST WIND DIRECTION     E (70)
  HIGHEST GUST SPEED    13   HIGHEST GUST DIRECTION    SE (130)
  AVERAGE WIND SPEED     3.2


SKY COVER
  POSSIBLE SUNSHINE  MM
  AVERAGE SKY COVER 0.3


WEATHER CONDITIONS
 THE FOLLOWING WEATHER WAS RECORDED YESTERDAY.
  NO SIGNIFICANT WEATHER WAS OBSERVED.


RELATIVE HUMIDITY (PERCENT)
 HIGHEST    93           600 AM
 LOWEST     40           200 PM
 AVERAGE    67

..........................................................


THE ALLENTOWN PA CLIMATE NORMALS FOR TODAY
                         NORMAL    RECORD    YEAR
 MAXIMUM TEMPERATURE (F)   82        96      1983
 MINIMUM TEMPERATURE (F)   61        46      1944


SUNRISE AND SUNSET
AUGUST 20 2014........SUNRISE   617 AM EDT   SUNSET   752 PM EDT
AUGUST 21 2014........SUNRISE   618 AM EDT   SUNSET   751 PM EDT


-  INDICATES NEGATIVE NUMBERS.
R  INDICATES RECORD WAS SET OR TIED.
MM INDICATES DATA IS MISSING.
T  INDICATES TRACE AMOUNT.




$$
