000
CDUS41 KPHI 212133
CLIABE


CLIMATE REPORT
NATIONAL WEATHER SERVICE MOUNT HOLLY NJ
533 PM EDT TUE OCT 21 2014


...................................

...THE ALLENTOWN PA CLIMATE SUMMARY FOR OCTOBER 21 2014...
VALID TODAY AS OF 0500 PM LOCAL TIME.

CLIMATE NORMAL PERIOD 1981 TO 2010
CLIMATE RECORD PERIOD 1922 TO 2014


WEATHER ITEM   OBSERVED TIME   RECORD YEAR NORMAL DEPARTURE LAST
                VALUE   (LST)  VALUE       VALUE  FROM      YEAR
                                                  NORMAL
..................................................................
TEMPERATURE (F)
 TODAY
  MAXIMUM         67    315 PM  85    1947  62      5       66
  MINIMUM         49    635 AM  23    1972  40      9       34
  AVERAGE         58                        51      7       50

PRECIPITATION (IN)
  TODAY            0.02          2.04 1995   0.12  -0.10     0.00
  MONTH TO DATE    2.26                      2.79  -0.53     2.37
  SINCE SEP 1      3.79                      7.41  -3.62     4.45
  SINCE JAN 1     37.78                     37.18   0.60    39.29

SNOWFALL (IN)
  TODAY           MM             0.0    MM   0.0   MM        0.0
  MONTH TO DATE    0.0                       0.0    0.0      0.0
  SINCE SEP 1      0.0                       0.0    0.0      0.0
  SINCE JUL 1      0.0                       0.0    0.0      0.0
  SNOW DEPTH       0

DEGREE DAYS
 HEATING
  TODAY            7                        14     -7       15
  MONTH TO DATE  165                       236    -71      120
  SINCE SEP 1    240                       340   -100      240
  SINCE JUL 1    244                       351   -107      244

 COOLING
  TODAY            0                         0      0        0
  MONTH TO DATE   12                         3      9       24
  SINCE SEP 1    120                        74     46      102
  SINCE JAN 1    807                       753     54      927
..................................................................


WIND (MPH)
  HIGHEST WIND SPEED     7   HIGHEST WIND DIRECTION     E (70)
  HIGHEST GUST SPEED     8   HIGHEST GUST DIRECTION    NW (330)
  AVERAGE WIND SPEED     1.6


SKY COVER
  POSSIBLE SUNSHINE  MM
  AVERAGE SKY COVER 0.8


WEATHER CONDITIONS
 THE FOLLOWING WEATHER WAS RECORDED TODAY.
  LIGHT RAIN


RELATIVE HUMIDITY (PERCENT)
 HIGHEST    93           600 AM
 LOWEST     48           200 PM
 AVERAGE    71

..........................................................


THE ALLENTOWN PA CLIMATE NORMALS FOR TOMORROW
                         NORMAL    RECORD    YEAR
 MAXIMUM TEMPERATURE (F)   62        84      1979
 MINIMUM TEMPERATURE (F)   39        21      1940


SUNRISE AND SUNSET
OCTOBER 21 2014.......SUNRISE   719 AM EDT   SUNSET   613 PM EDT
OCTOBER 22 2014.......SUNRISE   720 AM EDT   SUNSET   611 PM EDT


-  INDICATES NEGATIVE NUMBERS.
R  INDICATES RECORD WAS SET OR TIED.
MM INDICATES DATA IS MISSING.
T  INDICATES TRACE AMOUNT.




$$
