000
CDUS41 KPHI 262131
CLIABE


CLIMATE REPORT
NATIONAL WEATHER SERVICE MOUNT HOLLY NJ
530 PM EDT FRI MAY 26 2017


...................................

...THE ALLENTOWN PA CLIMATE SUMMARY FOR MAY 26 2017...
VALID TODAY AS OF 0500 PM LOCAL TIME.

CLIMATE NORMAL PERIOD 1981 TO 2010
CLIMATE RECORD PERIOD 1922 TO 2017


WEATHER ITEM   OBSERVED TIME   RECORD YEAR NORMAL DEPARTURE LAST
                VALUE   (LST)  VALUE       VALUE  FROM      YEAR
                                                  NORMAL
..................................................................
TEMPERATURE (F)
 TODAY
  MAXIMUM         74    136 PM  92    2010  75     -1       90
  MINIMUM         58    421 AM  39    1956  52      6       56
  AVERAGE         66                        63      3       73

PRECIPITATION (IN)
  TODAY            0.04          1.40 2001   0.14  -0.10     0.00
  MONTH TO DATE    3.81                      3.42   0.39     3.09
  SINCE MAR 1     11.69                     10.37   1.32     5.84
  SINCE JAN 1     16.78                     16.10   0.68    14.87

SNOWFALL (IN)
  TODAY            0.0           0.0    MM   0.0    0.0      0.0
  MONTH TO DATE    0.0                       0.0    0.0      0.0
  SINCE MAR 1     18.3                       5.9   12.4      0.3
  SINCE JUL 1     28.3                      32.9   -4.6     36.2
  SNOW DEPTH       0

DEGREE DAYS
 HEATING
  TODAY            0                         4     -4        0
  MONTH TO DATE  182                       181      1      194
  SINCE MAR 1   1275                      1442   -167     1199
  SINCE JUL 1   4777                      5751   -974     4656

 COOLING
  TODAY            1                         2     -1        8
  MONTH TO DATE   36                        26     10       16
  SINCE MAR 1     55                        31     24       25
  SINCE JAN 1     55                        31     24       25
..................................................................


WIND (MPH)
  HIGHEST WIND SPEED    21   HIGHEST WIND DIRECTION    NW (300)
  HIGHEST GUST SPEED    30   HIGHEST GUST DIRECTION    NW (300)
  AVERAGE WIND SPEED    12.6


SKY COVER
  POSSIBLE SUNSHINE  MM
  AVERAGE SKY COVER 0.8


WEATHER CONDITIONS
 THE FOLLOWING WEATHER WAS RECORDED TODAY.
  LIGHT RAIN


RELATIVE HUMIDITY (PERCENT)
 HIGHEST    87           300 AM
 LOWEST     53           200 PM
 AVERAGE    70

..........................................................


THE ALLENTOWN PA CLIMATE NORMALS FOR TOMORROW
                         NORMAL    RECORD    YEAR
 MAXIMUM TEMPERATURE (F)   75        91      1991
                                             1965
 MINIMUM TEMPERATURE (F)   52        38      1972


SUNRISE AND SUNSET
MAY 26 2017...........SUNRISE   536 AM EDT   SUNSET   822 PM EDT
MAY 27 2017...........SUNRISE   535 AM EDT   SUNSET   823 PM EDT


-  INDICATES NEGATIVE NUMBERS.
R  INDICATES RECORD WAS SET OR TIED.
MM INDICATES DATA IS MISSING.
T  INDICATES TRACE AMOUNT.




$$
