000
CDUS41 KPHI 262127
CLIABE


CLIMATE REPORT
NATIONAL WEATHER SERVICE MOUNT HOLLY NJ
527 PM EDT TUE JUL 26 2016


...................................

...THE ALLENTOWN PA CLIMATE SUMMARY FOR JULY 26 2016...
VALID TODAY AS OF 0500 PM LOCAL TIME.

CLIMATE NORMAL PERIOD 1981 TO 2010
CLIMATE RECORD PERIOD 1922 TO 2016


WEATHER ITEM   OBSERVED TIME   RECORD YEAR NORMAL DEPARTURE LAST
                VALUE   (LST)  VALUE       VALUE  FROM      YEAR
                                                  NORMAL
..................................................................
TEMPERATURE (F)
 TODAY
  MAXIMUM         89    359 PM  98    1940  84      5       89
  MINIMUM         66    521 AM  48    1976  63      3       64
  AVERAGE         78                        74      4       77

PRECIPITATION (IN)
  TODAY            0.00          2.87 1985   0.17  -0.17     0.04
  MONTH TO DATE    3.83                      4.16  -0.33     3.73
  SINCE JUN 1      5.70                      8.47  -2.77    11.32
  SINCE JAN 1     21.53                     25.29  -3.76    22.93

SNOWFALL (IN)
  TODAY            0.0           0.0  2002   0.0    0.0      0.0
                                      2001
  MONTH TO DATE    0.0                       0.0    0.0      0.0
  SINCE JUN 1      0.0                       0.0    0.0      0.0
  SINCE JUL 1      0.0                       0.0    0.0      0.0
  SNOW DEPTH       0

DEGREE DAYS
 HEATING
  TODAY            0                         0      0        0
  MONTH TO DATE    0                         0      0        0
  SINCE JUN 1      9                        33    -24       21
  SINCE JUL 1      0                         0      0        0

 COOLING
  TODAY           13                         9      4       12
  MONTH TO DATE  308                       226     82      241
  SINCE JUN 1    506                       381    125      440
  SINCE JAN 1    593                       426    167      573
..................................................................


WIND (MPH)
  HIGHEST WIND SPEED    15   HIGHEST WIND DIRECTION     W (260)
  HIGHEST GUST SPEED    23   HIGHEST GUST DIRECTION     W (260)
  AVERAGE WIND SPEED     5.1


SKY COVER
  POSSIBLE SUNSHINE  MM
  AVERAGE SKY COVER 0.1


WEATHER CONDITIONS
 THE FOLLOWING WEATHER WAS RECORDED TODAY.
  FOG


RELATIVE HUMIDITY (PERCENT)
 HIGHEST    93           100 AM
 LOWEST     46           200 PM
 AVERAGE    70

..........................................................


THE ALLENTOWN PA CLIMATE NORMALS FOR TOMORROW
                         NORMAL    RECORD    YEAR
 MAXIMUM TEMPERATURE (F)   84        98      1955
 MINIMUM TEMPERATURE (F)   63        52      1962
                                             1946


SUNRISE AND SUNSET
JULY 26 2016..........SUNRISE   553 AM EDT   SUNSET   823 PM EDT
JULY 27 2016..........SUNRISE   554 AM EDT   SUNSET   822 PM EDT


-  INDICATES NEGATIVE NUMBERS.
R  INDICATES RECORD WAS SET OR TIED.
MM INDICATES DATA IS MISSING.
T  INDICATES TRACE AMOUNT.




$$
