000
CDUS44 KSJT 260937
CLIABI


CLIMATE REPORT
NATIONAL WEATHER SERVICE SAN ANGELO TX
437 AM CDT THU MAY 26 2016


...................................

...THE ABILENE CLIMATE SUMMARY FOR MAY 25 2016...

CLIMATE NORMAL PERIOD 1981 TO 2010
CLIMATE RECORD PERIOD 1886 TO 2016


WEATHER ITEM   OBSERVED TIME   RECORD YEAR NORMAL DEPARTURE LAST
                VALUE   (LST)  VALUE       VALUE  FROM      YEAR
                                                  NORMAL
..................................................................
TEMPERATURE (F)
 YESTERDAY
  MAXIMUM         93    321 PM 102    1989  87      6       74
  MINIMUM         75   1153 PM  46    1947  64     11       59
  AVERAGE         84                        75      9       67

PRECIPITATION (IN)
  YESTERDAY        0.00          1.54 1919   0.12  -0.12     0.71
  MONTH TO DATE    5.47                      2.42   3.05     3.97
  SINCE MAR 1     14.02                      5.80   8.22     7.75
  SINCE JAN 1     14.74                      8.18   6.56    11.26

DEGREE DAYS
 HEATING
  YESTERDAY        0                         0      0        0
  MONTH TO DATE   37                        13     24       12
  SINCE MAR 1    304                       422   -118      401
  SINCE JUL 1   2058                      2555   -497     2478

 COOLING
  YESTERDAY       19                        11      8        2
  MONTH TO DATE  151                       198    -47      166
  SINCE MAR 1    232                       326    -94      333
  SINCE JAN 1    246                       331    -85      337
..................................................................


WIND (MPH)
  HIGHEST WIND SPEED    22   HIGHEST WIND DIRECTION     S (170)
  HIGHEST GUST SPEED    29   HIGHEST GUST DIRECTION     S (170)
  AVERAGE WIND SPEED    15.3


SKY COVER
  POSSIBLE SUNSHINE  MM
  AVERAGE SKY COVER 0.3


WEATHER CONDITIONS
 THE FOLLOWING WEATHER WAS RECORDED YESTERDAY.
  FOG
  HAZE


RELATIVE HUMIDITY (PERCENT)
 HIGHEST    94          1100 PM
 LOWEST     44           300 PM
 AVERAGE    69

..........................................................


THE ABILENE CLIMATE NORMALS FOR TODAY
                         NORMAL    RECORD    YEAR
 MAXIMUM TEMPERATURE (F)   87        99      1896
 MINIMUM TEMPERATURE (F)   64        48      1901


SUNRISE AND SUNSET
MAY 26 2016...........SUNRISE   634 AM CDT   SUNSET   838 PM CDT
MAY 27 2016...........SUNRISE   634 AM CDT   SUNSET   838 PM CDT


-  INDICATES NEGATIVE NUMBERS.
R  INDICATES RECORD WAS SET OR TIED.
MM INDICATES DATA IS MISSING.
T  INDICATES TRACE AMOUNT.




$$
