948
CDUS44 KSJT 232226
CLIABI


CLIMATE REPORT
NATIONAL WEATHER SERVICE SAN ANGELO TX
526 PM CDT SUN APR 23 2017


...................................

...THE ABILENE CLIMATE SUMMARY FOR APRIL 23 2017...
VALID TODAY AS OF 0500 PM LOCAL TIME.

CLIMATE NORMAL PERIOD 1981 TO 2010
CLIMATE RECORD PERIOD 1886 TO 2017


WEATHER ITEM   OBSERVED TIME   RECORD YEAR NORMAL DEPARTURE LAST
                VALUE   (LST)  VALUE       VALUE  FROM      YEAR
                                                  NORMAL
..................................................................
TEMPERATURE (F)
 TODAY
  MAXIMUM         72    359 PM  95    2011  79     -7       80
                                      1894
  MINIMUM         40    602 AM  37    1907  54    -14       53
  AVERAGE         56                        67    -11       67

PRECIPITATION (IN)
  TODAY            T             2.40 2004   0.06  -0.06     0.00
  MONTH TO DATE    1.32                      1.15   0.17     5.66
  SINCE MAR 1      1.74                      2.89  -1.15     7.97
  SINCE JAN 1      5.12                      5.27  -0.15     8.69

SNOWFALL (IN)
  TODAY           MM             0.0  2002   0.0   MM        0.0
  MONTH TO DATE    0.0                       0.3   -0.3      0.0
  SINCE NOV 1      T                         4.7   -4.7      5.1
  SINCE JUL 1      T                         4.7   -4.7      5.1

DEGREE DAYS
 HEATING
  TODAY            9                         2      7        0
  MONTH TO DATE   65                        99    -34       78
  SINCE MAR 1    211                       397   -186      265
  SINCE JUL 1   1792                      2530   -738     2019

 COOLING
  TODAY            0                         4     -4        2
  MONTH TO DATE   75                        66      9       32
  SINCE MAR 1    159                        95     64       50
  SINCE JAN 1    190                       100     90       64
..................................................................


WIND (MPH)
  HIGHEST WIND SPEED    14   HIGHEST WIND DIRECTION     N (360)
  HIGHEST GUST SPEED    18   HIGHEST GUST DIRECTION     N (360)
  AVERAGE WIND SPEED     6.6


SKY COVER
  POSSIBLE SUNSHINE  MM
  AVERAGE SKY COVER 0.0


WEATHER CONDITIONS
 THE FOLLOWING WEATHER WAS RECORDED TODAY.
  NO SIGNIFICANT WEATHER WAS OBSERVED.


RELATIVE HUMIDITY (PERCENT)
 HIGHEST    92           500 AM
 LOWEST     25           400 PM
 AVERAGE    59

..........................................................


THE ABILENE CLIMATE NORMALS FOR TOMORROW
                         NORMAL    RECORD    YEAR
 MAXIMUM TEMPERATURE (F)   80        96      1961
 MINIMUM TEMPERATURE (F)   54        33      2013


SUNRISE AND SUNSET
APRIL 23 2017.........SUNRISE   700 AM CDT   SUNSET   814 PM CDT
APRIL 24 2017.........SUNRISE   659 AM CDT   SUNSET   815 PM CDT


-  INDICATES NEGATIVE NUMBERS.
R  INDICATES RECORD WAS SET OR TIED.
MM INDICATES DATA IS MISSING.
T  INDICATES TRACE AMOUNT.




$$
