000
CDUS44 KSJT 260654
CLIABI


CLIMATE REPORT
NATIONAL WEATHER SERVICE SAN ANGELO TX
154 AM CDT SAT JUL 26 2014


...................................

...THE ABILENE CLIMATE SUMMARY FOR JULY 25 2014...

CLIMATE NORMAL PERIOD 1981 TO 2010
CLIMATE RECORD PERIOD 1886 TO 2014


WEATHER ITEM   OBSERVED TIME   RECORD YEAR NORMAL DEPARTURE LAST
                VALUE   (LST)  VALUE       VALUE  FROM      YEAR
                                                  NORMAL
..................................................................
TEMPERATURE (F)
 YESTERDAY
  MAXIMUM         97    429 PM 105    2011  95      2       91
                                      1954
  MINIMUM         72    626 AM  63    2004  73     -1       76
  AVERAGE         85                        84      1       84

PRECIPITATION (IN)
  YESTERDAY        0.00          0.89 1985   0.06  -0.06     0.05
                                      1908
  MONTH TO DATE    2.09                      1.52   0.57     4.44
  SINCE JUN 1      5.84                      5.08   0.76     9.57
  SINCE JAN 1      9.83                     14.02  -4.19    15.79

DEGREE DAYS
 HEATING
  YESTERDAY        0                         0      0        0
  MONTH TO DATE    0                         0      0        0
  SINCE JUN 1      0                         1     -1        0
  SINCE JUL 1      0                         0      0        0

 COOLING
  YESTERDAY       20                        19      1       19
  MONTH TO DATE  462                       448     14      423
  SINCE JUN 1    929                       883     46      947
  SINCE JAN 1   1443                      1280    163     1428
..................................................................


WIND (MPH)
  HIGHEST WIND SPEED    16   HIGHEST WIND DIRECTION     S (190)
  HIGHEST GUST SPEED    23   HIGHEST GUST DIRECTION     S (160)
  AVERAGE WIND SPEED     9.7


SKY COVER
  POSSIBLE SUNSHINE  MM
  AVERAGE SKY COVER 0.0


WEATHER CONDITIONS
 THE FOLLOWING WEATHER WAS RECORDED YESTERDAY.
  HAZE


RELATIVE HUMIDITY (PERCENT)
 HIGHEST    79           600 AM
 LOWEST     27           500 PM
 AVERAGE    53

..........................................................


THE ABILENE CLIMATE NORMALS FOR TODAY
                         NORMAL    RECORD    YEAR
 MAXIMUM TEMPERATURE (F)   95       107      1954
 MINIMUM TEMPERATURE (F)   73        63      2004
                                             1911


SUNRISE AND SUNSET
JULY 26 2014..........SUNRISE   649 AM CDT   SUNSET   841 PM CDT
JULY 27 2014..........SUNRISE   650 AM CDT   SUNSET   840 PM CDT


-  INDICATES NEGATIVE NUMBERS.
R  INDICATES RECORD WAS SET OR TIED.
MM INDICATES DATA IS MISSING.
T  INDICATES TRACE AMOUNT.




$$
