000
CDUS44 KSJT 290651
CLIABI


CLIMATE REPORT
NATIONAL WEATHER SERVICE SAN ANGELO TX
151 AM CDT TUE JUL 29 2014


...................................

...THE ABILENE CLIMATE SUMMARY FOR JULY 28 2014...

CLIMATE NORMAL PERIOD 1981 TO 2010
CLIMATE RECORD PERIOD 1886 TO 2014


WEATHER ITEM   OBSERVED TIME   RECORD YEAR NORMAL DEPARTURE LAST
                VALUE   (LST)  VALUE       VALUE  FROM      YEAR
                                                  NORMAL
..................................................................
TEMPERATURE (F)
 YESTERDAY
  MAXIMUM         97   1257 PM 107    1995  95      2       92
  MINIMUM         77    635 AM  62    1933  73      4       66
  AVERAGE         87                        84      3       79

PRECIPITATION (IN)
  YESTERDAY        0.00          0.64 2004   0.06  -0.06     0.00
  MONTH TO DATE    2.09                      1.69   0.40     4.44
  SINCE JUN 1      5.84                      5.25   0.59     9.57
  SINCE JAN 1      9.83                     14.19  -4.36    15.79

DEGREE DAYS
 HEATING
  YESTERDAY        0                         0      0        0
  MONTH TO DATE    0                         0      0        0
  SINCE JUN 1      0                         1     -1        0
  SINCE JUL 1      0                         0      0        0

 COOLING
  YESTERDAY       22                        19      3       14
  MONTH TO DATE  532                       505     27      472
  SINCE JUN 1    999                       940     59      996
  SINCE JAN 1   1513                      1337    176     1477
..................................................................


WIND (MPH)
  HIGHEST WIND SPEED    26   HIGHEST WIND DIRECTION    NE (60)
  HIGHEST GUST SPEED    38   HIGHEST GUST DIRECTION     N (20)
  AVERAGE WIND SPEED    10.0


SKY COVER
  POSSIBLE SUNSHINE  MM
  AVERAGE SKY COVER 0.2


WEATHER CONDITIONS
 THE FOLLOWING WEATHER WAS RECORDED YESTERDAY.
  NO SIGNIFICANT WEATHER WAS OBSERVED.


RELATIVE HUMIDITY (PERCENT)
 HIGHEST    67           700 AM
 LOWEST     33           100 PM
 AVERAGE    50

..........................................................


THE ABILENE CLIMATE NORMALS FOR TODAY
                         NORMAL    RECORD    YEAR
 MAXIMUM TEMPERATURE (F)   95       103      1966
                                             1960
                                             1957
 MINIMUM TEMPERATURE (F)   73        66      1892


SUNRISE AND SUNSET
JULY 29 2014..........SUNRISE   651 AM CDT   SUNSET   839 PM CDT
JULY 30 2014..........SUNRISE   652 AM CDT   SUNSET   838 PM CDT


-  INDICATES NEGATIVE NUMBERS.
R  INDICATES RECORD WAS SET OR TIED.
MM INDICATES DATA IS MISSING.
T  INDICATES TRACE AMOUNT.




$$
