000
CDUS44 KSJT 022237
CLIABI


CLIMATE REPORT
NATIONAL WEATHER SERVICE SAN ANGELO TX
536 PM CDT TUE JUN 2 2015


...................................

...THE ABILENE CLIMATE SUMMARY FOR JUNE 2 2015...
VALID TODAY AS OF 0500 PM LOCAL TIME.

CLIMATE NORMAL PERIOD 1981 TO 2010
CLIMATE RECORD PERIOD 1886 TO 2015


WEATHER ITEM   OBSERVED TIME   RECORD YEAR NORMAL DEPARTURE LAST
                VALUE   (LST)  VALUE       VALUE  FROM      YEAR
                                                  NORMAL
..................................................................
TEMPERATURE (F)
 TODAY
  MAXIMUM         87    351 PM 105    1910  88     -1       91
  MINIMUM         65    547 AM  48    1919  66     -1       72
  AVERAGE         76                        77     -1       82

PRECIPITATION (IN)
  TODAY            0.01          2.35 1988   0.14  -0.13     0.00
  MONTH TO DATE    0.01                      0.28  -0.27     0.00
  SINCE JUN 1      0.01                      0.28  -0.27     0.00
  SINCE JAN 1     12.64                      9.22   3.42     3.99

DEGREE DAYS
 HEATING
  TODAY            0                         0      0        0
  MONTH TO DATE    0                         0      0        0
  SINCE JUN 1      0                         0      0        0
  SINCE JUL 1   2478                      2558    -80     2821

 COOLING
  TODAY           11                        12     -1       17
  MONTH TO DATE   21                        24     -3       33
  SINCE JUN 1     21                        24     -3       33
  SINCE JAN 1    410                       421    -11      547
..................................................................


WIND (MPH)
  HIGHEST WIND SPEED    25   HIGHEST WIND DIRECTION    SE (150)
  HIGHEST GUST SPEED    32   HIGHEST GUST DIRECTION    SE (150)
  AVERAGE WIND SPEED    10.7


SKY COVER
  POSSIBLE SUNSHINE  MM
  AVERAGE SKY COVER 0.2


WEATHER CONDITIONS
 THE FOLLOWING WEATHER WAS RECORDED TODAY.
  LIGHT RAIN
  FOG


RELATIVE HUMIDITY (PERCENT)
 HIGHEST    87           500 AM
 LOWEST     43           200 PM
 AVERAGE    65

..........................................................


THE ABILENE CLIMATE NORMALS FOR TOMORROW
                         NORMAL    RECORD    YEAR
 MAXIMUM TEMPERATURE (F)   88       102      1927
                                             1910
 MINIMUM TEMPERATURE (F)   66        44      1919


SUNRISE AND SUNSET
JUNE  2 2015..........SUNRISE   632 AM CDT   SUNSET   841 PM CDT
JUNE  3 2015..........SUNRISE   632 AM CDT   SUNSET   842 PM CDT


-  INDICATES NEGATIVE NUMBERS.
R  INDICATES RECORD WAS SET OR TIED.
MM INDICATES DATA IS MISSING.
T  INDICATES TRACE AMOUNT.




$$
