574
CDUS44 KSJT 090751
CLIABI


CLIMATE REPORT
NATIONAL WEATHER SERVICE SAN ANGELO TX
151 AM CST TUE FEB 9 2016


...................................

...THE ABILENE CLIMATE SUMMARY FOR FEBRUARY 8 2016...

CLIMATE NORMAL PERIOD 1981 TO 2010
CLIMATE RECORD PERIOD 1886 TO 2016


WEATHER ITEM   OBSERVED TIME   RECORD YEAR NORMAL DEPARTURE LAST
                VALUE   (LST)  VALUE       VALUE  FROM      YEAR
                                                  NORMAL
..................................................................
TEMPERATURE (F)
 YESTERDAY
  MAXIMUM         58    441 PM  84    1943  59     -1       77
  MINIMUM         30    751 AM  -5    1933  35     -5       46
  AVERAGE         44                        47     -3       62

PRECIPITATION (IN)
  YESTERDAY        0.00          1.05 1935   0.04  -0.04     0.00
  MONTH TO DATE    0.00                      0.34  -0.34     0.00
  SINCE DEC 1      2.24                      2.59  -0.35     2.30
  SINCE JAN 1      0.04                      1.36  -1.32     1.77

SNOWFALL (IN)
  YESTERDAY        0.0           0.2  1980   0.0    0.0      0.0
  MONTH TO DATE    0.0                       0.2   -0.2      0.0
  SINCE NOV 1      5.1                       3.5    1.6      0.1
  SINCE JUL 1      5.1                       3.5    1.6      0.1

DEGREE DAYS
 HEATING
  YESTERDAY       21                        18      3        3
  MONTH TO DATE  147                       148     -1      141
  SINCE DEC 1   1211                      1384   -173     1270
  SINCE JUL 1   1554                      1817   -263     1687

 COOLING
  YESTERDAY        0                         0      0        0
  MONTH TO DATE    0                         0      0        0
  SINCE DEC 1      0                         2     -2        0
  SINCE JAN 1      0                         1     -1        0
..................................................................


WIND (MPH)
  HIGHEST WIND SPEED    26   HIGHEST WIND DIRECTION     N (350)
  HIGHEST GUST SPEED    33   HIGHEST GUST DIRECTION    NW (310)
  AVERAGE WIND SPEED    11.4


SKY COVER
  POSSIBLE SUNSHINE  MM
  AVERAGE SKY COVER 0.0


WEATHER CONDITIONS
 THE FOLLOWING WEATHER WAS RECORDED YESTERDAY.
  NO SIGNIFICANT WEATHER WAS OBSERVED.


RELATIVE HUMIDITY (PERCENT)
 HIGHEST    59           300 AM
 LOWEST     16           100 PM
 AVERAGE    38

..........................................................


THE ABILENE CLIMATE NORMALS FOR TODAY
                         NORMAL    RECORD    YEAR
 MAXIMUM TEMPERATURE (F)   59        87      1976
                                             1943
 MINIMUM TEMPERATURE (F)   35         9      2011


SUNRISE AND SUNSET
FEBRUARY  9 2016......SUNRISE   727 AM CST   SUNSET   619 PM CST
FEBRUARY 10 2016......SUNRISE   726 AM CST   SUNSET   620 PM CST


-  INDICATES NEGATIVE NUMBERS.
R  INDICATES RECORD WAS SET OR TIED.
MM INDICATES DATA IS MISSING.
T  INDICATES TRACE AMOUNT.




$$
