000
CDUS44 KSJT 172228
CLIABI


CLIMATE REPORT
NATIONAL WEATHER SERVICE SAN ANGELO TX
528 PM CDT WED SEP 17 2014


...................................

...THE ABILENE CLIMATE SUMMARY FOR SEPTEMBER 17 2014...
VALID TODAY AS OF 0500 PM LOCAL TIME.

CLIMATE NORMAL PERIOD 1981 TO 2010
CLIMATE RECORD PERIOD 1886 TO 2014


WEATHER ITEM   OBSERVED TIME   RECORD YEAR NORMAL DEPARTURE LAST
                VALUE   (LST)  VALUE       VALUE  FROM      YEAR
                                                  NORMAL
..................................................................
TEMPERATURE (F)
 TODAY
  MAXIMUM         94    125 PM 100    1997  86      8       84
  MINIMUM         73    610 AM  43    1903  64      9       70
  AVERAGE         84                        75      9       77

PRECIPITATION (IN)
  TODAY            0.01          1.77 1936   0.07  -0.06     0.01
  MONTH TO DATE    0.27                      1.32  -1.05     0.01
  SINCE SEP 1      0.27                      1.32  -1.05     0.01
  SINCE JAN 1     10.77                     18.28  -7.51    16.34

DEGREE DAYS
 HEATING
  TODAY            0                         0      0        0
  MONTH TO DATE    5                         0      5        0
  SINCE SEP 1      5                         0      5        0
  SINCE JUL 1      5                         0      5        0

 COOLING
  TODAY           19                        10      9       12
  MONTH TO DATE  254                       217     37      299
  SINCE SEP 1    254                       217     37      299
  SINCE JAN 1   2438                      2162    276     2453
..................................................................


WIND (MPH)
  HIGHEST WIND SPEED    15   HIGHEST WIND DIRECTION    NW (320)
  HIGHEST GUST SPEED    18   HIGHEST GUST DIRECTION    NE (50)
  AVERAGE WIND SPEED     6.3


SKY COVER
  POSSIBLE SUNSHINE  MM
  AVERAGE SKY COVER 0.2


WEATHER CONDITIONS
 THE FOLLOWING WEATHER WAS RECORDED TODAY.
  LIGHT RAIN


RELATIVE HUMIDITY (PERCENT)
 HIGHEST    87           500 AM
 LOWEST     44           100 PM
 AVERAGE    66

..........................................................


THE ABILENE CLIMATE NORMALS FOR TOMORROW
                         NORMAL    RECORD    YEAR
 MAXIMUM TEMPERATURE (F)   86        97      2005
                                             2002
                                             1997
 MINIMUM TEMPERATURE (F)   63        48      1991


SUNRISE AND SUNSET
SEPTEMBER 17 2014.....SUNRISE   724 AM CDT   SUNSET   742 PM CDT
SEPTEMBER 18 2014.....SUNRISE   724 AM CDT   SUNSET   741 PM CDT


-  INDICATES NEGATIVE NUMBERS.
R  INDICATES RECORD WAS SET OR TIED.
MM INDICATES DATA IS MISSING.
T  INDICATES TRACE AMOUNT.




$$
