000
CDUS44 KSJT 030659
CLIABI


CLIMATE REPORT
NATIONAL WEATHER SERVICE SAN ANGELO TX
159 AM CDT TUE MAY 3 2016


...................................

...THE ABILENE CLIMATE SUMMARY FOR MAY 2 2016...

CLIMATE NORMAL PERIOD 1981 TO 2010
CLIMATE RECORD PERIOD 1886 TO 2016


WEATHER ITEM   OBSERVED TIME   RECORD YEAR NORMAL DEPARTURE LAST
                VALUE   (LST)  VALUE       VALUE  FROM      YEAR
                                                  NORMAL
..................................................................
TEMPERATURE (F)
 YESTERDAY
  MAXIMUM         68    423 PM 100    1927  81    -13       83
  MINIMUM         48    749 AM  37    1967  57     -9       55
  AVERAGE         58                        69    -11       69

PRECIPITATION (IN)
  YESTERDAY        0.43          4.72 1990   0.09   0.34     0.00
  MONTH TO DATE    0.43                      0.17   0.26     0.00
  SINCE MAR 1      8.98                      3.55   5.43     3.78
  SINCE JAN 1      9.70                      5.93   3.77     7.29

DEGREE DAYS
 HEATING
  YESTERDAY        7                         1      6        0
  MONTH TO DATE   13                         2     11        0
  SINCE MAR 1    280                       411   -131      389
  SINCE JUL 1   2034                      2544   -510     2466

 COOLING
  YESTERDAY        0                         6     -6        4
  MONTH TO DATE    0                        11    -11        7
  SINCE MAR 1     81                       139    -58      174
  SINCE JAN 1     95                       144    -49      178
..................................................................


WIND (MPH)
  HIGHEST WIND SPEED    21   HIGHEST WIND DIRECTION     N (10)
  HIGHEST GUST SPEED    28   HIGHEST GUST DIRECTION     N (10)
  AVERAGE WIND SPEED    10.3


SKY COVER
  POSSIBLE SUNSHINE  MM
  AVERAGE SKY COVER 0.6


WEATHER CONDITIONS
 THE FOLLOWING WEATHER WAS RECORDED YESTERDAY.
  THUNDERSTORM
  RAIN
  LIGHT RAIN
  FOG


RELATIVE HUMIDITY (PERCENT)
 HIGHEST   100           200 AM
 LOWEST     42           500 PM
 AVERAGE    71

..........................................................


THE ABILENE CLIMATE NORMALS FOR TODAY
                         NORMAL    RECORD    YEAR
 MAXIMUM TEMPERATURE (F)   82        99      1920
 MINIMUM TEMPERATURE (F)   57        33      2013


SUNRISE AND SUNSET
MAY  3 2016...........SUNRISE   650 AM CDT   SUNSET   822 PM CDT
MAY  4 2016...........SUNRISE   649 AM CDT   SUNSET   822 PM CDT


-  INDICATES NEGATIVE NUMBERS.
R  INDICATES RECORD WAS SET OR TIED.
MM INDICATES DATA IS MISSING.
T  INDICATES TRACE AMOUNT.




$$
