000
CDUS45 KABQ 290259
CLIABQ


CLIMATE REPORT
NATIONAL WEATHER SERVICE ALBUQUERQUE NM
858 PM MDT TUE MAR 28 2017


...................................

...THE ALBUQUERQUE  NM CLIMATE SUMMARY FOR MARCH 28 2017...
VALID TODAY AS OF 0500 PM LOCAL TIME.

CLIMATE NORMAL PERIOD 1981 TO 2010
CLIMATE RECORD PERIOD 1891 TO 2017


WEATHER ITEM   OBSERVED TIME   RECORD YEAR NORMAL DEPARTURE LAST
                VALUE   (LST)  VALUE       VALUE  FROM      YEAR
                                                  NORMAL
..................................................................
TEMPERATURE (F)
 TODAY
  MAXIMUM         55   1239 PM  81    2015  64     -9       70
  MINIMUM         41    139 PM  18    1913  38      3       39
  AVERAGE         48                        51     -3       55

PRECIPITATION (IN)
  TODAY            0.18          0.33 1937   0.02   0.16
  MONTH TO DATE    0.18                      0.51  -0.33
  SINCE MAR 1      0.18                      0.51  -0.33
  SINCE JAN 1      1.57                      1.37   0.20

SNOWFALL (IN)
  TODAY            0.0
  MONTH TO DATE    0.0
  SINCE MAR 1      0.0
  SINCE JUL 1      2.9
  SNOW DEPTH       0

DEGREE DAYS
 HEATING
  TODAY           17                        14      3       10
  MONTH TO DATE  273                       483   -210      363
  SINCE MAR 1    273                       483   -210      363
  SINCE JUL 1   2955                      3786   -831     3373

 COOLING
  TODAY            0                         0      0        0
  MONTH TO DATE    1                         0      1        0
  SINCE MAR 1      1                         0      1        0
  SINCE JAN 1      1                         0      1        0
..................................................................


WIND (MPH)
  HIGHEST WIND SPEED    28   HIGHEST WIND DIRECTION    SW (240)
  HIGHEST GUST SPEED    33   HIGHEST GUST DIRECTION     W (250)
  AVERAGE WIND SPEED     7.3


SKY COVER
  POSSIBLE SUNSHINE  MM
  AVERAGE SKY COVER 0.8



RELATIVE HUMIDITY (PERCENT)
 HIGHEST    71           300 AM
 LOWEST     46           100 PM
 AVERAGE    59

..........................................................


THE ALBUQUERQUE  NM CLIMATE NORMALS FOR TOMORROW
                         NORMAL    RECORD    YEAR
 MAXIMUM TEMPERATURE (F)   64        81      1943
 MINIMUM TEMPERATURE (F)   38        18      1987


SUNRISE AND SUNSET
MARCH 28 2017.........SUNRISE   658 AM MDT   SUNSET   725 PM MDT
MARCH 29 2017.........SUNRISE   657 AM MDT   SUNSET   726 PM MDT


-  INDICATES NEGATIVE NUMBERS.
R  INDICATES RECORD WAS SET OR TIED.
MM INDICATES DATA IS MISSING.
T  INDICATES TRACE AMOUNT.




$$
