000
CDUS45 KABQ 210830
CLIABQ


CLIMATE REPORT
NATIONAL WEATHER SERVICE ALBUQUERQUE NM
128 AM MST SAT JAN 21 2017


...................................

...THE ALBUQUERQUE  NM CLIMATE SUMMARY FOR JANUARY 20 2017...

CLIMATE NORMAL PERIOD 1981 TO 2010
CLIMATE RECORD PERIOD 1891 TO 2017


WEATHER ITEM   OBSERVED TIME   RECORD YEAR NORMAL DEPARTURE LAST
                VALUE   (LST)  VALUE       VALUE  FROM      YEAR
                                                  NORMAL
..................................................................
TEMPERATURE (F)
 YESTERDAY
  MAXIMUM         43    211 PM  65    1950  47     -4       56
  MINIMUM         33    820 AM  -7    1963  26      7       33
  AVERAGE         38                        37      1       45

PRECIPITATION (IN)
  YESTERDAY        0.10          0.30 1917   0.01   0.09
  MONTH TO DATE    0.97                      0.24   0.73
  SINCE DEC 1      1.48                      0.74   0.74
  SINCE JAN 1      0.97                      0.24   0.73

SNOWFALL (IN)
  YESTERDAY        T
  MONTH TO DATE    0.6
  SINCE DEC 1      0.7
  SINCE JUL 1      0.8
  SNOW DEPTH       0

DEGREE DAYS
 HEATING
  YESTERDAY       27                        28     -1       20
  MONTH TO DATE  473                       582   -109      601
  SINCE DEC 1   1264                      1472   -208     1466
  SINCE JUL 1   1841                      2339   -498     2183

 COOLING
  YESTERDAY        0                         0      0        0
  MONTH TO DATE    0                         0      0        0
  SINCE DEC 1      0                         0      0        0
  SINCE JAN 1      0                         0      0        0
..................................................................


WIND (MPH)
  HIGHEST WIND SPEED    29   HIGHEST WIND DIRECTION     W (250)
  HIGHEST GUST SPEED    36   HIGHEST GUST DIRECTION     W (250)
  AVERAGE WIND SPEED     8.1


SKY COVER
  POSSIBLE SUNSHINE  MM
  AVERAGE SKY COVER 0.8


WEATHER CONDITIONS
 THE FOLLOWING WEATHER WAS RECORDED YESTERDAY.
  RAIN
  LIGHT RAIN
  LIGHT SNOW
  FOG


RELATIVE HUMIDITY (PERCENT)
 HIGHEST    92           600 PM
 LOWEST     53           200 PM
 AVERAGE    73

..........................................................


THE ALBUQUERQUE  NM CLIMATE NORMALS FOR TODAY
                         NORMAL    RECORD    YEAR
 MAXIMUM TEMPERATURE (F)   47        68      1971
 MINIMUM TEMPERATURE (F)   26        -2      1918


SUNRISE AND SUNSET
JANUARY 21 2017.......SUNRISE   712 AM MST   SUNSET   524 PM MST
JANUARY 22 2017.......SUNRISE   711 AM MST   SUNSET   525 PM MST


-  INDICATES NEGATIVE NUMBERS.
R  INDICATES RECORD WAS SET OR TIED.
MM INDICATES DATA IS MISSING.
T  INDICATES TRACE AMOUNT.

$$
