000
CDUS45 KABQ 190830
CLIABQ


CLIMATE REPORT
NATIONAL WEATHER SERVICE ALBUQUERQUE NM
128 AM MST SUN FEB 19 2017


...................................

...THE ALBUQUERQUE  NM CLIMATE SUMMARY FOR FEBRUARY 18 2017...

CLIMATE NORMAL PERIOD 1981 TO 2010
CLIMATE RECORD PERIOD 1891 TO 2017


WEATHER ITEM   OBSERVED TIME   RECORD YEAR NORMAL DEPARTURE LAST
                VALUE   (LST)  VALUE       VALUE  FROM      YEAR
                                                  NORMAL
..................................................................
TEMPERATURE (F)
 YESTERDAY
  MAXIMUM         57    306 PM  75    2016  53      4       75
  MINIMUM         37    745 AM   6    1910  31      6       37
  AVERAGE         47                        42      5       56

PRECIPITATION (IN)
  YESTERDAY        0.00          0.50 2005   0.02  -0.02
  MONTH TO DATE    0.32                      0.30   0.02
  SINCE DEC 1      1.87                      1.18   0.69
  SINCE JAN 1      1.36                      0.68   0.68

SNOWFALL (IN)
  YESTERDAY        0.0
  MONTH TO DATE    1.6
  SINCE DEC 1      2.8
  SINCE JUL 1      2.9
  SNOW DEPTH       0

DEGREE DAYS
 HEATING
  YESTERDAY       18                        23     -5        9
  MONTH TO DATE  332                       446   -114      388
  SINCE DEC 1   1918                      2221   -303     2117
  SINCE JUL 1   2495                      3088   -593     2834

 COOLING
  YESTERDAY        0                         0      0        0
  MONTH TO DATE    0                         0      0        0
  SINCE DEC 1      0                         0      0        0
  SINCE JAN 1      0                         0      0        0
..................................................................


WIND (MPH)
  HIGHEST WIND SPEED    18   HIGHEST WIND DIRECTION    SW (220)
  HIGHEST GUST SPEED    21   HIGHEST GUST DIRECTION    SW (240)
  AVERAGE WIND SPEED     6.1


SKY COVER
  POSSIBLE SUNSHINE  MM
  AVERAGE SKY COVER 0.7


WEATHER CONDITIONS
 THE FOLLOWING WEATHER WAS RECORDED YESTERDAY.
  NO SIGNIFICANT WEATHER WAS OBSERVED.


RELATIVE HUMIDITY (PERCENT)
 HIGHEST    82           700 AM
 LOWEST     38           400 PM
 AVERAGE    60

..........................................................


THE ALBUQUERQUE  NM CLIMATE NORMALS FOR TODAY
                         NORMAL    RECORD    YEAR
 MAXIMUM TEMPERATURE (F)   54        72      1981
 MINIMUM TEMPERATURE (F)   31        12      1910


SUNRISE AND SUNSET
FEBRUARY 19 2017......SUNRISE   648 AM MST   SUNSET   553 PM MST
FEBRUARY 20 2017......SUNRISE   646 AM MST   SUNSET   554 PM MST


-  INDICATES NEGATIVE NUMBERS.
R  INDICATES RECORD WAS SET OR TIED.
MM INDICATES DATA IS MISSING.
T  INDICATES TRACE AMOUNT.

$$
