000
CDUS45 KABQ 060835
CLIABQ


CLIMATE REPORT
NATIONAL WEATHER SERVICE ALBUQUERQUE NM
134 AM MST TUE DEC 6 2016


...................................

...THE ALBUQUERQUE  NM CLIMATE SUMMARY FOR DECEMBER 5 2016...

CLIMATE NORMAL PERIOD 1981 TO 2010
CLIMATE RECORD PERIOD 1891 TO 2016


WEATHER ITEM   OBSERVED TIME   RECORD YEAR NORMAL DEPARTURE LAST
                VALUE   (LST)  VALUE       VALUE  FROM      YEAR
                                                  NORMAL
..................................................................
TEMPERATURE (F)
 YESTERDAY
  MAXIMUM         54    448 PM  68    1958  48      6       58
  MINIMUM         23    311 AM  11    1918  28     -5       34
                                      1903
  AVERAGE         39                        38      1       46

PRECIPITATION (IN)
  YESTERDAY        0.00          0.34 1994   0.02  -0.02
  MONTH TO DATE    T                         0.09  -0.09
  SINCE DEC 1      T                         0.09  -0.09
  SINCE JAN 1      6.17                      9.04  -2.87

SNOWFALL (IN)
  YESTERDAY        0.0
  MONTH TO DATE    0.1
  SINCE DEC 1      0.1
  SINCE JUL 1      0.2
  SNOW DEPTH       0

DEGREE DAYS
 HEATING
  YESTERDAY       26                        27     -1       19
  MONTH TO DATE  134                       133      1      128
  SINCE DEC 1    134                       133      1      128
  SINCE JUL 1    711                      1000   -289      845

 COOLING
  YESTERDAY        0                         0      0        0
  MONTH TO DATE    0                         0      0        0
  SINCE DEC 1      0                         0      0        0
  SINCE JAN 1   1525                      1322    203     1534
..................................................................


WIND (MPH)
  HIGHEST WIND SPEED    10   HIGHEST WIND DIRECTION    SW (210)
  HIGHEST GUST SPEED    13   HIGHEST GUST DIRECTION    NW (330)
  AVERAGE WIND SPEED     4.1


SKY COVER
  POSSIBLE SUNSHINE  MM
  AVERAGE SKY COVER 0.2


WEATHER CONDITIONS
 THE FOLLOWING WEATHER WAS RECORDED YESTERDAY.
  NO SIGNIFICANT WEATHER WAS OBSERVED.


RELATIVE HUMIDITY (PERCENT)
 HIGHEST    55           400 AM
 LOWEST     24           200 PM
 AVERAGE    40

..........................................................


THE ALBUQUERQUE  NM CLIMATE NORMALS FOR TODAY
                         NORMAL    RECORD    YEAR
 MAXIMUM TEMPERATURE (F)   47        69      1901
 MINIMUM TEMPERATURE (F)   28         9      2011


SUNRISE AND SUNSET
DECEMBER  6 2016......SUNRISE   701 AM MST   SUNSET   454 PM MST
DECEMBER  7 2016......SUNRISE   702 AM MST   SUNSET   455 PM MST


-  INDICATES NEGATIVE NUMBERS.
R  INDICATES RECORD WAS SET OR TIED.
MM INDICATES DATA IS MISSING.
T  INDICATES TRACE AMOUNT.




$$
