000
CDUS45 KABQ 030029
CLIABQ


CLIMATE REPORT
NATIONAL WEATHER SERVICE ALBUQUERQUE NM
628 PM MDT TUE JUN 2 2015


...................................

...THE ALBUQUERQUE  NM CLIMATE SUMMARY FOR JUNE 2 2015...
VALID TODAY AS OF 0500 PM LOCAL TIME.

CLIMATE NORMAL PERIOD 1981 TO 2010
CLIMATE RECORD PERIOD 1891 TO 2015


WEATHER ITEM   OBSERVED TIME   RECORD YEAR NORMAL DEPARTURE LAST
                VALUE   (LST)  VALUE       VALUE  FROM      YEAR
                                                  NORMAL
..................................................................
TEMPERATURE (F)
 TODAY
  MAXIMUM         91    326 PM  96    1998  85      6       94
                                      1958
  MINIMUM         56    511 AM  36    1917  58     -2       59
  AVERAGE         74                        71      3       77

PRECIPITATION (IN)
  TODAY            0.00          1.61 1952   0.01  -0.01
  MONTH TO DATE    0.00                      0.03  -0.03
  SINCE JUN 1      0.00                      0.03  -0.03
  SINCE JAN 1      3.64                      2.57   1.07

SNOWFALL (IN)
  TODAY            0.0
  MONTH TO DATE    0.0
  SINCE JUN 1      0.0
  SINCE JUL 1     15.2
  SNOW DEPTH       0

DEGREE DAYS
 HEATING
  TODAY            0                         0      0        0
  MONTH TO DATE    0                         0      0        0
  SINCE JUN 1      0                         0      0        0
  SINCE JUL 1   3651                      4175   -524     3980

 COOLING
  TODAY            9                         6      3       12
  MONTH TO DATE   19                        12      7       25
  SINCE JUN 1     19                        12      7       25
  SINCE JAN 1     52                       110    -58      137
..................................................................


WIND (MPH)
  HIGHEST WIND SPEED    17   HIGHEST WIND DIRECTION     S (160)
  HIGHEST GUST SPEED    26   HIGHEST GUST DIRECTION    NW (310)
  AVERAGE WIND SPEED     5.1


SKY COVER
  POSSIBLE SUNSHINE  MM
  AVERAGE SKY COVER 0.3



RELATIVE HUMIDITY (PERCENT)
 HIGHEST    51           300 AM
 LOWEST      8           200 PM
 AVERAGE    30

..........................................................


THE ALBUQUERQUE  NM CLIMATE NORMALS FOR TOMORROW
                         NORMAL    RECORD    YEAR
 MAXIMUM TEMPERATURE (F)   85        97      2014
 MINIMUM TEMPERATURE (F)   58        35      1917


SUNRISE AND SUNSET
JUNE  2 2015..........SUNRISE   553 AM MDT   SUNSET   816 PM MDT
JUNE  3 2015..........SUNRISE   553 AM MDT   SUNSET   816 PM MDT


-  INDICATES NEGATIVE NUMBERS.
R  INDICATES RECORD WAS SET OR TIED.
MM INDICATES DATA IS MISSING.
T  INDICATES TRACE AMOUNT.




$$
