000
CDUS43 KABR 022229
CLIABR


CLIMATE REPORT
NATIONAL WEATHER SERVICE ABERDEEN SD
528 PM CDT WED SEP 2 2015


...................................

...THE ABERDEEN SD CLIMATE SUMMARY FOR SEPTEMBER 2 2015...
VALID TODAY AS OF 0500 PM LOCAL TIME.

CLIMATE NORMAL PERIOD 1981 TO 2010
CLIMATE RECORD PERIOD 1893 TO 2015


WEATHER ITEM   OBSERVED TIME   RECORD YEAR NORMAL DEPARTURE LAST
                VALUE   (LST)  VALUE       VALUE  FROM      YEAR
                                                  NORMAL
..................................................................
TEMPERATURE (F)
 TODAY
  MAXIMUM         89    359 PM 101    1983  78     11       80
                                      1898
  MINIMUM         59    617 AM  35    1896  52      7       46
  AVERAGE         74                        65      9       63

PRECIPITATION (IN)
  TODAY            0.00          1.56 1973   0.08  -0.08     0.00
  MONTH TO DATE    0.00                      0.16  -0.16     0.01
  SINCE SEP 1      0.00                      0.16  -0.16     0.01
  SINCE JAN 1     17.32                     16.45   0.87    15.64

DEGREE DAYS
 HEATING
  TODAY            0                         3     -3        2
  MONTH TO DATE    0                         6     -6        2
  SINCE SEP 1      0                         6     -6        2
  SINCE JUL 1     42                        57    -15       64

 COOLING
  TODAY            9                         3      6        0
  MONTH TO DATE   15                         6      9        0
  SINCE SEP 1     15                         6      9        0
  SINCE JAN 1    578                       489     89      304
..................................................................


WIND (MPH)
  HIGHEST WIND SPEED    15   HIGHEST WIND DIRECTION     S (170)
  HIGHEST GUST SPEED    18   HIGHEST GUST DIRECTION     S (160)
  AVERAGE WIND SPEED     6.4


SKY COVER
  POSSIBLE SUNSHINE  MM
  AVERAGE SKY COVER 0.0


WEATHER CONDITIONS
 THE FOLLOWING WEATHER WAS RECORDED TODAY.
  FOG
  FOG W/VISIBILITY <= 1/4 MILE


RELATIVE HUMIDITY (PERCENT)
 HIGHEST   100           600 AM
 LOWEST     59           100 PM
 AVERAGE    80

..........................................................


THE ABERDEEN SD CLIMATE NORMALS FOR TOMORROW
                         NORMAL    RECORD    YEAR
 MAXIMUM TEMPERATURE (F)   77       102      1897
 MINIMUM TEMPERATURE (F)   51        31      1974


SUNRISE AND SUNSET
SEPTEMBER  2 2015.....SUNRISE   656 AM CDT   SUNSET   810 PM CDT
SEPTEMBER  3 2015.....SUNRISE   657 AM CDT   SUNSET   808 PM CDT


-  INDICATES NEGATIVE NUMBERS.
R  INDICATES RECORD WAS SET OR TIED.
MM INDICATES DATA IS MISSING.
T  INDICATES TRACE AMOUNT.

&&

PEAK WIND WAS 18 MPH FROM THE SOUTH AT 240 PM CDT

$$
