000
CDUS43 KABR 161004
CLIABR


CLIMATE REPORT
NATIONAL WEATHER SERVICE ABERDEEN SD
404 AM CST MON JAN 16 2017


...................................

...THE ABERDEEN SD CLIMATE SUMMARY FOR JANUARY 15 2017...

CLIMATE NORMAL PERIOD 1981 TO 2010
CLIMATE RECORD PERIOD 1893 TO 2017


WEATHER ITEM   OBSERVED TIME   RECORD YEAR NORMAL DEPARTURE LAST
                VALUE   (LST)  VALUE       VALUE  FROM      YEAR
                                                  NORMAL
..................................................................
TEMPERATURE (F)
 YESTERDAY
  MAXIMUM         16    358 PM  48    1942  22     -6       14
                                      1931
  MINIMUM         -8    454 AM -42    2009   1     -9        4
  AVERAGE          4                        12     -8        9

PRECIPITATION (IN)
  YESTERDAY        0.00          0.50 1915   0.02  -0.02      T
  MONTH TO DATE    0.46                      0.26   0.20     0.07
  SINCE DEC 1      2.24                      0.78   1.46     0.71
  SINCE JAN 1      0.46                      0.26   0.20     0.07

SNOWFALL (IN)
  YESTERDAY        0.0           3.5  1953   0.2   -0.2       T
  MONTH TO DATE    8.5                       3.6    4.9      1.3
  SINCE OCT 1     24.5                      18.2    6.3     16.4
  SINCE JUL 1     24.5                      18.2    6.3     16.4
  SNOW DEPTH       8

DEGREE DAYS
 HEATING
  YESTERDAY       61                        53      8       56
  MONTH TO DATE  958                       795    163      753
  SINCE DEC 1   2555                      2323    232     2060
  SINCE JUL 1   3905                      4286   -381     3472

 COOLING
  YESTERDAY        0                         0      0        0
  MONTH TO DATE    0                         0      0        0
  SINCE DEC 1      0                         0      0        0
  SINCE JAN 1      0                         0      0        0
..................................................................


WIND (MPH)
  HIGHEST WIND SPEED    13   HIGHEST WIND DIRECTION     S (170)
  HIGHEST GUST SPEED    16   HIGHEST GUST DIRECTION     S (170)
  AVERAGE WIND SPEED     5.8


SKY COVER
  POSSIBLE SUNSHINE  MM
  AVERAGE SKY COVER 0.0


WEATHER CONDITIONS
 THE FOLLOWING WEATHER WAS RECORDED YESTERDAY.
  NO SIGNIFICANT WEATHER WAS OBSERVED.


RELATIVE HUMIDITY (PERCENT)
 HIGHEST    95           800 PM
 LOWEST     67           400 PM
 AVERAGE    81

..........................................................


THE ABERDEEN SD CLIMATE NORMALS FOR TODAY
                         NORMAL    RECORD    YEAR
 MAXIMUM TEMPERATURE (F)   22        49      1942
 MINIMUM TEMPERATURE (F)    1       -30      2005


SUNRISE AND SUNSET
JANUARY 16 2017.......SUNRISE   809 AM CST   SUNSET   519 PM CST
JANUARY 17 2017.......SUNRISE   808 AM CST   SUNSET   520 PM CST


-  INDICATES NEGATIVE NUMBERS.
R  INDICATES RECORD WAS SET OR TIED.
MM INDICATES DATA IS MISSING.
T  INDICATES TRACE AMOUNT.




$$
