000
CDUS43 KABR 061041
CLIABR


CLIMATE REPORT
NATIONAL WEATHER SERVICE ABERDEEN SD
540 AM CDT FRI MAY 6 2016


...................................

...THE ABERDEEN SD CLIMATE SUMMARY FOR MAY 5 2016...

CLIMATE NORMAL PERIOD 1981 TO 2010
CLIMATE RECORD PERIOD 1893 TO 2016


WEATHER ITEM   OBSERVED TIME   RECORD YEAR NORMAL DEPARTURE LAST
                VALUE   (LST)  VALUE       VALUE  FROM      YEAR
                                                  NORMAL
..................................................................
TEMPERATURE (F)
 YESTERDAY
  MAXIMUM         90    325 PM  92    2000  66     24       80
                                      1926
                                      1918
  MINIMUM         40    353 AM  24    1968  40      0       43
                                      1944
                                      1929
  AVERAGE         65                        53     12       62

PRECIPITATION (IN)
  YESTERDAY        0.00          7.62 2007   0.10  -0.10     0.00
  MONTH TO DATE    T                         0.51  -0.51     0.05
  SINCE MAR 1      4.12                      3.52   0.60     0.83
  SINCE JAN 1      4.81                      4.54   0.27     1.88

DEGREE DAYS
 HEATING
  YESTERDAY        0                        12    -12        3
  MONTH TO DATE   51                        65    -14       33
  SINCE MAR 1   1373                      1773   -400     1446
  SINCE JUL 1   6610                      8236  -1626     7714

 COOLING
  YESTERDAY        0                         0      0        0
  MONTH TO DATE    0                         0      0        0
  SINCE MAR 1      1                         2     -1        0
  SINCE JAN 1      1                         2     -1        0
..................................................................


WIND (MPH)
  HIGHEST WIND SPEED    22   HIGHEST WIND DIRECTION    SW (210)
  HIGHEST GUST SPEED    28   HIGHEST GUST DIRECTION     S (200)
  AVERAGE WIND SPEED    11.5


SKY COVER
  POSSIBLE SUNSHINE  MM
  AVERAGE SKY COVER 0.0


WEATHER CONDITIONS
 THE FOLLOWING WEATHER WAS RECORDED YESTERDAY.
  HAZE


RELATIVE HUMIDITY (PERCENT)
 HIGHEST    85           400 AM
 LOWEST     15           200 PM
 AVERAGE    50

..........................................................


THE ABERDEEN SD CLIMATE NORMALS FOR TODAY
                         NORMAL    RECORD    YEAR
 MAXIMUM TEMPERATURE (F)   66        91      1918
 MINIMUM TEMPERATURE (F)   40        23      1931


SUNRISE AND SUNSET
MAY  6 2016...........SUNRISE   614 AM CDT   SUNSET   847 PM CDT
MAY  7 2016...........SUNRISE   613 AM CDT   SUNSET   849 PM CDT


-  INDICATES NEGATIVE NUMBERS.
R  INDICATES RECORD WAS SET OR TIED.
MM INDICATES DATA IS MISSING.
T  INDICATES TRACE AMOUNT.




$$
