000
CDUS43 KABR 012234
CLIABR


CLIMATE REPORT
NATIONAL WEATHER SERVICE ABERDEEN SD
533 PM CDT SAT OCT 1 2016


...................................

...THE ABERDEEN SD CLIMATE SUMMARY FOR OCTOBER 1 2016...
VALID TODAY AS OF 0500 PM LOCAL TIME.

CLIMATE NORMAL PERIOD 1981 TO 2010
CLIMATE RECORD PERIOD 1893 TO 2016


WEATHER ITEM   OBSERVED TIME   RECORD YEAR NORMAL DEPARTURE LAST
                VALUE   (LST)  VALUE       VALUE  FROM      YEAR
                                                  NORMAL
..................................................................
TEMPERATURE (F)
 TODAY
  MAXIMUM         76    359 PM  92    1922  65     11       71
  MINIMUM         49    634 AM  21    1974  39     10       54
  AVERAGE         63                        52     11       63

PRECIPITATION (IN)
  TODAY            0.00          1.00 1894   0.08  -0.08     0.00
  MONTH TO DATE    0.00                      0.08  -0.08     0.00
  SINCE SEP 1      1.23                      2.27  -1.04     0.37
  SINCE JAN 1     15.29                     18.56  -3.27    17.69

SNOWFALL (IN)
  TODAY            0.0
  MONTH TO DATE    0.0
  SINCE OCT 1      0.0
  SINCE JUL 1      0.0
  SNOW DEPTH       0

DEGREE DAYS
 HEATING
  TODAY            2                        13    -11        2
  MONTH TO DATE    2                        13    -11        2
  SINCE SEP 1    129                       236   -107       98
  SINCE JUL 1    160                       287   -127      140

 COOLING
  TODAY            0                         0      0        0
  MONTH TO DATE    0                         0      0        0
  SINCE SEP 1     54                        40     14      104
  SINCE JAN 1    715                       523    192      667
..................................................................


WIND (MPH)
  HIGHEST WIND SPEED    22   HIGHEST WIND DIRECTION     S (170)
  HIGHEST GUST SPEED    27   HIGHEST GUST DIRECTION     S (180)
  AVERAGE WIND SPEED    12.0


SKY COVER
  POSSIBLE SUNSHINE  MM
  AVERAGE SKY COVER 0.0


WEATHER CONDITIONS
 THE FOLLOWING WEATHER WAS RECORDED TODAY.
  NO SIGNIFICANT WEATHER WAS OBSERVED.


RELATIVE HUMIDITY (PERCENT)
 HIGHEST    86           600 AM
 LOWEST     36           100 PM
 AVERAGE    61

..........................................................


THE ABERDEEN SD CLIMATE NORMALS FOR TOMORROW
                         NORMAL    RECORD    YEAR
 MAXIMUM TEMPERATURE (F)   65        91      1897
 MINIMUM TEMPERATURE (F)   38        17      1974


SUNRISE AND SUNSET
OCTOBER  1 2016.......SUNRISE   733 AM CDT   SUNSET   713 PM CDT
OCTOBER  2 2016.......SUNRISE   734 AM CDT   SUNSET   711 PM CDT


-  INDICATES NEGATIVE NUMBERS.
R  INDICATES RECORD WAS SET OR TIED.
MM INDICATES DATA IS MISSING.
T  INDICATES TRACE AMOUNT.


$$

PEAK WIND WAS 27 MPH FROM THE SOUTH AT 220 PM CDT.

$$
