000
CDUS43 KABR 262238
CLIABR


CLIMATE REPORT
NATIONAL WEATHER SERVICE ABERDEEN SD
537 PM CDT FRI AUG 26 2016


...................................

...THE ABERDEEN SD CLIMATE SUMMARY FOR AUGUST 26 2016...
VALID TODAY AS OF 0500 PM LOCAL TIME.

CLIMATE NORMAL PERIOD 1981 TO 2010
CLIMATE RECORD PERIOD 1893 TO 2016


WEATHER ITEM   OBSERVED TIME   RECORD YEAR NORMAL DEPARTURE LAST
                VALUE   (LST)  VALUE       VALUE  FROM      YEAR
                                                  NORMAL
..................................................................
TEMPERATURE (F)
 TODAY
  MAXIMUM         72   1130 AM 104    1991  80     -8       79
                                      1976
  MINIMUM         42    610 AM  34    1914  54    -12       50
  AVERAGE         57                        67    -10       65

PRECIPITATION (IN)
  TODAY            0.01          1.68 1944   0.08  -0.07     0.00
  MONTH TO DATE    2.00                      2.04  -0.04     2.94
  SINCE JUN 1      7.10                      8.76  -1.66     9.10
  SINCE JAN 1     14.04                     15.90  -1.86    17.32

DEGREE DAYS
 COOLING
  TODAY            0                         4     -4        0
  MONTH TO DATE  169                       144     25      128
  SINCE JUN 1    591                       444    147      516
  SINCE JAN 1    624                       467    157      530
..................................................................


WIND (MPH)
  HIGHEST WIND SPEED    13   HIGHEST WIND DIRECTION     W (260)
  HIGHEST GUST SPEED    16   HIGHEST GUST DIRECTION    SW (210)
  AVERAGE WIND SPEED     4.9


SKY COVER
  POSSIBLE SUNSHINE  MM
  AVERAGE SKY COVER 0.4


WEATHER CONDITIONS
 THE FOLLOWING WEATHER WAS RECORDED TODAY.
  LIGHT RAIN


RELATIVE HUMIDITY (PERCENT)
 HIGHEST    93           100 AM
 LOWEST     49          1100 AM
 AVERAGE    71

..........................................................


THE ABERDEEN SD CLIMATE NORMALS FOR TOMORROW
                         NORMAL    RECORD    YEAR
 MAXIMUM TEMPERATURE (F)   80       106      1973
 MINIMUM TEMPERATURE (F)   54        38      1967


SUNRISE AND SUNSET
AUGUST 26 2016........SUNRISE   649 AM CDT   SUNSET   821 PM CDT
AUGUST 27 2016........SUNRISE   650 AM CDT   SUNSET   819 PM CDT


-  INDICATES NEGATIVE NUMBERS.
R  INDICATES RECORD WAS SET OR TIED.
MM INDICATES DATA IS MISSING.
T  INDICATES TRACE AMOUNT.

&&

PEAK WIND WAS 16 MPH FROM THE SOUTHWEST AT 1238 PM CDT

$$
