000
CDUS43 KABR 222226
CLIABR


CLIMATE REPORT
NATIONAL WEATHER SERVICE ABERDEEN SD
526 PM CDT FRI AUG 22 2014


...................................

...THE ABERDEEN SD CLIMATE SUMMARY FOR AUGUST 22 2014...
VALID TODAY AS OF 0500 PM LOCAL TIME.

CLIMATE NORMAL PERIOD 1981 TO 2010
CLIMATE RECORD PERIOD 1893 TO 2014


WEATHER ITEM   OBSERVED TIME   RECORD YEAR NORMAL DEPARTURE LAST
                VALUE   (LST)  VALUE       VALUE  FROM      YEAR
                                                  NORMAL
..................................................................
TEMPERATURE (F)
 TODAY
  MAXIMUM         77    346 PM 105    1971  81     -4       81
  MINIMUM         60    350 AM  36    1904  55      5       56
  AVERAGE         69                        68      1       69

PRECIPITATION (IN)
  TODAY            T             1.84 1978   0.08  -0.08     0.00
  MONTH TO DATE    2.07                      1.72   0.35     0.05
  SINCE JUN 1      6.08                      8.44  -2.36     4.95
  SINCE JAN 1     11.51                     15.58  -4.07    13.47

DEGREE DAYS
 COOLING
  TODAY            4                         4      0        4
  MONTH TO DATE   92                       128    -36       56
  SINCE JUN 1    252                       428   -176      346
  SINCE JAN 1    294                       451   -157      367
..................................................................


WIND (MPH)
  HIGHEST WIND SPEED    14   HIGHEST WIND DIRECTION     N (20)
  HIGHEST GUST SPEED    19   HIGHEST GUST DIRECTION     N (350)
  AVERAGE WIND SPEED     7.0


SKY COVER
  POSSIBLE SUNSHINE  MM
  AVERAGE SKY COVER 0.4


WEATHER CONDITIONS
 THE FOLLOWING WEATHER WAS RECORDED TODAY.
  NO SIGNIFICANT WEATHER WAS OBSERVED.


RELATIVE HUMIDITY (PERCENT)
 HIGHEST   100           200 AM
 LOWEST     74           300 PM
 AVERAGE    87

..........................................................


THE ABERDEEN SD CLIMATE NORMALS FOR TOMORROW
                         NORMAL    RECORD    YEAR
 MAXIMUM TEMPERATURE (F)   81       106      2003
 MINIMUM TEMPERATURE (F)   55        39      1987
                                             1942


SUNRISE AND SUNSET
AUGUST 22 2014........SUNRISE   643 AM CDT   SUNSET   829 PM CDT
AUGUST 23 2014........SUNRISE   644 AM CDT   SUNSET   828 PM CDT


-  INDICATES NEGATIVE NUMBERS.
R  INDICATES RECORD WAS SET OR TIED.
MM INDICATES DATA IS MISSING.
T  INDICATES TRACE AMOUNT.


&&

PEAK WIND WAS 19 MPH FROM THE NORTH AT 853 AM CDT.

$$
