000
CDUS43 KABR 202329
CLIABR


CLIMATE REPORT
NATIONAL WEATHER SERVICE ABERDEEN SD
527 PM CST THU NOV 20 2014


...................................

...THE ABERDEEN SD CLIMATE SUMMARY FOR NOVEMBER 20 2014...
VALID TODAY AS OF 0500 PM LOCAL TIME.

CLIMATE NORMAL PERIOD 1981 TO 2010
CLIMATE RECORD PERIOD 1893 TO 2014


WEATHER ITEM   OBSERVED TIME   RECORD YEAR NORMAL DEPARTURE LAST
                VALUE   (LST)  VALUE       VALUE  FROM      YEAR
                                                  NORMAL
..................................................................
TEMPERATURE (F)
 TODAY
  MAXIMUM         22    257 PM  69    1962  37    -15       44
  MINIMUM          4    739 AM -12    1985  17    -13       22
                                      1978
  AVERAGE         13                        27    -14       33

PRECIPITATION (IN)
  TODAY            0.00          0.83 1953   0.03  -0.03     0.00
  MONTH TO DATE    0.53                      0.53   0.00     0.10
  SINCE SEP 1      1.79                      4.71  -2.92     7.26
  SINCE JAN 1     17.42                     21.00  -3.58    21.02

SNOWFALL (IN)
  TODAY            0.0
  MONTH TO DATE    6.3
  SINCE OCT 1      6.3
  SINCE JUL 1      6.3
  SNOW DEPTH       5

DEGREE DAYS
 HEATING
  TODAY           52                        38     14       32
  MONTH TO DATE  798                       659    139      658
  SINCE SEP 1   1498                      1499     -1     1467
  SINCE JUL 1   1560                      1550     10     1518
..................................................................


WIND (MPH)
  HIGHEST WIND SPEED    15   HIGHEST WIND DIRECTION    NW (330)
  HIGHEST GUST SPEED    19   HIGHEST GUST DIRECTION    NW (320)
  AVERAGE WIND SPEED     7.3


SKY COVER
  POSSIBLE SUNSHINE  MM
  AVERAGE SKY COVER 0.0


WEATHER CONDITIONS
 THE FOLLOWING WEATHER WAS RECORDED TODAY.
  NO SIGNIFICANT WEATHER WAS OBSERVED.


RELATIVE HUMIDITY (PERCENT)
 HIGHEST    83           700 AM
 LOWEST     56          1200 PM
 AVERAGE    70

..........................................................


THE ABERDEEN SD CLIMATE NORMALS FOR TOMORROW
                         NORMAL    RECORD    YEAR
 MAXIMUM TEMPERATURE (F)   36        66      1904
 MINIMUM TEMPERATURE (F)   16       -18      1964


SUNRISE AND SUNSET
NOVEMBER 20 2014......SUNRISE   739 AM CST   SUNSET   459 PM CST
NOVEMBER 21 2014......SUNRISE   741 AM CST   SUNSET   458 PM CST


-  INDICATES NEGATIVE NUMBERS.
R  INDICATES RECORD WAS SET OR TIED.
MM INDICATES DATA IS MISSING.
T  INDICATES TRACE AMOUNT.

&&

PEAK WIND WAS 19 MPH FROM THE NORTHWEST AT 303 AM CST

$$
