835
CDUS43 KABR 231032
CLIABR


CLIMATE REPORT
NATIONAL WEATHER SERVICE ABERDEEN SD
532 AM CDT SUN APR 23 2017


...................................

...THE ABERDEEN SD CLIMATE SUMMARY FOR APRIL 22 2017...

CLIMATE NORMAL PERIOD 1981 TO 2010
CLIMATE RECORD PERIOD 1893 TO 2017


WEATHER ITEM   OBSERVED TIME   RECORD YEAR NORMAL DEPARTURE LAST
                VALUE   (LST)  VALUE       VALUE  FROM      YEAR
                                                  NORMAL
..................................................................
TEMPERATURE (F)
 YESTERDAY
  MAXIMUM         70    503 PM  90    1990  61      9       68
                                      1908
  MINIMUM         30    609 AM  15    2015  34     -4       29
  AVERAGE         50                        48      2       49

PRECIPITATION (IN)
  YESTERDAY        0.00          3.00 1904   0.07  -0.07     0.00
  MONTH TO DATE    1.20                      1.18   0.02     2.56
  SINCE MAR 1      1.87                      2.34  -0.47     3.02
  SINCE JAN 1      2.55                      3.36  -0.81     3.71

SNOWFALL (IN)
  YESTERDAY        0.0           4.9  2001   0.1   -0.1      0.0
  MONTH TO DATE    T                         2.7   -2.7       T
  SINCE OCT 1     38.1                      37.7    0.4     26.5
  SINCE JUL 1     38.1                      37.7    0.4     26.5
  SNOW DEPTH       0

DEGREE DAYS
 HEATING
  YESTERDAY       15                        18     -3       16
  MONTH TO DATE  389                       496   -107      445
  SINCE MAR 1   1435                      1584   -149     1199
  SINCE JUL 1   7050                      8047   -997     6436

 COOLING
  YESTERDAY        0                         0      0        0
  MONTH TO DATE    0                         0      0        1
  SINCE MAR 1      0                         0      0        1
  SINCE JAN 1      0                         0      0        1
..................................................................


WIND (MPH)
  HIGHEST WIND SPEED    23   HIGHEST WIND DIRECTION    NE (30)
  HIGHEST GUST SPEED    29   HIGHEST GUST DIRECTION    SW (240)
  AVERAGE WIND SPEED     9.1


SKY COVER
  POSSIBLE SUNSHINE  MM
  AVERAGE SKY COVER 0.0


WEATHER CONDITIONS
 THE FOLLOWING WEATHER WAS RECORDED YESTERDAY.
  FOG


RELATIVE HUMIDITY (PERCENT)
 HIGHEST    92           600 AM
 LOWEST     19           600 PM
 AVERAGE    56

..........................................................


THE ABERDEEN SD CLIMATE NORMALS FOR TODAY
                         NORMAL    RECORD    YEAR
 MAXIMUM TEMPERATURE (F)   61        90      2009
 MINIMUM TEMPERATURE (F)   35        14      1956


SUNRISE AND SUNSET
APRIL 23 2017.........SUNRISE   634 AM CDT   SUNSET   831 PM CDT
APRIL 24 2017.........SUNRISE   633 AM CDT   SUNSET   832 PM CDT


-  INDICATES NEGATIVE NUMBERS.
R  INDICATES RECORD WAS SET OR TIED.
MM INDICATES DATA IS MISSING.
T  INDICATES TRACE AMOUNT.




$$
