000
CDUS43 KABR 291343
CLIABR


CLIMATE REPORT
NATIONAL WEATHER SERVICE ABERDEEN SD
842 AM CDT SUN MAR 29 2015


...................................

...THE ABERDEEN SD CLIMATE SUMMARY FOR MARCH 28 2015...

CLIMATE NORMAL PERIOD 1981 TO 2010
CLIMATE RECORD PERIOD 1893 TO 2015


WEATHER ITEM   OBSERVED TIME   RECORD YEAR NORMAL DEPARTURE LAST
                VALUE   (LST)  VALUE       VALUE  FROM      YEAR
                                                  NORMAL
..................................................................
TEMPERATURE (F)
 YESTERDAY
  MAXIMUM         58    448 PM  82    1946  46     12       33
  MINIMUM         31    646 AM -10    1913  25      6       12
  AVERAGE         45                        36      9       23

PRECIPITATION (IN)
  YESTERDAY        T             1.80 1900   0.04  -0.04     0.00
  MONTH TO DATE    0.21                      1.01  -0.80     0.52
  SINCE MAR 1      0.21                      1.01  -0.80     0.52
  SINCE JAN 1      1.26                      2.03  -0.77     0.96

SNOWFALL (IN)
  YESTERDAY        0.0
  MONTH TO DATE    1.7
  SINCE OCT 1     20.2
  SINCE JUL 1     20.2
  SNOW DEPTH       T

DEGREE DAYS
 HEATING
  YESTERDAY       20                        30    -10       42
  MONTH TO DATE  876                      1002   -126     1121
  SINCE MAR 1    876                      1002   -126     1121
  SINCE JUL 1   7144                      7465   -321     8280

 COOLING
  YESTERDAY        0                         0      0        0
  MONTH TO DATE    0                         0      0        0
  SINCE MAR 1      0                         0      0        0
  SINCE JAN 1      0                         0      0        0
..................................................................


WIND (MPH)
  HIGHEST WIND SPEED    31   HIGHEST WIND DIRECTION     S (160)
  HIGHEST GUST SPEED    40   HIGHEST GUST DIRECTION     S (160)
  AVERAGE WIND SPEED    17.2


SKY COVER
  POSSIBLE SUNSHINE  MM
  AVERAGE SKY COVER 0.4


WEATHER CONDITIONS
 THE FOLLOWING WEATHER WAS RECORDED YESTERDAY.
  LIGHT RAIN


RELATIVE HUMIDITY (PERCENT)
 HIGHEST    85           500 AM
 LOWEST     36           400 PM
 AVERAGE    61

..........................................................


THE ABERDEEN SD CLIMATE NORMALS FOR TODAY
                         NORMAL    RECORD    YEAR
 MAXIMUM TEMPERATURE (F)   47        78      1986
 MINIMUM TEMPERATURE (F)   25        -9      1969


SUNRISE AND SUNSET
MARCH 29 2015.........SUNRISE   720 AM CDT   SUNSET   758 PM CDT
MARCH 30 2015.........SUNRISE   718 AM CDT   SUNSET   759 PM CDT


-  INDICATES NEGATIVE NUMBERS.
R  INDICATES RECORD WAS SET OR TIED.
MM INDICATES DATA IS MISSING.
T  INDICATES TRACE AMOUNT.




$$
