000
CDUS43 KABR 291046
CLIABR


CLIMATE REPORT
NATIONAL WEATHER SERVICE ABERDEEN SD
445 AM CST MON DEC 29 2014


...................................

...THE ABERDEEN SD CLIMATE SUMMARY FOR DECEMBER 28 2014...

CLIMATE NORMAL PERIOD 1981 TO 2010
CLIMATE RECORD PERIOD 1893 TO 2014


WEATHER ITEM   OBSERVED TIME   RECORD YEAR NORMAL DEPARTURE LAST
                VALUE   (LST)  VALUE       VALUE  FROM      YEAR
                                                  NORMAL
..................................................................
TEMPERATURE (F)
 YESTERDAY
  MAXIMUM         17    835 AM  57    1898  23     -6       32
  MINIMUM          4   1159 PM -24    1924   3      1       -7
  AVERAGE         11                        13     -2       13

PRECIPITATION (IN)
  YESTERDAY        T             0.24 1940   0.01  -0.01      T
  MONTH TO DATE    0.25                      0.46  -0.21     0.68
  SINCE DEC 1      0.25                      0.46  -0.21     0.68
  SINCE JAN 1     17.78                     21.66  -3.88    21.70

SNOWFALL (IN)
  YESTERDAY        T
  MONTH TO DATE    0.7
  SINCE OCT 1      8.8
  SINCE JUL 1      8.8
  SNOW DEPTH       T

DEGREE DAYS
 HEATING
  YESTERDAY       54                        52      2       52
  MONTH TO DATE 1124                      1372   -248     1598
  SINCE DEC 1   1124                      1372   -248     1598
  SINCE JUL 1   3170                      3335   -165     3589

 COOLING
  YESTERDAY        0                         0      0        0
  MONTH TO DATE    0                         0      0        0
  SINCE DEC 1      0                         0      0        0
  SINCE JAN 1    342                       525   -183      580
..................................................................


WIND (MPH)
  HIGHEST WIND SPEED    17   HIGHEST WIND DIRECTION     N (20)
  HIGHEST GUST SPEED    22   HIGHEST GUST DIRECTION    NE (30)
  AVERAGE WIND SPEED    10.6


SKY COVER
  POSSIBLE SUNSHINE  MM
  AVERAGE SKY COVER 0.9


WEATHER CONDITIONS
 THE FOLLOWING WEATHER WAS RECORDED YESTERDAY.
  LIGHT SNOW
  FOG
  HAZE


RELATIVE HUMIDITY (PERCENT)
 HIGHEST    91           200 AM
 LOWEST     66           400 PM
 AVERAGE    79

..........................................................


THE ABERDEEN SD CLIMATE NORMALS FOR TODAY
                         NORMAL    RECORD    YEAR
 MAXIMUM TEMPERATURE (F)   23        59      1999
 MINIMUM TEMPERATURE (F)    3       -35      1917


SUNRISE AND SUNSET
DECEMBER 29 2014......SUNRISE   813 AM CST   SUNSET   458 PM CST
DECEMBER 30 2014......SUNRISE   813 AM CST   SUNSET   459 PM CST


-  INDICATES NEGATIVE NUMBERS.
R  INDICATES RECORD WAS SET OR TIED.
MM INDICATES DATA IS MISSING.
T  INDICATES TRACE AMOUNT.




$$
