000
CDUS43 KABR 240914
CLIABR


CLIMATE REPORT
NATIONAL WEATHER SERVICE ABERDEEN SD
413 AM CDT SUN MAY 24 2015


...................................

...THE ABERDEEN SD CLIMATE SUMMARY FOR MAY 23 2015...

CLIMATE NORMAL PERIOD 1981 TO 2010
CLIMATE RECORD PERIOD 1893 TO 2015


WEATHER ITEM   OBSERVED TIME   RECORD YEAR NORMAL DEPARTURE LAST
                VALUE   (LST)  VALUE       VALUE  FROM      YEAR
                                                  NORMAL
..................................................................
TEMPERATURE (F)
 YESTERDAY
  MAXIMUM         67    612 PM  94    1950  71     -4       84
  MINIMUM         41    311 AM  26    1897  47     -6       54
  AVERAGE         54                        59     -5       69

PRECIPITATION (IN)
  YESTERDAY        0.00          1.04 1936   0.09  -0.09     0.00
  MONTH TO DATE    5.12                      2.34   2.78     1.42
  SINCE MAR 1      5.90                      5.35   0.55     4.23
  SINCE JAN 1      6.95                      6.37   0.58     4.67

DEGREE DAYS
 HEATING
  YESTERDAY       11                         7      4        0
  MONTH TO DATE  256                       237     19      338
  SINCE MAR 1   1669                      1945   -276     2282
  SINCE JUL 1   7937                      8408   -471     9441

 COOLING
  YESTERDAY        0                         1     -1        4
  MONTH TO DATE    2                        13    -11        5
  SINCE MAR 1      2                        15    -13        5
  SINCE JAN 1      2                        15    -13        5
..................................................................


WIND (MPH)
  HIGHEST WIND SPEED    17   HIGHEST WIND DIRECTION     S (160)
  HIGHEST GUST SPEED    22   HIGHEST GUST DIRECTION     S (160)
  AVERAGE WIND SPEED     6.7


SKY COVER
  POSSIBLE SUNSHINE  MM
  AVERAGE SKY COVER 0.7


WEATHER CONDITIONS
 THE FOLLOWING WEATHER WAS RECORDED YESTERDAY.
  NO SIGNIFICANT WEATHER WAS OBSERVED.


RELATIVE HUMIDITY (PERCENT)
 HIGHEST    89           200 AM
 LOWEST     52           900 AM
 AVERAGE    71

..........................................................


THE ABERDEEN SD CLIMATE NORMALS FOR TODAY
                         NORMAL    RECORD    YEAR
 MAXIMUM TEMPERATURE (F)   71        99      1926
 MINIMUM TEMPERATURE (F)   47        25      1897


SUNRISE AND SUNSET
MAY 24 2015...........SUNRISE   554 AM CDT   SUNSET   907 PM CDT
MAY 25 2015...........SUNRISE   554 AM CDT   SUNSET   908 PM CDT


-  INDICATES NEGATIVE NUMBERS.
R  INDICATES RECORD WAS SET OR TIED.
MM INDICATES DATA IS MISSING.
T  INDICATES TRACE AMOUNT.




$$
