000
CDUS42 KTAE 300639
CLIABY


CLIMATE REPORT
NATIONAL WEATHER SERVICE TALLAHASSEE FL
239 AM EDT SAT APR 30 2016


...................................

...THE ALBANY CLIMATE SUMMARY FOR APRIL 29 2016...

CLIMATE NORMAL PERIOD 1981 TO 2010
CLIMATE RECORD PERIOD 1930 TO 2016


WEATHER ITEM   OBSERVED TIME   RECORD YEAR NORMAL DEPARTURE LAST
                VALUE   (LST)  VALUE       VALUE  FROM      YEAR
                                                  NORMAL
..................................................................
TEMPERATURE (F)
 YESTERDAY
  MAXIMUM         90    450 PM  92    2012  83      7       65
                                      1989
  MINIMUM         66    601 AM  35    1993  57      9       55
  AVERAGE         78                        70      8       60

PRECIPITATION (IN)
  YESTERDAY        0.00                      0.08  -0.08     0.19
  MONTH TO DATE    6.87                      3.57   3.30     5.18
  SINCE MAR 1     11.64                      8.62   3.02     7.35
  SINCE JAN 1     21.95                     17.60   4.35    14.68

SNOWFALL (IN)
  YESTERDAY        0.0

DEGREE DAYS
 HEATING
  YESTERDAY        0                         1     -1        5
  MONTH TO DATE   36                        66    -30        5
  SINCE MAR 1    151                       275   -124      123
  SINCE JUL 1   1286                      1835   -549     1847

 COOLING
  YESTERDAY       13                         5      8        0
  MONTH TO DATE   88                        96     -8      180
  SINCE MAR 1    170                       125     45      246
  SINCE JAN 1    173                       134     39      248
..................................................................


WIND (MPH)
  HIGHEST WIND SPEED     8   HIGHEST WIND DIRECTION     S (200)
  HIGHEST GUST SPEED    11   HIGHEST GUST DIRECTION    SE (140)
  AVERAGE WIND SPEED     2.3




RELATIVE HUMIDITY (PERCENT)
 HIGHEST    97
 LOWEST     38
 AVERAGE    68

..........................................................


THE ALBANY CLIMATE NORMALS FOR TODAY
                         NORMAL    RECORD    YEAR
 MAXIMUM TEMPERATURE (F)   83        94      2012
                                             1943
 MINIMUM TEMPERATURE (F)   57        36      1992


SUNRISE AND SUNSET
APRIL 30 2016.........SUNRISE   652 AM EDT   SUNSET   816 PM EDT
MAY  1 2016...........SUNRISE   651 AM EDT   SUNSET   817 PM EDT


-  INDICATES NEGATIVE NUMBERS.
R  INDICATES RECORD WAS SET OR TIED.
MM INDICATES DATA IS MISSING.
T  INDICATES TRACE AMOUNT.




$$
