000
CDUS42 KTAE 250633
CLIABY


CLIMATE REPORT
NATIONAL WEATHER SERVICE TALLAHASSEE FL
133 AM EST SAT FEB 25 2017


...................................

...THE ALBANY CLIMATE SUMMARY FOR FEBRUARY 24 2017...

CLIMATE NORMAL PERIOD 1981 TO 2010
CLIMATE RECORD PERIOD 1930 TO 2017


WEATHER ITEM   OBSERVED TIME   RECORD YEAR NORMAL DEPARTURE LAST
                VALUE   (LST)  VALUE       VALUE  FROM      YEAR
                                                  NORMAL
..................................................................
TEMPERATURE (F)
 YESTERDAY
  MAXIMUM         83R   407 PM  82    1996  67     16       70
  MINIMUM         52    709 AM  21    1989  42     10       48
  AVERAGE         68                        54     14       59

PRECIPITATION (IN)
  YESTERDAY        0.00                      0.15  -0.15     3.53
  MONTH TO DATE    2.52                      3.49  -0.97     6.65
  SINCE DEC 1     21.98                     12.06   9.92    17.17
  SINCE JAN 1     11.30                      8.31   2.99    10.31

SNOWFALL (IN)
  YESTERDAY        0.0

DEGREE DAYS
 HEATING
  YESTERDAY        0                        11    -11        6
  MONTH TO DATE  122                       314   -192      273
  SINCE DEC 1    645                      1248   -603      942
  SINCE JUL 1    786                      1518   -732     1066

 COOLING
  YESTERDAY        3                         0      3        0
  MONTH TO DATE   16                         0     16        3
  SINCE DEC 1     59                        13     46       79
  SINCE JAN 1     36                         4     32        3
..................................................................


WIND (MPH)
  HIGHEST WIND SPEED     9   HIGHEST WIND DIRECTION     S (180)
  HIGHEST GUST SPEED    15   HIGHEST GUST DIRECTION    SE (120)
  AVERAGE WIND SPEED     2.6




RELATIVE HUMIDITY (PERCENT)
 HIGHEST   100
 LOWEST     42
 AVERAGE    71

..........................................................


THE ALBANY CLIMATE NORMALS FOR TODAY
                         NORMAL    RECORD    YEAR
 MAXIMUM TEMPERATURE (F)   67        82      1980
 MINIMUM TEMPERATURE (F)   42        16      1989


SUNRISE AND SUNSET
FEBRUARY 25 2017......SUNRISE   708 AM EST   SUNSET   632 PM EST
FEBRUARY 26 2017......SUNRISE   707 AM EST   SUNSET   633 PM EST


-  INDICATES NEGATIVE NUMBERS.
R  INDICATES RECORD WAS SET OR TIED.
MM INDICATES DATA IS MISSING.
T  INDICATES TRACE AMOUNT.




$$
