000
CDUS42 KTAE 300637
CLIABY


CLIMATE REPORT
NATIONAL WEATHER SERVICE TALLAHASSEE FL
237 AM EDT TUE AUG 30 2016


...................................

...THE ALBANY CLIMATE SUMMARY FOR AUGUST 29 2016...

CLIMATE NORMAL PERIOD 1981 TO 2010
CLIMATE RECORD PERIOD 1930 TO 2016


WEATHER ITEM   OBSERVED TIME   RECORD YEAR NORMAL DEPARTURE LAST
                VALUE   (LST)  VALUE       VALUE  FROM      YEAR
                                                  NORMAL
..................................................................
TEMPERATURE (F)
 YESTERDAY
  MAXIMUM         96    349 PM 103    1954  91      5       84
  MINIMUM         75    657 AM  60    1992  71      4       74
  AVERAGE         86                        81      5       79

PRECIPITATION (IN)
  YESTERDAY        0.00                      0.13  -0.13     0.08
  MONTH TO DATE    4.04                      4.60  -0.56     4.38
  SINCE JUN 1     10.68                     15.00  -4.32    14.28
  SINCE JAN 1     33.41                     35.36  -1.95    30.14

SNOWFALL (IN)
  YESTERDAY        0.0

DEGREE DAYS
 HEATING
  YESTERDAY        0                         0      0        0
  MONTH TO DATE    0                         0      0        0
  SINCE JUN 1      0                         0      0        0
  SINCE JUL 1      0                         0      0        0

 COOLING
  YESTERDAY       21                        16      5       14
  MONTH TO DATE  566                       490     76      524
  SINCE JUN 1   1707                      1496    211     1615
  SINCE JAN 1   2199                      1936    263     2219
..................................................................


WIND (MPH)
  HIGHEST WIND SPEED    17   HIGHEST WIND DIRECTION    NE (40)
  HIGHEST GUST SPEED    23   HIGHEST GUST DIRECTION     E (80)
  AVERAGE WIND SPEED     7.8




RELATIVE HUMIDITY (PERCENT)
 HIGHEST    87
 LOWEST     41
 AVERAGE    64

..........................................................


THE ALBANY CLIMATE NORMALS FOR TODAY
                         NORMAL    RECORD    YEAR
 MAXIMUM TEMPERATURE (F)   91       103      1990
 MINIMUM TEMPERATURE (F)   71        56      1986


SUNRISE AND SUNSET
AUGUST 30 2016........SUNRISE   712 AM EDT   SUNSET   802 PM EDT
AUGUST 31 2016........SUNRISE   712 AM EDT   SUNSET   801 PM EDT


-  INDICATES NEGATIVE NUMBERS.
R  INDICATES RECORD WAS SET OR TIED.
MM INDICATES DATA IS MISSING.
T  INDICATES TRACE AMOUNT.




$$
