000
CDUS42 KTAE 240630
CLIABY


CLIMATE REPORT
NATIONAL WEATHER SERVICE TALLAHASSEE FL
230 AM EDT SAT JUN 24 2017


...................................

...THE ALBANY CLIMATE SUMMARY FOR JUNE 23 2017...

CLIMATE NORMAL PERIOD 1981 TO 2010
CLIMATE RECORD PERIOD 1930 TO 2017


WEATHER ITEM   OBSERVED TIME   RECORD YEAR NORMAL DEPARTURE LAST
                VALUE   (LST)  VALUE       VALUE  FROM      YEAR
                                                  NORMAL
..................................................................
TEMPERATURE (F)
 YESTERDAY
  MAXIMUM         94    256 PM 104    1944  92      2       95
  MINIMUM         74    318 AM  57    1972  71      3       68
  AVERAGE         84                        81      3       82

PRECIPITATION (IN)
  YESTERDAY        T                         0.16  -0.16     0.00
  MONTH TO DATE    3.46                      3.83  -0.37     3.05
  SINCE JUN 1      3.46                      3.83  -0.37     3.05
  SINCE JAN 1     22.46                     24.19  -1.73    25.78

SNOWFALL (IN)
  YESTERDAY        0.0

DEGREE DAYS
 HEATING
  YESTERDAY        0                         0      0        0
  MONTH TO DATE    0                         0      0        0
  SINCE JUN 1      0                         0      0        0
  SINCE JUL 1   1002                      1838   -836     1290

 COOLING
  YESTERDAY       19                        16      3       17
  MONTH TO DATE  330                       346    -16      385
  SINCE JUN 1    330                       346    -16      385
  SINCE JAN 1    960                       786    174      877
..................................................................


WIND (MPH)
  HIGHEST WIND SPEED    20   HIGHEST WIND DIRECTION     S (190)
  HIGHEST GUST SPEED    24   HIGHEST GUST DIRECTION     S (190)
  AVERAGE WIND SPEED     6.7




RELATIVE HUMIDITY (PERCENT)
 HIGHEST   100
 LOWEST     52
 AVERAGE    76

..........................................................


THE ALBANY CLIMATE NORMALS FOR TODAY
                         NORMAL    RECORD    YEAR
 MAXIMUM TEMPERATURE (F)   92       104      1944
 MINIMUM TEMPERATURE (F)   71        59      1966


SUNRISE AND SUNSET
JUNE 24 2017..........SUNRISE   633 AM EDT   SUNSET   845 PM EDT
JUNE 25 2017..........SUNRISE   633 AM EDT   SUNSET   845 PM EDT


-  INDICATES NEGATIVE NUMBERS.
R  INDICATES RECORD WAS SET OR TIED.
MM INDICATES DATA IS MISSING.
T  INDICATES TRACE AMOUNT.




$$
