000
CDUS44 KFWD 312122
CLIACT

CLIMATE REPORT
NATIONAL WEATHER SERVICE FORT WORTH TX
422 PM CDT FRI OCT 31 2014


...................................

...THE WACO CLIMATE SUMMARY FOR OCTOBER 31 2014...
VALID AS OF 0400 PM LOCAL TIME.

CLIMATE NORMAL PERIOD 1981 TO 2010
CLIMATE RECORD PERIOD 1901 TO 2014


WEATHER ITEM   OBSERVED TIME   RECORD YEAR NORMAL DEPARTURE LAST
                VALUE   (LST)  VALUE       VALUE  FROM      YEAR
                                                  NORMAL
..................................................................
TEMPERATURE (F)
 TODAY
  MAXIMUM         71    227 PM  90    1977  75     -4       78
  MINIMUM         54    707 AM  25    1993  52      2       50
  AVERAGE         63

PRECIPITATION (IN)
  TODAY            0.00          2.68 1974   0.11  -0.11      T
  MONTH TO DATE    5.01                      3.90   1.11     7.30
  SINCE SEP 1      6.29                      6.96  -0.67    12.73
  SINCE JAN 1     26.87                     29.12  -2.25    34.16

SNOWFALL (IN)
  TODAY            0.0           0.0    MM   0.0    0.0      0.0
  MONTH TO DATE    0.0                       0.0    0.0      0.0
  SINCE SEP 1      0.0                       0.0    0.0      0.0
  SINCE JUL 1      0.0                       0.0    0.0      0.0
  SNOW DEPTH       0

..................................................................


WIND (MPH)
  HIGHEST WIND SPEED    21   HIGHEST WIND DIRECTION     N (10)
  HIGHEST GUST SPEED    29   HIGHEST GUST DIRECTION     N (340)
  AVERAGE WIND SPEED    11.1




..........................................................


THE WACO CLIMATE NORMALS FOR TOMORROW
                         NORMAL    RECORD    YEAR
 MAXIMUM TEMPERATURE (F)   74        91      1955
 MINIMUM TEMPERATURE (F)   52        31      1917


SUNRISE AND SUNSET
OCTOBER 31 2014.......SUNRISE   744 AM CDT   SUNSET   640 PM CDT
NOVEMBER  1 2014......SUNRISE   745 AM CDT   SUNSET   640 PM CDT


-  INDICATES NEGATIVE NUMBERS.
R  INDICATES RECORD WAS SET OR TIED.
MM INDICATES DATA IS MISSING.
T  INDICATES TRACE AMOUNT.




$$
