000
CDUS44 KFWD 290654
CLIACT


CLIMATE REPORT
NATIONAL WEATHER SERVICE FORT WORTH TX
151 AM CDT SAT APR 29 2017

...................................

...THE WACO CLIMATE SUMMARY FOR APRIL 28 2017...

CLIMATE NORMAL PERIOD 1981 TO 2010
CLIMATE RECORD PERIOD 1901 TO 2017

WEATHER ITEM   OBSERVED TIME   RECORD YEAR NORMAL DEPARTURE LAST
                VALUE   (LST)  VALUE       VALUE  FROM      YEAR
                                                  NORMAL
..................................................................
TEMPERATURE (F)
 YESTERDAY
  MAXIMUM         90    209 PM  94    1987  81      9       85
                                      1933
  MINIMUM         66   1217 AM  41    2008  58      8       55
  AVERAGE         78                        70      8       70

PRECIPITATION (IN)
  YESTERDAY        0.00          2.20 1936   0.10  -0.10      T
  MONTH TO DATE    6.97                      2.46   4.51     5.88
  SINCE MAR 1     10.29                      5.61   4.68    11.21
  SINCE JAN 1     16.45                     10.36   6.09    13.66

SNOWFALL (IN)
  YESTERDAY        0.0           0.0    MM   0.0    0.0      0.0
  MONTH TO DATE    0.0                       0.1   -0.1      0.0
  SINCE MAR 1      0.0                       0.2   -0.2      0.0
  SINCE JUL 1      T                         1.0   -1.0      0.0
  SNOW DEPTH       0

DEGREE DAYS
 HEATING
  YESTERDAY        0                         1     -1        0
  MONTH TO DATE   33                        76    -43       52
  SINCE MAR 1    151                       322   -171      203
  SINCE JUL 1   1327                      2134   -807     1680

 COOLING
  YESTERDAY       13                         5      8        5
  MONTH TO DATE  127                        98     29       87
  SINCE MAR 1    222                       132     90      118
  SINCE JAN 1    280                       141    139      126
..................................................................

WIND (MPH)
  HIGHEST WIND SPEED    26   HIGHEST WIND DIRECTION    SE (150)
  HIGHEST GUST SPEED    31   HIGHEST GUST DIRECTION    SE (150)
  AVERAGE WIND SPEED    16.1


SKY COVER
  POSSIBLE SUNSHINE  MM
  AVERAGE SKY COVER 0.4


WEATHER CONDITIONS
 THE FOLLOWING WEATHER WAS RECORDED YESTERDAY.
  NO SIGNIFICANT WEATHER WAS OBSERVED.


RELATIVE HUMIDITY (PERCENT)
 HIGHEST    84           300 AM
 LOWEST     53           400 PM
 AVERAGE    69

..........................................................

THE WACO CLIMATE NORMALS FOR TODAY
                         NORMAL    RECORD    YEAR
 MAXIMUM TEMPERATURE (F)   81        96      1902
 MINIMUM TEMPERATURE (F)   59        43      1996


SUNRISE AND SUNSET
APRIL 29 2017.........SUNRISE   645 AM CDT   SUNSET   808 PM CDT
APRIL 30 2017.........SUNRISE   644 AM CDT   SUNSET   808 PM CDT


-  INDICATES NEGATIVE NUMBERS.
R  INDICATES RECORD WAS SET OR TIED.
MM INDICATES DATA IS MISSING.
T  INDICATES TRACE AMOUNT.


$$
