000
CDUS44 KFWD 140638
CLIACT


CLIMATE REPORT
NATIONAL WEATHER SERVICE FORT WORTH TX
1237 AM CST THU DEC 14 2017


...................................

...THE WACO CLIMATE SUMMARY FOR DECEMBER 13 2017...

CLIMATE NORMAL PERIOD 1981 TO 2010
CLIMATE RECORD PERIOD 1901 TO 2017


WEATHER ITEM   OBSERVED TIME   RECORD YEAR NORMAL DEPARTURE LAST
                VALUE   (LST)  VALUE       VALUE  FROM      YEAR
                                                  NORMAL
..................................................................
TEMPERATURE (F)
 YESTERDAY
  MAXIMUM         70    313 PM  80    1948  59     11       62
                                      1924
  MINIMUM         29    336 AM  18    1989  38     -9       42
  AVERAGE         50                        48      2       52

PRECIPITATION (IN)
  YESTERDAY        0.00          2.65 1923   0.09  -0.09     0.00
  MONTH TO DATE    0.14                      1.15  -1.01     1.12
  SINCE DEC 1      0.14                      1.15  -1.01     1.12
  SINCE JAN 1     31.80                     33.09  -1.29    38.40

SNOWFALL (IN)
  YESTERDAY        0.0           1.0  1963   0.0    0.0      0.0
  MONTH TO DATE    T                         0.0    0.0      0.0
  SINCE DEC 1      T                         0.0    0.0      0.0
  SINCE JUL 1      T                         0.1   -0.1      0.0
  SNOW DEPTH       0

DEGREE DAYS
 HEATING
  YESTERDAY       15                        17     -2       13
  MONTH TO DATE  180                       200    -20      213
  SINCE DEC 1    180                       200    -20      213
  SINCE JUL 1    421                       528   -107      356

 COOLING
  YESTERDAY        0                         0      0        0
  MONTH TO DATE    9                         0      9        0
  SINCE DEC 1      9                         0      9        0
  SINCE JAN 1   3065                      2792    273     3041
..................................................................


WIND (MPH)
  HIGHEST WIND SPEED    17   HIGHEST WIND DIRECTION     S (190)
  HIGHEST GUST SPEED    20   HIGHEST GUST DIRECTION     S (180)
  AVERAGE WIND SPEED     9.5


SKY COVER
  POSSIBLE SUNSHINE  MM
  AVERAGE SKY COVER 0.0


WEATHER CONDITIONS
 THE FOLLOWING WEATHER WAS RECORDED YESTERDAY.
  NO SIGNIFICANT WEATHER WAS OBSERVED.


RELATIVE HUMIDITY (PERCENT)
 HIGHEST    85           200 AM
 LOWEST     22           200 PM
 AVERAGE    54

..........................................................


THE WACO CLIMATE NORMALS FOR TODAY
                         NORMAL    RECORD    YEAR
 MAXIMUM TEMPERATURE (F)   59        80      1995
 MINIMUM TEMPERATURE (F)   37        19      1919


SUNRISE AND SUNSET
DECEMBER 14 2017......SUNRISE   720 AM CST   SUNSET   527 PM CST
DECEMBER 15 2017......SUNRISE   721 AM CST   SUNSET   527 PM CST


-  INDICATES NEGATIVE NUMBERS.
R  INDICATES RECORD WAS SET OR TIED.
MM INDICATES DATA IS MISSING.
T  INDICATES TRACE AMOUNT.




$$
