000
CDUS44 KFWD 170656
CLIACT


CLIMATE REPORT
NATIONAL WEATHER SERVICE FORT WORTH TX
155 AM CDT TUE OCT 17 2017


...................................

...THE WACO CLIMATE SUMMARY FOR OCTOBER 16 2017...

CLIMATE NORMAL PERIOD 1981 TO 2010
CLIMATE RECORD PERIOD 1901 TO 2017


WEATHER ITEM   OBSERVED TIME   RECORD YEAR NORMAL DEPARTURE LAST
                VALUE   (LST)  VALUE       VALUE  FROM      YEAR
                                                  NORMAL
..................................................................
TEMPERATURE (F)
 YESTERDAY
  MAXIMUM         76    415 PM  94    1989  80     -4       92
                                      1909
  MINIMUM         48   1159 PM  38    1952  57     -9       73
  AVERAGE         62                        68     -6       83

PRECIPITATION (IN)
  YESTERDAY        0.00          1.24 1925   0.14  -0.14     0.00
  MONTH TO DATE    0.12                      2.00  -1.88     0.18
  SINCE SEP 1      0.63                      5.06  -4.43     0.90
  SINCE JAN 1     29.34                     27.22   2.12    32.88

SNOWFALL (IN)
  YESTERDAY        0.0           0.0    MM   0.0    0.0      0.0
  MONTH TO DATE    0.0                       0.0    0.0      0.0
  SINCE SEP 1      0.0                       0.0    0.0      0.0
  SINCE JUL 1      0.0                       0.0    0.0      0.0
  SNOW DEPTH       0

DEGREE DAYS
 HEATING
  YESTERDAY        3                         2      1        0
  MONTH TO DATE    3                        18    -15        0
  SINCE SEP 1      3                        24    -21        0
  SINCE JUL 1      3                        24    -21        0

 COOLING
  YESTERDAY        0                         5     -5       18
  MONTH TO DATE  163                       104     59      149
  SINCE SEP 1    598                       503     95      619
  SINCE JAN 1   2938                      2698    240     2859
..................................................................


WIND (MPH)
  HIGHEST WIND SPEED    18   HIGHEST WIND DIRECTION    NE (30)
  HIGHEST GUST SPEED    26   HIGHEST GUST DIRECTION    NE (30)
  AVERAGE WIND SPEED     8.0


SKY COVER
  POSSIBLE SUNSHINE  MM
  AVERAGE SKY COVER 0.0


WEATHER CONDITIONS
 THE FOLLOWING WEATHER WAS RECORDED YESTERDAY.
  NO SIGNIFICANT WEATHER WAS OBSERVED.


RELATIVE HUMIDITY (PERCENT)
 HIGHEST    80           600 AM
 LOWEST     23           300 PM
 AVERAGE    52

..........................................................


THE WACO CLIMATE NORMALS FOR TODAY
                         NORMAL    RECORD    YEAR
 MAXIMUM TEMPERATURE (F)   80        93      2016
                                             2012
                                             2006
 MINIMUM TEMPERATURE (F)   56        39      2001


SUNRISE AND SUNSET
OCTOBER 17 2017.......SUNRISE   734 AM CDT   SUNSET   654 PM CDT
OCTOBER 18 2017.......SUNRISE   734 AM CDT   SUNSET   653 PM CDT


-  INDICATES NEGATIVE NUMBERS.
R  INDICATES RECORD WAS SET OR TIED.
MM INDICATES DATA IS MISSING.
T  INDICATES TRACE AMOUNT.




$$
