000
CDUS44 KFWD 210641
CLIACT

CLIMATE REPORT
NATIONAL WEATHER SERVICE FORT WORTH TX
1239 AM CST FRI NOV 21 2014


...................................

...THE WACO CLIMATE SUMMARY FOR NOVEMBER 20 2014...

CLIMATE NORMAL PERIOD 1981 TO 2010
CLIMATE RECORD PERIOD 1901 TO 2014


WEATHER ITEM   OBSERVED TIME   RECORD YEAR NORMAL DEPARTURE LAST
                VALUE   (LST)  VALUE       VALUE  FROM      YEAR
                                                  NORMAL
..................................................................
TEMPERATURE (F)
 YESTERDAY
  MAXIMUM         73    219 PM  85    1949  67      6       66
  MINIMUM         39    632 AM  23    1937  45     -6       50
  AVERAGE         56                        56      0       58

PRECIPITATION (IN)
  YESTERDAY        T             2.02 1934   0.08  -0.08     0.00
  MONTH TO DATE    1.83                      1.98  -0.15     0.66
  SINCE SEP 1      8.12                      8.94  -0.82    13.39
  SINCE JAN 1     28.70                     31.10  -2.40    34.82

SNOWFALL (IN)
  YESTERDAY       MM             T    1906   0.0   MM        0.0
  MONTH TO DATE    0.0                       0.0    0.0      0.0
  SINCE SEP 1      0.0                       0.0    0.0      0.0
  SINCE JUL 1      0.0                       0.0    0.0      0.0
  SNOW DEPTH       0

DEGREE DAYS
 HEATING
  YESTERDAY        9                        10     -1        7
  MONTH TO DATE  294                       142    152      150
  SINCE SEP 1    306                       209     97      199
  SINCE JUL 1    306                       209     97      199

 COOLING
  YESTERDAY        0                         1     -1        0
  MONTH TO DATE    1                        32    -31       18
  SINCE SEP 1    669                       593     76      659
  SINCE JAN 1   2744                      2788    -44     2870
..................................................................


WIND (MPH)
  HIGHEST WIND SPEED    22   HIGHEST WIND DIRECTION     S (190)
  HIGHEST GUST SPEED    27   HIGHEST GUST DIRECTION     S (180)
  AVERAGE WIND SPEED    10.5


SKY COVER
  POSSIBLE SUNSHINE  MM
  AVERAGE SKY COVER 0.3


WEATHER CONDITIONS
 THE FOLLOWING WEATHER WAS RECORDED YESTERDAY.
  LIGHT RAIN


RELATIVE HUMIDITY (PERCENT)
 HIGHEST   100           600 AM
 LOWEST     57           100 PM
 AVERAGE    79

..........................................................


THE WACO CLIMATE NORMALS FOR TODAY
                         NORMAL    RECORD    YEAR
 MAXIMUM TEMPERATURE (F)   66        85      1967
 MINIMUM TEMPERATURE (F)   44        24      1937


SUNRISE AND SUNSET
NOVEMBER 21 2014......SUNRISE   702 AM CST   SUNSET   527 PM CST
NOVEMBER 22 2014......SUNRISE   703 AM CST   SUNSET   527 PM CST


-  INDICATES NEGATIVE NUMBERS.
R  INDICATES RECORD WAS SET OR TIED.
MM INDICATES DATA IS MISSING.
T  INDICATES TRACE AMOUNT.




$$
