000
CDUS44 KFWD 300638
CLIACT


CLIMATE REPORT
NATIONAL WEATHER SERVICE FORT WORTH TX
138 AM CDT SAT JUL 30 2016


...................................

...THE WACO CLIMATE SUMMARY FOR JULY 29 2016...

CLIMATE NORMAL PERIOD 1981 TO 2010
CLIMATE RECORD PERIOD 1901 TO 2016


WEATHER ITEM   OBSERVED TIME   RECORD YEAR NORMAL DEPARTURE LAST
                VALUE   (LST)  VALUE       VALUE  FROM      YEAR
                                                  NORMAL
..................................................................
TEMPERATURE (F)
 YESTERDAY
  MAXIMUM         95    558 PM 106    1986  98     -3      100
                                      1974
                                      1912
  MINIMUM         77    627 AM  65    1994  75      2       76
  AVERAGE         86                        86      0       88

PRECIPITATION (IN)
  YESTERDAY        0.08          4.93 2004   0.05   0.03     0.00
  MONTH TO DATE    0.14                      1.67  -1.53     0.00
  SINCE JUN 1      4.73                      5.10  -0.37     5.97
  SINCE JAN 1     27.37                     19.99   7.38    27.31

DEGREE DAYS
 HEATING
  YESTERDAY        0                         0      0        0
  MONTH TO DATE    0                         0      0        0
  SINCE JUN 1      0                         0      0        0
  SINCE JUL 1      0                         0      0        0

 COOLING
  YESTERDAY       21                        21      0       23
  MONTH TO DATE  656                       584     72      601
  SINCE JUN 1   1185                      1072    113     1105
  SINCE JAN 1   1576                      1524     52     1540
..................................................................


WIND (MPH)
  HIGHEST WIND SPEED    16   HIGHEST WIND DIRECTION     S (160)
  HIGHEST GUST SPEED    19   HIGHEST GUST DIRECTION     S (160)
  AVERAGE WIND SPEED     6.9


SKY COVER
  POSSIBLE SUNSHINE  MM
  AVERAGE SKY COVER 0.0


WEATHER CONDITIONS
 THE FOLLOWING WEATHER WAS RECORDED YESTERDAY.
  THUNDERSTORM
  HEAVY RAIN


RELATIVE HUMIDITY (PERCENT)
 HIGHEST    82           400 AM
 LOWEST     39           600 PM
 AVERAGE    61

..........................................................


THE WACO CLIMATE NORMALS FOR TODAY
                         NORMAL    RECORD    YEAR
 MAXIMUM TEMPERATURE (F)   98       108      1957
 MINIMUM TEMPERATURE (F)   75        63      1984


SUNRISE AND SUNSET
JULY 30 2016..........SUNRISE   644 AM CDT   SUNSET   826 PM CDT
JULY 31 2016..........SUNRISE   645 AM CDT   SUNSET   825 PM CDT


-  INDICATES NEGATIVE NUMBERS.
R  INDICATES RECORD WAS SET OR TIED.
MM INDICATES DATA IS MISSING.
T  INDICATES TRACE AMOUNT.




$$
