678
CDUS44 KFWD 110639
CLIACT


CLIMATE REPORT
NATIONAL WEATHER SERVICE FORT WORTH TX
1239 AM CST THU FEB 11 2016


...................................

...THE WACO CLIMATE SUMMARY FOR FEBRUARY 10 2016...

CLIMATE NORMAL PERIOD 1981 TO 2010
CLIMATE RECORD PERIOD 1901 TO 2016


WEATHER ITEM   OBSERVED TIME   RECORD YEAR NORMAL DEPARTURE LAST
                VALUE   (LST)  VALUE       VALUE  FROM      YEAR
                                                  NORMAL
..................................................................
TEMPERATURE (F)
 YESTERDAY
  MAXIMUM         74    447 PM  86    1954  61     13       77
  MINIMUM         28    705 AM  15    2011  39    -11       37
  AVERAGE         51                        50      1       57

PRECIPITATION (IN)
  YESTERDAY        0.00          1.53 1998   0.10  -0.10     0.00
  MONTH TO DATE    0.03                      0.84  -0.81      T
  SINCE DEC 1      3.94                      5.71  -1.77     4.02
  SINCE JAN 1      0.32                      2.96  -2.64     3.48

SNOWFALL (IN)
  YESTERDAY        0.0           3.0  1940   0.0    0.0      0.0
  MONTH TO DATE    0.0                       0.1   -0.1      0.0
  SINCE DEC 1      0.0                       0.4   -0.4       T
  SINCE JUL 1      0.0                       0.5   -0.5       T
  SNOW DEPTH       0

DEGREE DAYS
 HEATING
  YESTERDAY       14                        15     -1        8
  MONTH TO DATE  173                       162     11      149
  SINCE DEC 1   1103                      1242   -139     1211
  SINCE JUL 1   1338                      1570   -232     1593

 COOLING
  YESTERDAY        0                         0      0        0
  MONTH TO DATE    0                         0      0        0
  SINCE DEC 1      5                         8     -3        4
  SINCE JAN 1      0                         3     -3        0
..................................................................


WIND (MPH)
  HIGHEST WIND SPEED    20   HIGHEST WIND DIRECTION    SW (210)
  HIGHEST GUST SPEED    27   HIGHEST GUST DIRECTION     E (90)
  AVERAGE WIND SPEED     9.1


SKY COVER
  POSSIBLE SUNSHINE  MM
  AVERAGE SKY COVER 0.0


WEATHER CONDITIONS
 THE FOLLOWING WEATHER WAS RECORDED YESTERDAY.
  NO SIGNIFICANT WEATHER WAS OBSERVED.


RELATIVE HUMIDITY (PERCENT)
 HIGHEST    85           500 AM
 LOWEST     20           400 PM
 AVERAGE    53

..........................................................


THE WACO CLIMATE NORMALS FOR TODAY
                         NORMAL    RECORD    YEAR
 MAXIMUM TEMPERATURE (F)   61        81      1922
 MINIMUM TEMPERATURE (F)   39        12      1981


SUNRISE AND SUNSET
FEBRUARY 11 2016......SUNRISE   715 AM CST   SUNSET   612 PM CST
FEBRUARY 12 2016......SUNRISE   714 AM CST   SUNSET   613 PM CST


-  INDICATES NEGATIVE NUMBERS.
R  INDICATES RECORD WAS SET OR TIED.
MM INDICATES DATA IS MISSING.
T  INDICATES TRACE AMOUNT.




$$
