000
CDUS44 KFWD 010642
CLIACT


CLIMATE REPORT
NATIONAL WEATHER SERVICE FORT WORTH TX
141 AM CDT SAT AUG 1 2015

...THE WACO CLIMATE SUMMARY FOR JULY 31 2015...

CLIMATE NORMAL PERIOD 1981 TO 2010
CLIMATE RECORD PERIOD 1901 TO 2015


WEATHER ITEM   OBSERVED TIME   RECORD YEAR NORMAL DEPARTURE LAST
                VALUE   (LST)  VALUE       VALUE  FROM      YEAR
                                                  NORMAL
..................................................................
TEMPERATURE (F)
 YESTERDAY
  MAXIMUM        102    208 PM 108    1986  98      4       91
  MINIMUM         76    606 AM  63    1984  75      1       73
                                      1971
  AVERAGE         89                        86      3       82

PRECIPITATION (IN)
  YESTERDAY        0.00          2.71 1933   0.06  -0.06     0.00
  MONTH TO DATE    0.00                      1.79  -1.79     0.15
  SINCE JUN 1      5.97                      5.22   0.75     8.46
  SINCE JAN 1     27.31                     20.11   7.20    19.60

DEGREE DAYS
 HEATING
  YESTERDAY        0                         0      0        0
  MONTH TO DATE    0                         0      0        0
  SINCE JUN 1      0                         0      0        0
  SINCE JUL 1      0                         0      0        0

 COOLING
  YESTERDAY       24                        21      3       17
  MONTH TO DATE  649                       626     23      563
  SINCE JUN 1   1153                      1114     39     1044
  SINCE JAN 1   1588                      1566     22     1431
..................................................................


WIND (MPH)
  HIGHEST WIND SPEED    20   HIGHEST WIND DIRECTION     E (100)
  HIGHEST GUST SPEED    24   HIGHEST GUST DIRECTION     E (100)
  AVERAGE WIND SPEED     7.4


SKY COVER
  POSSIBLE SUNSHINE  MM
  AVERAGE SKY COVER 0.1


WEATHER CONDITIONS
 THE FOLLOWING WEATHER WAS RECORDED YESTERDAY.
  NO SIGNIFICANT WEATHER WAS OBSERVED.


RELATIVE HUMIDITY (PERCENT)
 HIGHEST    82           600 AM
 LOWEST     37           200 PM
 AVERAGE    60

..........................................................


THE WACO CLIMATE NORMALS FOR TODAY
                         NORMAL    RECORD    YEAR
 MAXIMUM TEMPERATURE (F)   98       107      2011
 MINIMUM TEMPERATURE (F)   75        58      1936


SUNRISE AND SUNSET
AUGUST  1 2015........SUNRISE   645 AM CDT   SUNSET   825 PM CDT
AUGUST  2 2015........SUNRISE   645 AM CDT   SUNSET   824 PM CDT


-  INDICATES NEGATIVE NUMBERS.
R  INDICATES RECORD WAS SET OR TIED.
MM INDICATES DATA IS MISSING.
T  INDICATES TRACE AMOUNT.




$$
