000
CDUS44 KFWD 010718
CLIACT


CLIMATE REPORT
NATIONAL WEATHER SERVICE FORT WORTH TX
218 AM CDT SUN MAY 1 2016


...................................

...THE WACO CLIMATE SUMMARY FOR APRIL 30 2016...

CLIMATE NORMAL PERIOD 1981 TO 2010
CLIMATE RECORD PERIOD 1901 TO 2016


WEATHER ITEM   OBSERVED TIME   RECORD YEAR NORMAL DEPARTURE LAST
                VALUE   (LST)  VALUE       VALUE  FROM      YEAR
                                                  NORMAL
..................................................................
TEMPERATURE (F)
 YESTERDAY
  MAXIMUM         81    523 PM  94    1981  81      0       79
                                      1902
  MINIMUM         63   1159 PM  40    1996  59      4       48
                                      1908
                                      1903
  AVERAGE         72                        70      2       64

PRECIPITATION (IN)
  YESTERDAY        0.00          3.41 1944   0.12  -0.12     0.00
  MONTH TO DATE    6.55                      2.69   3.86     4.49
  SINCE MAR 1     11.88                      5.84   6.04     7.34
  SINCE JAN 1     14.33                     10.59   3.74    12.07

SNOWFALL (IN)
  YESTERDAY        0.0           0.0    MM   0.0    0.0      0.0
  MONTH TO DATE    0.0                       0.1   -0.1      0.0
  SINCE MAR 1      0.0                       0.2   -0.2      0.7
  SINCE JUL 1      0.0                       1.0   -1.0      1.4
  SNOW DEPTH       0

DEGREE DAYS
 HEATING
  YESTERDAY        0                         1     -1        1
  MONTH TO DATE   52                        78    -26       55
  SINCE MAR 1    203                       324   -121      350
  SINCE JUL 1   1680                      2136   -456     2304

 COOLING
  YESTERDAY        7                         6      1        0
  MONTH TO DATE  105                       111     -6      134
  SINCE MAR 1    136                       145     -9      161
  SINCE JAN 1    144                       154    -10      161
..................................................................


WIND (MPH)
  HIGHEST WIND SPEED    18   HIGHEST WIND DIRECTION     N (340)
  HIGHEST GUST SPEED    21   HIGHEST GUST DIRECTION    NW (330)
  AVERAGE WIND SPEED     6.9


SKY COVER
  POSSIBLE SUNSHINE  MM
  AVERAGE SKY COVER 0.3


WEATHER CONDITIONS
 THE FOLLOWING WEATHER WAS RECORDED YESTERDAY.
  FOG


RELATIVE HUMIDITY (PERCENT)
 HIGHEST    93           100 AM
 LOWEST     54           400 PM
 AVERAGE    74

..........................................................


THE WACO CLIMATE NORMALS FOR TODAY
                         NORMAL    RECORD    YEAR
 MAXIMUM TEMPERATURE (F)   81        94      2002
                                             1902
 MINIMUM TEMPERATURE (F)   59        35      2014


SUNRISE AND SUNSET
MAY  1 2016...........SUNRISE   643 AM CDT   SUNSET   809 PM CDT
MAY  2 2016...........SUNRISE   642 AM CDT   SUNSET   810 PM CDT


-  INDICATES NEGATIVE NUMBERS.
R  INDICATES RECORD WAS SET OR TIED.
MM INDICATES DATA IS MISSING.
T  INDICATES TRACE AMOUNT.




$$
