025
CDUS41 KPHI 100637
CLIACY


CLIMATE REPORT
NATIONAL WEATHER SERVICE MOUNT HOLLY NJ
133 AM EST WED FEB 10 2016


...................................

...THE ATLANTIC CITY NJ CLIMATE SUMMARY FOR FEBRUARY 9 2016...

CLIMATE NORMAL PERIOD 1981 TO 2010
CLIMATE RECORD PERIOD 1874 TO 2016


WEATHER ITEM   OBSERVED TIME   RECORD YEAR NORMAL DEPARTURE LAST
                VALUE   (LST)  VALUE       VALUE  FROM      YEAR
                                                  NORMAL
..................................................................
TEMPERATURE (F)
 YESTERDAY
  MAXIMUM         41   1206 PM  67    1990  43     -2       40
  MINIMUM         32    204 AM  -9    1934  26      6       29
  AVERAGE         37                        34      3       35

PRECIPITATION (IN)
  YESTERDAY        0.04          1.02 1882   0.10  -0.06      T
  MONTH TO DATE    1.59                      0.87   0.72     1.10
  SINCE DEC 1      9.87                      7.78   2.09    11.91
  SINCE JAN 1      4.43                      4.09   0.34     6.38

SNOWFALL (IN)
  YESTERDAY        T             4.1  1987   0.3   -0.3      0.0
  MONTH TO DATE    2.1                       2.3   -0.2       T
  SINCE DEC 1     18.8                      10.5    8.3      5.2
  SINCE JUL 1     18.8                      10.7    8.1      5.2
  SNOW DEPTH       0

DEGREE DAYS
 HEATING
  YESTERDAY       28                        31     -3       30
  MONTH TO DATE  218                       281    -63      300
  SINCE DEC 1   1629                      2135   -506     2140
  SINCE JUL 1   2324                      3042   -718     3047

 COOLING
  YESTERDAY        0                         0      0        0
  MONTH TO DATE    0                         0      0        0
  SINCE DEC 1      3                         0      3        0
  SINCE JAN 1      0                         0      0        0
..................................................................


WIND (MPH)
  HIGHEST WIND SPEED    15   HIGHEST WIND DIRECTION    NE (60)
  HIGHEST GUST SPEED    21   HIGHEST GUST DIRECTION    NE (50)
  AVERAGE WIND SPEED     8.6


SKY COVER
  POSSIBLE SUNSHINE  MM
  AVERAGE SKY COVER 1.0


WEATHER CONDITIONS
 THE FOLLOWING WEATHER WAS RECORDED YESTERDAY.
  LIGHT RAIN
  LIGHT SNOW
  FOG
  HAZE


RELATIVE HUMIDITY (PERCENT)
 HIGHEST    89          1200 AM
 LOWEST     59           100 PM
 AVERAGE    74

..........................................................


THE ATLANTIC CITY NJ CLIMATE NORMALS FOR TODAY
                         NORMAL    RECORD    YEAR
 MAXIMUM TEMPERATURE (F)   43        60      2001
                                             1959
 MINIMUM TEMPERATURE (F)   26        -7      1979
                                             1899


SUNRISE AND SUNSET
FEBRUARY 10 2016......SUNRISE   657 AM EST   SUNSET   529 PM EST
FEBRUARY 11 2016......SUNRISE   656 AM EST   SUNSET   530 PM EST


-  INDICATES NEGATIVE NUMBERS.
R  INDICATES RECORD WAS SET OR TIED.
MM INDICATES DATA IS MISSING.
T  INDICATES TRACE AMOUNT.




$$
