000
CDUS41 KPHI 120601
CLIACY


CLIMATE REPORT
NATIONAL WEATHER SERVICE MOUNT HOLLY NJ
101 AM EST TUE DEC 12 2017


...................................

...THE ATLANTIC CITY NJ CLIMATE SUMMARY FOR DECEMBER 11 2017...

CLIMATE NORMAL PERIOD 1981 TO 2010
CLIMATE RECORD PERIOD 1874 TO 2017


WEATHER ITEM   OBSERVED TIME   RECORD YEAR NORMAL DEPARTURE LAST
                VALUE   (LST)  VALUE       VALUE  FROM      YEAR
                                                  NORMAL
..................................................................
TEMPERATURE (F)
 YESTERDAY
  MAXIMUM         45    201 PM  66    1971  47     -2       46
  MINIMUM         27    813 PM   5    1968  30     -3       24
  AVERAGE         36                        38     -2       35

PRECIPITATION (IN)
  YESTERDAY        T             3.68 2008   0.12  -0.12     0.00
  MONTH TO DATE    0.81                      1.35  -0.54     1.20
  SINCE DEC 1      0.81                      1.35  -0.54     1.20
  SINCE JAN 1     49.74                     39.41  10.33    42.93

SNOWFALL (IN)
  YESTERDAY        T             6.2  1960   0.1   -0.1      0.0
  MONTH TO DATE    3.0                       1.0    2.0      0.0
  SINCE DEC 1      3.0                       1.0    2.0      0.0
  SINCE JUL 1      3.0                       1.2    1.8       T
  SNOW DEPTH       0

DEGREE DAYS
 HEATING
  YESTERDAY       29                        27      2       30
  MONTH TO DATE  257                       275    -18      265
  SINCE DEC 1    257                       275    -18      265
  SINCE JUL 1    960                      1182   -222     1012

 COOLING
  YESTERDAY        0                         0      0        0
  MONTH TO DATE    0                         0      0        0
  SINCE DEC 1      0                         0      0        0
  SINCE JAN 1   1264                      1055    209     1340
..................................................................


WIND (MPH)
  HIGHEST WIND SPEED    20   HIGHEST WIND DIRECTION     W (290)
  HIGHEST GUST SPEED    27   HIGHEST GUST DIRECTION     W (290)
  AVERAGE WIND SPEED     5.7


SKY COVER
  POSSIBLE SUNSHINE  MM
  AVERAGE SKY COVER 0.5


WEATHER CONDITIONS
 THE FOLLOWING WEATHER WAS RECORDED YESTERDAY.
  LIGHT SNOW
  FOG


RELATIVE HUMIDITY (PERCENT)
 HIGHEST    89           500 AM
 LOWEST     40          1200 PM
 AVERAGE    65

..........................................................


THE ATLANTIC CITY NJ CLIMATE NORMALS FOR TODAY
                         NORMAL    RECORD    YEAR
 MAXIMUM TEMPERATURE (F)   47        71      2015
 MINIMUM TEMPERATURE (F)   29         5      1988


SUNRISE AND SUNSET
DECEMBER 12 2017......SUNRISE   709 AM EST   SUNSET   435 PM EST
DECEMBER 13 2017......SUNRISE   710 AM EST   SUNSET   435 PM EST


-  INDICATES NEGATIVE NUMBERS.
R  INDICATES RECORD WAS SET OR TIED.
MM INDICATES DATA IS MISSING.
T  INDICATES TRACE AMOUNT.




$$
