000
CDUS41 KPHI 110632
CLIACY


CLIMATE REPORT
NATIONAL WEATHER SERVICE MOUNT HOLLY NJ
131 AM EST SUN DEC 11 2016


...................................

...THE ATLANTIC CITY NJ CLIMATE SUMMARY FOR DECEMBER 10 2016...

CLIMATE NORMAL PERIOD 1981 TO 2010
CLIMATE RECORD PERIOD 1874 TO 2016


WEATHER ITEM   OBSERVED TIME   RECORD YEAR NORMAL DEPARTURE LAST
                VALUE   (LST)  VALUE       VALUE  FROM      YEAR
                                                  NORMAL
..................................................................
TEMPERATURE (F)
 YESTERDAY
  MAXIMUM         40    105 PM  66    1966  47     -7       64
  MINIMUM         24   1123 PM   0    1968  30     -6       39
  AVERAGE         32                        39     -7       52

PRECIPITATION (IN)
  YESTERDAY        0.00          2.26 1878   0.13  -0.13      T
  MONTH TO DATE    1.20                      1.23  -0.03     0.88
  SINCE DEC 1      1.20                      1.23  -0.03     0.88
  SINCE JAN 1     42.93                     39.29   3.64    41.98

SNOWFALL (IN)
  YESTERDAY        0.0           9.0  1904   0.1   -0.1      0.0
  MONTH TO DATE    0.0                       0.9   -0.9      0.0
  SINCE DEC 1      0.0                       0.9   -0.9      0.0
  SINCE JUL 1      T                         1.1   -1.1      0.0
  SNOW DEPTH       0

DEGREE DAYS
 HEATING
  YESTERDAY       33                        26      7       13
  MONTH TO DATE  235                       248    -13      190
  SINCE DEC 1    235                       248    -13      190
  SINCE JUL 1    982                      1155   -173      885

 COOLING
  YESTERDAY        0                         0      0        0
  MONTH TO DATE    0                         0      0        0
  SINCE DEC 1      0                         0      0        0
  SINCE JAN 1   1340                      1055    285     1296
..................................................................


WIND (MPH)
  HIGHEST WIND SPEED    18   HIGHEST WIND DIRECTION    NW (310)
  HIGHEST GUST SPEED    26   HIGHEST GUST DIRECTION     W (290)
  AVERAGE WIND SPEED     8.6


SKY COVER
  POSSIBLE SUNSHINE  MM
  AVERAGE SKY COVER 0.2


WEATHER CONDITIONS
 THE FOLLOWING WEATHER WAS RECORDED YESTERDAY.
  NO SIGNIFICANT WEATHER WAS OBSERVED.


RELATIVE HUMIDITY (PERCENT)
 HIGHEST    68           500 AM
 LOWEST     40           100 PM
 AVERAGE    54

..........................................................


THE ATLANTIC CITY NJ CLIMATE NORMALS FOR TODAY
                         NORMAL    RECORD    YEAR
 MAXIMUM TEMPERATURE (F)   47        66      1971
 MINIMUM TEMPERATURE (F)   30         5      1968


SUNRISE AND SUNSET
DECEMBER 11 2016......SUNRISE   709 AM EST   SUNSET   435 PM EST
DECEMBER 12 2016......SUNRISE   709 AM EST   SUNSET   435 PM EST


-  INDICATES NEGATIVE NUMBERS.
R  INDICATES RECORD WAS SET OR TIED.
MM INDICATES DATA IS MISSING.
T  INDICATES TRACE AMOUNT.




$$
