000
CDUS41 KPHI 260637
CLIACY


CLIMATE REPORT
NATIONAL WEATHER SERVICE MOUNT HOLLY NJ
236 AM EDT TUE MAY 26 2015


...................................

...THE ATLANTIC CITY NJ CLIMATE SUMMARY FOR MAY 25 2015...

CLIMATE NORMAL PERIOD 1981 TO 2010
CLIMATE RECORD PERIOD 1874 TO 2015


WEATHER ITEM   OBSERVED TIME   RECORD YEAR NORMAL DEPARTURE LAST
                VALUE   (LST)  VALUE       VALUE  FROM      YEAR
                                                  NORMAL
..................................................................
TEMPERATURE (F)
 YESTERDAY
  MAXIMUM         84    156 PM  94    1991  74     10       81
  MINIMUM         59    434 AM  38    1963  54      5       47
  AVERAGE         72                        64      8       64

PRECIPITATION (IN)
  YESTERDAY        0.00          1.26 1900   0.12  -0.12     0.00
  MONTH TO DATE    0.71                      2.66  -1.95     1.76
  SINCE MAR 1      9.90                     10.50  -0.60    11.13
  SINCE JAN 1     17.96                     16.59   1.37    19.68

SNOWFALL (IN)
  YESTERDAY        0.0           0.0  1903   0.0    0.0      0.0
  MONTH TO DATE    0.0                       0.0    0.0      0.0
  SINCE MAR 1      7.4                       1.4    6.0     15.6
  SINCE JUL 1     22.4                      16.5    5.9     43.8
  SNOW DEPTH       0

DEGREE DAYS
 HEATING
  YESTERDAY        0                         4     -4        1
  MONTH TO DATE   80                       157    -77      102
  SINCE MAR 1   1279                      1270      9     1415
  SINCE JUL 1   5154                      4861    293     5278

 COOLING
  YESTERDAY        7                         3      4        0
  MONTH TO DATE   79                        37     42       14
  SINCE MAR 1     79                        46     33       14
  SINCE JAN 1     79                        46     33       14
..................................................................


WIND (MPH)
  HIGHEST WIND SPEED    22   HIGHEST WIND DIRECTION     S (200)
  HIGHEST GUST SPEED    29   HIGHEST GUST DIRECTION     S (200)
  AVERAGE WIND SPEED    11.2


SKY COVER
  POSSIBLE SUNSHINE  MM
  AVERAGE SKY COVER 0.0


WEATHER CONDITIONS
 THE FOLLOWING WEATHER WAS RECORDED YESTERDAY.
  NO SIGNIFICANT WEATHER WAS OBSERVED.


RELATIVE HUMIDITY (PERCENT)
 HIGHEST    84           300 AM
 LOWEST     37           200 PM
 AVERAGE    61

..........................................................


THE ATLANTIC CITY NJ CLIMATE NORMALS FOR TODAY
                         NORMAL    RECORD    YEAR
 MAXIMUM TEMPERATURE (F)   74        93      1965
 MINIMUM TEMPERATURE (F)   54        40      1992
                                             1988


SUNRISE AND SUNSET
MAY 26 2015...........SUNRISE   536 AM EDT   SUNSET   815 PM EDT
MAY 27 2015...........SUNRISE   536 AM EDT   SUNSET   815 PM EDT


-  INDICATES NEGATIVE NUMBERS.
R  INDICATES RECORD WAS SET OR TIED.
MM INDICATES DATA IS MISSING.
T  INDICATES TRACE AMOUNT.




$$
