283
CDUS41 KPHI 250635
CLIACY


CLIMATE REPORT
NATIONAL WEATHER SERVICE MOUNT HOLLY NJ
233 AM EDT MON JUL 25 2016


...................................

...THE ATLANTIC CITY NJ CLIMATE SUMMARY FOR JULY 24 2016...

CLIMATE NORMAL PERIOD 1981 TO 2010
CLIMATE RECORD PERIOD 1874 TO 2016


WEATHER ITEM   OBSERVED TIME   RECORD YEAR NORMAL DEPARTURE LAST
                VALUE   (LST)  VALUE       VALUE  FROM      YEAR
                                                  NORMAL
..................................................................
TEMPERATURE (F)
 YESTERDAY
  MAXIMUM         89    103 PM 100    2011  86      3       84
  MINIMUM         69    305 AM  53    2007  67      2       61
  AVERAGE         79                        76      3       73

PRECIPITATION (IN)
  YESTERDAY        0.00          4.44 1979   0.12  -0.12     0.00
  MONTH TO DATE    6.56                      2.84   3.72     5.82
  SINCE JUN 1      8.87                      5.95   2.92    14.18
  SINCE JAN 1     28.93                     23.23   5.70    30.43

SNOWFALL (IN)
  YESTERDAY        0.0           0.0  1903   0.0    0.0      0.0
  MONTH TO DATE    0.0                       0.0    0.0      0.0
  SINCE JUN 1      0.0                       0.0    0.0      0.0
  SINCE JUL 1      0.0                       0.0    0.0      0.0
  SNOW DEPTH       0

DEGREE DAYS
 HEATING
  YESTERDAY        0                         0      0        0
  MONTH TO DATE    0                         0      0        0
  SINCE JUN 1      4                        27    -23       26
  SINCE JUL 1      0                         0      0        0

 COOLING
  YESTERDAY       14                        11      3        8
  MONTH TO DATE  304                       269     35      262
  SINCE JUN 1    496                       472     24      507
  SINCE JAN 1    575                       536     39      641
..................................................................


WIND (MPH)
  HIGHEST WIND SPEED    15   HIGHEST WIND DIRECTION     S (180)
  HIGHEST GUST SPEED    20   HIGHEST GUST DIRECTION     S (170)
  AVERAGE WIND SPEED     6.4


SKY COVER
  POSSIBLE SUNSHINE  MM
  AVERAGE SKY COVER 0.0


WEATHER CONDITIONS
 THE FOLLOWING WEATHER WAS RECORDED YESTERDAY.
  NO SIGNIFICANT WEATHER WAS OBSERVED.


RELATIVE HUMIDITY (PERCENT)
 HIGHEST    93           100 AM
 LOWEST     39           200 PM
 AVERAGE    66

..........................................................


THE ATLANTIC CITY NJ CLIMATE NORMALS FOR TODAY
                         NORMAL    RECORD    YEAR
 MAXIMUM TEMPERATURE (F)   86        99      2010
 MINIMUM TEMPERATURE (F)   67        53      1969


SUNRISE AND SUNSET
JULY 25 2016..........SUNRISE   552 AM EDT   SUNSET   817 PM EDT
JULY 26 2016..........SUNRISE   553 AM EDT   SUNSET   816 PM EDT


-  INDICATES NEGATIVE NUMBERS.
R  INDICATES RECORD WAS SET OR TIED.
MM INDICATES DATA IS MISSING.
T  INDICATES TRACE AMOUNT.




$$
