000
CDUS41 KPHI 220547
CLIACY


CLIMATE REPORT
NATIONAL WEATHER SERVICE MOUNT HOLLY NJ
146 AM EDT SUN OCT 22 2017


...................................

...THE ATLANTIC CITY NJ CLIMATE SUMMARY FOR OCTOBER 21 2017...

CLIMATE NORMAL PERIOD 1981 TO 2010
CLIMATE RECORD PERIOD 1874 TO 2017


WEATHER ITEM   OBSERVED TIME   RECORD YEAR NORMAL DEPARTURE LAST
                VALUE   (LST)  VALUE       VALUE  FROM      YEAR
                                                  NORMAL
..................................................................
TEMPERATURE (F)
 YESTERDAY
  MAXIMUM         76    234 PM  85    1947  65     11       77
  MINIMUM         46    350 AM  26    1974  44      2       59
                                      1972
  AVERAGE         61                        54      7       68

PRECIPITATION (IN)
  YESTERDAY        0.00          2.65 1906   0.11  -0.11     0.02
  MONTH TO DATE    0.90                      2.30  -1.40     2.13
  SINCE SEP 1      4.95                      5.45  -0.50     7.42
  SINCE JAN 1     43.52                     33.67   9.85    39.72

SNOWFALL (IN)
  YESTERDAY        0.0           0.0    MM   0.0    0.0      0.0
  MONTH TO DATE    0.0                       0.0    0.0      0.0
  SINCE SEP 1      0.0                       0.0    0.0      0.0
  SINCE JUL 1      0.0                       0.0    0.0      0.0
  SNOW DEPTH       0

DEGREE DAYS
 HEATING
  YESTERDAY        4                        11     -7        0
  MONTH TO DATE   71                       171   -100      100
  SINCE SEP 1     90                       230   -140      115
  SINCE JUL 1     90                       233   -143      115

 COOLING
  YESTERDAY        0                         0      0        3
  MONTH TO DATE   67                        16     51       26
  SINCE SEP 1    240                       141     99      231
  SINCE JAN 1   1257                      1050    207     1334
..................................................................


WIND (MPH)
  HIGHEST WIND SPEED     8   HIGHEST WIND DIRECTION     S (170)
  HIGHEST GUST SPEED    12   HIGHEST GUST DIRECTION     S (160)
  AVERAGE WIND SPEED     2.1


SKY COVER
  POSSIBLE SUNSHINE  MM
  AVERAGE SKY COVER 0.0


WEATHER CONDITIONS
 THE FOLLOWING WEATHER WAS RECORDED YESTERDAY.
  FOG


RELATIVE HUMIDITY (PERCENT)
 HIGHEST    93           900 PM
 LOWEST     31           300 PM
 AVERAGE    62

..........................................................


THE ATLANTIC CITY NJ CLIMATE NORMALS FOR TODAY
                         NORMAL    RECORD    YEAR
 MAXIMUM TEMPERATURE (F)   65        85      1920
 MINIMUM TEMPERATURE (F)   44        28      1974


SUNRISE AND SUNSET
OCTOBER 22 2017.......SUNRISE   716 AM EDT   SUNSET   609 PM EDT
OCTOBER 23 2017.......SUNRISE   717 AM EDT   SUNSET   608 PM EDT


-  INDICATES NEGATIVE NUMBERS.
R  INDICATES RECORD WAS SET OR TIED.
MM INDICATES DATA IS MISSING.
T  INDICATES TRACE AMOUNT.




$$
