000
CDUS41 KPHI 260631
CLIACY


CLIMATE REPORT
NATIONAL WEATHER SERVICE MOUNT HOLLY NJ
230 AM EDT SUN MAR 26 2017


...................................

...THE ATLANTIC CITY NJ CLIMATE SUMMARY FOR MARCH 25 2017...

CLIMATE NORMAL PERIOD 1981 TO 2010
CLIMATE RECORD PERIOD 1874 TO 2017


WEATHER ITEM   OBSERVED TIME   RECORD YEAR NORMAL DEPARTURE LAST
                VALUE   (LST)  VALUE       VALUE  FROM      YEAR
                                                  NORMAL
..................................................................
TEMPERATURE (F)
 YESTERDAY
  MAXIMUM         81R   223 PM  79    1963  54     27       71
  MINIMUM         45   1159 PM  10    1878  35     10       49
  AVERAGE         63                        45     18       60

PRECIPITATION (IN)
  YESTERDAY        0.00          2.21 1876   0.14  -0.14     0.10
  MONTH TO DATE    3.71                      3.36   0.35     2.47
  SINCE MAR 1      3.71                      3.36   0.35     2.47
  SINCE JAN 1      9.26                      9.45  -0.19     9.82

SNOWFALL (IN)
  YESTERDAY        0.0           3.9  2014   0.0    0.0      0.0
  MONTH TO DATE    0.2                       1.0   -0.8      5.1
  SINCE MAR 1      0.2                       1.0   -0.8      5.1
  SINCE JUL 1      7.7                      16.1   -8.4     25.7
  SNOW DEPTH       0

DEGREE DAYS
 HEATING
  YESTERDAY        2                        20    -18        5
  MONTH TO DATE  622                       591     31      442
  SINCE MAR 1    622                       591     31      442
  SINCE JUL 1   3618                      4182   -564     3323

 COOLING
  YESTERDAY        0                         0      0        0
  MONTH TO DATE    0                         0      0        3
  SINCE MAR 1      0                         0      0        3
  SINCE JAN 1      0                         0      0        3
..................................................................


WIND (MPH)
  HIGHEST WIND SPEED    23   HIGHEST WIND DIRECTION    NE (60)
  HIGHEST GUST SPEED    29   HIGHEST GUST DIRECTION    NE (60)
  AVERAGE WIND SPEED    11.5


SKY COVER
  POSSIBLE SUNSHINE  MM
  AVERAGE SKY COVER 0.3


WEATHER CONDITIONS
 THE FOLLOWING WEATHER WAS RECORDED YESTERDAY.
  NO SIGNIFICANT WEATHER WAS OBSERVED.


RELATIVE HUMIDITY (PERCENT)
 HIGHEST    83          1100 PM
 LOWEST     35           100 PM
 AVERAGE    59

..........................................................


THE ATLANTIC CITY NJ CLIMATE NORMALS FOR TODAY
                         NORMAL    RECORD    YEAR
 MAXIMUM TEMPERATURE (F)   55        72      1929
 MINIMUM TEMPERATURE (F)   36        16      1981


SUNRISE AND SUNSET
MARCH 26 2017.........SUNRISE   652 AM EDT   SUNSET   716 PM EDT
MARCH 27 2017.........SUNRISE   650 AM EDT   SUNSET   717 PM EDT


-  INDICATES NEGATIVE NUMBERS.
R  INDICATES RECORD WAS SET OR TIED.
MM INDICATES DATA IS MISSING.
T  INDICATES TRACE AMOUNT.




$$
