000
CDUS41 KPHI 180627
CLIACY


CLIMATE REPORT
NATIONAL WEATHER SERVICE MOUNT HOLLY NJ
127 AM EST THU DEC 18 2014


...................................

...THE ATLANTIC CITY NJ CLIMATE SUMMARY FOR DECEMBER 17 2014...

CLIMATE NORMAL PERIOD 1981 TO 2010
CLIMATE RECORD PERIOD 1874 TO 2014


WEATHER ITEM   OBSERVED TIME   RECORD YEAR NORMAL DEPARTURE LAST
                VALUE   (LST)  VALUE       VALUE  FROM      YEAR
                                                  NORMAL
..................................................................
TEMPERATURE (F)
 YESTERDAY
  MAXIMUM         54    120 PM  65    1984  45      9       45
  MINIMUM         37   1159 PM   6    1876  28      9       27
  AVERAGE         46                        37      9       36

PRECIPITATION (IN)
  YESTERDAY        0.00          1.36 1890   0.12  -0.12     0.10
  MONTH TO DATE    4.28                      2.09   2.19     4.27
  SINCE DEC 1      4.28                      2.09   2.19     4.27
  SINCE JAN 1     53.11                     40.15  12.96    44.33

SNOWFALL (IN)
  YESTERDAY        0.0           0.2  2013   0.1   -0.1      0.2
  MONTH TO DATE    0.4                       1.8   -1.4      3.3
  SINCE DEC 1      0.4                       1.8   -1.4      3.3
  SINCE JUL 1      0.4                       2.0   -1.6      3.3
  SNOW DEPTH       0

DEGREE DAYS
 HEATING
  YESTERDAY       19                        28     -9       29
  MONTH TO DATE  405                       441    -36      466
  SINCE DEC 1    405                       441    -36      466
  SINCE JUL 1   1312                      1348    -36     1469

 COOLING
  YESTERDAY        0                         0      0        0
  MONTH TO DATE    0                         0      0        0
  SINCE DEC 1      0                         0      0        0
  SINCE JAN 1    857                      1055   -198     1088
..................................................................


WIND (MPH)
  HIGHEST WIND SPEED    26   HIGHEST WIND DIRECTION    NW (310)
  HIGHEST GUST SPEED    34   HIGHEST GUST DIRECTION    NW (320)
  AVERAGE WIND SPEED    12.6


SKY COVER
  POSSIBLE SUNSHINE  MM
  AVERAGE SKY COVER 0.4


WEATHER CONDITIONS
 THE FOLLOWING WEATHER WAS RECORDED YESTERDAY.
  FOG
  HAZE


RELATIVE HUMIDITY (PERCENT)
 HIGHEST   100          1200 AM
 LOWEST     53           700 PM
 AVERAGE    77

..........................................................


THE ATLANTIC CITY NJ CLIMATE NORMALS FOR TODAY
                         NORMAL    RECORD    YEAR
 MAXIMUM TEMPERATURE (F)   45        71      2006
 MINIMUM TEMPERATURE (F)   28         3      1919


SUNRISE AND SUNSET
DECEMBER 18 2014......SUNRISE   713 AM EST   SUNSET   437 PM EST
DECEMBER 19 2014......SUNRISE   714 AM EST   SUNSET   437 PM EST


-  INDICATES NEGATIVE NUMBERS.
R  INDICATES RECORD WAS SET OR TIED.
MM INDICATES DATA IS MISSING.
T  INDICATES TRACE AMOUNT.




$$
