899
CDAK48 PADQ 270142
CLIADQ


CLIMATE REPORT
NATIONAL WEATHER SERVICE ANCHORAGE, AK
542 PM AKDT WED JUL 26 2017


...................................

...THE KODIAK CLIMATE SUMMARY FOR JULY 26 2017...
VALID TODAY AS OF 0500 PM LOCAL TIME.

CLIMATE NORMAL PERIOD 1981 TO 2010
CLIMATE RECORD PERIOD 1913 TO 2017


WEATHER ITEM   OBSERVED TIME   RECORD YEAR NORMAL DEPARTURE LAST
                VALUE   (LST)  VALUE       VALUE  FROM      YEAR
                                                  NORMAL
..................................................................
TEMPERATURE (F)
 TODAY
  MAXIMUM         56        MM  77    1936  61     -5       57
  MINIMUM         54        MM  41    1996  50      4       53
  AVERAGE         55                        56     -1       55

PRECIPITATION (IN)
  TODAY            0.06          1.92 1977   0.15  -0.09     0.11
  MONTH TO DATE    3.64                      4.20  -0.56     1.71
  SINCE JUN 1     11.62                     10.11   1.51     5.18
  SINCE JAN 1     32.38                     41.50  -9.12    47.27

SNOWFALL (IN)
  TODAY            0.0          MM      MM   0.0    0.0      0.0
  MONTH TO DATE    0.0                       0.0    0.0      0.0
  SINCE JUN 1      0.0                       0.0    0.0      0.0
  SINCE JUL 1      0.0                       0.0    0.0      0.0
  SNOW DEPTH       0

DEGREE DAYS
 HEATING
  TODAY           10                         9      1       10
  MONTH TO DATE  229                       281    -52      124
  SINCE JUN 1    645                       742    -97      419
  SINCE JUL 1    229                       281    -52      124

 COOLING
  TODAY            0                         0      0        0
  MONTH TO DATE    0                         0      0       20
  SINCE JUN 1      0                         0      0       20
  SINCE JAN 1      0                         0      0       20
..................................................................


WIND (MPH)
  RESULTANT WIND SPEED   2   RESULTANT WIND DIRECTION  NE (50)
  HIGHEST WIND SPEED     5   HIGHEST WIND DIRECTION     E (90)
  HIGHEST GUST SPEED    MM   HIGHEST GUST DIRECTION    MM
  AVERAGE WIND SPEED     3.0



WEATHER CONDITIONS
 THE FOLLOWING WEATHER WAS RECORDED TODAY.
  LIGHT RAIN
  FOG


RELATIVE HUMIDITY (PERCENT)
 HIGHEST   100
 LOWEST     93
 AVERAGE    97

..........................................................


THE KODIAK CLIMATE NORMALS FOR TOMORROW
                         NORMAL    RECORD    YEAR
 MAXIMUM TEMPERATURE (F)   61        81      1987
 MINIMUM TEMPERATURE (F)   50        43      1939


SUNRISE AND SUNSET
JULY 26 2017..........SUNRISE   554 AM AKDT  SUNSET  1038 PM AKDT
JULY 27 2017..........SUNRISE   556 AM AKDT  SUNSET  1036 PM AKDT


-  INDICATES NEGATIVE NUMBERS.
R  INDICATES RECORD WAS SET OR TIED.
MM INDICATES DATA IS MISSING.
T  INDICATES TRACE AMOUNT.




$$
