000
CDAK48 PADQ 061209
CLIADQ

CLIMATE REPORT
NATIONAL WEATHER SERVICE KODIAK, AK
409 AM AKDT MON JUL 6 2015

...................................
...THE KODIAK AP CLIMATE SUMMARY FOR JULY 5 2015...

CLIMATE NORMAL PERIOD  1981 TO  2010
CLIMATE RECORD PERIOD  1949 TO  2015

WEATHER ITEM   OBSERVED TIME    RECORD YEAR NORMAL DEPARTURE LAST
               VALUE    (LST)   VALUE       VALUE  FROM      YEAR
                                                   NORMAL
...................................................................
TEMPERATURE
YESTERDAY
 MAXIMUM            56  0401 PM    76  1949     58      -2     64
 MINIMUM            53  0332 AM    40  1985     48       5     52
 AVERAGE            55                          53       2     58

PRECIPITATION
(INCHES)
 YESTERDAY        0.49           2.07  2008   0.16    0.33      T
 MONTH TO DATE    1.04                        0.80    0.24   0.04
 SINCE JUN 1      4.12                        6.71   -2.59   6.26
 SINCE JAN 1     43.24                       38.10    5.14  39.79

SNOWFALL
(INCHES)
 YESTERDAY         0.0            0.0  2015    0.0     0.0    0.0
 MONTH TO DATE     0.0                         0.0     0.0    0.0
 SINCE JUN 1       0.0                         0.0     0.0    0.0
 SINCE JUL 1       0.0                         0.0     0.0    0.0
 SNOW DEPTH (IN)     0                                          0

DEGREE DAYS
 HEATING
  YESTERDAY         10                          12      -2      7
  MONTH TO DATE     40                          61     -21     28
  SINCE JUN 1      351                         522    -171    450
  SINCE JUL 1       40                          61     -21     28

 COOLING
  YESTERDAY          0                           0       0      0
  MONTH TO DATE      0                           0       0      0
  SINCE JUN 1        1                           0       1      0
  SINCE JAN 1        1                           0       1      4
...................................................................

WIND (MPH)
 HIGHEST WIND SPEED    17     HIGHEST WIND DIRECTION     60
 HIGHEST GUST SPEED    21     HIGHEST GUST DIRECTION    100
 AVERAGE WIND SPEED  11.8

SKY COVER
  POSSIBLE SUNSHINE    MM          AVERAGE SKY COVER     MM

WEATHER CONDITIONS
 THE FOLLOWING WEATHER WAS RECORDED YESTERDAY.
  FOG
RAIN


RELATIVE HUMIDITY
 HIGHEST RH     MM PERCENT       MM
 LOWEST  RH     MM PERCENT       MM
 AVERAGE RH     MM PERCENT       MM
...................................................................

THE KODIAK CLIMATE NORMALS FOR TODAY
                           NORMAL    RECORD   YEAR
 MAXIMUM TEMPERATURE (F)     58        78     1984
 MINIMUM TEMPERATURE (F)     48        39     1982

SUNRISE AND SUNSET
 JUL 6 2015..........SUNRISE  5:20 AM      SUNSET 11:10 PM
 JUL 7 2015..........SUNRISE  5:21 AM      SUNSET 11:09 PM

-  INDICATES NEGATIVE NUMBERS.
R  INDICATES RECORD HAS BEEN SET OR TIED.
MM INDICATES DATA IS MISSING.
T  INDICATES TRACE OF PRECIPITATION.

&&
-------------------------------------------------------------------

AMOUNT OF DAYLIGHT TODAY  (HOUR:MIN)........17 HOURS 50 MINUTES
GAIN/LOSS SINCE YESTERDAY (HOUR:MIN:SEC)....-0:02:04

$$
*** JUL 15
