000
CDAK48 PADQ 171120
CLIADQ

CLIMATE REPORT
NATIONAL WEATHER SERVICE KODIAK, AK
320 AM AKDT THU APR 17 2014

...................................
...THE KODIAK AP CLIMATE SUMMARY FOR APRIL 16 2014...

CLIMATE NORMAL PERIOD  1981 TO  2010
CLIMATE RECORD PERIOD  1949 TO  2014

WEATHER ITEM   OBSERVED TIME    RECORD YEAR NORMAL DEPARTURE LAST
               VALUE    (LST)   VALUE       VALUE  FROM      YEAR
                                                   NORMAL
...................................................................
TEMPERATURE
YESTERDAY
 MAXIMUM            43  0131 PM    60  1965     43       0     43
 MINIMUM            38  1159 PM    20  2006     32       6     26
 AVERAGE            41                          38       3     35

PRECIPITATION
(INCHES)
 YESTERDAY        0.24           0.90  1998   0.20    0.04      T
 MONTH TO DATE    4.14                        3.16    0.98   0.14
 SINCE MAR 1      8.10                        8.69   -0.59   4.61
 SINCE JAN 1     29.35                       23.12    6.23  20.79

SNOWFALL
(INCHES)
 YESTERDAY         0.0            1.8  2000    0.3    -0.3      T
 MONTH TO DATE     0.7                         5.8    -5.1    0.1
 SINCE MAR 1      12.2                        17.1    -4.9   11.8
 SINCE JUL 1      43.2                        66.5   -23.3   60.2
 SNOW DEPTH (IN)     0                                          0

DEGREE DAYS
 HEATING
  YESTERDAY         24                          27      -3     30
  MONTH TO DATE    444                         464     -20    549
  SINCE MAR 1     1414                        1462     -48   1567
  SINCE JUL 1     6700                        7335    -635   7488

 COOLING
  YESTERDAY          0                           0       0      0
  MONTH TO DATE      0                           0       0      0
  SINCE MAR 1        0                           0       0      0
  SINCE JAN 1        0                           0       0      0
...................................................................

WIND (MPH)
 HIGHEST WIND SPEED    15     HIGHEST WIND DIRECTION     40
 HIGHEST GUST SPEED    17     HIGHEST GUST DIRECTION     40
 AVERAGE WIND SPEED   5.9

SKY COVER
  POSSIBLE SUNSHINE    MM          AVERAGE SKY COVER     MM

WEATHER CONDITIONS
 THE FOLLOWING WEATHER WAS RECORDED YESTERDAY.
  FOG
RAIN


RELATIVE HUMIDITY
 HIGHEST RH     MM PERCENT       MM
 LOWEST  RH     MM PERCENT       MM
 AVERAGE RH     MM PERCENT       MM
...................................................................

THE KODIAK CLIMATE NORMALS FOR TODAY
                           NORMAL    RECORD   YEAR
 MAXIMUM TEMPERATURE (F)     43        61     1965
 MINIMUM TEMPERATURE (F)     33        17     1977

SUNRISE AND SUNSET
 APR 17 2014..........SUNRISE  6:54 AM      SUNSET  9:27 PM
 APR 18 2014..........SUNRISE  6:52 AM      SUNSET  9:29 PM

-  INDICATES NEGATIVE NUMBERS.
R  INDICATES RECORD HAS BEEN SET OR TIED.
MM INDICATES DATA IS MISSING.
T  INDICATES TRACE OF PRECIPITATION.

&&
-------------------------------------------------------------------

AMOUNT OF DAYLIGHT TODAY  (HOUR:MIN)........14 HOURS 33 MINUTES
GAIN/LOSS SINCE YESTERDAY (HOUR:MIN:SEC)....+0:04:53

$$
*** APR 14
