948
CDAK48 PAFC 251509
CLIADQ


CLIMATE REPORT
NATIONAL WEATHER SERVICE ANCHORAGE, AK
608 AM AKST SUN FEB 25 2018


...................................

...THE KODIAK CLIMATE SUMMARY FOR FEBRUARY 24 2018...

CLIMATE NORMAL PERIOD 1981 TO 2010
CLIMATE RECORD PERIOD 1913 TO 2018


WEATHER ITEM   OBSERVED TIME   RECORD YEAR NORMAL DEPARTURE LAST
                VALUE   (LST)  VALUE       VALUE  FROM      YEAR
                                                  NORMAL
..................................................................
TEMPERATURE (F)
 YESTERDAY
  MAXIMUM         41   1225 AM  54    1936  36      5       44
  MINIMUM         35    741 PM   0    1975  26      9       24
  AVERAGE         38                        31      7       34

PRECIPITATION (IN)
  YESTERDAY        T             2.14 1934   0.21  -0.21      T
  MONTH TO DATE    4.62                      5.30  -0.68     2.54
  SINCE SEP 1     38.08                     44.80  -6.72    35.48
  SINCE JAN 1     10.89                     13.59  -2.70     5.49

SNOWFALL (IN)
  YESTERDAY        0.0           5.2  1966   0.5   -0.5      0.0
  MONTH TO DATE    5.2                      13.0   -7.8     12.3
  SINCE SEP 1     16.8                      47.3  -30.5     25.3
  SINCE JUL 1     16.8                      47.3  -30.5     25.3
  SNOW DEPTH       0

DEGREE DAYS
 HEATING
  YESTERDAY       27                        34     -7       31
  MONTH TO DATE  696                       825   -129      847
  SINCE DEC 1   2611                      2944   -333     3012
  SINCE JUL 1   5174                      5739   -565     5214

 COOLING
  YESTERDAY        0                         0      0        0
  MONTH TO DATE    0                         0      0        0
  SINCE DEC 1      0                         0      0        0
  SINCE JAN 1      0                         0      0        0
..................................................................


WIND (MPH)
  RESULTANT WIND SPEED  25   RESULTANT WIND DIRECTION   W (270)
  HIGHEST WIND SPEED    39   HIGHEST WIND DIRECTION     W (270)
  HIGHEST GUST SPEED    57   HIGHEST GUST DIRECTION     W (290)
  AVERAGE WIND SPEED    26.1



WEATHER CONDITIONS
 THE FOLLOWING WEATHER WAS RECORDED YESTERDAY.
  LIGHT RAIN
  LIGHT SNOW
  HAZE


RELATIVE HUMIDITY (PERCENT)
 HIGHEST    59
 LOWEST     40
 AVERAGE    50

..........................................................


THE KODIAK CLIMATE NORMALS FOR TODAY
                         NORMAL    RECORD    YEAR
 MAXIMUM TEMPERATURE (F)   36        48      2011
 MINIMUM TEMPERATURE (F)   27         1      1986


SUNRISE AND SUNSET
FEBRUARY 25 2018......SUNRISE   814 AM AKST  SUNSET   633 PM AKST
FEBRUARY 26 2018......SUNRISE   812 AM AKST  SUNSET   635 PM AKST


-  INDICATES NEGATIVE NUMBERS.
R  INDICATES RECORD WAS SET OR TIED.
MM INDICATES DATA IS MISSING.
T  INDICATES TRACE AMOUNT.




$$
