045
CDAK48 PAFC 250113
CLIADQ


CLIMATE REPORT
NATIONAL WEATHER SERVICE ANCHORAGE, AK
413 PM AKST FRI NOV 24 2017


...................................

...THE KODIAK CLIMATE SUMMARY FOR NOVEMBER 24 2017...
VALID TODAY AS OF 0400 PM LOCAL TIME.

CLIMATE NORMAL PERIOD 1981 TO 2010
CLIMATE RECORD PERIOD 1913 TO 2017


WEATHER ITEM   OBSERVED TIME   RECORD YEAR NORMAL DEPARTURE LAST
                VALUE   (LST)  VALUE       VALUE  FROM      YEAR
                                                  NORMAL
..................................................................
TEMPERATURE (F)
 TODAY
  MAXIMUM         32    530 AM  52    1970  38     -6       47
  MINIMUM         28    259 PM   5    1927  28      0       32
  AVERAGE         30                        32     -2       40

PRECIPITATION (IN)
  TODAY            T             2.32 1943   0.23  -0.23     0.00
  MONTH TO DATE    0.77                      5.36  -4.59     8.10
  SINCE SEP 1     13.14                     20.97  -7.83    24.67
  SINCE JAN 1     53.66                     67.76 -14.10    75.97

SNOWFALL (IN)
  TODAY            T             8.0  1963   0.3   -0.3      0.0
  MONTH TO DATE    4.1                       4.3   -0.2       T
  SINCE SEP 1      4.3                       5.4   -1.1      0.2
  SINCE JUL 1      4.3                       5.4   -1.1      0.2
  SNOW DEPTH       1

DEGREE DAYS
 HEATING
  TODAY           35                        32      3       25
  MONTH TO DATE  649                       736    -87      631
  SINCE SEP 1   1755                      1965   -210     1665
  SINCE JUL 1   2360                      2598   -238     2006

 COOLING
  TODAY            0                         0      0        0
  MONTH TO DATE    0                         0      0        0
  SINCE SEP 1      0                         0      0        0
  SINCE JAN 1      0                         1     -1       29
..................................................................


WIND (MPH)
  RESULTANT WIND SPEED  23   RESULTANT WIND DIRECTION   W (290)
  HIGHEST WIND SPEED    41   HIGHEST WIND DIRECTION     W (290)
  HIGHEST GUST SPEED    54   HIGHEST GUST DIRECTION     W (280)
  AVERAGE WIND SPEED    23.5



WEATHER CONDITIONS
 THE FOLLOWING WEATHER WAS RECORDED TODAY.
  NO SIGNIFICANT WEATHER WAS OBSERVED.


RELATIVE HUMIDITY (PERCENT)
 HIGHEST    58
 LOWEST     43
 AVERAGE    51

..........................................................


THE KODIAK CLIMATE NORMALS FOR TOMORROW
                         NORMAL    RECORD    YEAR
 MAXIMUM TEMPERATURE (F)   37        54      1970
 MINIMUM TEMPERATURE (F)   27         5      2005


SUNRISE AND SUNSET
NOVEMBER 24 2017......SUNRISE   916 AM AKST  SUNSET   438 PM AKST
NOVEMBER 25 2017......SUNRISE   918 AM AKST  SUNSET   436 PM AKST


-  INDICATES NEGATIVE NUMBERS.
R  INDICATES RECORD WAS SET OR TIED.
MM INDICATES DATA IS MISSING.
T  INDICATES TRACE AMOUNT.




$$
