000
CDAK48 PADQ 272324
CLIADQ

CLIMATE REPORT
NATIONAL WEATHER SERVICE KODIAK, AK
324 PM AKDT WED JUL 27 2016

...................................
...THE KODIAK AP CLIMATE SUMMARY FOR JULY 27 2016...
VALID TODAY AS OF 2:00 PM LOCAL TIME

CLIMATE NORMAL PERIOD  1981 TO  2010
CLIMATE RECORD PERIOD  1913 TO  2016

WEATHER ITEM   OBSERVED TIME    RECORD YEAR NORMAL DEPARTURE LAST
               VALUE    (LST)   VALUE       VALUE  FROM      YEAR
                                                   NORMAL
...................................................................
TEMPERATURE
TODAY
 MAXIMUM            57  0159 PM    81  1987     61      -4     64
 MINIMUM            54  0633 AM    43  1939     50       4     54
 AVERAGE            56                          56       0     59

PRECIPITATION
(INCHES)
 TODAY            0.27           1.35  1977   0.15    0.12   0.01
 MONTH TO DATE    1.98                        4.35   -2.37   3.17
 SINCE JUN 1      5.46                       10.26   -4.80   6.25
 SINCE JAN 1     48.24                       41.65    6.59  45.37

SNOWFALL
(INCHES)
 TODAY             0.0            0.0  2016    0.0     0.0    0.0
 MONTH TO DATE     0.0                         0.0     0.0    0.0
 SINCE JUN 1       0.0                         0.0     0.0    0.0
 SINCE JUL 1       0.0                         0.0     0.0    0.0
 SNOW DEPTH (IN)     0                                          0

DEGREE DAYS
 HEATING
  TODAY              9                           9       0      6
  MONTH TO DATE    141                         290    -149    199
  SINCE JUN 1      467                         751    -284    510
  SINCE JUL 1      141                         290    -149    199

 COOLING
  TODAY              0                           0       0      0
  MONTH TO DATE     20                           0      20      0
  SINCE JUN 1       20                           0      20      1
  SINCE JAN 1       20                           0      20      1
...................................................................

WIND (MPH)
 HIGHEST WIND SPEED    13     HIGHEST WIND DIRECTION    290
 HIGHEST GUST SPEED    16     HIGHEST GUST DIRECTION    290
 AVERAGE WIND SPEED    MM

SKY COVER
  POSSIBLE SUNSHINE  MM            AVERAGE SKY COVER MM

WEATHER CONDITIONS
 THE FOLLOWING WEATHER WAS RECORDED TODAY.
FOG
RAIN


RELATIVE HUMIDITY
 HIGHEST RH     MM PERCENT       MM
 LOWEST  RH     MM PERCENT       MM
 AVERAGE RH     MM PERCENT       MM
...................................................................

THE KODIAK CLIMATE NORMALS FOR TOMORROW
                        NORMAL    RECORD   YEAR
 MAXIMUM TEMPERATURE      61        82     1929
 MINIMUM TEMPERATURE      50        40     1971

SUNRISE AND SUNSET
 JUL 27 2016..........SUNRISE  5:57 AM      SUNSET 10:36 PM
 JUL 28 2016..........SUNRISE  5:59 AM      SUNSET 10:34 PM

-  INDICATES NEGATIVE NUMBERS.
R  INDICATES RECORD HAS BEEN SET OR TIED.
MM INDICATES DATA IS MISSING.
T  INDICATES TRACE OF PRECIPITATION.

&&
-------------------------------------------------------------------

AMOUNT OF DAYLIGHT TODAY  (HOUR:MIN)........16 HOURS 39 MINUTES
GAIN/LOSS SINCE YESTERDAY (HOUR:MIN:SEC)....-0:04:01

$$
LRM JUL 16
