423
CDAK48 PAFC 291315
CLIADQ

CLIMATE REPORT
NATIONAL WEATHER SERVICE ANCHORAGE, AK
514 AM AKDT WED MAR 29 2017


...................................

...THE KODIAK CLIMATE SUMMARY FOR MARCH 28 2017...

CLIMATE NORMAL PERIOD 1981 TO 2010
CLIMATE RECORD PERIOD 1913 TO 2017


WEATHER ITEM   OBSERVED TIME   RECORD YEAR NORMAL DEPARTURE LAST
                VALUE   (LST)  VALUE       VALUE  FROM      YEAR
                                                  NORMAL
..................................................................
TEMPERATURE (F)
 YESTERDAY
  MAXIMUM         39    356 PM  53    1970  39      0       48
  MINIMUM         27    708 AM   7    1952  29     -2       40
  AVERAGE         33                        34     -1       44

PRECIPITATION (IN)
  YESTERDAY        0.00          1.07 1995   0.18  -0.18     0.17
  MONTH TO DATE    0.03                      5.01  -4.98     6.18
  SINCE MAR 1      0.03                      5.01  -4.98     6.18
  SINCE JAN 1      5.57                     19.44 -13.87    28.78

SNOWFALL (IN)
  YESTERDAY        0.0           6.2  1920   0.3   -0.3      0.0
  MONTH TO DATE    0.5                      10.2   -9.7      3.6
  SINCE MAR 1      0.5                      10.2   -9.7      3.6
  SINCE JUL 1     26.3                      59.6  -33.3     20.6
  SNOW DEPTH       T

DEGREE DAYS
 HEATING
  YESTERDAY       32                        31      1       21
  MONTH TO DATE 1018                       905    113      543
  SINCE MAR 1   1018                       905    113      543
  SINCE JUL 1   6359                      6777   -418     5051

 COOLING
  YESTERDAY        0                         0      0        0
  MONTH TO DATE    0                         0      0        0
  SINCE MAR 1      0                         0      0        0
  SINCE JAN 1      0                         0      0        0
..................................................................


WIND (MPH)
  RESULTANT WIND SPEED  10   RESULTANT WIND DIRECTION   W (290)
  HIGHEST WIND SPEED    17   HIGHEST WIND DIRECTION     W (280)
  HIGHEST GUST SPEED    22   HIGHEST GUST DIRECTION     W (280)
  AVERAGE WIND SPEED    10.2



WEATHER CONDITIONS
 THE FOLLOWING WEATHER WAS RECORDED YESTERDAY.
  HAZE


RELATIVE HUMIDITY (PERCENT)
 HIGHEST    69
 LOWEST     47
 AVERAGE    58

..........................................................


THE KODIAK CLIMATE NORMALS FOR TODAY
                         NORMAL    RECORD    YEAR
 MAXIMUM TEMPERATURE (F)   39        54      1915
 MINIMUM TEMPERATURE (F)   29         3      1944


SUNRISE AND SUNSET
MARCH 29 2017.........SUNRISE   745 AM AKDT  SUNSET   845 PM AKDT
MARCH 30 2017.........SUNRISE   743 AM AKDT  SUNSET   847 PM AKDT

CIVIL TWILIGHT
MARCH 29 2017           START    706 AM GMT     END    925 PM GMT
MARCH 30 2017           START    703 AM GMT     END    928 PM GMT



-  INDICATES NEGATIVE NUMBERS.
R  INDICATES RECORD WAS SET OR TIED.
MM INDICATES DATA IS MISSING.
T  INDICATES TRACE AMOUNT.




$$
&&
------------------------------------------------------
AMOUNT OF DAYLIGHT TODAY  (HOUR:MIN)........13:00
GAIN/LOSS SINCE YESTERDAY (HOUR:MIN:SEC)....+0:04:59

$$
