000
CDAK48 PAFC 201235
CLIADQ


CLIMATE REPORT
NATIONAL WEATHER SERVICE ANCHORAGE, AK
335 AM AKST MON FEB 20 2017


...................................

...THE KODIAK CLIMATE SUMMARY FOR FEBRUARY 19 2017...

CLIMATE NORMAL PERIOD 1981 TO 2010
CLIMATE RECORD PERIOD 1913 TO 2017


WEATHER ITEM   OBSERVED TIME   RECORD YEAR NORMAL DEPARTURE LAST
                VALUE   (LST)  VALUE       VALUE  FROM      YEAR
                                                  NORMAL
..................................................................
TEMPERATURE (F)
 YESTERDAY
  MAXIMUM         26    402 PM  45    1945  36    -10       MM
  MINIMUM         20   1145 PM   0    1975  26     -6       MM
  AVERAGE         23                        31     -8       MM

PRECIPITATION (IN)
  YESTERDAY        0.00          1.96 2008   0.19  -0.19     0.76
  MONTH TO DATE    2.50                      4.28  -1.78     7.42
  SINCE DEC 1      9.56                     21.30 -11.74    29.52
  SINCE JAN 1      5.45                     12.57  -7.12    17.25

SNOWFALL (IN)
  YESTERDAY        0.0           8.8  2012   0.5   -0.5       T
  MONTH TO DATE    7.4                      10.3   -2.9       T
  SINCE DEC 1     18.4                      37.1  -18.7     15.0
  SINCE JUL 1     20.4                      44.6  -24.2     16.0
  SNOW DEPTH       0

DEGREE DAYS
 HEATING
  YESTERDAY       42                        34      8       MM
  MONTH TO DATE  633                       655    -22      406
  SINCE DEC 1   2798                      2774     24     2063
  SINCE JUL 1   5000                      5569   -569     4281

 COOLING
  YESTERDAY        0                         0      0       MM
  MONTH TO DATE    0                         0      0        0
  SINCE DEC 1      0                         0      0        0
  SINCE JAN 1      0                         0      0        0
..................................................................


WIND (MPH)
  RESULTANT WIND SPEED  14   RESULTANT WIND DIRECTION  NW (300)
  HIGHEST WIND SPEED    18   HIGHEST WIND DIRECTION     W (290)
  HIGHEST GUST SPEED    24   HIGHEST GUST DIRECTION     W (270)
  AVERAGE WIND SPEED    14.2



WEATHER CONDITIONS
 THE FOLLOWING WEATHER WAS RECORDED YESTERDAY.
  NO SIGNIFICANT WEATHER WAS OBSERVED.


RELATIVE HUMIDITY (PERCENT)
 HIGHEST    74
 LOWEST     46
 AVERAGE    60

..........................................................


THE KODIAK CLIMATE NORMALS FOR TODAY
                         NORMAL    RECORD    YEAR
 MAXIMUM TEMPERATURE (F)   36        48      1942
                                             1919
 MINIMUM TEMPERATURE (F)   26         0      1975


SUNRISE AND SUNSET
FEBRUARY 20 2017......SUNRISE   827 AM AKST  SUNSET   622 PM AKST
FEBRUARY 21 2017......SUNRISE   824 AM AKST  SUNSET   624 PM AKST


-  INDICATES NEGATIVE NUMBERS.
R  INDICATES RECORD WAS SET OR TIED.
MM INDICATES DATA IS MISSING.
T  INDICATES TRACE AMOUNT.




$$
