000
CDUS44 KLCH 170810
CLIAEX


CLIMATE REPORT
NATIONAL WEATHER SERVICE LAKE CHARLES, LA
309 AM CDT TUE OCT 17 2017


...................................

...THE ALEXANDRIA CLIMATE SUMMARY FOR OCTOBER 16 2017...

CLIMATE NORMAL PERIOD 1981 TO 2010
CLIMATE RECORD PERIOD 1892 TO 2017


WEATHER ITEM   OBSERVED TIME   RECORD YEAR NORMAL DEPARTURE LAST
                VALUE   (LST)  VALUE       VALUE  FROM      YEAR
                                                  NORMAL
..................................................................
TEMPERATURE (F)
 YESTERDAY
  MAXIMUM         74    322 PM  92    1947  79     -5       89
  MINIMUM         49   1050 PM  28    1893  55     -6       64
  AVERAGE         62                        67     -5       77

PRECIPITATION (IN)
  YESTERDAY        0.00          4.93 2006   0.21  -0.21     0.00
  MONTH TO DATE    0.03                      3.23  -3.20      T
  SINCE SEP 1      0.12                      6.13  -6.01     3.46
  SINCE JAN 1     43.35                     42.36   0.99    44.20

SNOWFALL (IN)
  YESTERDAY        0.0           0.0    MM  MM     MM        0.0
  MONTH TO DATE    0.0                      MM     MM        0.0
  SINCE SEP 1      0.0                      MM     MM        0.0
  SINCE JUL 1      0.0                      MM     MM        0.0
  SNOW DEPTH       0

DEGREE DAYS
 HEATING
  YESTERDAY        3                         2      1        0
  MONTH TO DATE    3                        20    -17        0
  SINCE SEP 1      3                        23    -20        0
  SINCE JUL 1      3                        23    -20        0

 COOLING
  YESTERDAY        0                         4     -4       12
  MONTH TO DATE  196                        89    107      138
  SINCE SEP 1    571                       452    119      610
  SINCE JAN 1   2600                      2439    161     2713
..................................................................


WIND (MPH)
  HIGHEST WIND SPEED    20   HIGHEST WIND DIRECTION     N (350)
  HIGHEST GUST SPEED    28   HIGHEST GUST DIRECTION    NE (40)
  AVERAGE WIND SPEED    10.2


SKY COVER
  POSSIBLE SUNSHINE  MM
  AVERAGE SKY COVER 0.0


WEATHER CONDITIONS
 THE FOLLOWING WEATHER WAS RECORDED YESTERDAY.
  NO SIGNIFICANT WEATHER WAS OBSERVED.


RELATIVE HUMIDITY (PERCENT)
 HIGHEST    80           500 AM
 LOWEST     27           300 PM
 AVERAGE    54

..........................................................


THE ALEXANDRIA CLIMATE NORMALS FOR TODAY
                         NORMAL    RECORD    YEAR
 MAXIMUM TEMPERATURE (F)   79        93      1947
 MINIMUM TEMPERATURE (F)   54        36      1943


SUNRISE AND SUNSET
OCTOBER 17 2017.......SUNRISE   715 AM CDT   SUNSET   636 PM CDT
OCTOBER 18 2017.......SUNRISE   715 AM CDT   SUNSET   635 PM CDT


-  INDICATES NEGATIVE NUMBERS.
R  INDICATES RECORD WAS SET OR TIED.
MM INDICATES DATA IS MISSING.
T  INDICATES TRACE AMOUNT.




$$
