000
CDUS44 KLCH 272215
CLIAEX


CLIMATE REPORT
NATIONAL WEATHER SERVICE LAKE CHARLES, LA
514 PM CDT TUE JUN 27 2017


...................................

...THE ALEXANDRIA CLIMATE SUMMARY FOR JUNE 27 2017...
VALID TODAY AS OF 0500 PM LOCAL TIME.

CLIMATE NORMAL PERIOD 1981 TO 2010
CLIMATE RECORD PERIOD 1892 TO 2017


WEATHER ITEM   OBSERVED TIME   RECORD YEAR NORMAL DEPARTURE LAST
                VALUE   (LST)  VALUE       VALUE  FROM      YEAR
                                                  NORMAL
..................................................................
TEMPERATURE (F)
 TODAY
  MAXIMUM         87    342 PM 104    1930  92     -5       98
  MINIMUM         70    356 AM  57    1974  72     -2       76
  AVERAGE         79                        82     -3       87

PRECIPITATION (IN)
  TODAY            0.00          2.54 2015   0.20  -0.20     0.02
  MONTH TO DATE    5.47                      4.59   0.88     2.14
  SINCE JUN 1      5.47                      4.59   0.88     2.14
  SINCE JAN 1     30.18                     28.59   1.59    24.49

DEGREE DAYS
 COOLING
  TODAY           14                        17     -3       22
  MONTH TO DATE  367                       402    -35      429
  SINCE JUN 1    367                       402    -35      429
  SINCE JAN 1    942                       856     86      896
..................................................................


WIND (MPH)
  HIGHEST WIND SPEED    15   HIGHEST WIND DIRECTION    SE (130)
  HIGHEST GUST SPEED    18   HIGHEST GUST DIRECTION    SE (130)
  AVERAGE WIND SPEED     2.6


SKY COVER
  POSSIBLE SUNSHINE  MM
  AVERAGE SKY COVER 0.5


WEATHER CONDITIONS
 THE FOLLOWING WEATHER WAS RECORDED TODAY.
  NO SIGNIFICANT WEATHER WAS OBSERVED.


RELATIVE HUMIDITY (PERCENT)
 HIGHEST   100           200 AM
 LOWEST     59           300 PM
 AVERAGE    80

..........................................................


THE ALEXANDRIA CLIMATE NORMALS FOR TOMORROW
                         NORMAL    RECORD    YEAR
 MAXIMUM TEMPERATURE (F)   92       104      2009
 MINIMUM TEMPERATURE (F)   72        60      2006
                                             1974
                                             1912


SUNRISE AND SUNSET
JUNE 27 2017..........SUNRISE   608 AM CDT   SUNSET   818 PM CDT
JUNE 28 2017..........SUNRISE   608 AM CDT   SUNSET   819 PM CDT


-  INDICATES NEGATIVE NUMBERS.
R  INDICATES RECORD WAS SET OR TIED.
MM INDICATES DATA IS MISSING.
T  INDICATES TRACE AMOUNT.




$$
