000
CDUS44 KLCH 010852
CLIAEX


CLIMATE REPORT
NATIONAL WEATHER SERVICE LAKE CHARLES, LA
350 AM CDT MON SEP 1 2014


...................................

...THE ALEXANDRIA CLIMATE SUMMARY FOR AUGUST 31 2014...

CLIMATE NORMAL PERIOD 1981 TO 2010
CLIMATE RECORD PERIOD 1892 TO 2014


WEATHER ITEM   OBSERVED TIME   RECORD YEAR NORMAL DEPARTURE LAST
                VALUE   (LST)  VALUE       VALUE  FROM      YEAR
                                                  NORMAL
..................................................................
TEMPERATURE (F)
 YESTERDAY
  MAXIMUM         88    317 PM 108    2000  93     -5       94
  MINIMUM         73    214 AM  59    1893  70      3       71
  AVERAGE         81                        81      0       83

PRECIPITATION (IN)
  YESTERDAY        T             2.47 1991   0.11  -0.11     0.00
  MONTH TO DATE    5.10                      3.50   1.60     4.68
  SINCE JUN 1     13.13                     12.23   0.90    12.33
  SINCE JAN 1     31.35                     36.23  -4.88    37.59

DEGREE DAYS
 COOLING
  YESTERDAY       16                        16      0       18
  MONTH TO DATE  529                       541    -12      564
  SINCE JUN 1   1497                      1533    -36     1572
  SINCE JAN 1   1908                      1987    -79     1965
..................................................................


WIND (MPH)
  HIGHEST WIND SPEED    21   HIGHEST WIND DIRECTION     S (180)
  HIGHEST GUST SPEED    29   HIGHEST GUST DIRECTION     S (170)
  AVERAGE WIND SPEED     4.9


SKY COVER
  POSSIBLE SUNSHINE  MM
  AVERAGE SKY COVER 0.5


WEATHER CONDITIONS
 THE FOLLOWING WEATHER WAS RECORDED YESTERDAY.
  LIGHT RAIN


RELATIVE HUMIDITY (PERCENT)
 HIGHEST   100           700 AM
 LOWEST     63           300 PM
 AVERAGE    82

..........................................................


THE ALEXANDRIA CLIMATE NORMALS FOR TODAY
                         NORMAL    RECORD    YEAR
 MAXIMUM TEMPERATURE (F)   92       109      2000
 MINIMUM TEMPERATURE (F)   70        57      1915


SUNRISE AND SUNSET
SEPTEMBER  1 2014.....SUNRISE   646 AM CDT   SUNSET   734 PM CDT
SEPTEMBER  2 2014.....SUNRISE   647 AM CDT   SUNSET   732 PM CDT


-  INDICATES NEGATIVE NUMBERS.
R  INDICATES RECORD WAS SET OR TIED.
MM INDICATES DATA IS MISSING.
T  INDICATES TRACE AMOUNT.




$$
