000
CDUS44 KLCH 281245
CLIAEX


CLIMATE REPORT
NATIONAL WEATHER SERVICE LAKE CHARLES, LA
745 AM CDT SAT MAY 28 2016


...................................

...THE ALEXANDRIA CLIMATE SUMMARY FOR MAY 27 2016...

CLIMATE NORMAL PERIOD 1981 TO 2010
CLIMATE RECORD PERIOD 1892 TO 2016


WEATHER ITEM   OBSERVED TIME   RECORD YEAR NORMAL DEPARTURE LAST
                VALUE   (LST)  VALUE       VALUE  FROM      YEAR
                                                  NORMAL
..................................................................
TEMPERATURE (F)
 YESTERDAY
  MAXIMUM         84    119 PM  95    1964  88     -4       84
                                      1912
                                      1900
  MINIMUM         66    848 PM  44    1901  66      0       67
  AVERAGE         75                        77     -2       76

PRECIPITATION (IN)
  YESTERDAY        1.79          2.04 1907   0.14   1.65     0.99
  MONTH TO DATE    3.67                      4.10  -0.43     6.22
  SINCE MAR 1     15.87                     13.70   2.17    19.32
  SINCE JAN 1     22.35                     23.38  -1.03    24.42

DEGREE DAYS
 COOLING
  YESTERDAY       10                        12     -2       11
  MONTH TO DATE  216                       245    -29      270
  SINCE MAR 1    404                       387     17      466
  SINCE JAN 1    412                       404      8      467
..................................................................


WIND (MPH)
  HIGHEST WIND SPEED    31   HIGHEST WIND DIRECTION    SE (120)
  HIGHEST GUST SPEED    39   HIGHEST GUST DIRECTION    SE (120)
  AVERAGE WIND SPEED    12.3


SKY COVER
  POSSIBLE SUNSHINE  MM
  AVERAGE SKY COVER 0.7


WEATHER CONDITIONS
 THE FOLLOWING WEATHER WAS RECORDED YESTERDAY.
  HEAVY RAIN
  RAIN
  LIGHT RAIN
  FOG
  HAZE


RELATIVE HUMIDITY (PERCENT)
 HIGHEST   100           300 AM
 LOWEST     74          1200 PM
 AVERAGE    87

..........................................................


THE ALEXANDRIA CLIMATE NORMALS FOR TODAY
                         NORMAL    RECORD    YEAR
 MAXIMUM TEMPERATURE (F)   88        99      1906
 MINIMUM TEMPERATURE (F)   67        48      1961
                                             1901


SUNRISE AND SUNSET
MAY 28 2016...........SUNRISE   608 AM CDT   SUNSET   808 PM CDT
MAY 29 2016...........SUNRISE   607 AM CDT   SUNSET   808 PM CDT


-  INDICATES NEGATIVE NUMBERS.
R  INDICATES RECORD WAS SET OR TIED.
MM INDICATES DATA IS MISSING.
T  INDICATES TRACE AMOUNT.




$$
