159
CDUS44 KLCH 161245
CLIAEX


CLIMATE REPORT
NATIONAL WEATHER SERVICE LAKE CHARLES, LA
645 AM CST MON JAN 16 2017


...................................

...THE ALEXANDRIA CLIMATE SUMMARY FOR JANUARY 15 2017...

CLIMATE NORMAL PERIOD 1981 TO 2010
CLIMATE RECORD PERIOD 1892 TO 2017


WEATHER ITEM   OBSERVED TIME   RECORD YEAR NORMAL DEPARTURE LAST
                VALUE   (LST)  VALUE       VALUE  FROM      YEAR
                                                  NORMAL
..................................................................
TEMPERATURE (F)
 YESTERDAY
  MAXIMUM         71    425 PM  84    1907  59     12       71
  MINIMUM         54    518 AM  18    1964  39     15       46
  AVERAGE         63                        49     14       59

PRECIPITATION (IN)
  YESTERDAY        0.00          1.80 1966   0.16  -0.16     0.00
  MONTH TO DATE    1.20                      2.27  -1.07     1.91
  SINCE DEC 1     10.25                      8.39   1.86     9.97
  SINCE JAN 1      1.20                      2.27  -1.07     1.91

SNOWFALL (IN)
  YESTERDAY        0.0           T    1944  MM     MM        0.0
  MONTH TO DATE    0.5                      MM     MM        0.0
  SINCE DEC 1      0.5                      MM     MM        0.0
  SINCE JUL 1      0.5                      MM     MM        0.0
  SNOW DEPTH       0

DEGREE DAYS
 HEATING
  YESTERDAY        2                        16    -14        6
  MONTH TO DATE  176                       240    -64      256
  SINCE DEC 1    547                       704   -157      503
  SINCE JUL 1    722                      1029   -307      654
..................................................................


WIND (MPH)
  HIGHEST WIND SPEED    16   HIGHEST WIND DIRECTION    SE (120)
  HIGHEST GUST SPEED    18   HIGHEST GUST DIRECTION    SE (130)
  AVERAGE WIND SPEED     6.9


SKY COVER
  POSSIBLE SUNSHINE  MM
  AVERAGE SKY COVER 0.6


WEATHER CONDITIONS
 THE FOLLOWING WEATHER WAS RECORDED YESTERDAY.
  FOG


RELATIVE HUMIDITY (PERCENT)
 HIGHEST   100          1200 AM
 LOWEST     68           400 PM
 AVERAGE    84

..........................................................


THE ALEXANDRIA CLIMATE NORMALS FOR TODAY
                         NORMAL    RECORD    YEAR
 MAXIMUM TEMPERATURE (F)   59        79      1935
                                             1907
                                             1906
 MINIMUM TEMPERATURE (F)   38        18      1972
                                             1905


SUNRISE AND SUNSET
JANUARY 16 2017.......SUNRISE   709 AM CST   SUNSET   531 PM CST
JANUARY 17 2017.......SUNRISE   709 AM CST   SUNSET   532 PM CST


-  INDICATES NEGATIVE NUMBERS.
R  INDICATES RECORD WAS SET OR TIED.
MM INDICATES DATA IS MISSING.
T  INDICATES TRACE AMOUNT.




$$
