000
CDUS42 KCAE 230621
CLIAGS


CLIMATE REPORT
NATIONAL WEATHER SERVICE COLUMBIA SC
221 AM EDT SUN APR 23 2017


...................................

...THE AUGUSTA REGIONAL BUSH FIELD GA CLIMATE SUMMARY FOR APRIL 22 2017...

CLIMATE NORMAL PERIOD 1981 TO 2010
CLIMATE RECORD PERIOD 1873 TO 2017


WEATHER ITEM   OBSERVED TIME   RECORD YEAR NORMAL DEPARTURE LAST
                VALUE   (LST)  VALUE       VALUE  FROM      YEAR
                                                  NORMAL
..................................................................
TEMPERATURE (F)
 YESTERDAY
  MAXIMUM         90R   421 PM  90    1985  79     11       79
                                      1970
  MINIMUM         60    534 AM  33    1978  50     10       59
  AVERAGE         75                        64     11       69

PRECIPITATION (IN)
  YESTERDAY        0.00          1.47 1907   0.09  -0.09     0.03
  MONTH TO DATE    1.33                      2.18  -0.85     4.41
  SINCE MAR 1      3.10                      6.36  -3.26     7.59
  SINCE JAN 1     15.34                     14.19   1.15    13.01

SNOWFALL (IN)
  YESTERDAY        0.0          MM      MM   0.0             0.0
  MONTH TO DATE    0.0                       0.0             0.0
  SINCE MAR 1      0.0                       0.0             0.0
  SINCE JUL 1      T                         0.9             0.5

DEGREE DAYS
 HEATING
  YESTERDAY        0                         3     -3        0
  MONTH TO DATE   29                       104    -75       93
  SINCE MAR 1    267                       400   -133      266
  SINCE JUL 1   1402                      2432  -1030     1843

 COOLING
  YESTERDAY       10                         2      8        4
  MONTH TO DATE   98                        32     66       12
  SINCE MAR 1    151                        47    104       63
  SINCE JAN 1    181                        50    131       66
..................................................................


WIND (MPH)
  HIGHEST WIND SPEED    20   HIGHEST WIND DIRECTION    SW (220)
  HIGHEST GUST SPEED    24   HIGHEST GUST DIRECTION    SW (210)
  AVERAGE WIND SPEED     5.9


SKY COVER
  AVERAGE SKY COVER 0.2


WEATHER CONDITIONS
 THE FOLLOWING WEATHER WAS RECORDED YESTERDAY.
  NO SIGNIFICANT WEATHER WAS OBSERVED.


RELATIVE HUMIDITY (PERCENT)
 HIGHEST    90           600 AM
 LOWEST     29           400 PM
 AVERAGE    60

..........................................................


THE AUGUSTA REGIONAL BUSH FIELD GA CLIMATE NORMALS FOR TODAY
                         NORMAL    RECORD    YEAR
 MAXIMUM TEMPERATURE (F)   79        93      1980
 MINIMUM TEMPERATURE (F)   50        30      1986


SUNRISE AND SUNSET
APRIL 23 2017.........SUNRISE   648 AM EDT   SUNSET   805 PM EDT
APRIL 24 2017.........SUNRISE   647 AM EDT   SUNSET   805 PM EDT


-  INDICATES NEGATIVE NUMBERS.
R  INDICATES RECORD WAS SET OR TIED.
MM INDICATES DATA IS MISSING.
T  INDICATES TRACE AMOUNT.




$$
