000
CDUS42 KCAE 232136
CLIAGS


CLIMATE REPORT
NATIONAL WEATHER SERVICE COLUMBIA SC
535 PM EDT SAT JUL 23 2016


...................................

...THE AUGUSTA BUSH FIELD GA CLIMATE SUMMARY FOR JULY 23 2016...
VALID TODAY AS OF 0500 PM LOCAL TIME.

CLIMATE NORMAL PERIOD 1981 TO 2010
CLIMATE RECORD PERIOD 1873 TO 2016


WEATHER ITEM   OBSERVED TIME   RECORD YEAR NORMAL DEPARTURE LAST
                VALUE   (LST)  VALUE       VALUE  FROM      YEAR
                                                  NORMAL
..................................................................
TEMPERATURE (F)
 TODAY
  MAXIMUM         98    129 PM 105    1952  94      4       99
  MINIMUM         70    539 AM  59    2007  70      0       75
  AVERAGE         84                        82      2       87

PRECIPITATION (IN)
  TODAY            0.00          2.33 1938   0.14  -0.14     0.02
  MONTH TO DATE    1.03                      3.16  -2.13     1.75
  SINCE JUN 1      3.90                      7.88  -3.98     5.25
  SINCE JAN 1     22.63                     25.38  -2.75    20.88

SNOWFALL (IN)
  TODAY            0.0          MM      MM   0.0             0.0
  MONTH TO DATE    0.0                       0.0             0.0
  SINCE JUN 1      0.0                       0.0             0.0
  SINCE JUL 1      0.0                       0.0             0.0

DEGREE DAYS
 HEATING
  TODAY            0                         0      0        0
  MONTH TO DATE    0                         0      0        0
  SINCE JUN 1      0                         0      0        0
  SINCE JUL 1      0                         0      0        0

 COOLING
  TODAY           19                        17      2       22
  MONTH TO DATE  444                       383     61      433
  SINCE JUN 1    915                       791    124      912
  SINCE JAN 1   1230                      1074    156     1273
..................................................................


WIND (MPH)
  HIGHEST WIND SPEED    14   HIGHEST WIND DIRECTION    SW (220)
  HIGHEST GUST SPEED    20   HIGHEST GUST DIRECTION    SW (220)
  AVERAGE WIND SPEED     3.2


SKY COVER
  AVERAGE SKY COVER 0.1


WEATHER CONDITIONS
 THE FOLLOWING WEATHER WAS RECORDED TODAY.
  FOG


RELATIVE HUMIDITY (PERCENT)
 HIGHEST   100           500 AM
 LOWEST     39           200 PM
 AVERAGE    70

..........................................................


THE AUGUSTA BUSH FIELD GA CLIMATE NORMALS FOR TOMORROW
                         NORMAL    RECORD    YEAR
 MAXIMUM TEMPERATURE (F)   94       106      1952
 MINIMUM TEMPERATURE (F)   70        60      2007


SUNRISE AND SUNSET
JULY 23 2016..........SUNRISE   635 AM EDT   SUNSET   834 PM EDT
JULY 24 2016..........SUNRISE   635 AM EDT   SUNSET   833 PM EDT


-  INDICATES NEGATIVE NUMBERS.
R  INDICATES RECORD WAS SET OR TIED.
MM INDICATES DATA IS MISSING.
T  INDICATES TRACE AMOUNT.




$$
