000
CDUS42 KCAE 162128
CLIAGS


CLIMATE REPORT
NATIONAL WEATHER SERVICE COLUMBIA SC
528 PM EDT WED APR 16 2014


...................................

...THE AUGUSTA BUSH FIELD GA CLIMATE SUMMARY FOR APRIL 16 2014...
VALID TODAY AS OF 0500 PM LOCAL TIME.

CLIMATE NORMAL PERIOD 1981 TO 2010
CLIMATE RECORD PERIOD 1873 TO 2014


WEATHER ITEM   OBSERVED TIME   RECORD YEAR NORMAL DEPARTURE LAST
                VALUE   (LST)  VALUE       VALUE  FROM      YEAR
                                                  NORMAL
..................................................................
TEMPERATURE (F)
 TODAY
  MAXIMUM         62    343 PM  90    1896  77    -15       83
                                      1888
  MINIMUM         36    555 AM  31    2008  48    -12       54
  AVERAGE         49                        63    -14       69

PRECIPITATION (IN)
  TODAY            0.00          1.91 1879   0.09  -0.09     0.00
  MONTH TO DATE    1.95                      1.63   0.32     1.22
  SINCE MAR 1      4.51                      5.81  -1.30     4.33
  SINCE JAN 1     10.72                     13.64  -2.92    14.33

SNOWFALL (IN)
  TODAY            0.0          MM      MM   0.0             0.0
  MONTH TO DATE    0.0                       0.0             0.0
  SINCE MAR 1      0.0                       0.0             0.0
  SINCE JUL 1      3.3                       0.9             0.0

DEGREE DAYS
 HEATING
  TODAY           16                         4     12        0
  MONTH TO DATE   60                        83    -23       76
  SINCE MAR 1    460                       379     81      511
  SINCE JUL 1   2622                      2411    211     2315

 COOLING
  TODAY            0                         2     -2        4
  MONTH TO DATE   18                        20     -2       23
  SINCE MAR 1     18                        35    -17       29
  SINCE JAN 1     20                        38    -18       44
..................................................................


WIND (MPH)
  HIGHEST WIND SPEED    20   HIGHEST WIND DIRECTION     E (70)
  HIGHEST GUST SPEED    25   HIGHEST GUST DIRECTION     E (80)
  AVERAGE WIND SPEED    10.3


SKY COVER
  AVERAGE SKY COVER 0.0


WEATHER CONDITIONS
 THE FOLLOWING WEATHER WAS RECORDED TODAY.
  NO SIGNIFICANT WEATHER WAS OBSERVED.


RELATIVE HUMIDITY (PERCENT)
 HIGHEST    75           600 AM
 LOWEST     25           300 PM
 AVERAGE    50

..........................................................


THE AUGUSTA BUSH FIELD GA CLIMATE NORMALS FOR TOMORROW
                         NORMAL    RECORD    YEAR
 MAXIMUM TEMPERATURE (F)   78        93      1896
 MINIMUM TEMPERATURE (F)   48        33      1962
                                             1953


SUNRISE AND SUNSET
APRIL 16 2014.........SUNRISE   656 AM EDT   SUNSET   759 PM EDT
APRIL 17 2014.........SUNRISE   655 AM EDT   SUNSET   800 PM EDT


-  INDICATES NEGATIVE NUMBERS.
R  INDICATES RECORD WAS SET OR TIED.
MM INDICATES DATA IS MISSING.
T  INDICATES TRACE AMOUNT.




$$
