000
CDUS42 KCAE 240603
CLIAGS


CLIMATE REPORT
NATIONAL WEATHER SERVICE COLUMBIA SC
203 AM EDT MON JUL 24 2017


...................................

...THE AUGUSTA REGIONAL BUSH FIELD GA CLIMATE SUMMARY FOR JULY 23 2017...

CLIMATE NORMAL PERIOD 1981 TO 2010
CLIMATE RECORD PERIOD 1873 TO 2017


WEATHER ITEM   OBSERVED TIME   RECORD YEAR NORMAL DEPARTURE LAST
                VALUE   (LST)  VALUE       VALUE  FROM      YEAR
                                                  NORMAL
..................................................................
TEMPERATURE (F)
 YESTERDAY
  MAXIMUM         97    411 PM 105    1952  94      3       98
  MINIMUM         75   1159 PM  59    2007  70      5       70
  AVERAGE         86                        82      4       84

PRECIPITATION (IN)
  YESTERDAY        0.24          2.33 1938   0.14   0.10     0.02
  MONTH TO DATE    4.38                      3.16   1.22     1.05
  SINCE JUN 1      7.90                      7.88   0.02     3.92
  SINCE JAN 1     27.85                     25.38   2.47    22.65

SNOWFALL (IN)
  YESTERDAY        0.0          MM      MM   0.0             0.0
  MONTH TO DATE    0.0                       0.0             0.0
  SINCE JUN 1      0.0                       0.0             0.0
  SINCE JUL 1      0.0                       0.0             0.0

DEGREE DAYS
 HEATING
  YESTERDAY        0                         0      0        0
  MONTH TO DATE    0                         0      0        0
  SINCE JUN 1      0                         0      0        0
  SINCE JUL 1      0                         0      0        0

 COOLING
  YESTERDAY       21                        17      4       19
  MONTH TO DATE  443                       383     60      444
  SINCE JUN 1    902                       791    111      915
  SINCE JAN 1   1443                      1074    369     1230
..................................................................


WIND (MPH)
  HIGHEST WIND SPEED    18   HIGHEST WIND DIRECTION    SW (210)
  HIGHEST GUST SPEED    25   HIGHEST GUST DIRECTION    SW (220)
  AVERAGE WIND SPEED     8.0


SKY COVER
  AVERAGE SKY COVER 0.2


WEATHER CONDITIONS
 THE FOLLOWING WEATHER WAS RECORDED YESTERDAY.
  THUNDERSTORM
  RAIN
  LIGHT RAIN
  FOG
  HAZE


RELATIVE HUMIDITY (PERCENT)
 HIGHEST    94          1100 PM
 LOWEST     45           400 PM
 AVERAGE    70

..........................................................


THE AUGUSTA REGIONAL BUSH FIELD GA CLIMATE NORMALS FOR TODAY
                         NORMAL    RECORD    YEAR
 MAXIMUM TEMPERATURE (F)   94       106      1952
 MINIMUM TEMPERATURE (F)   70        60      2007


SUNRISE AND SUNSET
JULY 24 2017..........SUNRISE   635 AM EDT   SUNSET   833 PM EDT
JULY 25 2017..........SUNRISE   636 AM EDT   SUNSET   832 PM EDT


-  INDICATES NEGATIVE NUMBERS.
R  INDICATES RECORD WAS SET OR TIED.
MM INDICATES DATA IS MISSING.
T  INDICATES TRACE AMOUNT.




$$
