000
CDUS42 KCAE 300559
CLIAGS


CLIMATE REPORT
NATIONAL WEATHER SERVICE COLUMBIA SC
1259 AM EST FRI JAN 30 2015


...................................

...THE AUGUSTA REGIONAL BUSH FIELD GA CLIMATE SUMMARY FOR JANUARY 29 2015...

CLIMATE NORMAL PERIOD 1981 TO 2010
CLIMATE RECORD PERIOD 1873 TO 2015


WEATHER ITEM   OBSERVED TIME   RECORD YEAR NORMAL DEPARTURE LAST
                VALUE   (LST)  VALUE       VALUE  FROM      YEAR
                                                  NORMAL
..................................................................
TEMPERATURE (F)
 YESTERDAY
  MAXIMUM         58    433 PM  80    2013  59     -1       31
                                      2002
                                      1957
  MINIMUM         24    743 AM  14    1897  33     -9       20
  AVERAGE         41                        46     -5       26

PRECIPITATION (IN)
  YESTERDAY        T             2.82 1930   0.13  -0.13     0.01
  MONTH TO DATE    2.10                      3.65  -1.55     2.48
  SINCE DEC 1      6.31                      7.04  -0.73     9.38
  SINCE JAN 1      2.10                      3.65  -1.55     2.48

SNOWFALL (IN)
  YESTERDAY        0.0          MM      MM   0.0             0.2
  MONTH TO DATE    0.0                       0.4             2.0
  SINCE DEC 1      0.0                       0.5             2.0
  SINCE JUL 1      0.0                       0.5             2.0

DEGREE DAYS
 HEATING
  YESTERDAY       24                        19      5       39
  MONTH TO DATE  600                       572     28      718
  SINCE DEC 1   1061                      1125    -64     1176
  SINCE JUL 1   1625                      1547     78     1635

 COOLING
  YESTERDAY        0                         0      0        0
  MONTH TO DATE    0                         0      0        0
  SINCE DEC 1      0                         3     -3       11
  SINCE JAN 1      0                         0      0        0
..................................................................


WIND (MPH)
  HIGHEST WIND SPEED    15   HIGHEST WIND DIRECTION     S (200)
  HIGHEST GUST SPEED    19   HIGHEST GUST DIRECTION     S (170)
  AVERAGE WIND SPEED     4.3


SKY COVER
  AVERAGE SKY COVER 0.2


WEATHER CONDITIONS
 THE FOLLOWING WEATHER WAS RECORDED YESTERDAY.
  LIGHT RAIN
  FOG
  HAZE


RELATIVE HUMIDITY (PERCENT)
 HIGHEST    92           600 AM
 LOWEST     25           300 PM
 AVERAGE    59

..........................................................


THE AUGUSTA REGIONAL BUSH FIELD GA CLIMATE NORMALS FOR TODAY
                         NORMAL    RECORD    YEAR
 MAXIMUM TEMPERATURE (F)   59        81      2013
                                             2002
 MINIMUM TEMPERATURE (F)   34         6      1966


SUNRISE AND SUNSET
JANUARY 30 2015.......SUNRISE   725 AM EST   SUNSET   557 PM EST
JANUARY 31 2015.......SUNRISE   725 AM EST   SUNSET   558 PM EST


-  INDICATES NEGATIVE NUMBERS.
R  INDICATES RECORD WAS SET OR TIED.
MM INDICATES DATA IS MISSING.
T  INDICATES TRACE AMOUNT.




$$
