699
CDUS42 KCAE 250703
CLIAGS


CLIMATE REPORT
NATIONAL WEATHER SERVICE COLUMBIA SC
203 AM EST SAT NOV 25 2017


...................................

...THE AUGUSTA REGIONAL BUSH FIELD GA CLIMATE SUMMARY FOR NOVEMBER 24 2017...

CLIMATE NORMAL PERIOD 1981 TO 2010
CLIMATE RECORD PERIOD 1873 TO 2017


WEATHER ITEM   OBSERVED TIME   RECORD YEAR NORMAL DEPARTURE LAST
                VALUE   (LST)  VALUE       VALUE  FROM      YEAR
                                                  NORMAL
..................................................................
TEMPERATURE (F)
 YESTERDAY
  MAXIMUM         65    358 PM  81    1973  67     -2       80
  MINIMUM         32    739 AM  18    1970  39     -7       45
  AVERAGE         49                        53     -4       63

PRECIPITATION (IN)
  YESTERDAY        0.00          1.81 1983   0.10  -0.10     0.00
  MONTH TO DATE    1.36                      2.20  -0.84     0.01
  SINCE SEP 1      6.47                      8.69  -2.22     6.68
  SINCE JAN 1     40.85                     39.56   1.29    33.25

SNOWFALL (IN)
  YESTERDAY        0.0          MM      MM   0.0             0.0
  MONTH TO DATE    0.0                       0.0             0.0
  SINCE SEP 1      0.0                       0.0             0.0
  SINCE JUL 1      0.0                       0.0             0.0

DEGREE DAYS
 HEATING
  YESTERDAY       16                        13      3        2
  MONTH TO DATE  218                       228    -10      204
  SINCE SEP 1    291                       342    -51      232
  SINCE JUL 1    291                       342    -51      232

 COOLING
  YESTERDAY        0                         0      0        0
  MONTH TO DATE   25                        15     10        9
  SINCE SEP 1    575                       397    178      527
  SINCE JAN 1   2703                      2085    618     2498
..................................................................


WIND (MPH)
  HIGHEST WIND SPEED     9   HIGHEST WIND DIRECTION     N (10)
  HIGHEST GUST SPEED    12   HIGHEST GUST DIRECTION     N (20)
  AVERAGE WIND SPEED     1.8


SKY COVER
  AVERAGE SKY COVER 0.0


WEATHER CONDITIONS
 THE FOLLOWING WEATHER WAS RECORDED YESTERDAY.
  FOG


RELATIVE HUMIDITY (PERCENT)
 HIGHEST   100           100 AM
 LOWEST     34           300 PM
 AVERAGE    67

..........................................................


THE AUGUSTA REGIONAL BUSH FIELD GA CLIMATE NORMALS FOR TODAY
                         NORMAL    RECORD    YEAR
 MAXIMUM TEMPERATURE (F)   66        81      1931
 MINIMUM TEMPERATURE (F)   39        11      1950


SUNRISE AND SUNSET
NOVEMBER 25 2017......SUNRISE   709 AM EST   SUNSET   521 PM EST
NOVEMBER 26 2017......SUNRISE   709 AM EST   SUNSET   521 PM EST


-  INDICATES NEGATIVE NUMBERS.
R  INDICATES RECORD WAS SET OR TIED.
MM INDICATES DATA IS MISSING.
T  INDICATES TRACE AMOUNT.




$$
