000
CDUS42 KFFC 260818
CLIAHN


CLIMATE REPORT
NATIONAL WEATHER SERVICE PEACHTREE CITY GA
417 AM EDT FRI MAY 26 2017


...................................

...THE ATHENS CLIMATE SUMMARY FOR MAY 25 2017...

CLIMATE NORMAL PERIOD 1981 TO 2010
CLIMATE RECORD PERIOD 1898 TO 2017


WEATHER ITEM   OBSERVED TIME   RECORD YEAR NORMAL DEPARTURE LAST
                VALUE   (LST)  VALUE       VALUE  FROM      YEAR
                                                  NORMAL
..................................................................
TEMPERATURE (F)
 YESTERDAY
  MAXIMUM         74    504 PM 100    1926  84    -10       88
  MINIMUM         56    511 AM  46    2013  61     -5       58
                                      1979
  AVERAGE         65                        73     -8       73

PRECIPITATION (IN)
  YESTERDAY        T             1.49 2000   0.09  -0.09     0.00
  MONTH TO DATE    5.47                      2.41   3.06     2.33
  SINCE MAR 1     16.64                      9.99   6.65     6.85
  SINCE JAN 1     24.34                     18.52   5.82    15.02

DEGREE DAYS
 COOLING
  YESTERDAY        0                         8     -8        8
  MONTH TO DATE  146                       130     16      127
  SINCE MAR 1    302                       187    115      234
  SINCE JAN 1    311                       188    123      234
..................................................................


WIND (MPH)
  RESULTANT WIND SPEED   5   RESULTANT WIND DIRECTION   W (270)
  HIGHEST WIND SPEED    16   HIGHEST WIND DIRECTION     W (270)
  HIGHEST GUST SPEED    25   HIGHEST GUST DIRECTION     W (270)
  AVERAGE WIND SPEED     6.8


SKY COVER
  POSSIBLE SUNSHINE  MM
  AVERAGE SKY COVER 0.5


WEATHER CONDITIONS
 THE FOLLOWING WEATHER WAS RECORDED YESTERDAY.
  NO SIGNIFICANT WEATHER WAS OBSERVED.


RELATIVE HUMIDITY (PERCENT)
 HIGHEST   100           400 AM
 LOWEST     44           400 PM
 AVERAGE    72

..........................................................


THE ATHENS CLIMATE NORMALS FOR TODAY
                         NORMAL    RECORD    YEAR
 MAXIMUM TEMPERATURE (F)   84        99      1911
 MINIMUM TEMPERATURE (F)   61        41      1979


SUNRISE AND SUNSET
MAY 26 2017...........SUNRISE   625 AM EDT   SUNSET   836 PM EDT
MAY 27 2017...........SUNRISE   625 AM EDT   SUNSET   836 PM EDT


-  INDICATES NEGATIVE NUMBERS.
R  INDICATES RECORD WAS SET OR TIED.
MM INDICATES DATA IS MISSING.
T  INDICATES TRACE AMOUNT.




$$
