000
CDUS42 KFFC 260025
CLIAHN


CLIMATE REPORT
NATIONAL WEATHER SERVICE PEACHTREE CITY GA
725 PM EST SUN FEB 25 2018


...................................

...THE ATHENS CLIMATE SUMMARY FOR FEBRUARY 25 2018...
VALID AS OF 0700 PM LOCAL TIME.

CLIMATE NORMAL PERIOD 1981 TO 2010
CLIMATE RECORD PERIOD 1898 TO 2018


WEATHER ITEM   OBSERVED TIME   RECORD YEAR NORMAL DEPARTURE LAST
                VALUE   (LST)  VALUE       VALUE  FROM      YEAR
                                                  NORMAL
..................................................................
TEMPERATURE (F)
 TODAY
  MAXIMUM         70   1210 AM  80    1930  61      9       71
  MINIMUM         62    634 PM   8    1967  38     24       46
  AVERAGE         66                        50     16       59

PRECIPITATION (IN)
  TODAY            0.29          1.78 1931   0.16   0.13     0.00
  MONTH TO DATE    5.16                      4.01   1.15     1.15
  SINCE DEC 1     12.54                     11.79   0.75    10.08
  SINCE JAN 1      9.79                      8.06   1.73     7.66

SNOWFALL (IN)
  TODAY            0.0           0.0  2002   0.0    0.0      0.0
  MONTH TO DATE    0.0                       0.5   -0.5      0.0
  SINCE DEC 1      1.1                       2.0   -0.9      0.0
  SINCE JUL 1      1.1                       2.0   -0.9      0.0
  SNOW DEPTH       0

DEGREE DAYS
 HEATING
  TODAY            0                        15    -15        6
  MONTH TO DATE  211                       452   -241      243
  SINCE DEC 1   1519                      1729   -210     1204
  SINCE JUL 1   1977                      2209   -232     1490

 COOLING
  TODAY            1                         0      1        0
  MONTH TO DATE   34                         0     34        4
  SINCE DEC 1     34                         1     33        9
  SINCE JAN 1     34                         0     34        9
..................................................................


WIND (MPH)
  HIGHEST WIND SPEED    13   HIGHEST WIND DIRECTION    NW (300)
  HIGHEST GUST SPEED    20   HIGHEST GUST DIRECTION     W (290)
  AVERAGE WIND SPEED     4.3


SKY COVER
  AVERAGE SKY COVER 0.7


WEATHER CONDITIONS
 THE FOLLOWING WEATHER WAS RECORDED TODAY.
  HEAVY RAIN
  RAIN
  LIGHT RAIN
  FOG
  HAZE


RELATIVE HUMIDITY (PERCENT)
 HIGHEST   100          1100 AM
 LOWEST     68           400 PM

..........................................................


THE ATHENS CLIMATE NORMALS FOR TOMORROW
                         NORMAL    RECORD    YEAR
 MAXIMUM TEMPERATURE (F)   61        81      1996
 MINIMUM TEMPERATURE (F)   39        10      1967


SUNRISE AND SUNSET
FEBRUARY 25 2018......SUNRISE   707 AM EST   SUNSET   626 PM EST
FEBRUARY 26 2018......SUNRISE   706 AM EST   SUNSET   627 PM EST


-  INDICATES NEGATIVE NUMBERS.
R  INDICATES RECORD WAS SET OR TIED.
MM INDICATES DATA IS MISSING.
T  INDICATES TRACE AMOUNT.




$$
