009
CDUS42 KFFC 130931
CLIAHN


CLIMATE REPORT
NATIONAL WEATHER SERVICE PEACHTREE CITY GA
430 AM EST SAT FEB 13 2016


...................................

...THE ATHENS CLIMATE SUMMARY FOR FEBRUARY 12 2016...

CLIMATE NORMAL PERIOD 1981 TO 2010
CLIMATE RECORD PERIOD 1898 TO 2016


WEATHER ITEM   OBSERVED TIME   RECORD YEAR NORMAL DEPARTURE LAST
                VALUE   (LST)  VALUE       VALUE  FROM      YEAR
                                                  NORMAL
..................................................................
TEMPERATURE (F)
 YESTERDAY
  MAXIMUM         61    415 PM  77    1984  58      3       53
                                      1922
  MINIMUM         31    302 AM  12    1981  36     -5       28
  AVERAGE         46                        47     -1       41

PRECIPITATION (IN)
  YESTERDAY        0.00          2.08 1945   0.16  -0.16     0.00
  MONTH TO DATE    1.87                      1.87   0.00     1.19
  SINCE DEC 1     17.92                      9.65   8.27     8.86
  SINCE JAN 1      5.55                      5.92  -0.37     4.17

SNOWFALL (IN)
  YESTERDAY        0.0           4.5  2010   0.1   -0.1      0.0
  MONTH TO DATE    T                         0.3   -0.3      0.0
  SINCE DEC 1      0.1                       1.8   -1.7      0.0
  SINCE JUL 1      0.1                       1.8   -1.7      0.0
  SNOW DEPTH       0

DEGREE DAYS
 HEATING
  YESTERDAY       19                        18      1       24
  MONTH TO DATE  227                       233     -6      240
  SINCE DEC 1   1212                      1510   -298     1450
  SINCE JUL 1   1572                      1990   -418     2063
..................................................................


WIND (MPH)
  RESULTANT WIND SPEED   4   RESULTANT WIND DIRECTION   N (340)
  HIGHEST WIND SPEED    18   HIGHEST WIND DIRECTION     W (270)
  HIGHEST GUST SPEED    29   HIGHEST GUST DIRECTION    NW (300)
  AVERAGE WIND SPEED     6.1


SKY COVER
  POSSIBLE SUNSHINE  MM
  AVERAGE SKY COVER 0.2


WEATHER CONDITIONS
 THE FOLLOWING WEATHER WAS RECORDED YESTERDAY.
  NO SIGNIFICANT WEATHER WAS OBSERVED.


RELATIVE HUMIDITY (PERCENT)
 HIGHEST    92           300 AM
 LOWEST     32           400 PM
 AVERAGE    62

..........................................................


THE ATHENS CLIMATE NORMALS FOR TODAY
                         NORMAL    RECORD    YEAR
 MAXIMUM TEMPERATURE (F)   58        74      1938
                                             1922
 MINIMUM TEMPERATURE (F)   36        14      1955


SUNRISE AND SUNSET
FEBRUARY 13 2016......SUNRISE   720 AM EST   SUNSET   615 PM EST
FEBRUARY 14 2016......SUNRISE   719 AM EST   SUNSET   616 PM EST


-  INDICATES NEGATIVE NUMBERS.
R  INDICATES RECORD WAS SET OR TIED.
MM INDICATES DATA IS MISSING.
T  INDICATES TRACE AMOUNT.




$$
