000
CDUS42 KFFC 270021
CLIAHN


CLIMATE REPORT
NATIONAL WEATHER SERVICE PEACHTREE CITY GA
820 PM EDT FRI AUG 26 2016


...................................

...THE ATHENS CLIMATE SUMMARY FOR AUGUST 26 2016...
VALID AS OF 0800 PM LOCAL TIME.

CLIMATE NORMAL PERIOD 1981 TO 2010
CLIMATE RECORD PERIOD 1898 TO 2016


WEATHER ITEM   OBSERVED TIME   RECORD YEAR NORMAL DEPARTURE LAST
                VALUE   (LST)  VALUE       VALUE  FROM      YEAR
                                                  NORMAL
..................................................................
TEMPERATURE (F)
 TODAY
  MAXIMUM         94    421 PM  99    2007  89      5       86
  MINIMUM         72    632 AM  56    1917  69      3       62
  AVERAGE         83                        79      4       74

PRECIPITATION (IN)
  TODAY            0.13          4.32 1995   0.10   0.03     0.00
  MONTH TO DATE   10.10                      3.02   7.08     6.21
  SINCE JUN 1     15.79                     11.67   4.12    14.05
  SINCE JAN 1     30.97                     30.78   0.19    34.45

SNOWFALL (IN)
  TODAY            0.0          90.0  2001   0.0    0.0      0.0
  MONTH TO DATE    0.0                       0.0    0.0      0.0
  SINCE JUN 1      0.0                       0.0    0.0      0.0
  SINCE JUL 1      0.0                       0.0    0.0      0.0
  SNOW DEPTH       0

DEGREE DAYS
 HEATING
  TODAY            0                         0      0        0
  MONTH TO DATE    0                         0      0        0
  SINCE JUN 1      0                         1     -1        0
  SINCE JUL 1      0                         0      0        0

 COOLING
  TODAY           18                        14      4        9
  MONTH TO DATE  456                       385     71      415
  SINCE JUN 1   1532                      1247    285     1421
  SINCE JAN 1   1833                      1487    346     1746
..................................................................


WIND (MPH)
  HIGHEST WIND SPEED    23   HIGHEST WIND DIRECTION    NE (60)
  HIGHEST GUST SPEED    30   HIGHEST GUST DIRECTION     E (80)
  AVERAGE WIND SPEED     1.4


SKY COVER
  AVERAGE SKY COVER 0.2


WEATHER CONDITIONS
 THE FOLLOWING WEATHER WAS RECORDED TODAY.
  THUNDERSTORM
  HEAVY RAIN
  LIGHT RAIN
  FOG


RELATIVE HUMIDITY (PERCENT)
 HIGHEST   100           100 AM
 LOWEST     52           100 PM

..........................................................


THE ATHENS CLIMATE NORMALS FOR TOMORROW
                         NORMAL    RECORD    YEAR
 MAXIMUM TEMPERATURE (F)   89       100      1954
                                             1924
 MINIMUM TEMPERATURE (F)   68        56      1942
                                             1919


SUNRISE AND SUNSET
AUGUST 26 2016........SUNRISE   703 AM EDT   SUNSET   806 PM EDT
AUGUST 27 2016........SUNRISE   704 AM EDT   SUNSET   805 PM EDT


-  INDICATES NEGATIVE NUMBERS.
R  INDICATES RECORD WAS SET OR TIED.
MM INDICATES DATA IS MISSING.
T  INDICATES TRACE AMOUNT.




$$
