000
CDUS42 KFFC 160918
CLIAHN


CLIMATE REPORT
NATIONAL WEATHER SERVICE PEACHTREE CITY GA
418 AM EST MON JAN 16 2017


...................................

...THE ATHENS CLIMATE SUMMARY FOR JANUARY 15 2017...

CLIMATE NORMAL PERIOD 1981 TO 2010
CLIMATE RECORD PERIOD 1898 TO 2017


WEATHER ITEM   OBSERVED TIME   RECORD YEAR NORMAL DEPARTURE LAST
                VALUE   (LST)  VALUE       VALUE  FROM      YEAR
                                                  NORMAL
..................................................................
TEMPERATURE (F)
 YESTERDAY
  MAXIMUM         76R   202 PM  75    1932  54     22       51
                                      1928
  MINIMUM         46    757 AM  11    1948  33     13       33
  AVERAGE         61                        43     18       42

PRECIPITATION (IN)
  YESTERDAY        0.00          3.04 1966   0.13  -0.13     1.10
  MONTH TO DATE    2.85                      1.86   0.99     1.57
  SINCE DEC 1      5.27                      5.59  -0.32    13.94
  SINCE JAN 1      2.85                      1.86   0.99     1.57

SNOWFALL (IN)
  YESTERDAY        0.0           0.0  2002   0.0    0.0      0.0
  MONTH TO DATE    0.0                       0.6   -0.6      0.0
  SINCE DEC 1      0.0                       0.7   -0.7      0.0
  SINCE JUL 1      0.0                       0.7   -0.7      0.0
  SNOW DEPTH       0

DEGREE DAYS
 HEATING
  YESTERDAY        4                        22    -18       23
  MONTH TO DATE  245                       330    -85      342
  SINCE DEC 1    791                       940   -149      621
  SINCE JUL 1   1077                      1420   -343      981
..................................................................


WIND (MPH)
  RESULTANT WIND SPEED   1   RESULTANT WIND DIRECTION   W (250)
  HIGHEST WIND SPEED     9   HIGHEST WIND DIRECTION     W (250)
  HIGHEST GUST SPEED    14   HIGHEST GUST DIRECTION    SW (240)
  AVERAGE WIND SPEED     1.8


SKY COVER
  POSSIBLE SUNSHINE  MM
  AVERAGE SKY COVER 0.4


WEATHER CONDITIONS
 THE FOLLOWING WEATHER WAS RECORDED YESTERDAY.
  FOG
  FOG W/VISIBILITY <= 1/4 MILE


RELATIVE HUMIDITY (PERCENT)
 HIGHEST   100          1200 AM
 LOWEST     41           400 PM
 AVERAGE    71

..........................................................


THE ATHENS CLIMATE NORMALS FOR TODAY
                         NORMAL    RECORD    YEAR
 MAXIMUM TEMPERATURE (F)   54        76      1952
                                             1928
 MINIMUM TEMPERATURE (F)   33         9      1927
                                             1912


SUNRISE AND SUNSET
JANUARY 16 2017.......SUNRISE   738 AM EST   SUNSET   549 PM EST
JANUARY 17 2017.......SUNRISE   738 AM EST   SUNSET   549 PM EST


-  INDICATES NEGATIVE NUMBERS.
R  INDICATES RECORD WAS SET OR TIED.
MM INDICATES DATA IS MISSING.
T  INDICATES TRACE AMOUNT.




$$
