000
CDUS42 KFFC 270023
CLIAHN


CLIMATE REPORT
NATIONAL WEATHER SERVICE PEACHTREE CITY GA
723 PM EST WED NOV 26 2014


...................................

...THE ATHENS CLIMATE SUMMARY FOR NOVEMBER 26 2014...
VALID AS OF 0700 PM LOCAL TIME.

CLIMATE NORMAL PERIOD 1981 TO 2010
CLIMATE RECORD PERIOD 1898 TO 2014


WEATHER ITEM   OBSERVED TIME   RECORD YEAR NORMAL DEPARTURE LAST
                VALUE   (LST)  VALUE       VALUE  FROM      YEAR
                                                  NORMAL
..................................................................
TEMPERATURE (F)
 TODAY
  MAXIMUM         58    237 PM  77    1910  62     -4       48
  MINIMUM         44    818 AM  14    1950  39      5       34
  AVERAGE         51                        50      1       41

PRECIPITATION (IN)
  TODAY            0.24          1.66 1963   0.13   0.11     1.30
  MONTH TO DATE    3.04                      3.28  -0.24     2.19
  SINCE SEP 1     11.27                     10.77   0.50     5.88
  SINCE JAN 1     40.76                     42.06  -1.30    52.04

SNOWFALL (IN)
  TODAY           MM             0.0  2001   0.0   MM        0.0
  MONTH TO DATE    0.0                       0.0    0.0      0.0
  SINCE SEP 1      0.0                       0.0    0.0      0.0
  SINCE JUL 1      0.0                       0.0    0.0      0.0
  SNOW DEPTH       0

DEGREE DAYS
 HEATING
  TODAY           14                        15     -1       24
  MONTH TO DATE  419                       283    136      349
  SINCE SEP 1    528                       418    110      458
  SINCE JUL 1    528                       418    110      461

 COOLING
  TODAY            0                         0      0        0
  MONTH TO DATE    2                         5     -3        0
  SINCE SEP 1    400                       327     73      319
  SINCE JAN 1   1985                      1882    103     1646
..................................................................


WIND (MPH)
  HIGHEST WIND SPEED    15   HIGHEST WIND DIRECTION     W (270)
  HIGHEST GUST SPEED    24   HIGHEST GUST DIRECTION    SW (240)
  AVERAGE WIND SPEED     5.8


SKY COVER
  AVERAGE SKY COVER 0.5


WEATHER CONDITIONS
 THE FOLLOWING WEATHER WAS RECORDED TODAY.
  LIGHT RAIN
  FOG


RELATIVE HUMIDITY (PERCENT)
 HIGHEST   100           800 AM
 LOWEST     24           300 PM

..........................................................


THE ATHENS CLIMATE NORMALS FOR TOMORROW
                         NORMAL    RECORD    YEAR
 MAXIMUM TEMPERATURE (F)   61        79      1973
 MINIMUM TEMPERATURE (F)   39        19      1903


SUNRISE AND SUNSET
NOVEMBER 26 2014......SUNRISE   716 AM EST   SUNSET   525 PM EST
NOVEMBER 27 2014......SUNRISE   717 AM EST   SUNSET   525 PM EST


-  INDICATES NEGATIVE NUMBERS.
R  INDICATES RECORD WAS SET OR TIED.
MM INDICATES DATA IS MISSING.
T  INDICATES TRACE AMOUNT.




$$
