000
CDUS42 KFFC 040917
CLIAHN


CLIMATE REPORT
NATIONAL WEATHER SERVICE PEACHTREE CITY GA
417 AM EST WED MAR 4 2015


...................................

...THE ATHENS CLIMATE SUMMARY FOR MARCH 3 2015...

CLIMATE NORMAL PERIOD 1981 TO 2010
CLIMATE RECORD PERIOD 1898 TO 2015


WEATHER ITEM   OBSERVED TIME   RECORD YEAR NORMAL DEPARTURE LAST
                VALUE   (LST)  VALUE       VALUE  FROM      YEAR
                                                  NORMAL
..................................................................
TEMPERATURE (F)
 YESTERDAY
  MAXIMUM         56    540 AM  82    1992  62     -6       63
  MINIMUM         45    955 PM  11    1980  40      5       37
  AVERAGE         51                        51      0       50

PRECIPITATION (IN)
  YESTERDAY        0.14          2.07 1966   0.15  -0.01     0.11
  MONTH TO DATE    0.45                      0.46  -0.01     0.11
  SINCE MAR 1      0.45                      0.46  -0.01     0.11
  SINCE JAN 1      7.42                      8.99  -1.57     8.75

SNOWFALL (IN)
  YESTERDAY       MM             0.0  2002   0.1   MM       MM
                                      2000
  MONTH TO DATE   MM                         0.1   MM        0.0
  SINCE MAR 1     MM                         0.1   MM        0.0
  SINCE JUL 1      T                         2.2   -2.2      2.8
  SNOW DEPTH       0

DEGREE DAYS
 HEATING
  YESTERDAY       14                        14      0       15
  MONTH TO DATE   47                        43      4       34
  SINCE MAR 1     47                        43      4       34
  SINCE JUL 1   2553                      2298    255     2496

 COOLING
  YESTERDAY        0                         0      0        0
  MONTH TO DATE    0                         0      0        0
  SINCE MAR 1      0                         0      0        0
  SINCE JAN 1      0                         1     -1        1
..................................................................


WIND (MPH)
  RESULTANT WIND SPEED   5   RESULTANT WIND DIRECTION  NE (60)
  HIGHEST WIND SPEED    13   HIGHEST WIND DIRECTION    NE (50)
  HIGHEST GUST SPEED    17   HIGHEST GUST DIRECTION     E (80)
  AVERAGE WIND SPEED     6.4


SKY COVER
  POSSIBLE SUNSHINE  MM
  AVERAGE SKY COVER 1.0


WEATHER CONDITIONS
 THE FOLLOWING WEATHER WAS RECORDED YESTERDAY.
  LIGHT RAIN
  FOG
  FOG W/VISIBILITY <= 1/4 MILE


RELATIVE HUMIDITY (PERCENT)
 HIGHEST   100           700 PM
 LOWEST     72          1200 AM
 AVERAGE    86

..........................................................


THE ATHENS CLIMATE NORMALS FOR TODAY
                         NORMAL    RECORD    YEAR
 MAXIMUM TEMPERATURE (F)   63        83      1976
 MINIMUM TEMPERATURE (F)   40        11      1943


SUNRISE AND SUNSET
MARCH  4 2015.........SUNRISE   658 AM EST   SUNSET   632 PM EST
MARCH  5 2015.........SUNRISE   657 AM EST   SUNSET   633 PM EST


-  INDICATES NEGATIVE NUMBERS.
R  INDICATES RECORD WAS SET OR TIED.
MM INDICATES DATA IS MISSING.
T  INDICATES TRACE AMOUNT.




$$
