000
CDUS45 KCYS 312142
CLIAIA


CLIMATE REPORT
NATIONAL WEATHER SERVICE CHEYENNE WY
341 PM MDT FRI OCT 31 2014


...................................

...THE ALLIANCE NE AIRPORT CLIMATE SUMMARY FOR OCTOBER 31 2014...
VALID AS OF 0300 PM LOCAL TIME.

CLIMATE NORMAL PERIOD 1981 TO 2010
CLIMATE RECORD PERIOD 1896 TO 2014


WEATHER ITEM   OBSERVED TIME   RECORD YEAR NORMAL DEPARTURE LAST
                VALUE   (LST)  VALUE       VALUE  FROM      YEAR
                                                  NORMAL
..................................................................
TEMPERATURE (F)
 TODAY
  MAXIMUM         48    159 PM  77    1999  56     -8       54
  MINIMUM         22    259 AM  -8    1991  24     -2       29
  AVERAGE         35                        40     -5       42

PRECIPITATION (IN)
  TODAY            0.00          0.28 2000   0.01  -0.01     0.03
  MONTH TO DATE    0.37                      1.09  -0.72     1.26
  SINCE JAN 1     17.64                     14.89   2.75    13.20

DEGREE DAYS
 HEATING
  TODAY           30                        25      5       23
  MONTH TO DATE  479                       597   -118      657
  SINCE SEP 1    630                       805   -175      778
  SINCE JUL 1    667                       842   -175      786

 COOLING
  TODAY            0                         0      0        0
  MONTH TO DATE    0                         1     -1        0
  SINCE SEP 1     37                        41     -4      136
  SINCE JAN 1    499                       564    -65      795
..................................................................


WIND (MPH)
  HIGHEST WIND SPEED    30   HIGHEST WIND DIRECTION     S (170)
  HIGHEST GUST SPEED    35   HIGHEST GUST DIRECTION     S (170)
  AVERAGE WIND SPEED    13.7


SKY COVER
  AVERAGE SKY COVER 0.5


WEATHER CONDITIONS
 THE FOLLOWING WEATHER WAS RECORDED TODAY.
  FOG


RELATIVE HUMIDITY (PERCENT)
 HIGHEST   100           300 AM
 LOWEST     49           100 PM
 AVERAGE    75

..........................................................


THE ALLIANCE NE AIRPORT CLIMATE NORMALS FOR TOMORROW
                         NORMAL    RECORD    YEAR
 MAXIMUM TEMPERATURE (F)   55        77      2008
                                             1990
 MINIMUM TEMPERATURE (F)   24        -4      1991


SUNRISE AND SUNSET
OCTOBER 31 2014.......SUNRISE   723 AM MDT   SUNSET   546 PM MDT
NOVEMBER  1 2014......SUNRISE   724 AM MDT   SUNSET   545 PM MDT


-  INDICATES NEGATIVE NUMBERS.
R  INDICATES RECORD WAS SET OR TIED.
MM INDICATES DATA IS MISSING.
T  INDICATES TRACE AMOUNT.




$$
