000
CDUS45 KCYS 192141
CLIAIA


CLIMATE REPORT
NATIONAL WEATHER SERVICE CHEYENNE WY
341 PM MDT FRI SEP 19 2014


...................................

...THE ALLIANCE NE AIRPORT CLIMATE SUMMARY FOR SEPTEMBER 19 2014...
VALID AS OF 0300 PM LOCAL TIME.

CLIMATE NORMAL PERIOD 1981 TO 2010
CLIMATE RECORD PERIOD 1896 TO 2014


WEATHER ITEM   OBSERVED TIME   RECORD YEAR NORMAL DEPARTURE LAST
                VALUE   (LST)  VALUE       VALUE  FROM      YEAR
                                                  NORMAL
..................................................................
TEMPERATURE (F)
 TODAY
  MAXIMUM         89   1241 PM  94    1937  75     14       70
  MINIMUM         48    446 AM  27    1971  41      7       37
  AVERAGE         69                        58     11       54

PRECIPITATION (IN)
  TODAY            0.00          0.82 1928   0.05  -0.05     0.06
  MONTH TO DATE    0.30                      0.94  -0.64     0.77
  SINCE JAN 1     15.24                     13.35   1.89     9.83

DEGREE DAYS
 HEATING
  TODAY            0                         8     -8       11
  MONTH TO DATE  126                        93     33       31
  SINCE SEP 1    126                        93     33       31
  SINCE JUL 1    163                       130     33       39

 COOLING
  TODAY            4                         1      3        0
  MONTH TO DATE   29                        35     -6      132
  SINCE SEP 1     29                        35     -6      132
  SINCE JAN 1    491                       558    -67      791
..................................................................


WIND (MPH)
  HIGHEST WIND SPEED    16   HIGHEST WIND DIRECTION     N (340)
  HIGHEST GUST SPEED    22   HIGHEST GUST DIRECTION     N (340)
  AVERAGE WIND SPEED     6.9


SKY COVER
  AVERAGE SKY COVER 0.0


WEATHER CONDITIONS
 THE FOLLOWING WEATHER WAS RECORDED TODAY.
  NO SIGNIFICANT WEATHER WAS OBSERVED.


RELATIVE HUMIDITY (PERCENT)
 HIGHEST   100           300 AM
 LOWEST     26           100 PM
 AVERAGE    63

..........................................................


THE ALLIANCE NE AIRPORT CLIMATE NORMALS FOR TOMORROW
                         NORMAL    RECORD    YEAR
 MAXIMUM TEMPERATURE (F)   74        97      1956
 MINIMUM TEMPERATURE (F)   41        27      1927


SUNRISE AND SUNSET
SEPTEMBER 19 2014.....SUNRISE   635 AM MDT   SUNSET   654 PM MDT
SEPTEMBER 20 2014.....SUNRISE   636 AM MDT   SUNSET   652 PM MDT


-  INDICATES NEGATIVE NUMBERS.
R  INDICATES RECORD WAS SET OR TIED.
MM INDICATES DATA IS MISSING.
T  INDICATES TRACE AMOUNT.




$$
