000
CDUS45 KCYS 210730
CLIAIA


CLIMATE REPORT
NATIONAL WEATHER SERVICE CHEYENNE WY
1229 AM MST FRI NOV 21 2014


...................................

...THE ALLIANCE NE AIRPORT CLIMATE SUMMARY FOR NOVEMBER 20 2014...

CLIMATE NORMAL PERIOD 1981 TO 2010
CLIMATE RECORD PERIOD 1896 TO 2014


WEATHER ITEM   OBSERVED TIME   RECORD YEAR NORMAL DEPARTURE LAST
                VALUE   (LST)  VALUE       VALUE  FROM      YEAR
                                                  NORMAL
..................................................................
TEMPERATURE (F)
 YESTERDAY
  MAXIMUM         53    244 PM  72    1989  46      7       59
  MINIMUM          9    608 AM  -7    1937  16     -7       17
  AVERAGE         31                        31      0       38

PRECIPITATION (IN)
  YESTERDAY        0.00          0.93 1979   0.01  -0.01     0.00
  MONTH TO DATE    0.34                      0.31   0.03     0.54
  SINCE JAN 1     18.09                     15.20   2.89    13.74

DEGREE DAYS
 HEATING
  YESTERDAY       34                        34      0       27
  MONTH TO DATE  724                       593    131      537
  SINCE SEP 1   1354                      1398    -44     1315
  SINCE JUL 1   1391                      1435    -44     1323

 COOLING
  YESTERDAY        0                         0      0        0
  MONTH TO DATE    0                         0      0        0
  SINCE SEP 1     37                        41     -4      136
  SINCE JAN 1    499                       564    -65      795
..................................................................


WIND (MPH)
  HIGHEST WIND SPEED    12   HIGHEST WIND DIRECTION    SE (150)
  HIGHEST GUST SPEED    17   HIGHEST GUST DIRECTION     S (200)
  AVERAGE WIND SPEED     6.0


SKY COVER
  AVERAGE SKY COVER 0.0


WEATHER CONDITIONS
 THE FOLLOWING WEATHER WAS RECORDED YESTERDAY.
  NO SIGNIFICANT WEATHER WAS OBSERVED.


RELATIVE HUMIDITY (PERCENT)
 HIGHEST    88          1200 AM
 LOWEST     24           200 PM
 AVERAGE    56

..........................................................


THE ALLIANCE NE AIRPORT CLIMATE NORMALS FOR TODAY
                         NORMAL    RECORD    YEAR
 MAXIMUM TEMPERATURE (F)   46        74      2012
 MINIMUM TEMPERATURE (F)   15       -13      1926


SUNRISE AND SUNSET
NOVEMBER 21 2014......SUNRISE   648 AM MST   SUNSET   425 PM MST
NOVEMBER 22 2014......SUNRISE   650 AM MST   SUNSET   425 PM MST


-  INDICATES NEGATIVE NUMBERS.
R  INDICATES RECORD WAS SET OR TIED.
MM INDICATES DATA IS MISSING.
T  INDICATES TRACE AMOUNT.




$$
