000
CDUS45 KCYS 040730
CLIAIA


CLIMATE REPORT
NATIONAL WEATHER SERVICE CHEYENNE WY
128 AM MDT WED MAY 4 2016


...................................

...THE ALLIANCE NE AIRPORT CLIMATE SUMMARY FOR MAY 3 2016...

CLIMATE NORMAL PERIOD 1981 TO 2010
CLIMATE RECORD PERIOD 1896 TO 2016


WEATHER ITEM   OBSERVED TIME   RECORD YEAR NORMAL DEPARTURE LAST
                VALUE   (LST)  VALUE       VALUE  FROM      YEAR
                                                  NORMAL
..................................................................
TEMPERATURE (F)
 YESTERDAY
  MAXIMUM         70    341 PM  87    1940  66      4       71
  MINIMUM         29    421 AM  16    2008  35     -6       40
                                      1954
  AVERAGE         50                        50      0       56

PRECIPITATION (IN)
  YESTERDAY        0.00          0.90 1905   0.10  -0.10     0.00
  MONTH TO DATE    0.02                      0.29  -0.27     0.00
  SINCE JAN 1      5.68                      3.15   2.53     3.43

DEGREE DAYS
 HEATING
  YESTERDAY       15                        15      0        9
  MONTH TO DATE   68                        46     22       23
  SINCE MAR 1   1449                      1531    -82     1291
  SINCE JUL 1   6524                      6935   -411     6518

 COOLING
  YESTERDAY        0                         0      0        0
  MONTH TO DATE    0                         0      0        0
  SINCE MAR 1      0                         0      0        0
  SINCE JAN 1      0                         0      0        0
..................................................................


WIND (MPH)
  HIGHEST WIND SPEED    22   HIGHEST WIND DIRECTION     N (10)
  HIGHEST GUST SPEED    27   HIGHEST GUST DIRECTION     N (20)
  AVERAGE WIND SPEED    10.0


SKY COVER
  AVERAGE SKY COVER 0.0


WEATHER CONDITIONS
 THE FOLLOWING WEATHER WAS RECORDED YESTERDAY.
  NO SIGNIFICANT WEATHER WAS OBSERVED.


RELATIVE HUMIDITY (PERCENT)
 HIGHEST   100           300 AM
 LOWEST     22           200 PM
 AVERAGE    61

..........................................................


THE ALLIANCE NE AIRPORT CLIMATE NORMALS FOR TODAY
                         NORMAL    RECORD    YEAR
 MAXIMUM TEMPERATURE (F)   66        89      2000
 MINIMUM TEMPERATURE (F)   35        25      2013


SUNRISE AND SUNSET
MAY  4 2016...........SUNRISE   542 AM MDT   SUNSET   754 PM MDT
MAY  5 2016...........SUNRISE   541 AM MDT   SUNSET   755 PM MDT


-  INDICATES NEGATIVE NUMBERS.
R  INDICATES RECORD WAS SET OR TIED.
MM INDICATES DATA IS MISSING.
T  INDICATES TRACE AMOUNT.




$$
