000
CDAK48 PAKN 211200
CLIAKN

CLIMATE REPORT
NATIONAL WEATHER SERVICE KING SALMON, AK
400 AM AKDT SUN SEP 21 2014

...................................
...THE KING SALMON AP CLIMATE SUMMARY FOR SEPTEMBER 20 2014...

CLIMATE NORMAL PERIOD  1981 TO  2010
CLIMATE RECORD PERIOD  1917 TO  2013

WEATHER ITEM   OBSERVED TIME    RECORD YEAR NORMAL DEPARTURE LAST
               VALUE    (LST)   VALUE       VALUE  FROM      YEAR
                                                   NORMAL
...................................................................
TEMPERATURE
YESTERDAY
 MAXIMUM            62  0306 PM    64  1995     54       8     48
 MINIMUM            45  0745 AM    21  1984     38       7     24
 AVERAGE            54                          46       8     36

PRECIPITATION
(INCHES)
 YESTERDAY        0.31           0.85  1966   0.11    0.20      T
 MONTH TO DATE    3.37                        2.17    1.20   1.02
 SINCE SEP 1      3.37                        2.17    1.20   1.02
 SINCE JAN 1     17.64                       13.77    3.87  15.11

SNOWFALL
(INCHES)
 YESTERDAY         0.0            0.6  1956    0.0     0.0    0.0
 MONTH TO DATE     0.0                         0.0     0.0    0.0
 SINCE SEP 1       0.0                         0.0     0.0    0.0
 SINCE JUL 1       0.0                         0.0     0.0    0.0
 SNOW DEPTH (IN)     0                                          0

DEGREE DAYS
 HEATING
  YESTERDAY         11                          19      -8     29
  MONTH TO DATE    193                         308    -115    295
  SINCE SEP 1      193                         308    -115    295
  SINCE JUL 1      667                         920    -253    798

 COOLING
  YESTERDAY          0                           0       0      0
  MONTH TO DATE      0                           0       0      0
  SINCE SEP 1        0                           0       0      0
  SINCE JAN 1        0                           0       0      4
...................................................................

WIND (MPH)
 HIGHEST WIND SPEED    14     HIGHEST WIND DIRECTION     50
 HIGHEST GUST SPEED    17     HIGHEST GUST DIRECTION     50
 AVERAGE WIND SPEED   4.0

SKY COVER
  POSSIBLE SUNSHINE    MM          AVERAGE SKY COVER     MM

WEATHER CONDITIONS
 THE FOLLOWING WEATHER WAS RECORDED YESTERDAY.
  FOG
  RAIN


RELATIVE HUMIDITY
 HIGHEST RH     MM PERCENT       MM
 LOWEST  RH     MM PERCENT       MM
 AVERAGE RH     MM PERCENT       MM
...................................................................

THE KING SALMON CLIMATE NORMALS FOR TODAY
                           NORMAL    RECORD   YEAR
 MAXIMUM TEMPERATURE (F)     54        70     1929
 MINIMUM TEMPERATURE (F)     38        19     1992

SUNRISE AND SUNSET
 SEP 21 2014..........SUNRISE  8:10 AM      SUNSET  8:29 PM
 SEP 22 2014..........SUNRISE  8:12 AM      SUNSET  8:26 PM

-  INDICATES NEGATIVE NUMBERS.
R  INDICATES RECORD HAS BEEN SET OR TIED.
MM INDICATES DATA IS MISSING.
T  INDICATES TRACE OF PRECIPITATION.

&&
-------------------------------------------------------------------

AMOUNT OF DAYLIGHT TODAY  (HOUR:MIN)........12 HOURS 19 MINUTES
LOSS SINCE YESTERDAY (HOUR:MIN:SEC).........-0:05:06

$$

DT SEP 14
