000
CDAK48 PAFC 231235
CLIAKN


CLIMATE REPORT
NATIONAL WEATHER SERVICE ANCHORAGE, AK
335 AM AKST THU FEB 23 2017


...................................

...THE KING SALMON CLIMATE SUMMARY FOR FEBRUARY 22 2017...

CLIMATE NORMAL PERIOD 1981 TO 2010
CLIMATE RECORD PERIOD 1917 TO 2017


WEATHER ITEM   OBSERVED TIME   RECORD YEAR NORMAL DEPARTURE LAST
                VALUE   (LST)  VALUE       VALUE  FROM      YEAR
                                                  NORMAL
..................................................................
TEMPERATURE (F)
 YESTERDAY
  MAXIMUM         38    517 PM  49    2015  28     10       40
  MINIMUM         29    629 AM -25    1990  12     17       30
  AVERAGE         34                        20     14       35

PRECIPITATION (IN)
  YESTERDAY        0.01          0.35 1981   0.03  -0.02     0.02
                                      1942
  MONTH TO DATE    0.80                      0.61   0.19     0.94
  SINCE DEC 1      2.04                      2.86  -0.82     2.92
  SINCE JAN 1      0.95                      1.63  -0.68     1.42

SNOWFALL (IN)
  YESTERDAY       MM            MM      MM   0.2   MM       MM
  MONTH TO DATE    8.8                       4.7    4.1      0.0
  SINCE DEC 1     17.3                      24.4   -7.1      0.0
  SINCE JUL 1     21.9                      34.2  -12.3     13.1
  SNOW DEPTH       7

DEGREE DAYS
 HEATING
  YESTERDAY       31                        45    -14       30
  MONTH TO DATE 1161                      1026    135      681
  SINCE DEC 1   4199                      3977    222     2909
  SINCE JUL 1   6925                      7354   -429     5506

 COOLING
  YESTERDAY        0                         0      0        0
  MONTH TO DATE    0                         0      0        0
  SINCE DEC 1      0                         0      0        0
  SINCE JAN 1      0                         0      0        0
..................................................................


WIND (MPH)
  RESULTANT WIND SPEED   7   RESULTANT WIND DIRECTION   S (170)
  HIGHEST WIND SPEED    14   HIGHEST WIND DIRECTION     S (160)
  HIGHEST GUST SPEED    20   HIGHEST GUST DIRECTION    SW (230)
  AVERAGE WIND SPEED     8.6



WEATHER CONDITIONS
 THE FOLLOWING WEATHER WAS RECORDED YESTERDAY.
  LIGHT SNOW
  FOG


RELATIVE HUMIDITY (PERCENT)
 HIGHEST   100
 LOWEST     70
 AVERAGE    85

..........................................................


THE KING SALMON CLIMATE NORMALS FOR TODAY
                         NORMAL    RECORD    YEAR
 MAXIMUM TEMPERATURE (F)   29        45      2014
                                             1993
                                             1945
 MINIMUM TEMPERATURE (F)   12       -33      1976


SUNRISE AND SUNSET
FEBRUARY 23 2017......SUNRISE   837 AM AKST  SUNSET   643 PM AKST
FEBRUARY 24 2017......SUNRISE   835 AM AKST  SUNSET   646 PM AKST


-  INDICATES NEGATIVE NUMBERS.
R  INDICATES RECORD WAS SET OR TIED.
MM INDICATES DATA IS MISSING.
T  INDICATES TRACE AMOUNT.




$$
