000
CDAK48 PAKN 301207
CLIAKN

CLIMATE REPORT
NATIONAL WEATHER SERVICE KING SALMON, AK
307 AM AKST FRI JAN 30 2015

...................................
...THE KING SALMON AP CLIMATE SUMMARY FOR JANUARY 29 2015...

CLIMATE NORMAL PERIOD  1981 TO  2010
CLIMATE RECORD PERIOD  1917 TO  2015

WEATHER ITEM   OBSERVED TIME    RECORD YEAR NORMAL DEPARTURE LAST
               VALUE    (LST)   VALUE       VALUE  FROM      YEAR
                                                   NORMAL
...................................................................
TEMPERATURE
YESTERDAY
 MAXIMUM             6  0321 PM    47  2014     24     -18     47
 MINIMUM            -1  1159 PM   -38  2006      9     -10     34
 AVERAGE             3                          16     -13     41

PRECIPITATION
(INCHES)
 YESTERDAY        0.00           0.40  2002   0.03   -0.03   0.00
 MONTH TO DATE    0.52                        0.95   -0.43   1.73
 SINCE DEC 1      2.48                        2.18    0.30   2.86
 SINCE JAN 1      0.52                        0.95   -0.43   1.73

SNOWFALL
(INCHES)
 YESTERDAY         0.0            4.6  2002    0.4    -0.4    0.0
 MONTH TO DATE     0.7                         9.6    -8.9   10.6
 SINCE DEC 1       8.2                        19.1   -10.9   13.8
 SINCE JUL 1      11.7                        28.9   -17.2   25.4
 SNOW DEPTH (IN)     T                                          0

DEGREE DAYS
 HEATING
  YESTERDAY         62                          49      13     24
  MONTH TO DATE   1252                        1417    -165    877
  SINCE DEC 1     2279                        2855    -576   2219
  SINCE JUL 1     5030                        6230   -1200   5123

 COOLING
  YESTERDAY          0                           0       0      0
  MONTH TO DATE      0                           0       0      0
  SINCE DEC 1        0                           0       0      0
  SINCE JAN 1        0                           0       0      0
...................................................................

WIND (MPH)
 HIGHEST WIND SPEED    24     HIGHEST WIND DIRECTION    360
 HIGHEST GUST SPEED    32     HIGHEST GUST DIRECTION    360
 AVERAGE WIND SPEED  17.3

SKY COVER
  POSSIBLE SUNSHINE    MM          AVERAGE SKY COVER     MM

WEATHER CONDITIONS
 THE FOLLOWING WEATHER WAS RECORDED YESTERDAY.
  NO SIGNIFICANT WEATHER WAS OBSERVED.

RELATIVE HUMIDITY
 HIGHEST RH     MM PERCENT       MM
 LOWEST  RH     MM PERCENT       MM
 AVERAGE RH     MM PERCENT       MM
...................................................................

THE KING SALMON CLIMATE NORMALS FOR TODAY
                           NORMAL    RECORD   YEAR
 MAXIMUM TEMPERATURE (F)     24        53     2007
 MINIMUM TEMPERATURE (F)      9       -37     2006

SUNRISE AND SUNSET
 JAN 30 2015..........SUNRISE  9:38 AM      SUNSET  5:43 PM
 JAN 31 2015..........SUNRISE  9:36 AM      SUNSET  5:46 PM

-  INDICATES NEGATIVE NUMBERS.
R  INDICATES RECORD HAS BEEN SET OR TIED.
MM INDICATES DATA IS MISSING.
T  INDICATES TRACE OF PRECIPITATION.

&&
-------------------------------------------------------------------

AMOUNT OF DAYLIGHT TODAY  (HOUR:MIN)........8 HOURS 5 MINUTES
GAIN SINCE YESTERDAY (HOUR:MIN:SEC).........+0:04:32

$$
AM JAN 15
