000
CDAK48 PAKN 241200
CLIAKN

CLIMATE REPORT
NATIONAL WEATHER SERVICE KING SALMON, AK
400 AM AKDT TUE MAY 24 2016

...................................
...THE KING SALMON AP CLIMATE SUMMARY FOR MAY 23 2016...

CLIMATE NORMAL PERIOD  1981 TO  2016
CLIMATE RECORD PERIOD  1917 TO  2016

WEATHER ITEM   OBSERVED TIME    RECORD YEAR NORMAL DEPARTURE LAST
               VALUE    (LST)   VALUE       VALUE  FROM      YEAR
                                                   NORMAL
...................................................................
TEMPERATURE
YESTERDAY
 MAXIMUM            50  0254 PM    74  2006     56      -6     54
 MINIMUM            37  0146 AM    25  1964     36       1     43
 AVERAGE            44                          46      -2     49

PRECIPITATION
(INCHES)
 YESTERDAY           T           0.40  1987   0.05   -0.05   0.00
 MONTH TO DATE    3.05                        0.89    2.16   2.78
 SINCE MAR 1      5.85                        2.56    3.29   5.91
 SINCE JAN 1      7.29                        4.34    2.95   6.70

SNOWFALL
(INCHES)
 YESTERDAY         0.0              T  2000    0.0     0.0    0.0
 MONTH TO DATE     0.0                         0.7    -0.7    0.0
 SINCE MAR 1       4.2                        11.0    -6.8   12.4
 SINCE JUL 1      38.8                        46.5    -7.7   26.1
 SNOW DEPTH (IN)     0                                          0

DEGREE DAYS
 HEATING
  YESTERDAY         21                          19       2     16
  MONTH TO DATE    390                         503    -113    419
  SINCE MAR 1     2022                        2708    -686   2344
  SINCE JUL 1     7956                       10326   -2370   8542

 COOLING
  YESTERDAY          0                           0       0      0
  MONTH TO DATE      0                           0       0      0
  SINCE MAR 1        0                           0       0      0
  SINCE JAN 1        0                           0       0      0
...................................................................

WIND (MPH)
 HIGHEST WIND SPEED    13     HIGHEST WIND DIRECTION    230
 HIGHEST GUST SPEED    16     HIGHEST GUST DIRECTION    250
 AVERAGE WIND SPEED   7.9

SKY COVER
  POSSIBLE SUNSHINE    MM          AVERAGE SKY COVER     MM

WEATHER CONDITIONS
 THE FOLLOWING WEATHER WAS RECORDED YESTERDAY.
  RAIN


RELATIVE HUMIDITY
 HIGHEST RH     MM PERCENT       MM
 LOWEST  RH     MM PERCENT       MM
 AVERAGE RH     MM PERCENT       MM
...................................................................

THE KING SALMON CLIMATE NORMALS FOR TODAY
                           NORMAL    RECORD   YEAR
 MAXIMUM TEMPERATURE (F)     56        78     2006
 MINIMUM TEMPERATURE (F)     36        22     1938

SUNRISE AND SUNSET
 MAY 24 2016..........SUNRISE  5:39 AM      SUNSET 11:10 PM
 MAY 25 2016..........SUNRISE  5:38 AM      SUNSET 11:12 PM

-  INDICATES NEGATIVE NUMBERS.
R  INDICATES RECORD HAS BEEN SET OR TIED.
MM INDICATES DATA IS MISSING.
T  INDICATES TRACE OF PRECIPITATION.

&&
-------------------------------------------------------------------

AMOUNT OF DAYLIGHT TODAY  (HOUR:MIN)........17 HOURS 31 MINUTES
GAIN SINCE YESTERDAY (HOUR:MIN:SEC).........+0:03:39

$$

DT MAY 16
