000
CDAK48 PAKN 071029
CLIAKN

CLIMATE REPORT
NATIONAL WEATHER SERVICE KING SALMON, AK
129 AM AKST SUN FEB 7 2016

...................................
...THE KING SALMON AP CLIMATE SUMMARY FOR FEBRUARY 6 2016...

CLIMATE NORMAL PERIOD  1981 TO  2010
CLIMATE RECORD PERIOD  1917 TO  2016

WEATHER ITEM   OBSERVED TIME    RECORD YEAR NORMAL DEPARTURE LAST
               VALUE    (LST)   VALUE       VALUE  FROM      YEAR
                                                   NORMAL
...................................................................
TEMPERATURE
YESTERDAY
 MAXIMUM            41  0305 PM    51  1982     25      16     14
 MINIMUM            26  1116 PM   -31  1991     10      16      2
 AVERAGE            34                          17      17      8

PRECIPITATION
(INCHES)
 YESTERDAY        0.11           0.60  1994   0.02    0.09   0.00
 MONTH TO DATE    0.24                        0.17    0.07   0.00
 SINCE DEC 1      3.07                        2.42    0.65   2.48
 SINCE JAN 1      0.72                        1.19   -0.47   0.52

SNOWFALL
(INCHES)
 YESTERDAY         1.2            5.0  1936    0.2     1.0    0.0
 MONTH TO DATE     1.3                         1.4    -0.1    0.0
 SINCE DEC 1      18.1                        21.1    -3.0    8.2
 SINCE JUL 1      31.2                        30.9     0.3   11.7
 SNOW DEPTH (IN)     1                                          T

DEGREE DAYS
 HEATING
  YESTERDAY         31                          48     -17     57
  MONTH TO DATE    188                         288    -100    312
  SINCE DEC 1     2477                        3239    -762   2695
  SINCE JUL 1     5255                        6614   -1359   5447

 COOLING
  YESTERDAY          0                           0       0      0
  MONTH TO DATE      0                           0       0      0
  SINCE DEC 1        0                           0       0      0
  SINCE JAN 1        0                           0       0      0
...................................................................

WIND (MPH)
 HIGHEST WIND SPEED    18     HIGHEST WIND DIRECTION    160
 HIGHEST GUST SPEED    23     HIGHEST GUST DIRECTION    150
 AVERAGE WIND SPEED   9.4

SKY COVER
  POSSIBLE SUNSHINE    MM          AVERAGE SKY COVER     MM

WEATHER CONDITIONS
 THE FOLLOWING WEATHER WAS RECORDED YESTERDAY.
  FOG
RAIN
SNOW


RELATIVE HUMIDITY
 HIGHEST RH     MM PERCENT       MM
 LOWEST  RH     MM PERCENT       MM
 AVERAGE RH     MM PERCENT       MM
...................................................................

THE KING SALMON CLIMATE NORMALS FOR TODAY
                           NORMAL    RECORD   YEAR
 MAXIMUM TEMPERATURE (F)     25        51     1981
 MINIMUM TEMPERATURE (F)     10       -34     1953

SUNRISE AND SUNSET
 FEB 7 2016..........SUNRISE  9:21 AM      SUNSET  6:03 PM
 FEB 8 2016..........SUNRISE  9:18 AM      SUNSET  6:05 PM

-  INDICATES NEGATIVE NUMBERS.
R  INDICATES RECORD HAS BEEN SET OR TIED.
MM INDICATES DATA IS MISSING.
T  INDICATES TRACE OF PRECIPITATION.

&&
-------------------------------------------------------------------

AMOUNT OF DAYLIGHT TODAY  (HOUR:MIN)........8 HOURS 42 MINUTES
GAIN/LOSS SINCE YESTERDAY (HOUR:MIN:SEC)....+0:04:49

$$
FS FEB 16
