000
CDUS45 KBOU 180750
CLIAKO


CLIMATE REPORT
NATIONAL WEATHER SERVICE DENVER/BOULDER CO
1250 AM MST SUN FEB 18 2018


...................................

...THE AKRON CO CLIMATE SUMMARY FOR FEBRUARY 17 2018...

CLIMATE NORMAL PERIOD 1981 TO 2010
CLIMATE RECORD PERIOD 9999 TO 9999


WEATHER ITEM   OBSERVED TIME   RECORD YEAR NORMAL DEPARTURE LAST
                VALUE   (LST)  VALUE       VALUE  FROM      YEAR
                                                  NORMAL
..................................................................
TEMPERATURE (F)
 YESTERDAY
  MAXIMUM         50    417 PM  73    1970  44      6
  MINIMUM         25    103 AM -16    1942  20      5
  AVERAGE         38                        32      6

PRECIPITATION (IN)
  YESTERDAY        0.00          0.17 1942   0.02  -0.02     0.00
  MONTH TO DATE    0.38                      0.24   0.14      T
  SINCE DEC 1      1.11                      0.94   0.17     0.25
  SINCE JAN 1      1.09                      0.54   0.55     0.11

SNOWFALL (IN)
  YESTERDAY        0.0
  SNOW DEPTH       0

DEGREE DAYS
 HEATING
  YESTERDAY       27
  MONTH TO DATE  612

 COOLING
  YESTERDAY        0
  MONTH TO DATE    0
..................................................................


WIND (MPH)
  HIGHEST WIND SPEED    43   HIGHEST WIND DIRECTION    NW (330)
  HIGHEST GUST SPEED    58   HIGHEST GUST DIRECTION    NW (330)




RELATIVE HUMIDITY (PERCENT)
 HIGHEST    88
 LOWEST     22
 AVERAGE    55

..........................................................


THE AKRON CO CLIMATE NORMALS FOR TODAY
                         NORMAL    RECORD    YEAR
 MAXIMUM TEMPERATURE (F)   44        73      2016
 MINIMUM TEMPERATURE (F)   20       -24      1942


SUNRISE AND SUNSET
FEBRUARY 18 2018......SUNRISE   642 AM MST   SUNSET   532 PM MST
FEBRUARY 19 2018......SUNRISE   641 AM MST   SUNSET   533 PM MST


-  INDICATES NEGATIVE NUMBERS.
R  INDICATES RECORD WAS SET OR TIED.
MM INDICATES DATA IS MISSING.
T  INDICATES TRACE AMOUNT.




$$
