000
CDUS45 KBOU 300725
CLIAKO


CLIMATE REPORT
NATIONAL WEATHER SERVICE BOULDER, CO
125 AM MDT SAT AUG 30 2014


...................................

...THE AKRON CO CLIMATE SUMMARY FOR AUGUST 29 2014...

CLIMATE NORMAL PERIOD 1981 TO 2010
CLIMATE RECORD PERIOD 9999 TO 9999


WEATHER ITEM   OBSERVED TIME   RECORD YEAR NORMAL DEPARTURE LAST
                VALUE   (LST)  VALUE       VALUE  FROM      YEAR
                                                  NORMAL
..................................................................
TEMPERATURE (F)
 YESTERDAY
  MAXIMUM         81    247 PM  97    2013  84     -3
                                      1943
  MINIMUM         53    520 AM  44    1978  56     -3
  AVERAGE         67                        70     -3

PRECIPITATION (IN)
  YESTERDAY        0.00          2.59 1978   0.05  -0.05     0.00
  MONTH TO DATE    4.81                      2.18   2.63     2.41
  SINCE JUN 1     10.90                      7.19   3.71     7.53
  SINCE JAN 1     15.60                     13.37   2.23    11.42

DEGREE DAYS
 HEATING
  YESTERDAY        0
  MONTH TO DATE    2

 COOLING
  YESTERDAY        2
  MONTH TO DATE  208
..................................................................


WIND (MPH)
  HIGHEST WIND SPEED    20   HIGHEST WIND DIRECTION     W (280)
  HIGHEST GUST SPEED    32   HIGHEST GUST DIRECTION     W (280)




RELATIVE HUMIDITY (PERCENT)
 HIGHEST    89
 LOWEST     26
 AVERAGE    58

..........................................................


THE AKRON CO CLIMATE NORMALS FOR TODAY
                         NORMAL    RECORD    YEAR
 MAXIMUM TEMPERATURE (F)   83        99      1990
 MINIMUM TEMPERATURE (F)   56        43      1964


SUNRISE AND SUNSET
AUGUST 30 2014........SUNRISE   619 AM MDT   SUNSET   728 PM MDT
AUGUST 31 2014........SUNRISE   620 AM MDT   SUNSET   726 PM MDT


-  INDICATES NEGATIVE NUMBERS.
R  INDICATES RECORD WAS SET OR TIED.
MM INDICATES DATA IS MISSING.
T  INDICATES TRACE AMOUNT.




$$
