000
CDUS45 KBOU 300725
CLIAKO


CLIMATE REPORT
NATIONAL WEATHER SERVICE BOULDER, CO
125 AM MDT THU OCT 30 2014


...................................

...THE AKRON CO CLIMATE SUMMARY FOR OCTOBER 29 2014...

CLIMATE NORMAL PERIOD 1981 TO 2010
CLIMATE RECORD PERIOD 9999 TO 9999


WEATHER ITEM   OBSERVED TIME   RECORD YEAR NORMAL DEPARTURE LAST
                VALUE   (LST)  VALUE       VALUE  FROM      YEAR
                                                  NORMAL
..................................................................
TEMPERATURE (F)
 YESTERDAY
  MAXIMUM         71    146 PM  84    1968  59     12
  MINIMUM         33    449 AM   4    1991  33      0
  AVERAGE         52                        46      6

PRECIPITATION (IN)
  YESTERDAY        0.00          0.58 1969   0.02  -0.02     0.00
  MONTH TO DATE    0.22                      1.06  -0.84     1.08
  SINCE SEP 1      2.16                      2.22  -0.06     5.37
  SINCE JAN 1     17.76                     15.71   2.05    16.79

DEGREE DAYS
 HEATING
  YESTERDAY       13
  MONTH TO DATE  290

 COOLING
  YESTERDAY        0
  MONTH TO DATE    2
..................................................................


WIND (MPH)
  HIGHEST WIND SPEED    22   HIGHEST WIND DIRECTION    NW (330)
  HIGHEST GUST SPEED    27   HIGHEST GUST DIRECTION     N (340)




RELATIVE HUMIDITY (PERCENT)
 HIGHEST    69
 LOWEST     11
 AVERAGE    40

..........................................................


THE AKRON CO CLIMATE NORMALS FOR TODAY
                         NORMAL    RECORD    YEAR
 MAXIMUM TEMPERATURE (F)   58        83      1950
 MINIMUM TEMPERATURE (F)   32         4      1991


SUNRISE AND SUNSET
OCTOBER 30 2014.......SUNRISE   720 AM MDT   SUNSET   553 PM MDT
OCTOBER 31 2014.......SUNRISE   721 AM MDT   SUNSET   551 PM MDT


-  INDICATES NEGATIVE NUMBERS.
R  INDICATES RECORD WAS SET OR TIED.
MM INDICATES DATA IS MISSING.
T  INDICATES TRACE AMOUNT.




$$
