000
CDUS45 KBOU 190725
CLIAKO


CLIMATE REPORT
NATIONAL WEATHER SERVICE DENVER/BOULDER CO
125 AM MDT SAT AUG 19 2017


...................................

...THE AKRON CO CLIMATE SUMMARY FOR AUGUST 18 2017...

CLIMATE NORMAL PERIOD 1981 TO 2010
CLIMATE RECORD PERIOD 9999 TO 9999


WEATHER ITEM   OBSERVED TIME   RECORD YEAR NORMAL DEPARTURE LAST
                VALUE   (LST)  VALUE       VALUE  FROM      YEAR
                                                  NORMAL
..................................................................
TEMPERATURE (F)
 YESTERDAY
  MAXIMUM         87    439 PM 100    1938  86      1
  MINIMUM         52    510 AM  47    1978  58     -6
  AVERAGE         70                        72     -2

PRECIPITATION (IN)
  YESTERDAY        0.00          1.55 1979   0.07  -0.07      T
  MONTH TO DATE    2.28                      1.51   0.77     1.35
  SINCE JUN 1      5.11                      6.52  -1.41     7.98
  SINCE JAN 1     11.76                     12.70  -0.94    14.49

DEGREE DAYS
 HEATING
  YESTERDAY        0
  MONTH TO DATE    9

 COOLING
  YESTERDAY        5
  MONTH TO DATE   76
..................................................................


WIND (MPH)
  HIGHEST WIND SPEED    17   HIGHEST WIND DIRECTION    SE (130)
  HIGHEST GUST SPEED    21   HIGHEST GUST DIRECTION    SE (130)




RELATIVE HUMIDITY (PERCENT)
 HIGHEST    83
 LOWEST     16
 AVERAGE    50

..........................................................


THE AKRON CO CLIMATE NORMALS FOR TODAY
                         NORMAL    RECORD    YEAR
 MAXIMUM TEMPERATURE (F)   86       100      1952
 MINIMUM TEMPERATURE (F)   58        45      1956


SUNRISE AND SUNSET
AUGUST 19 2017........SUNRISE   608 AM MDT   SUNSET   744 PM MDT
AUGUST 20 2017........SUNRISE   609 AM MDT   SUNSET   742 PM MDT


-  INDICATES NEGATIVE NUMBERS.
R  INDICATES RECORD WAS SET OR TIED.
MM INDICATES DATA IS MISSING.
T  INDICATES TRACE AMOUNT.




$$
