000
CDUS45 KBOU 011226
CLIAKO


CLIMATE REPORT
NATIONAL WEATHER SERVICE BOULDER, CO
626 AM MDT WED JUL 1 2015


...................................

...THE AKRON CO CLIMATE SUMMARY FOR JUNE 30 2015...

CLIMATE NORMAL PERIOD 1981 TO 2010
CLIMATE RECORD PERIOD 9999 TO 9999


WEATHER ITEM   OBSERVED TIME   RECORD YEAR NORMAL DEPARTURE LAST
                VALUE   (LST)  VALUE       VALUE  FROM      YEAR
                                                  NORMAL
..................................................................
TEMPERATURE (F)
 YESTERDAY
  MAXIMUM         93    355 PM 101    2012  87      6
                                      1990
  MINIMUM         64    346 AM  46    1951  58      6
  AVERAGE         79                        72      7

PRECIPITATION (IN)
  YESTERDAY        0.00          0.71 1984   0.07  -0.07     0.00
  MONTH TO DATE    1.05                      2.46  -1.41     3.82
  SINCE JUN 1      1.05                      2.46  -1.41     3.82
  SINCE JAN 1      9.06                      8.64   0.42     8.52

DEGREE DAYS
 HEATING
  YESTERDAY        0
  MONTH TO DATE    4

 COOLING
  YESTERDAY       14
  MONTH TO DATE  115
..................................................................


WIND (MPH)
  HIGHEST WIND SPEED    32   HIGHEST WIND DIRECTION    NW (330)
  HIGHEST GUST SPEED    45   HIGHEST GUST DIRECTION    NW (300)




RELATIVE HUMIDITY (PERCENT)
 HIGHEST    67
 LOWEST     20
 AVERAGE    44

..........................................................


THE AKRON CO CLIMATE NORMALS FOR TODAY
                         NORMAL    RECORD    YEAR
 MAXIMUM TEMPERATURE (F)   87       104      1990
 MINIMUM TEMPERATURE (F)   58        41      1959


SUNRISE AND SUNSET
JULY  1 2015..........SUNRISE   527 AM MDT   SUNSET   826 PM MDT
JULY  2 2015..........SUNRISE   528 AM MDT   SUNSET   826 PM MDT


-  INDICATES NEGATIVE NUMBERS.
R  INDICATES RECORD WAS SET OR TIED.
MM INDICATES DATA IS MISSING.
T  INDICATES TRACE AMOUNT.




$$
