000
CDUS45 KBOU 230725
CLIAKO


CLIMATE REPORT
NATIONAL WEATHER SERVICE DENVER/BOULDER CO
1225 AM MST THU FEB 23 2017


...................................

...THE AKRON CO CLIMATE SUMMARY FOR FEBRUARY 22 2017...

CLIMATE NORMAL PERIOD 1981 TO 2010
CLIMATE RECORD PERIOD 9999 TO 9999


WEATHER ITEM   OBSERVED TIME   RECORD YEAR NORMAL DEPARTURE LAST
                VALUE   (LST)  VALUE       VALUE  FROM      YEAR
                                                  NORMAL
..................................................................
TEMPERATURE (F)
 YESTERDAY
  MAXIMUM         60    225 PM  72    1996  45     15
  MINIMUM         29   1115 PM   0    1955  21      8
  AVERAGE         45                        33     12

PRECIPITATION (IN)
  YESTERDAY        0.00          0.11 1960   0.02  -0.02     0.00
  MONTH TO DATE    T                         0.32  -0.32     0.02
  SINCE DEC 1      0.25                      1.02  -0.77     0.13
  SINCE JAN 1      0.11                      0.62  -0.51     0.11

DEGREE DAYS
 HEATING
  YESTERDAY       20
  MONTH TO DATE  520

 COOLING
  YESTERDAY        0
  MONTH TO DATE    0
..................................................................


WIND (MPH)
  HIGHEST WIND SPEED    24   HIGHEST WIND DIRECTION    NW (330)
  HIGHEST GUST SPEED    30   HIGHEST GUST DIRECTION    NW (320)




RELATIVE HUMIDITY (PERCENT)
 HIGHEST    75
 LOWEST     19
 AVERAGE    47

..........................................................


THE AKRON CO CLIMATE NORMALS FOR TODAY
                         NORMAL    RECORD    YEAR
 MAXIMUM TEMPERATURE (F)   46        70      1958
 MINIMUM TEMPERATURE (F)   21       -13      1960


SUNRISE AND SUNSET
FEBRUARY 23 2017......SUNRISE   635 AM MST   SUNSET   538 PM MST
FEBRUARY 24 2017......SUNRISE   633 AM MST   SUNSET   539 PM MST


-  INDICATES NEGATIVE NUMBERS.
R  INDICATES RECORD WAS SET OR TIED.
MM INDICATES DATA IS MISSING.
T  INDICATES TRACE AMOUNT.




$$
