000
CDUS45 KBOU 290725
CLIAKO


CLIMATE REPORT
NATIONAL WEATHER SERVICE BOULDER, CO
125 AM MDT FRI MAY 29 2015


...................................

...THE AKRON CO CLIMATE SUMMARY FOR MAY 28 2015...

CLIMATE NORMAL PERIOD 1981 TO 2010
CLIMATE RECORD PERIOD 9999 TO 9999


WEATHER ITEM   OBSERVED TIME   RECORD YEAR NORMAL DEPARTURE LAST
                VALUE   (LST)  VALUE       VALUE  FROM      YEAR
                                                  NORMAL
..................................................................
TEMPERATURE (F)
 YESTERDAY
  MAXIMUM         75    102 PM  95    2000  74      1
  MINIMUM         50    539 AM  30    1947  47      3
  AVERAGE         63                        61      2

PRECIPITATION (IN)
  YESTERDAY        0.41          1.71 1975   0.10   0.31     0.00
  MONTH TO DATE    5.94                      2.61   3.33     2.92
  SINCE MAR 1      7.65                      5.13   2.52     4.11
  SINCE JAN 1      7.93                      5.87   2.06     4.54

DEGREE DAYS
 HEATING
  YESTERDAY        2
  MONTH TO DATE  353

 COOLING
  YESTERDAY        0
  MONTH TO DATE    0
..................................................................


WIND (MPH)
  HIGHEST WIND SPEED    35   HIGHEST WIND DIRECTION     N (360)
  HIGHEST GUST SPEED    40   HIGHEST GUST DIRECTION     N (360)




RELATIVE HUMIDITY (PERCENT)
 HIGHEST   100
 LOWEST     49
 AVERAGE    75

..........................................................


THE AKRON CO CLIMATE NORMALS FOR TODAY
                         NORMAL    RECORD    YEAR
 MAXIMUM TEMPERATURE (F)   75        96      2003
 MINIMUM TEMPERATURE (F)   48        29      1947


SUNRISE AND SUNSET
MAY 29 2015...........SUNRISE   527 AM MDT   SUNSET   814 PM MDT
MAY 30 2015...........SUNRISE   527 AM MDT   SUNSET   815 PM MDT


-  INDICATES NEGATIVE NUMBERS.
R  INDICATES RECORD WAS SET OR TIED.
MM INDICATES DATA IS MISSING.
T  INDICATES TRACE AMOUNT.




$$
