000
CDUS41 KALY 292049
CLIALB


CLIMATE REPORT
NATIONAL WEATHER SERVICE ALBANY NY
448 PM EDT SAT APR 29 2017


...................................

...THE ALBANY NY CLIMATE SUMMARY FOR APRIL 29 2017...
VALID TODAY AS OF 0400 PM LOCAL TIME.

CLIMATE NORMAL PERIOD 1981 TO 2010
CLIMATE RECORD PERIOD 1874 TO 2017


WEATHER ITEM   OBSERVED TIME   RECORD YEAR NORMAL DEPARTURE LAST
                VALUE   (LST)  VALUE       VALUE  FROM      YEAR
                                                  NORMAL
..................................................................
TEMPERATURE (F)
 TODAY
  MAXIMUM         74    943 AM  88    1888  64     10       59
  MINIMUM         61    156 AM  27    1947  42     19       37
  AVERAGE         68                        53     15       48

PRECIPITATION (IN)
  TODAY            T             1.00 1996   0.11  -0.11      T
  MONTH TO DATE    2.87                      3.06  -0.19     1.84
  SINCE MAR 1      6.94                      6.27   0.67     3.02
  SINCE JAN 1     12.92                     11.06   1.86     8.33

SNOWFALL (IN)
  TODAY           MM             1.0  1885   0.0   MM        0.0
  MONTH TO DATE    0.2                       2.3   -2.1      6.4
  SINCE MAR 1     19.6                      13.3    6.3      6.6
  SINCE JUL 1     60.8                      60.2    0.6     16.9
  SNOW DEPTH      MM

DEGREE DAYS
 HEATING
  TODAY            0                        12    -12       17
  MONTH TO DATE  354                       508   -154      559
  SINCE MAR 1   1379                      1437    -58     1241
  SINCE JUL 1   5542                      6381   -839     5170

 COOLING
  TODAY            3                         0      3        0
  MONTH TO DATE   25                         0     25        2
  SINCE MAR 1     25                         0     25        2
  SINCE JAN 1     25                         0     25        2
..................................................................


WIND (MPH)
  HIGHEST WIND SPEED    24   HIGHEST WIND DIRECTION     W (270)
  HIGHEST GUST SPEED    30   HIGHEST GUST DIRECTION     W (270)
  AVERAGE WIND SPEED     9.1


SKY COVER
  AVERAGE SKY COVER 1.0



RELATIVE HUMIDITY (PERCENT)
 HIGHEST    72           100 AM
 LOWEST     44          1000 AM
 AVERAGE    58

..........................................................


THE ALBANY NY CLIMATE NORMALS FOR TOMORROW
                         NORMAL    RECORD    YEAR
 MAXIMUM TEMPERATURE (F)   64        86      1903
 MINIMUM TEMPERATURE (F)   42        25      1874


SUNRISE AND SUNSET
APRIL 29 2017.........SUNRISE   552 AM EDT   SUNSET   754 PM EDT
APRIL 30 2017.........SUNRISE   551 AM EDT   SUNSET   755 PM EDT


-  INDICATES NEGATIVE NUMBERS.
R  INDICATES RECORD WAS SET OR TIED.
MM INDICATES DATA IS MISSING.
T  INDICATES TRACE AMOUNT.




$$
