000
CDUS43 KDMX 270659
CLIALO

CLIMATE REPORT
NATIONAL WEATHER SERVICE DES MOINES IA
156 AM CDT FRI MAR 27 2015

...................................

...THE WATERLOO IA CLIMATE SUMMARY FOR MARCH 26 2015...

CLIMATE NORMAL PERIOD 1981 TO 2010
CLIMATE RECORD PERIOD 1895 TO 2015

WEATHER ITEM   OBSERVED TIME   RECORD YEAR NORMAL DEPARTURE LAST
                VALUE   (LST)  VALUE       VALUE  FROM      YEAR
                                                  NORMAL
..................................................................
TEMPERATURE (F)
 YESTERDAY
  MAXIMUM         42    249 PM  84    1991  51     -9       46
  MINIMUM         27    906 PM   4    1964  30     -3       14
                                      1955
  AVERAGE         35                        40     -5       30

PRECIPITATION (IN)
  YESTERDAY        0.00          1.71 1959   0.08  -0.08     0.00
  MONTH TO DATE    0.55                      1.64  -1.09     0.72
  SINCE MAR 1      0.55                      1.64  -1.09     0.72
  SINCE JAN 1      2.59                      3.46  -0.87     3.35

SNOWFALL (IN)
  YESTERDAY        0.0           4.5  1983   0.1   -0.1      0.0
  MONTH TO DATE    0.7                       4.0   -3.3      5.8
  SINCE MAR 1      0.7                       4.0   -3.3      5.8
  SINCE JUL 1     29.2                      32.9   -3.7     56.7
  SNOW DEPTH       0

DEGREE DAYS
 HEATING
  YESTERDAY       30                        25      5       35
  MONTH TO DATE  789                       788      1     1022
  SINCE MAR 1    789                       788      1     1022
  SINCE JUL 1   6550                      6207    343     7430

 COOLING
  YESTERDAY        0                         0      0        0
  MONTH TO DATE    0                         0      0        0
  SINCE MAR 1      0                         0      0        0
  SINCE JAN 1      0                         0      0        0
..................................................................

WIND (MPH)
  HIGHEST WIND SPEED    28   HIGHEST WIND DIRECTION    NW (330)
  HIGHEST GUST SPEED    36   HIGHEST GUST DIRECTION     N (340)
  AVERAGE WIND SPEED    13.9

SKY COVER
  POSSIBLE SUNSHINE  MM
  AVERAGE SKY COVER 0.2

WEATHER CONDITIONS
 THE FOLLOWING WEATHER WAS RECORDED YESTERDAY.
  NO SIGNIFICANT WEATHER WAS OBSERVED.

RELATIVE HUMIDITY (PERCENT)
 HIGHEST    85           100 AM
 LOWEST     41          1100 AM
 AVERAGE    63
..........................................................

THE WATERLOO IA CLIMATE NORMALS FOR TODAY
                         NORMAL    RECORD    YEAR
 MAXIMUM TEMPERATURE (F)   51        86      1907
 MINIMUM TEMPERATURE (F)   30        -5      1964

SUNRISE AND SUNSET
MARCH 27 2015.........SUNRISE   701 AM CDT   SUNSET   730 PM CDT
MARCH 28 2015.........SUNRISE   659 AM CDT   SUNSET   731 PM CDT

-  INDICATES NEGATIVE NUMBERS.
R  INDICATES RECORD WAS SET OR TIED.
MM INDICATES DATA IS MISSING.
T  INDICATES TRACE AMOUNT.

$$
FAB
