000
CDUS45 KPUB 011054
CLIALS


CLIMATE REPORT
NATIONAL WEATHER SERVICE PUEBLO
454 AM MDT MON SEP 1 2014


...................................

...THE ALAMOSA CO CLIMATE SUMMARY FOR AUGUST 31 2014...

CLIMATE NORMAL PERIOD 1981 TO 2010
CLIMATE RECORD PERIOD 1932 TO 2014


WEATHER ITEM   OBSERVED TIME   RECORD YEAR NORMAL DEPARTURE LAST
                VALUE   (LST)  VALUE       VALUE  FROM      YEAR
                                                  NORMAL
..................................................................
TEMPERATURE (F)
 YESTERDAY
  MAXIMUM         82    233 PM  88    2011  77      5       86
  MINIMUM         39    514 AM  31    1944  43     -4       53
  AVERAGE         61                        60      1       70

PRECIPITATION (IN)
  YESTERDAY        0.00          0.34 2001   0.04  -0.04     0.03
  MONTH TO DATE    0.53                      1.27  -0.74     2.47
  SINCE JUN 1      2.07                      2.73  -0.66     3.81
  SINCE JAN 1      3.88                      4.95  -1.07     4.87

SNOWFALL (IN)
  YESTERDAY        0.0           0.0  2002   0.0    0.0      0.0
  MONTH TO DATE    0.0                       0.0    0.0      0.0
  SINCE JUN 1      0.0                       0.0    0.0      0.0
  SINCE JUL 1      0.0                       0.0    0.0      0.0
  SNOW DEPTH       0

DEGREE DAYS
 HEATING
  YESTERDAY        4                         5     -1        0
  MONTH TO DATE   99                        84     15       47
  SINCE JUN 1    247                       297    -50      177
  SINCE JUL 1    121                       129     -8       75

 COOLING
  YESTERDAY        0                         0      0        5
  MONTH TO DATE    3                        13    -10       34
  SINCE JUN 1     60                        51      9       99
  SINCE JAN 1     60                        51      9       99
..................................................................


WIND (MPH)
  HIGHEST WIND SPEED    31   HIGHEST WIND DIRECTION     W (250)
  HIGHEST GUST SPEED    38   HIGHEST GUST DIRECTION     W (250)
  AVERAGE WIND SPEED    13.4


SKY COVER
  POSSIBLE SUNSHINE  MM
  AVERAGE SKY COVER 0.0


WEATHER CONDITIONS
 THE FOLLOWING WEATHER WAS RECORDED YESTERDAY.
  NO SIGNIFICANT WEATHER WAS OBSERVED.


RELATIVE HUMIDITY (PERCENT)
 HIGHEST    92           500 AM
 LOWEST     15           300 PM
 AVERAGE    54

..........................................................


THE ALAMOSA CO CLIMATE NORMALS FOR TODAY
                         NORMAL    RECORD    YEAR
 MAXIMUM TEMPERATURE (F)   77        86      1990
                                             1948
 MINIMUM TEMPERATURE (F)   43        29      1962


SUNRISE AND SUNSET
SEPTEMBER  1 2014.....SUNRISE   634 AM MDT   SUNSET   732 PM MDT
SEPTEMBER  2 2014.....SUNRISE   635 AM MDT   SUNSET   731 PM MDT


-  INDICATES NEGATIVE NUMBERS.
R  INDICATES RECORD WAS SET OR TIED.
MM INDICATES DATA IS MISSING.
T  INDICATES TRACE AMOUNT.




$$
