000
CDUS45 KPUB 261055
CLIALS


CLIMATE REPORT
NATIONAL WEATHER SERVICE PUEBLO
455 AM MDT FRI MAY 26 2017


...................................

...THE ALAMOSA CO CLIMATE SUMMARY FOR MAY 25 2017...

CLIMATE NORMAL PERIOD 1981 TO 2010
CLIMATE RECORD PERIOD 1932 TO 2017


WEATHER ITEM   OBSERVED TIME   RECORD YEAR NORMAL DEPARTURE LAST
                VALUE   (LST)  VALUE       VALUE  FROM      YEAR
                                                  NORMAL
..................................................................
TEMPERATURE (F)
 YESTERDAY
  MAXIMUM         75    311 PM  84    2006  72      3       71
  MINIMUM         42    244 AM  21    2010  36      6       35
  AVERAGE         59                        54      5       53

PRECIPITATION (IN)
  YESTERDAY        0.00          0.61 1961   0.01  -0.01     0.00
  MONTH TO DATE    1.24                      0.47   0.77     0.59
  SINCE MAR 1      2.60                      1.59   1.01     2.86
  SINCE JAN 1      4.25                      2.11   2.14     3.84

SNOWFALL (IN)
  YESTERDAY        0.0           T    1965   0.0    0.0      0.0
  MONTH TO DATE    1.1                       0.9    0.2      0.8
  SINCE MAR 1      6.7                       9.5   -2.8     24.2
  SINCE JUL 1     42.2                      27.6   14.6     43.0
  SNOW DEPTH       0

DEGREE DAYS
 HEATING
  YESTERDAY        6                        11     -5       12
  MONTH TO DATE  380                       365     15      366
  SINCE MAR 1   1755                      2036   -281     1968
  SINCE JUL 1   7544                      8365   -821     7734

 COOLING
  YESTERDAY        0                         0      0        0
  MONTH TO DATE    0                         0      0        0
  SINCE MAR 1      0                         0      0        0
  SINCE JAN 1      0                         0      0        0
..................................................................


WIND (MPH)
  HIGHEST WIND SPEED    37   HIGHEST WIND DIRECTION     W (250)
  HIGHEST GUST SPEED    50   HIGHEST GUST DIRECTION     W (260)
  AVERAGE WIND SPEED    18.7


SKY COVER
  POSSIBLE SUNSHINE  MM
  AVERAGE SKY COVER 0.0


WEATHER CONDITIONS
 THE FOLLOWING WEATHER WAS RECORDED YESTERDAY.
  NO SIGNIFICANT WEATHER WAS OBSERVED.


RELATIVE HUMIDITY (PERCENT)
 HIGHEST    58           100 AM
 LOWEST      9           300 PM
 AVERAGE    34

..........................................................


THE ALAMOSA CO CLIMATE NORMALS FOR TODAY
                         NORMAL    RECORD    YEAR
 MAXIMUM TEMPERATURE (F)   72        84      1969
                                             1953
 MINIMUM TEMPERATURE (F)   36        24      1907


SUNRISE AND SUNSET
MAY 26 2017...........SUNRISE   547 AM MDT   SUNSET   815 PM MDT
MAY 27 2017...........SUNRISE   546 AM MDT   SUNSET   816 PM MDT


-  INDICATES NEGATIVE NUMBERS.
R  INDICATES RECORD WAS SET OR TIED.
MM INDICATES DATA IS MISSING.
T  INDICATES TRACE AMOUNT.




$$
