000
CDUS45 KPUB 081146
CLIALS


CLIMATE REPORT
NATIONAL WEATHER SERVICE PUEBLO
446 AM MST THU DEC 8 2016


...................................

...THE ALAMOSA CO CLIMATE SUMMARY FOR DECEMBER 7 2016...

CLIMATE NORMAL PERIOD 1981 TO 2010
CLIMATE RECORD PERIOD 1932 TO 2016


WEATHER ITEM   OBSERVED TIME   RECORD YEAR NORMAL DEPARTURE LAST
                VALUE   (LST)  VALUE       VALUE  FROM      YEAR
                                                  NORMAL
..................................................................
TEMPERATURE (F)
 YESTERDAY
  MAXIMUM         31    205 PM  59    1977  37     -6       46
                                      1946
  MINIMUM         -1   1155 PM -35    1964   3     -4        2
  AVERAGE         15                        20     -5       24

PRECIPITATION (IN)
  YESTERDAY        0.00          0.21 1966   0.01  -0.01     0.00
  MONTH TO DATE    0.07                      0.08  -0.01      T
  SINCE DEC 1      0.07                      0.08  -0.01      T
  SINCE JAN 1      8.16                      7.04   1.12     9.17

SNOWFALL (IN)
  YESTERDAY        0.0           3.5  1971   0.1   -0.1      0.0
  MONTH TO DATE    1.4                       1.0    0.4      0.0
  SINCE DEC 1      1.4                       1.0    0.4      0.0
  SINCE JUL 1      2.4                       6.8   -4.4      4.3
  SNOW DEPTH       0

DEGREE DAYS
 HEATING
  YESTERDAY       50                        45      5       41
  MONTH TO DATE  341                       309     32      291
  SINCE DEC 1    341                       309     32      291
  SINCE JUL 1   2205                      2484   -279     2069

 COOLING
  YESTERDAY        0                         0      0        0
  MONTH TO DATE    0                         0      0        0
  SINCE DEC 1      0                         0      0        0
  SINCE JAN 1    115                        51     64       74
..................................................................


WIND (MPH)
  HIGHEST WIND SPEED    25   HIGHEST WIND DIRECTION     N (350)
  HIGHEST GUST SPEED    32   HIGHEST GUST DIRECTION     N (340)
  AVERAGE WIND SPEED    10.3


SKY COVER
  POSSIBLE SUNSHINE  MM
  AVERAGE SKY COVER 0.2


WEATHER CONDITIONS
 THE FOLLOWING WEATHER WAS RECORDED YESTERDAY.
  NO SIGNIFICANT WEATHER WAS OBSERVED.


RELATIVE HUMIDITY (PERCENT)
 HIGHEST    88           700 AM
 LOWEST     31           100 PM
 AVERAGE    60

..........................................................


THE ALAMOSA CO CLIMATE NORMALS FOR TODAY
                         NORMAL    RECORD    YEAR
 MAXIMUM TEMPERATURE (F)   36        61      1958
 MINIMUM TEMPERATURE (F)    2       -42      1978


SUNRISE AND SUNSET
DECEMBER  8 2016......SUNRISE   706 AM MST   SUNSET   445 PM MST
DECEMBER  9 2016......SUNRISE   707 AM MST   SUNSET   445 PM MST


-  INDICATES NEGATIVE NUMBERS.
R  INDICATES RECORD WAS SET OR TIED.
MM INDICATES DATA IS MISSING.
T  INDICATES TRACE AMOUNT.




$$
