000
CDUS45 KPUB 291046
CLIALS


CLIMATE REPORT
NATIONAL WEATHER SERVICE PUEBLO
446 AM MDT FRI APR 29 2016


...................................

...THE ALAMOSA CO CLIMATE SUMMARY FOR APRIL 28 2016...

CLIMATE NORMAL PERIOD 1981 TO 2010
CLIMATE RECORD PERIOD 1932 TO 2016


WEATHER ITEM   OBSERVED TIME   RECORD YEAR NORMAL DEPARTURE LAST
                VALUE   (LST)  VALUE       VALUE  FROM      YEAR
                                                  NORMAL
..................................................................
TEMPERATURE (F)
 YESTERDAY
  MAXIMUM         59    118 PM  78    1992  63     -4       60
  MINIMUM         36   1159 PM  11    2011  28      8       23
  AVERAGE         48                        46      2       42

PRECIPITATION (IN)
  YESTERDAY        0.06          0.51 1985   0.02   0.04     0.00
  MONTH TO DATE    1.35                      0.55   0.80     0.43
  SINCE MAR 1      1.87                      1.08   0.79     0.83
  SINCE JAN 1      2.85                      1.60   1.25     2.17

SNOWFALL (IN)
  YESTERDAY        0.0           2.2  2006   0.0    0.0      0.0
  MONTH TO DATE   12.6                       3.4    9.2      0.7
  SINCE MAR 1     20.8                       8.4   12.4      0.7
  SINCE JUL 1     39.6                      26.5   13.1     23.8
  SNOW DEPTH       0

DEGREE DAYS
 HEATING
  YESTERDAY       17                        19     -2       23
  MONTH TO DATE  633                       657    -24      613
  SINCE MAR 1   1550                      1634    -84     1398
  SINCE JUL 1   7316                      7963   -647     6890

 COOLING
  YESTERDAY        0                         0      0        0
  MONTH TO DATE    0                         0      0        0
  SINCE MAR 1      0                         0      0        0
  SINCE JAN 1      0                         0      0        0
..................................................................


WIND (MPH)
  HIGHEST WIND SPEED    32   HIGHEST WIND DIRECTION     S (200)
  HIGHEST GUST SPEED    40   HIGHEST GUST DIRECTION     S (190)
  AVERAGE WIND SPEED    13.5


SKY COVER
  POSSIBLE SUNSHINE  MM
  AVERAGE SKY COVER 0.9


WEATHER CONDITIONS
 THE FOLLOWING WEATHER WAS RECORDED YESTERDAY.
  THUNDERSTORM
  RAIN
  LIGHT RAIN
  FOG


RELATIVE HUMIDITY (PERCENT)
 HIGHEST    92           600 AM
 LOWEST     24          1200 PM
 AVERAGE    58

..........................................................


THE ALAMOSA CO CLIMATE NORMALS FOR TODAY
                         NORMAL    RECORD    YEAR
 MAXIMUM TEMPERATURE (F)   64        78      1992
                                             1981
 MINIMUM TEMPERATURE (F)   29         7      1996


SUNRISE AND SUNSET
APRIL 29 2016.........SUNRISE   610 AM MDT   SUNSET   752 PM MDT
APRIL 30 2016.........SUNRISE   609 AM MDT   SUNSET   753 PM MDT


-  INDICATES NEGATIVE NUMBERS.
R  INDICATES RECORD WAS SET OR TIED.
MM INDICATES DATA IS MISSING.
T  INDICATES TRACE AMOUNT.




$$
