000
CDUS45 KPUB 200020
CLIALS


CLIMATE REPORT
NATIONAL WEATHER SERVICE PUEBLO
520 PM MST SUN NOV 19 2017


...................................

...THE ALAMOSA CO CLIMATE SUMMARY FOR NOVEMBER 19 2017...
VALID TODAY AS OF 0500 PM LOCAL TIME.

CLIMATE NORMAL PERIOD 1981 TO 2010
CLIMATE RECORD PERIOD 1932 TO 2017


WEATHER ITEM   OBSERVED TIME   RECORD YEAR NORMAL DEPARTURE LAST
                VALUE   (LST)  VALUE       VALUE  FROM      YEAR
                                                  NORMAL
..................................................................
TEMPERATURE (F)
 TODAY
  MAXIMUM         47    337 PM  68    2007  45      2       50
  MINIMUM          4    341 AM -15    1957  11     -7        4
  AVERAGE         26                        28     -2       27

PRECIPITATION (IN)
  TODAY            0.00          0.44 1979   0.01  -0.01     0.00
  MONTH TO DATE    0.05                      0.29  -0.24     0.17
  SINCE SEP 1      1.86                      1.88  -0.02     0.47
  SINCE JAN 1     10.55                      6.83   3.72     7.82

SNOWFALL (IN)
  TODAY            0.0           6.5  1940   0.2   -0.2      0.0
  MONTH TO DATE    0.2                       2.3   -2.1       T
  SINCE SEP 1      0.2                       4.4   -4.2       T
  SINCE JUL 1      0.2                       4.4   -4.2       T
  SNOW DEPTH       0

DEGREE DAYS
 HEATING
  TODAY           39                        37      2       38
  MONTH TO DATE  475                       622   -147      512
  SINCE SEP 1   1351                      1603   -252     1291
  SINCE JUL 1   1450                      1732   -282     1435

 COOLING
  TODAY            0                         0      0        0
  MONTH TO DATE    0                         0      0        0
  SINCE SEP 1      0                         0      0        0
  SINCE JAN 1     76                        51     25      115
..................................................................


WIND (MPH)
  HIGHEST WIND SPEED     8   HIGHEST WIND DIRECTION    SW (220)
  HIGHEST GUST SPEED    11   HIGHEST GUST DIRECTION     N (350)
  AVERAGE WIND SPEED     1.2


SKY COVER
  POSSIBLE SUNSHINE  MM
  AVERAGE SKY COVER 0.0


WEATHER CONDITIONS
 THE FOLLOWING WEATHER WAS RECORDED TODAY.
  NO SIGNIFICANT WEATHER WAS OBSERVED.


RELATIVE HUMIDITY (PERCENT)
 HIGHEST    88           300 AM
 LOWEST     19           400 PM
 AVERAGE    54

..........................................................


THE ALAMOSA CO CLIMATE NORMALS FOR TOMORROW
                         NORMAL    RECORD    YEAR
 MAXIMUM TEMPERATURE (F)   44        65      1989
 MINIMUM TEMPERATURE (F)   10       -14      1964


SUNRISE AND SUNSET
NOVEMBER 19 2017......SUNRISE   648 AM MST   SUNSET   450 PM MST
NOVEMBER 20 2017......SUNRISE   649 AM MST   SUNSET   449 PM MST


-  INDICATES NEGATIVE NUMBERS.
R  INDICATES RECORD WAS SET OR TIED.
MM INDICATES DATA IS MISSING.
T  INDICATES TRACE AMOUNT.




$$
