000
CDUS45 KPUB 261123
CLIALS


CLIMATE REPORT
NATIONAL WEATHER SERVICE PUEBLO
517 AM MDT THU MAY 26 2016


...................................

...THE ALAMOSA CO CLIMATE SUMMARY FOR MAY 25 2016...

CLIMATE NORMAL PERIOD 1981 TO 2010
CLIMATE RECORD PERIOD 1932 TO 2016


WEATHER ITEM   OBSERVED TIME   RECORD YEAR NORMAL DEPARTURE LAST
                VALUE   (LST)  VALUE       VALUE  FROM      YEAR
                                                  NORMAL
..................................................................
TEMPERATURE (F)
 YESTERDAY
  MAXIMUM         71    211 PM  84    2006  72     -1       63
  MINIMUM         35    323 AM  21    2010  36     -1       31
  AVERAGE         53                        54     -1       47

PRECIPITATION (IN)
  YESTERDAY        0.00          0.61 1961   0.01  -0.01     0.00
  MONTH TO DATE    0.59                      0.47   0.12     1.76
  SINCE MAR 1      2.86                      1.59   1.27     2.59
  SINCE JAN 1      3.84                      2.11   1.73     3.93

SNOWFALL (IN)
  YESTERDAY        0.0           T    1965   0.0    0.0      0.0
  MONTH TO DATE    0.8                       0.9   -0.1       T
  SINCE MAR 1     24.2                       9.5   14.7      0.7
  SINCE JUL 1     43.0                      27.6   15.4     23.8
  SNOW DEPTH       0

DEGREE DAYS
 HEATING
  YESTERDAY       12                        11      1       18
  MONTH TO DATE  366                       365      1      395
  SINCE MAR 1   1968                      2036    -68     1820
  SINCE JUL 1   7734                      8365   -631     7312

 COOLING
  YESTERDAY        0                         0      0        0
  MONTH TO DATE    0                         0      0        0
  SINCE MAR 1      0                         0      0        0
  SINCE JAN 1      0                         0      0        0
..................................................................


WIND (MPH)
  HIGHEST WIND SPEED    24   HIGHEST WIND DIRECTION    SW (240)
  HIGHEST GUST SPEED    32   HIGHEST GUST DIRECTION    SW (220)
  AVERAGE WIND SPEED     9.7


SKY COVER
  POSSIBLE SUNSHINE  MM
  AVERAGE SKY COVER 0.0


WEATHER CONDITIONS
 THE FOLLOWING WEATHER WAS RECORDED YESTERDAY.
  NO SIGNIFICANT WEATHER WAS OBSERVED.


RELATIVE HUMIDITY (PERCENT)
 HIGHEST    53          1100 PM
 LOWEST      7           100 PM
 AVERAGE    30

..........................................................


THE ALAMOSA CO CLIMATE NORMALS FOR TODAY
                         NORMAL    RECORD    YEAR
 MAXIMUM TEMPERATURE (F)   72        84      1969
                                             1953
 MINIMUM TEMPERATURE (F)   36        24      1907


SUNRISE AND SUNSET
MAY 26 2016...........SUNRISE   547 AM MDT   SUNSET   815 PM MDT
MAY 27 2016...........SUNRISE   546 AM MDT   SUNSET   816 PM MDT


-  INDICATES NEGATIVE NUMBERS.
R  INDICATES RECORD WAS SET OR TIED.
MM INDICATES DATA IS MISSING.
T  INDICATES TRACE AMOUNT.




$$
