000
CDUS45 KPUB 211052
CLIALS


CLIMATE REPORT
NATIONAL WEATHER SERVICE PUEBLO
452 AM MDT FRI JUL 21 2017


...................................

...THE ALAMOSA CO CLIMATE SUMMARY FOR JULY 20 2017...

CLIMATE NORMAL PERIOD 1981 TO 2010
CLIMATE RECORD PERIOD 1932 TO 2017


WEATHER ITEM   OBSERVED TIME   RECORD YEAR NORMAL DEPARTURE LAST
                VALUE   (LST)  VALUE       VALUE  FROM      YEAR
                                                  NORMAL
..................................................................
TEMPERATURE (F)
 YESTERDAY
  MAXIMUM         85    331 PM  92    2005  82      3       86
  MINIMUM         54    536 AM  39    1987  48      6       48
  AVERAGE         70                        65      5       67

PRECIPITATION (IN)
  YESTERDAY        T             0.43 1938   0.03  -0.03     0.00
  MONTH TO DATE    1.88                      0.59   1.29     0.31
  SINCE JUN 1      2.07                      1.08   0.99     0.82
  SINCE JAN 1      6.32                      3.30   3.02     5.19

SNOWFALL (IN)
  YESTERDAY        0.0           0.0  2002   0.0    0.0      0.0
                                      2001
  MONTH TO DATE    T                         0.0    0.0      0.0
  SINCE JUN 1      T                         0.0    0.0      0.0
  SINCE JUL 1      T                         0.0    0.0      0.0
  SNOW DEPTH       0

DEGREE DAYS
 HEATING
  YESTERDAY        0                         1     -1        0
  MONTH TO DATE    8                        29    -21       13
  SINCE JUN 1     99                       197    -98       69
  SINCE JUL 1      8                        29    -21       13

 COOLING
  YESTERDAY        5                         1      4        2
  MONTH TO DATE   33                        20     13       27
  SINCE JUN 1     51                        26     25       56
  SINCE JAN 1     51                        26     25       56
..................................................................


WIND (MPH)
  HIGHEST WIND SPEED    17   HIGHEST WIND DIRECTION     S (190)
  HIGHEST GUST SPEED    23   HIGHEST GUST DIRECTION     S (200)
  AVERAGE WIND SPEED     6.4


SKY COVER
  POSSIBLE SUNSHINE  MM
  AVERAGE SKY COVER 0.1


WEATHER CONDITIONS
 THE FOLLOWING WEATHER WAS RECORDED YESTERDAY.
  THUNDERSTORM
  LIGHT RAIN


RELATIVE HUMIDITY (PERCENT)
 HIGHEST    89           400 AM
 LOWEST     28           100 PM
 AVERAGE    59

..........................................................


THE ALAMOSA CO CLIMATE NORMALS FOR TODAY
                         NORMAL    RECORD    YEAR
 MAXIMUM TEMPERATURE (F)   82        92      2005
 MINIMUM TEMPERATURE (F)   48        41      1961


SUNRISE AND SUNSET
JULY 21 2017..........SUNRISE   559 AM MDT   SUNSET   820 PM MDT
JULY 22 2017..........SUNRISE   600 AM MDT   SUNSET   820 PM MDT


-  INDICATES NEGATIVE NUMBERS.
R  INDICATES RECORD WAS SET OR TIED.
MM INDICATES DATA IS MISSING.
T  INDICATES TRACE AMOUNT.




$$
