000
CDUS45 KPUB 201202
CLIALS


CLIMATE REPORT
NATIONAL WEATHER SERVICE PUEBLO
502 AM MST FRI JAN 20 2017


...................................

...THE ALAMOSA CO CLIMATE SUMMARY FOR JANUARY 19 2017...

CLIMATE NORMAL PERIOD 1981 TO 2010
CLIMATE RECORD PERIOD 1932 TO 2017


WEATHER ITEM   OBSERVED TIME   RECORD YEAR NORMAL DEPARTURE LAST
                VALUE   (LST)  VALUE       VALUE  FROM      YEAR
                                                  NORMAL
..................................................................
TEMPERATURE (F)
 YESTERDAY
  MAXIMUM         24    151 AM  56    2000  34    -10       37
  MINIMUM         20   1159 PM -40    1984  -2     22        5
  AVERAGE         22                        16      6       21

PRECIPITATION (IN)
  YESTERDAY        0.08          0.28 1938   0.01   0.07     0.00
  MONTH TO DATE    1.27                      0.15   1.12     0.55
  SINCE DEC 1      2.35                      0.50   1.85     0.80
  SINCE JAN 1      1.27                      0.15   1.12     0.55

SNOWFALL (IN)
  YESTERDAY        0.0           4.0  1938   0.1   -0.1      0.0
  MONTH TO DATE   17.4                       2.2   15.2      6.4
  SINCE DEC 1     27.6                       6.7   20.9      9.8
  SINCE JUL 1     28.6                      12.5   16.1     14.1
  SNOW DEPTH       4

DEGREE DAYS
 HEATING
  YESTERDAY       43                        49     -6       44
  MONTH TO DATE  852                       931    -79     1035
  SINCE DEC 1   2296                      2393    -97     2368
  SINCE JUL 1   4160                      4568   -408     4146

 COOLING
  YESTERDAY        0                         0      0        0
  MONTH TO DATE    0                         0      0        0
  SINCE DEC 1      0                         0      0        0
  SINCE JAN 1      0                         0      0        0
..................................................................


WIND (MPH)
  HIGHEST WIND SPEED     9   HIGHEST WIND DIRECTION     W (290)
  HIGHEST GUST SPEED    12   HIGHEST GUST DIRECTION    NW (310)
  AVERAGE WIND SPEED     4.3


SKY COVER
  POSSIBLE SUNSHINE  MM
  AVERAGE SKY COVER 1.0


WEATHER CONDITIONS
 THE FOLLOWING WEATHER WAS RECORDED YESTERDAY.
  LIGHT SNOW
  FOG


RELATIVE HUMIDITY (PERCENT)
 HIGHEST   100           300 AM
 LOWEST     84           400 PM
 AVERAGE    92

..........................................................


THE ALAMOSA CO CLIMATE NORMALS FOR TODAY
                         NORMAL    RECORD    YEAR
 MAXIMUM TEMPERATURE (F)   34        62      1971
 MINIMUM TEMPERATURE (F)   -2       -33      1984


SUNRISE AND SUNSET
JANUARY 20 2017.......SUNRISE   715 AM MST   SUNSET   515 PM MST
JANUARY 21 2017.......SUNRISE   714 AM MST   SUNSET   516 PM MST


-  INDICATES NEGATIVE NUMBERS.
R  INDICATES RECORD WAS SET OR TIED.
MM INDICATES DATA IS MISSING.
T  INDICATES TRACE AMOUNT.




$$
