000
CDUS45 KPUB 180031
CLIALS


CLIMATE REPORT
NATIONAL WEATHER SERVICE PUEBLO
531 PM MST WED JAN 17 2018


...................................

...THE ALAMOSA CO CLIMATE SUMMARY FOR JANUARY 17 2018...
VALID TODAY AS OF 0500 PM LOCAL TIME.

CLIMATE NORMAL PERIOD 1981 TO 2010
CLIMATE RECORD PERIOD 1932 TO 2018


WEATHER ITEM   OBSERVED TIME   RECORD YEAR NORMAL DEPARTURE LAST
                VALUE   (LST)  VALUE       VALUE  FROM      YEAR
                                                  NORMAL
..................................................................
TEMPERATURE (F)
 TODAY
  MAXIMUM         43    428 PM  55    2000  34      9       34
  MINIMUM         -6    729 AM -32    2008  -2     -4       16
  AVERAGE         19                        16      3       25

PRECIPITATION (IN)
  TODAY            0.00          0.21 1956   0.01  -0.01     0.05
  MONTH TO DATE    T                         0.13  -0.13     1.19
  SINCE DEC 1      0.14                      0.48  -0.34     2.27
  SINCE JAN 1      T                         0.13  -0.13     1.19

SNOWFALL (IN)
  TODAY            0.0           3.2  1956   0.2   -0.2      1.0
  MONTH TO DATE    0.0                       2.0   -2.0     17.4
  SINCE DEC 1      1.3                       6.5   -5.2     27.6
  SINCE JUL 1      1.7                      12.3  -10.6     28.6
  SNOW DEPTH       0

DEGREE DAYS
 HEATING
  TODAY           46                        49     -3       40
  MONTH TO DATE  682                       833   -151      770
  SINCE DEC 1   1901                      2295   -394     2214
  SINCE JUL 1   3667                      4470   -803     4078

 COOLING
  TODAY            0                         0      0        0
  MONTH TO DATE    0                         0      0        0
  SINCE DEC 1      0                         0      0        0
  SINCE JAN 1      0                         0      0        0
..................................................................


WIND (MPH)
  HIGHEST WIND SPEED     9   HIGHEST WIND DIRECTION    NW (310)
  HIGHEST GUST SPEED    11   HIGHEST GUST DIRECTION     N (360)
  AVERAGE WIND SPEED     3.2


SKY COVER
  POSSIBLE SUNSHINE  MM
  AVERAGE SKY COVER 0.0


WEATHER CONDITIONS
 THE FOLLOWING WEATHER WAS RECORDED TODAY.
  NO SIGNIFICANT WEATHER WAS OBSERVED.


RELATIVE HUMIDITY (PERCENT)
 HIGHEST    87          1200 AM
 LOWEST     17           300 PM
 AVERAGE    52

..........................................................


THE ALAMOSA CO CLIMATE NORMALS FOR TOMORROW
                         NORMAL    RECORD    YEAR
 MAXIMUM TEMPERATURE (F)   34        58      1971
 MINIMUM TEMPERATURE (F)   -2       -30      1984


SUNRISE AND SUNSET
JANUARY 17 2018.......SUNRISE   716 AM MST   SUNSET   511 PM MST
JANUARY 18 2018.......SUNRISE   716 AM MST   SUNSET   513 PM MST


-  INDICATES NEGATIVE NUMBERS.
R  INDICATES RECORD WAS SET OR TIED.
MM INDICATES DATA IS MISSING.
T  INDICATES TRACE AMOUNT.




$$
