000
CDUS44 KAMA 250636
CLIAMA


CLIMATE REPORT
NATIONAL WEATHER SERVICE AMARILLO TX
136 AM CDT THU AUG 25 2016


...................................

...THE AMARILLO CLIMATE SUMMARY FOR AUGUST 24 2016...

CLIMATE NORMAL PERIOD 1981 TO 2010
CLIMATE RECORD PERIOD 1892 TO 2016


WEATHER ITEM   OBSERVED TIME   RECORD YEAR NORMAL DEPARTURE LAST
                VALUE   (LST)  VALUE       VALUE  FROM      YEAR
                                                  NORMAL
..................................................................
TEMPERATURE (F)
 YESTERDAY
  MAXIMUM         88    328 PM 103    2011  89     -1       86
                                      1973
                                      1922
  MINIMUM         68   1159 PM  53    1928  64      4       56
  AVERAGE         78                        76      2       71

PRECIPITATION (IN)
  YESTERDAY        0.00          1.93 1969   0.08  -0.08     0.00
  MONTH TO DATE    2.85                      2.37   0.48     3.66
  SINCE JUN 1      7.74                      8.37  -0.63    14.14
  SINCE JAN 1     13.63                     14.73  -1.10    28.69

SNOWFALL (IN)
  YESTERDAY        0.0           0.0    MM   0.0    0.0      0.0
  MONTH TO DATE    0.0                       0.0    0.0      0.0
  SINCE JUN 1      T                         0.0    0.0      0.0
  SINCE JUL 1      T                         0.0    0.0      0.0
  SNOW DEPTH       0

DEGREE DAYS
 HEATING
  YESTERDAY        0                         0      0        0
  MONTH TO DATE    0                         0      0        0
  SINCE JUN 1      0                         7     -7        0
  SINCE JUL 1      0                         0      0        0

 COOLING
  YESTERDAY       13                        11      2        6
  MONTH TO DATE  303                       294      9      290
  SINCE JUN 1   1240                       994    246     1015
  SINCE JAN 1   1328                      1119    209     1064
..................................................................


WIND (MPH)
  RESULTANT WIND SPEED  12   RESULTANT WIND DIRECTION   S (190)
  HIGHEST WIND SPEED    28   HIGHEST WIND DIRECTION     S (170)
  HIGHEST GUST SPEED    32   HIGHEST GUST DIRECTION     S (170)
  AVERAGE WIND SPEED    13.0


SKY COVER
  AVERAGE SKY COVER 0.3


WEATHER CONDITIONS
 THE FOLLOWING WEATHER WAS RECORDED YESTERDAY.
  THUNDERSTORM


RELATIVE HUMIDITY (PERCENT)
 HIGHEST    81           500 AM
 LOWEST     34           400 PM
 AVERAGE    58

..........................................................


THE AMARILLO CLIMATE NORMALS FOR TODAY
                         NORMAL    RECORD    YEAR
 MAXIMUM TEMPERATURE (F)   89       102      1936
 MINIMUM TEMPERATURE (F)   63        49      2010
                                             1928


SUNRISE AND SUNSET
AUGUST 25 2016........SUNRISE   714 AM CDT   SUNSET   822 PM CDT
AUGUST 26 2016........SUNRISE   715 AM CDT   SUNSET   821 PM CDT


-  INDICATES NEGATIVE NUMBERS.
R  INDICATES RECORD WAS SET OR TIED.
MM INDICATES DATA IS MISSING.
T  INDICATES TRACE AMOUNT.




$$
