000
CDUS44 KAMA 012140
CLIAMA


CLIMATE REPORT
NATIONAL WEATHER SERVICE AMARILLO TX
440 PM CDT FRI AUG 1 2014


...THE AMARILLO CLIMATE SUMMARY FOR AUGUST 1 2014...
VALID TODAY AS OF 400 PM LOCAL TIME.

CLIMATE NORMAL PERIOD 1981 TO 2010
CLIMATE RECORD PERIOD 1892 TO 2014


WEATHER ITEM   OBSERVED TIME   RECORD YEAR NORMAL DEPARTURE LAST
                VALUE   (LST)  VALUE       VALUE  FROM      YEAR
                                                  NORMAL
..................................................................
TEMPERATURE (F)
 TODAY
  MAXIMUM         85    320 PM 105    2012  91     -6       93
                                      1944
  MINIMUM         58    439 AM  55    1925  65     -7       70
  AVERAGE         72                        78     -6       82

PRECIPITATION (IN)
  TODAY            0.00          1.78 1898   0.11  -0.11      T
  MONTH TO DATE    0.00                      0.11  -0.11      T
  SINCE JUN 1      7.22                      6.11   1.11     4.66
  SINCE JAN 1     11.93                     12.47  -0.54    10.95

SNOWFALL (IN)
  TODAY            0.0           0.0    MM   0.0    0.0      0.0
  MONTH TO DATE    0.0                       0.0    0.0      0.0
  SINCE JUN 1      0.0                       0.0    0.0      0.0
  SINCE JUL 1      0.0                       0.0    0.0      0.0
  SNOW DEPTH       0

DEGREE DAYS
 HEATING
  TODAY            0                         0      0        0
  MONTH TO DATE    0                         0      0        0
  SINCE JUN 1      4                         7     -3        0
  SINCE JUL 1      0                         0      0        0

 COOLING
  TODAY            7                        13     -6       17
  MONTH TO DATE    7                        13     -6       17
  SINCE JUN 1    688                       713    -25      816
  SINCE JAN 1    885                       838     47     1064
..................................................................


WIND (MPH)
  RESULTANT WIND SPEED   2   RESULTANT WIND DIRECTION  SE (150)
  HIGHEST WIND SPEED    16   HIGHEST WIND DIRECTION    NE (60)
  HIGHEST GUST SPEED    23   HIGHEST GUST DIRECTION     E (110)
  AVERAGE WIND SPEED   7.8


SKY COVER
  AVERAGE SKY COVER 0.1


WEATHER CONDITIONS
 THE FOLLOWING WEATHER WAS RECORDED TODAY.
  NO SIGNIFICANT WEATHER WAS OBSERVED.


RELATIVE HUMIDITY (PERCENT)
 HIGHEST    87           500 AM
 LOWEST     27           300 PM
 AVERAGE    57

..................................................................


THE AMARILLO CLIMATE NORMALS FOR TOMORROW
                         NORMAL    RECORD    YEAR
 MAXIMUM TEMPERATURE (F)   91       106      2012
 MINIMUM TEMPERATURE (F)   65        56      1925


SUNRISE AND SUNSET
AUGUST  1 2014........SUNRISE   656 AM CDT   SUNSET   850 PM CDT
AUGUST  2 2014........SUNRISE   657 AM CDT   SUNSET   849 PM CDT


-  INDICATES NEGATIVE NUMBERS.
R  INDICATES RECORD WAS SET OR TIED.
MM INDICATES DATA IS MISSING.
T  INDICATES TRACE AMOUNT.


$$
