000
CDUS44 KAMA 230738
CLIAMA


CLIMATE REPORT
NATIONAL WEATHER SERVICE AMARILLO TX
137 AM CST MON JAN 23 2017


...................................

...THE AMARILLO CLIMATE SUMMARY FOR JANUARY 22 2017...

CLIMATE NORMAL PERIOD 1981 TO 2010
CLIMATE RECORD PERIOD 1892 TO 2017


WEATHER ITEM   OBSERVED TIME   RECORD YEAR NORMAL DEPARTURE LAST
                VALUE   (LST)  VALUE       VALUE  FROM      YEAR
                                                  NORMAL
..................................................................
TEMPERATURE (F)
 YESTERDAY
  MAXIMUM         56    330 PM  79    1967  51      5       54
  MINIMUM         31   1151 PM  -6    1966  24      7       21
  AVERAGE         44                        37      7       38

PRECIPITATION (IN)
  YESTERDAY        0.10          1.10 1921   0.03   0.07     0.00
  MONTH TO DATE    3.17                      0.47   2.70     0.19
  SINCE DEC 1      3.44                      1.18   2.26     0.97
  SINCE JAN 1      3.17                      0.47   2.70     0.19

SNOWFALL (IN)
  YESTERDAY       MM             6.4  1953   0.2   MM        0.0
  MONTH TO DATE    6.4                       3.0    3.4      1.4
  SINCE DEC 1      6.9                       6.7    0.2      7.6
  SINCE JUL 1      6.9                       9.4   -2.5      8.9
  SNOW DEPTH       0

DEGREE DAYS
 HEATING
  YESTERDAY       21                        28     -7       27
  MONTH TO DATE  570                       622    -52      641
  SINCE DEC 1   1396                      1495    -99     1376
  SINCE JUL 1   1861                      2339   -478     2035

 COOLING
  YESTERDAY        0                         0      0        0
  MONTH TO DATE    0                         0      0        0
  SINCE DEC 1      0                         0      0        0
  SINCE JAN 1      0                         0      0        0
..................................................................


WIND (MPH)
  RESULTANT WIND SPEED  14   RESULTANT WIND DIRECTION  NW (330)
  HIGHEST WIND SPEED    31   HIGHEST WIND DIRECTION    NW (330)
  HIGHEST GUST SPEED    41   HIGHEST GUST DIRECTION    NW (320)
  AVERAGE WIND SPEED    14.7


SKY COVER
  AVERAGE SKY COVER 0.3


WEATHER CONDITIONS
 THE FOLLOWING WEATHER WAS RECORDED YESTERDAY.
  RAIN
  LIGHT RAIN
  FOG


RELATIVE HUMIDITY (PERCENT)
 HIGHEST   100          1200 AM
 LOWEST     32           300 PM
 AVERAGE    66

..........................................................


THE AMARILLO CLIMATE NORMALS FOR TODAY
                         NORMAL    RECORD    YEAR
 MAXIMUM TEMPERATURE (F)   51        77      1972
 MINIMUM TEMPERATURE (F)   24        -4      1966


SUNRISE AND SUNSET
JANUARY 23 2017.......SUNRISE   752 AM CST   SUNSET   606 PM CST
JANUARY 24 2017.......SUNRISE   751 AM CST   SUNSET   607 PM CST


-  INDICATES NEGATIVE NUMBERS.
R  INDICATES RECORD WAS SET OR TIED.
MM INDICATES DATA IS MISSING.
T  INDICATES TRACE AMOUNT.




$$
