000
CDUS44 KAMA 221411
CLIAMA


CLIMATE REPORT
NATIONAL WEATHER SERVICE AMARILLO TX
911 AM CDT SUN OCT 22 2017


...................................

...THE AMARILLO CLIMATE SUMMARY FOR OCTOBER 22 2017...
VALID AS OF 0900 AM LOCAL TIME.

CLIMATE NORMAL PERIOD 1981 TO 2010
CLIMATE RECORD PERIOD 1892 TO 2017


WEATHER ITEM   OBSERVED TIME   RECORD YEAR NORMAL DEPARTURE LAST
                VALUE   (LST)  VALUE       VALUE  FROM      YEAR
                                                  NORMAL
..................................................................
TEMPERATURE (F)
 TODAY
  MINIMUM         35    715 AM  26    1906  43     -8       45

PRECIPITATION (IN)
  TODAY            0.00          1.56 1953   0.05  -0.05     0.00
  MONTH TO DATE    2.20                      1.28   0.92     0.13
  SINCE SEP 1      5.60                      3.20   2.40     0.95
  SINCE JAN 1     26.48                     18.47   8.01    15.83

SNOWFALL (IN)
  TODAY            0.0           5.0  1906   0.1   -0.1      0.0
  MONTH TO DATE    0.0                       0.1   -0.1      0.0
  SINCE SEP 1      0.0                       0.1   -0.1      0.0
  SINCE JUL 1      T                         0.1   -0.1       T
  SNOW DEPTH       0

..................................................................


WIND (MPH)
  RESULTANT WIND SPEED   7   RESULTANT WIND DIRECTION  NW (300)
  HIGHEST WIND SPEED    12   HIGHEST WIND DIRECTION    NW (300)
  HIGHEST GUST SPEED    16   HIGHEST GUST DIRECTION    NW (300)
  AVERAGE WIND SPEED     6.9


SKY COVER
  AVERAGE SKY COVER 0.0


WEATHER CONDITIONS
 THE FOLLOWING WEATHER WAS RECORDED TODAY.
  LIGHT SNOW


RELATIVE HUMIDITY (PERCENT)
 HIGHEST    76           300 AM
 LOWEST     70           100 AM
 AVERAGE    73

..........................................................


THE AMARILLO CLIMATE NORMALS FOR TOMORROW
                         NORMAL    RECORD    YEAR
 MAXIMUM TEMPERATURE (F)   70        90      2012
                                             2003
 MINIMUM TEMPERATURE (F)   42        23      1906


SUNRISE AND SUNSET
OCTOBER 22 2017.......SUNRISE   759 AM CDT   SUNSET   703 PM CDT
OCTOBER 23 2017.......SUNRISE   800 AM CDT   SUNSET   702 PM CDT


-  INDICATES NEGATIVE NUMBERS.
R  INDICATES RECORD WAS SET OR TIED.
MM INDICATES DATA IS MISSING.
T  INDICATES TRACE AMOUNT.




$$
