000
CDUS44 KAMA 240632
CLIAMA


CLIMATE REPORT
NATIONAL WEATHER SERVICE AMARILLO TX
131 AM CDT THU AUG 24 2017


...................................

...THE AMARILLO CLIMATE SUMMARY FOR AUGUST 23 2017...

CLIMATE NORMAL PERIOD 1981 TO 2010
CLIMATE RECORD PERIOD 1892 TO 2017


WEATHER ITEM   OBSERVED TIME   RECORD YEAR NORMAL DEPARTURE LAST
                VALUE   (LST)  VALUE       VALUE  FROM      YEAR
                                                  NORMAL
..................................................................
TEMPERATURE (F)
 YESTERDAY
  MAXIMUM         80    451 PM 102    2011  89     -9       94
                                      1973
  MINIMUM         66   1159 PM  52    1966  64      2       67
                                      1896
  AVERAGE         73                        76     -3       81

PRECIPITATION (IN)
  YESTERDAY        0.00          2.02 1911   0.09  -0.09     0.00
  MONTH TO DATE    7.21                      2.29   4.92     2.85
  SINCE JUN 1     12.54                      8.29   4.25     7.74
  SINCE JAN 1     20.69                     14.65   6.04    13.63

SNOWFALL (IN)
  YESTERDAY        0.0           0.0    MM   0.0    0.0      0.0
  MONTH TO DATE    0.0                       0.0    0.0      0.0
  SINCE JUN 1      T                         0.0    0.0       T
  SINCE JUL 1      T                         0.0    0.0       T
  SNOW DEPTH       0

DEGREE DAYS
 HEATING
  YESTERDAY        0                         0      0        0
  MONTH TO DATE    0                         0      0        0
  SINCE JUN 1      1                         7     -6        0
  SINCE JUL 1      0                         0      0        0

 COOLING
  YESTERDAY        8                        11     -3       16
  MONTH TO DATE  218                       283    -65      290
  SINCE JUN 1   1062                       983     79     1227
  SINCE JAN 1   1192                      1108     84     1315
..................................................................


WIND (MPH)
  RESULTANT WIND SPEED   5   RESULTANT WIND DIRECTION  SE (120)
  HIGHEST WIND SPEED    14   HIGHEST WIND DIRECTION    SE (120)
  HIGHEST GUST SPEED    17   HIGHEST GUST DIRECTION    SE (140)
  AVERAGE WIND SPEED     7.9


SKY COVER
  AVERAGE SKY COVER 0.7


WEATHER CONDITIONS
 THE FOLLOWING WEATHER WAS RECORDED YESTERDAY.
  FOG


RELATIVE HUMIDITY (PERCENT)
 HIGHEST   100           600 AM
 LOWEST     58           500 PM
 AVERAGE    79

..........................................................


THE AMARILLO CLIMATE NORMALS FOR TODAY
                         NORMAL    RECORD    YEAR
 MAXIMUM TEMPERATURE (F)   89       103      2011
                                             1973
                                             1922
 MINIMUM TEMPERATURE (F)   64        53      1928


SUNRISE AND SUNSET
AUGUST 24 2017........SUNRISE   714 AM CDT   SUNSET   824 PM CDT
AUGUST 25 2017........SUNRISE   714 AM CDT   SUNSET   823 PM CDT


-  INDICATES NEGATIVE NUMBERS.
R  INDICATES RECORD WAS SET OR TIED.
MM INDICATES DATA IS MISSING.
T  INDICATES TRACE AMOUNT.




$$
