813
CDUS44 KAMA 292126
CLIAMA


CLIMATE REPORT
NATIONAL WEATHER SERVICE AMARILLO TX
426 PM CDT THU SEP 29 2016


...................................

...THE AMARILLO CLIMATE SUMMARY FOR SEPTEMBER 29 2016...
VALID TODAY AS OF 0400 PM LOCAL TIME.

CLIMATE NORMAL PERIOD 1981 TO 2010
CLIMATE RECORD PERIOD 1892 TO 2016


WEATHER ITEM   OBSERVED TIME   RECORD YEAR NORMAL DEPARTURE LAST
                VALUE   (LST)  VALUE       VALUE  FROM      YEAR
                                                  NORMAL
..................................................................
TEMPERATURE (F)
 TODAY
  MAXIMUM         76    225 PM  95    1994  78     -2       87
  MINIMUM         49    702 AM  32    1985  51     -2       56
                                      1984
  AVERAGE         63                        64     -1       72

PRECIPITATION (IN)
  TODAY            0.00          2.33 1990   0.06  -0.06     0.00
  MONTH TO DATE    0.82                      1.86  -1.04     0.16
  SINCE SEP 1      0.82                      1.86  -1.04     0.16
  SINCE JAN 1     15.70                     17.13  -1.43    28.87

SNOWFALL (IN)
  TODAY            0.0           0.3  1984   0.0    0.0      0.0
  MONTH TO DATE    0.0                       0.0    0.0      0.0
  SINCE SEP 1      0.0                       0.0    0.0      0.0
  SINCE JUL 1      T                         0.0    0.0      0.0
  SNOW DEPTH       0

DEGREE DAYS
 HEATING
  TODAY            2                         3     -1        0
  MONTH TO DATE    9                        38    -29        0
  SINCE SEP 1      9                        38    -29        0
  SINCE JUL 1      9                        39    -30        0

 COOLING
  TODAY            0                         3     -3        7
  MONTH TO DATE  212                       176     36      304
  SINCE SEP 1    212                       176     36      304
  SINCE JAN 1   1586                      1368    218     1450
..................................................................


WIND (MPH)
  RESULTANT WIND SPEED   8   RESULTANT WIND DIRECTION  SE (120)
  HIGHEST WIND SPEED    15   HIGHEST WIND DIRECTION    SE (120)
  HIGHEST GUST SPEED    17   HIGHEST GUST DIRECTION    SE (120)
  AVERAGE WIND SPEED     8.5


SKY COVER
  AVERAGE SKY COVER 0.0


WEATHER CONDITIONS
 THE FOLLOWING WEATHER WAS RECORDED TODAY.
  NO SIGNIFICANT WEATHER WAS OBSERVED.


RELATIVE HUMIDITY (PERCENT)
 HIGHEST    86           700 AM
 LOWEST     36           200 PM
 AVERAGE    61

..........................................................


THE AMARILLO CLIMATE NORMALS FOR TOMORROW
                         NORMAL    RECORD    YEAR
 MAXIMUM TEMPERATURE (F)   77        95      1977
 MINIMUM TEMPERATURE (F)   51        30      1984


SUNRISE AND SUNSET
SEPTEMBER 29 2016.....SUNRISE   740 AM CDT   SUNSET   733 PM CDT
SEPTEMBER 30 2016.....SUNRISE   741 AM CDT   SUNSET   731 PM CDT


-  INDICATES NEGATIVE NUMBERS.
R  INDICATES RECORD WAS SET OR TIED.
MM INDICATES DATA IS MISSING.
T  INDICATES TRACE AMOUNT.




$$
