000
CDUS44 KAMA 301411
CLIAMA


CLIMATE REPORT
NATIONAL WEATHER SERVICE AMARILLO TX
911 AM CDT SAT JUL 30 2016


...................................

...THE AMARILLO CLIMATE SUMMARY FOR JULY 30 2016...
VALID AS OF 0900 AM LOCAL TIME.

CLIMATE NORMAL PERIOD 1981 TO 2010
CLIMATE RECORD PERIOD 1892 TO 2016


WEATHER ITEM   OBSERVED TIME   RECORD YEAR NORMAL DEPARTURE LAST
                VALUE   (LST)  VALUE       VALUE  FROM      YEAR
                                                  NORMAL
..................................................................
TEMPERATURE (F)
 TODAY
  MINIMUM         64    631 AM  55    1971  65     -1       68

PRECIPITATION (IN)
  TODAY            0.17          2.19 1982   0.11   0.06     0.00
  MONTH TO DATE    3.51                      2.74   0.77     5.85
  SINCE JUN 1      4.89                      5.90  -1.01     9.74
  SINCE JAN 1     10.78                     12.26  -1.48    24.29

SNOWFALL (IN)
  TODAY            0.0           T    1996   0.0    0.0      0.0
  MONTH TO DATE    T                         0.0    0.0      0.0
  SINCE JUN 1      T                         0.0    0.0      0.0
  SINCE JUL 1      T                         0.0    0.0      0.0
  SNOW DEPTH       0

..................................................................


WIND (MPH)
  RESULTANT WIND SPEED   7   RESULTANT WIND DIRECTION   S (180)
  HIGHEST WIND SPEED    25   HIGHEST WIND DIRECTION     S (160)
  HIGHEST GUST SPEED    30   HIGHEST GUST DIRECTION     S (170)
  AVERAGE WIND SPEED    11.5


SKY COVER
  AVERAGE SKY COVER 0.5


WEATHER CONDITIONS
 THE FOLLOWING WEATHER WAS RECORDED TODAY.
  LIGHT RAIN
  FOG


RELATIVE HUMIDITY (PERCENT)
 HIGHEST    87           100 AM
 LOWEST     61           400 AM
 AVERAGE    74

..........................................................


THE AMARILLO CLIMATE NORMALS FOR TOMORROW
                         NORMAL    RECORD    YEAR
 MAXIMUM TEMPERATURE (F)   91       105      1934
 MINIMUM TEMPERATURE (F)   65        54      1971


SUNRISE AND SUNSET
JULY 30 2016..........SUNRISE   655 AM CDT   SUNSET   851 PM CDT
JULY 31 2016..........SUNRISE   655 AM CDT   SUNSET   850 PM CDT


-  INDICATES NEGATIVE NUMBERS.
R  INDICATES RECORD WAS SET OR TIED.
MM INDICATES DATA IS MISSING.
T  INDICATES TRACE AMOUNT.




$$
