852
CDUS44 KAMA 250638
CLIAMA


CLIMATE REPORT
NATIONAL WEATHER SERVICE AMARILLO TX
138 AM CDT SUN JUN 25 2017


...................................

...THE AMARILLO CLIMATE SUMMARY FOR JUNE 24 2017...

CLIMATE NORMAL PERIOD 1981 TO 2010
CLIMATE RECORD PERIOD 1892 TO 2017


WEATHER ITEM   OBSERVED TIME   RECORD YEAR NORMAL DEPARTURE LAST
                VALUE   (LST)  VALUE       VALUE  FROM      YEAR
                                                  NORMAL
..................................................................
TEMPERATURE (F)
 YESTERDAY
  MAXIMUM         73    443 PM 109    2011  90    -17       96
  MINIMUM         55    424 AM  53    1912  63     -8       68
  AVERAGE         64                        77    -13       82

PRECIPITATION (IN)
  YESTERDAY        0.45          3.46 1948   0.10   0.35     0.09
  MONTH TO DATE    0.80                      2.61  -1.81     1.25
  SINCE JUN 1      0.80                      2.61  -1.81     1.25
  SINCE JAN 1      8.95                      8.97  -0.02     7.14

SNOWFALL (IN)
  YESTERDAY        0.0           T    1999   0.0    0.0      0.0
  MONTH TO DATE    0.0                       0.0    0.0      0.0
  SINCE JUN 1      0.0                       0.0    0.0      0.0
  SINCE JUL 1     10.0                      17.8   -7.8     13.4
  SNOW DEPTH       0

DEGREE DAYS
 HEATING
  YESTERDAY        1                         0      1        0
  MONTH TO DATE    1                         5     -4        0
  SINCE JUN 1      1                         5     -4        0
  SINCE JUL 1   3238                      4176   -938     3461

 COOLING
  YESTERDAY        0                        12    -12       17
  MONTH TO DATE  290                       215     75      291
  SINCE JUN 1    290                       215     75      291
  SINCE JAN 1    420                       340     80      379
..................................................................


WIND (MPH)
  RESULTANT WIND SPEED   9   RESULTANT WIND DIRECTION   E (110)
  HIGHEST WIND SPEED    18   HIGHEST WIND DIRECTION    NE (50)
  HIGHEST GUST SPEED    23   HIGHEST GUST DIRECTION    NE (40)
  AVERAGE WIND SPEED    11.0


SKY COVER
  AVERAGE SKY COVER 0.9


WEATHER CONDITIONS
 THE FOLLOWING WEATHER WAS RECORDED YESTERDAY.
  THUNDERSTORM
  HEAVY RAIN
  LIGHT RAIN
  FOG


RELATIVE HUMIDITY (PERCENT)
 HIGHEST    93          1100 PM
 LOWEST     52          1200 AM
 AVERAGE    73

..........................................................


THE AMARILLO CLIMATE NORMALS FOR TODAY
                         NORMAL    RECORD    YEAR
 MAXIMUM TEMPERATURE (F)   90       107      2011
                                             1994
 MINIMUM TEMPERATURE (F)   63        52      1958


SUNRISE AND SUNSET
JUNE 25 2017..........SUNRISE   634 AM CDT   SUNSET   905 PM CDT
JUNE 26 2017..........SUNRISE   634 AM CDT   SUNSET   905 PM CDT


-  INDICATES NEGATIVE NUMBERS.
R  INDICATES RECORD WAS SET OR TIED.
MM INDICATES DATA IS MISSING.
T  INDICATES TRACE AMOUNT.




$$
