000
CDUS44 KAMA 260626
CLIAMA


CLIMATE REPORT
NATIONAL WEATHER SERVICE AMARILLO TX
125 AM CDT THU MAY 26 2016


...................................

...THE AMARILLO CLIMATE SUMMARY FOR MAY 25 2016...

CLIMATE NORMAL PERIOD 1981 TO 2010
CLIMATE RECORD PERIOD 1892 TO 2016


WEATHER ITEM   OBSERVED TIME   RECORD YEAR NORMAL DEPARTURE LAST
                VALUE   (LST)  VALUE       VALUE  FROM      YEAR
                                                  NORMAL
..................................................................
TEMPERATURE (F)
 YESTERDAY
  MAXIMUM         90    420 PM 102    1953  82      8       71
  MINIMUM         49    411 AM  42    1950  55     -6       50
  AVERAGE         70                        68      2       61

PRECIPITATION (IN)
  YESTERDAY        0.00          2.08 1999   0.09  -0.09     0.00
  MONTH TO DATE    0.81                      1.67  -0.86     9.26
  SINCE MAR 1      4.41                      4.46  -0.05    12.44
  SINCE JAN 1      5.10                      5.74  -0.64    14.52

SNOWFALL (IN)
  YESTERDAY        0.0           T    2000   0.0    0.0      0.0
  MONTH TO DATE    T                         0.2   -0.2      0.0
  SINCE MAR 1      1.3                       3.8   -2.5      0.1
  SINCE JUL 1     13.4                      17.8   -4.4     23.9
  SNOW DEPTH       0

DEGREE DAYS
 HEATING
  YESTERDAY        0                         1     -1        4
  MONTH TO DATE  124                        77     47      103
  SINCE MAR 1    718                       888   -170      731
  SINCE JUL 1   3459                      4165   -706     3856

 COOLING
  YESTERDAY        5                         5      0        0
  MONTH TO DATE   64                        71     -7       18
  SINCE MAR 1     74                        92    -18       40
  SINCE JAN 1     75                        92    -17       40
..................................................................


WIND (MPH)
  RESULTANT WIND SPEED   9   RESULTANT WIND DIRECTION  SW (220)
  HIGHEST WIND SPEED    26   HIGHEST WIND DIRECTION    SW (240)
  HIGHEST GUST SPEED    30   HIGHEST GUST DIRECTION    SW (240)
  AVERAGE WIND SPEED    11.1


SKY COVER
  AVERAGE SKY COVER 0.0


WEATHER CONDITIONS
 THE FOLLOWING WEATHER WAS RECORDED YESTERDAY.
  NO SIGNIFICANT WEATHER WAS OBSERVED.


RELATIVE HUMIDITY (PERCENT)
 HIGHEST    61           400 AM
 LOWEST     11           500 PM
 AVERAGE    36

..........................................................


THE AMARILLO CLIMATE NORMALS FOR TODAY
                         NORMAL    RECORD    YEAR
 MAXIMUM TEMPERATURE (F)   82       100      1953
 MINIMUM TEMPERATURE (F)   55        39      1950


SUNRISE AND SUNSET
MAY 26 2016...........SUNRISE   636 AM CDT   SUNSET   853 PM CDT
MAY 27 2016...........SUNRISE   635 AM CDT   SUNSET   853 PM CDT


-  INDICATES NEGATIVE NUMBERS.
R  INDICATES RECORD WAS SET OR TIED.
MM INDICATES DATA IS MISSING.
T  INDICATES TRACE AMOUNT.




$$
