000
CDUS44 KAMA 141526
CLIAMA


CLIMATE REPORT
NATIONAL WEATHER SERVICE AMARILLO TX
925 AM CST SUN FEB 14 2016


...................................

...THE AMARILLO CLIMATE SUMMARY FOR FEBRUARY 14 2016...
VALID AS OF 0900 AM LOCAL TIME.

CLIMATE NORMAL PERIOD 1981 TO 2010
CLIMATE RECORD PERIOD 1892 TO 2016


WEATHER ITEM   OBSERVED TIME   RECORD YEAR NORMAL DEPARTURE LAST
                VALUE   (LST)  VALUE       VALUE  FROM      YEAR
                                                  NORMAL
..................................................................
TEMPERATURE (F)
 TODAY
  MINIMUM         34    747 AM  -2    1895  26      8       37

PRECIPITATION (IN)
  TODAY            0.00          0.48 1908   0.02  -0.02     0.00
  MONTH TO DATE    0.11                      0.30  -0.19      T
  SINCE DEC 1      1.08                      1.73  -0.65     1.74
  SINCE JAN 1      0.30                      1.02  -0.72     1.61

SNOWFALL (IN)
  TODAY            0.0           6.0  1908   0.1   -0.1      0.0
  MONTH TO DATE    T                         1.9   -1.9       T
  SINCE DEC 1      7.6                      10.3   -2.7     14.5
  SINCE JUL 1      8.9                      13.0   -4.1     17.0
  SNOW DEPTH       0

..................................................................


WIND (MPH)
  RESULTANT WIND SPEED  10   RESULTANT WIND DIRECTION  NW (310)
  HIGHEST WIND SPEED    31   HIGHEST WIND DIRECTION     N (350)
  HIGHEST GUST SPEED    39   HIGHEST GUST DIRECTION     N (340)
  AVERAGE WIND SPEED    14.4


SKY COVER
  AVERAGE SKY COVER 0.0


WEATHER CONDITIONS
 THE FOLLOWING WEATHER WAS RECORDED TODAY.
  NO SIGNIFICANT WEATHER WAS OBSERVED.


RELATIVE HUMIDITY (PERCENT)
 HIGHEST    70           700 AM
 LOWEST     29          1200 AM
 AVERAGE    50

..........................................................


THE AMARILLO CLIMATE NORMALS FOR TOMORROW
                         NORMAL    RECORD    YEAR
 MAXIMUM TEMPERATURE (F)   54        82      2000
 MINIMUM TEMPERATURE (F)   26        -6      1895


SUNRISE AND SUNSET
FEBRUARY 14 2016......SUNRISE   735 AM CST   SUNSET   628 PM CST
FEBRUARY 15 2016......SUNRISE   733 AM CST   SUNSET   629 PM CST


-  INDICATES NEGATIVE NUMBERS.
R  INDICATES RECORD WAS SET OR TIED.
MM INDICATES DATA IS MISSING.
T  INDICATES TRACE AMOUNT.




$$
