000
CDUS44 KAMA 300642
CLIAMA


CLIMATE REPORT
NATIONAL WEATHER SERVICE AMARILLO TX
141 AM CDT THU JUL 30 2015


...................................

...THE AMARILLO CLIMATE SUMMARY FOR JULY 29 2015...

CLIMATE NORMAL PERIOD 1981 TO 2010
CLIMATE RECORD PERIOD 1892 TO 2015


WEATHER ITEM   OBSERVED TIME   RECORD YEAR NORMAL DEPARTURE LAST
                VALUE   (LST)  VALUE       VALUE  FROM      YEAR
                                                  NORMAL
..................................................................
TEMPERATURE (F)
 YESTERDAY
  MAXIMUM         86    541 PM 102    2001  91     -5       81
  MINIMUM         65    602 AM  53    2005  65      0       63
  AVERAGE         76                        78     -2       72

PRECIPITATION (IN)
  YESTERDAY        0.00          3.47 1997   0.10  -0.10      T
  MONTH TO DATE    5.85                      2.63   3.22     1.64
  SINCE JUN 1      9.74                      5.79   3.95     7.04
  SINCE JAN 1     24.29                     12.15  12.14    11.75

SNOWFALL (IN)
  YESTERDAY        0.0           T    2009   0.0    0.0      0.0
                                      1997
  MONTH TO DATE    0.0                       0.0    0.0      0.0
  SINCE JUN 1      0.0                       0.0    0.0      0.0
  SINCE JUL 1      0.0                       0.0    0.0      0.0
  SNOW DEPTH       0

DEGREE DAYS
 HEATING
  YESTERDAY        0                         0      0        0
  MONTH TO DATE    0                         0      0        0
  SINCE JUN 1      0                         7     -7        4
  SINCE JUL 1      0                         0      0        0

 COOLING
  YESTERDAY       11                        13     -2        7
  MONTH TO DATE  395                       385     10      351
  SINCE JUN 1    704                       673     31      669
  SINCE JAN 1    753                       798    -45      866
..................................................................


WIND (MPH)
  RESULTANT WIND SPEED   9   RESULTANT WIND DIRECTION   N (10)
  HIGHEST WIND SPEED    17   HIGHEST WIND DIRECTION    NE (30)
  HIGHEST GUST SPEED    21   HIGHEST GUST DIRECTION     N (20)
  AVERAGE WIND SPEED     8.8


SKY COVER
  AVERAGE SKY COVER 0.0


WEATHER CONDITIONS
 THE FOLLOWING WEATHER WAS RECORDED YESTERDAY.
  NO SIGNIFICANT WEATHER WAS OBSERVED.


RELATIVE HUMIDITY (PERCENT)
 HIGHEST    93           400 AM
 LOWEST     51           400 PM
 AVERAGE    72

..........................................................


THE AMARILLO CLIMATE NORMALS FOR TODAY
                         NORMAL    RECORD    YEAR
 MAXIMUM TEMPERATURE (F)   91       104      1969
 MINIMUM TEMPERATURE (F)   65        55      1971


SUNRISE AND SUNSET
JULY 30 2015..........SUNRISE   654 AM CDT   SUNSET   852 PM CDT
JULY 31 2015..........SUNRISE   655 AM CDT   SUNSET   851 PM CDT


-  INDICATES NEGATIVE NUMBERS.
R  INDICATES RECORD WAS SET OR TIED.
MM INDICATES DATA IS MISSING.
T  INDICATES TRACE AMOUNT.




$$
