000
CDUS44 KAMA 240630
CLIAMA


CLIMATE REPORT
NATIONAL WEATHER SERVICE AMARILLO TX
128 AM CDT WED MAY 24 2017


...................................

...THE AMARILLO CLIMATE SUMMARY FOR MAY 23 2017...

CLIMATE NORMAL PERIOD 1981 TO 2010
CLIMATE RECORD PERIOD 1892 TO 2017


WEATHER ITEM   OBSERVED TIME   RECORD YEAR NORMAL DEPARTURE LAST
                VALUE   (LST)  VALUE       VALUE  FROM      YEAR
                                                  NORMAL
..................................................................
TEMPERATURE (F)
 YESTERDAY
  MAXIMUM         67    526 PM 102    2000  81    -14       89
  MINIMUM         48    639 AM  39    1893  54     -6       60
  AVERAGE         58                        68    -10       75

PRECIPITATION (IN)
  YESTERDAY        0.01          2.45 2015   0.09  -0.08     0.00
  MONTH TO DATE    1.14                      1.50  -0.36     0.81
  SINCE MAR 1      4.46                      4.29   0.17     4.41
  SINCE JAN 1      8.14                      5.57   2.57     5.10

SNOWFALL (IN)
  YESTERDAY        0.0           T    1991   0.0    0.0      0.0
  MONTH TO DATE    0.0                       0.2   -0.2       T
  SINCE MAR 1      2.0                       3.8   -1.8      1.3
  SINCE JUL 1     10.0                      17.8   -7.8     13.4
  SNOW DEPTH       0

DEGREE DAYS
 HEATING
  YESTERDAY        7                         2      5        0
  MONTH TO DATE   91                        74     17      124
  SINCE MAR 1    676                       885   -209      718
  SINCE JUL 1   3234                      4162   -928     3459

 COOLING
  YESTERDAY        0                         4     -4       10
  MONTH TO DATE   47                        61    -14       49
  SINCE MAR 1     96                        82     14       59
  SINCE JAN 1    101                        82     19       60
..................................................................


WIND (MPH)
  RESULTANT WIND SPEED  14   RESULTANT WIND DIRECTION   N (350)
  HIGHEST WIND SPEED    30   HIGHEST WIND DIRECTION     N (340)
  HIGHEST GUST SPEED    37   HIGHEST GUST DIRECTION     N (340)
  AVERAGE WIND SPEED    15.4


SKY COVER
  AVERAGE SKY COVER 0.6


WEATHER CONDITIONS
 THE FOLLOWING WEATHER WAS RECORDED YESTERDAY.
  LIGHT RAIN


RELATIVE HUMIDITY (PERCENT)
 HIGHEST    86          1200 AM
 LOWEST     31           500 PM
 AVERAGE    59

..........................................................


THE AMARILLO CLIMATE NORMALS FOR TODAY
                         NORMAL    RECORD    YEAR
 MAXIMUM TEMPERATURE (F)   82       100      2000
 MINIMUM TEMPERATURE (F)   54        41      1924


SUNRISE AND SUNSET
MAY 24 2017...........SUNRISE   637 AM CDT   SUNSET   851 PM CDT
MAY 25 2017...........SUNRISE   636 AM CDT   SUNSET   852 PM CDT


-  INDICATES NEGATIVE NUMBERS.
R  INDICATES RECORD WAS SET OR TIED.
MM INDICATES DATA IS MISSING.
T  INDICATES TRACE AMOUNT.




$$
