000
CDUS42 KJAX 200627
CLIAMG


CLIMATE REPORT
NATIONAL WEATHER SERVICE JACKSONVILLE FL
126 AM EST MON NOV 20 2017


...................................

...THE ALMA CLIMATE SUMMARY FOR NOVEMBER 19 2017...

CLIMATE NORMAL PERIOD 1981 TO 2010
CLIMATE RECORD PERIOD 1948 TO 2017


WEATHER ITEM   OBSERVED TIME   RECORD YEAR NORMAL DEPARTURE LAST
                VALUE   (LST)  VALUE       VALUE  FROM      YEAR
                                                  NORMAL
..................................................................
TEMPERATURE (F)
 YESTERDAY
  MAXIMUM         66    357 AM  80    1978  71     -5       77
  MINIMUM         37   1130 PM  20    2014  47    -10       44
  AVERAGE         52                        59     -7       61

PRECIPITATION (IN)
  YESTERDAY        0.02          0.99 2000   0.08  -0.06     0.00
  MONTH TO DATE    0.68                      1.53  -0.85     0.00
  SINCE SEP 1     10.36                      8.20   2.16     7.49
  SINCE JAN 1     38.76                     42.41  -3.65    39.49

SNOWFALL (IN)
  YESTERDAY        0.0           0.0    MM   0.0    0.0      0.0
  MONTH TO DATE    0.0                       0.0    0.0      0.0
  SINCE SEP 1      0.0                       0.0    0.0      0.0
  SINCE JUL 1      0.0                       0.0    0.0      0.0
  SNOW DEPTH       0

DEGREE DAYS
 HEATING
  YESTERDAY       13                         7      6        4
  MONTH TO DATE   90                       101    -11       95
  SINCE SEP 1    141                       151    -10      111
  SINCE JUL 1    141                       151    -10      111

 COOLING
  YESTERDAY        0                         1     -1        0
  MONTH TO DATE   32                        31      1       22
  SINCE SEP 1    682                       549    133      603
  SINCE JAN 1   2853                      2456    397     2684
..................................................................


WIND (MPH)
  HIGHEST WIND SPEED    21   HIGHEST WIND DIRECTION    NW (320)
  HIGHEST GUST SPEED    27   HIGHEST GUST DIRECTION    NW (320)
  AVERAGE WIND SPEED     9.2


SKY COVER
  POSSIBLE SUNSHINE  MM
  AVERAGE SKY COVER 0.2


WEATHER CONDITIONS
 THE FOLLOWING WEATHER WAS RECORDED YESTERDAY.
  LIGHT RAIN
  FOG


RELATIVE HUMIDITY (PERCENT)
 HIGHEST    87           100 AM
 LOWEST     31           300 PM
 AVERAGE    59

..........................................................


THE ALMA CLIMATE NORMALS FOR TODAY
                         NORMAL    RECORD    YEAR
 MAXIMUM TEMPERATURE (F)   70        82      2011
                                             1950
 MINIMUM TEMPERATURE (F)   47        23      2014


SUNRISE AND SUNSET
NOVEMBER 20 2017......SUNRISE   702 AM EST   SUNSET   529 PM EST
NOVEMBER 21 2017......SUNRISE   703 AM EST   SUNSET   528 PM EST


-  INDICATES NEGATIVE NUMBERS.
R  INDICATES RECORD WAS SET OR TIED.
MM INDICATES DATA IS MISSING.
T  INDICATES TRACE AMOUNT.




$$
