000
CDUS42 KJAX 250530
CLIAMG


CLIMATE REPORT
NATIONAL WEATHER SERVICE JACKSONVILLE FL
130 AM EDT SAT MAR 25 2017


...................................

...THE ALMA CLIMATE SUMMARY FOR MARCH 24 2017...

CLIMATE NORMAL PERIOD 1981 TO 2010
CLIMATE RECORD PERIOD 1948 TO 2017


WEATHER ITEM   OBSERVED TIME   RECORD YEAR NORMAL DEPARTURE LAST
                VALUE   (LST)  VALUE       VALUE  FROM      YEAR
                                                  NORMAL
..................................................................
TEMPERATURE (F)
 YESTERDAY
  MAXIMUM         78    107 PM  87    1949  74      4       82
  MINIMUM         50    705 AM  30    1968  50      0       49
  AVERAGE         64                        62      2       66

PRECIPITATION (IN)
  YESTERDAY        0.00          2.43 1957   0.14  -0.14     0.37
  MONTH TO DATE    0.54                      3.75  -3.21     1.20
  SINCE MAR 1      0.54                      3.75  -3.21     1.20
  SINCE JAN 1      8.67                     11.81  -3.14    10.45

SNOWFALL (IN)
  YESTERDAY        0.0           0.0    MM   0.0    0.0      0.0
  MONTH TO DATE    0.0                       0.0    0.0      0.0
  SINCE MAR 1      0.0                       0.0    0.0      0.0
  SINCE JUL 1      0.0                       0.1   -0.1      0.0
  SNOW DEPTH       0

DEGREE DAYS
 HEATING
  YESTERDAY        1                         5     -4        0
  MONTH TO DATE  197                       160     37      107
  SINCE MAR 1    197                       160     37      107
  SINCE JUL 1   1053                      1561   -508     1205

 COOLING
  YESTERDAY        0                         1     -1        1
  MONTH TO DATE   19                        24     -5       58
  SINCE MAR 1     19                        24     -5       58
  SINCE JAN 1     74                        40     34       71
..................................................................


WIND (MPH)
  HIGHEST WIND SPEED    16   HIGHEST WIND DIRECTION     E (100)
  HIGHEST GUST SPEED    23   HIGHEST GUST DIRECTION    SE (140)
  AVERAGE WIND SPEED     6.4


SKY COVER
  POSSIBLE SUNSHINE  MM
  AVERAGE SKY COVER 0.3


WEATHER CONDITIONS
 THE FOLLOWING WEATHER WAS RECORDED YESTERDAY.
  FOG


RELATIVE HUMIDITY (PERCENT)
 HIGHEST   100           100 AM
 LOWEST     38           200 PM
 AVERAGE    69

..........................................................


THE ALMA CLIMATE NORMALS FOR TODAY
                         NORMAL    RECORD    YEAR
 MAXIMUM TEMPERATURE (F)   74        89      1954
 MINIMUM TEMPERATURE (F)   50        32      1968


SUNRISE AND SUNSET
MARCH 25 2017.........SUNRISE   727 AM EDT   SUNSET   745 PM EDT
MARCH 26 2017.........SUNRISE   726 AM EDT   SUNSET   746 PM EDT


-  INDICATES NEGATIVE NUMBERS.
R  INDICATES RECORD WAS SET OR TIED.
MM INDICATES DATA IS MISSING.
T  INDICATES TRACE AMOUNT.




$$
