000
CDUS42 KJAX 230528
CLIAMG


CLIMATE REPORT
NATIONAL WEATHER SERVICE JACKSONVILLE FL
127 AM EDT SUN APR 23 2017


...................................

...THE ALMA CLIMATE SUMMARY FOR APRIL 22 2017...

CLIMATE NORMAL PERIOD 1981 TO 2010
CLIMATE RECORD PERIOD 1948 TO 2017


WEATHER ITEM   OBSERVED TIME   RECORD YEAR NORMAL DEPARTURE LAST
                VALUE   (LST)  VALUE       VALUE  FROM      YEAR
                                                  NORMAL
..................................................................
TEMPERATURE (F)
 YESTERDAY
  MAXIMUM         87    306 PM  92    1970  80      7       82
  MINIMUM         59    508 AM  37    1950  55      4       62
  AVERAGE         73                        68      5       72

PRECIPITATION (IN)
  YESTERDAY        0.00          0.90 1951   0.08  -0.08     0.05
  MONTH TO DATE    2.35                      2.21   0.14     3.31
  SINCE MAR 1      2.89                      6.96  -4.07     6.18
  SINCE JAN 1     11.02                     15.02  -4.00    15.43

SNOWFALL (IN)
  YESTERDAY        0.0           0.0    MM   0.0    0.0      0.0
  MONTH TO DATE    0.0                       0.0    0.0      0.0
  SINCE MAR 1      0.0                       0.0    0.0      0.0
  SINCE JUL 1      0.0                       0.1   -0.1      0.0
  SNOW DEPTH       0

DEGREE DAYS
 HEATING
  YESTERDAY        0                         1     -1        0
  MONTH TO DATE   27                        55    -28       56
  SINCE MAR 1    224                       243    -19      169
  SINCE JUL 1   1080                      1644   -564     1267

 COOLING
  YESTERDAY        8                         4      4        7
  MONTH TO DATE   99                        63     36       24
  SINCE MAR 1    162                       101     61      104
  SINCE JAN 1    217                       117    100      117
..................................................................


WIND (MPH)
  HIGHEST WIND SPEED    13   HIGHEST WIND DIRECTION     S (160)
  HIGHEST GUST SPEED    18   HIGHEST GUST DIRECTION     S (170)
  AVERAGE WIND SPEED     5.2


SKY COVER
  POSSIBLE SUNSHINE  MM
  AVERAGE SKY COVER 0.1


WEATHER CONDITIONS
 THE FOLLOWING WEATHER WAS RECORDED YESTERDAY.
  FOG


RELATIVE HUMIDITY (PERCENT)
 HIGHEST   100           500 AM
 LOWEST     37           300 PM
 AVERAGE    69

..........................................................


THE ALMA CLIMATE NORMALS FOR TODAY
                         NORMAL    RECORD    YEAR
 MAXIMUM TEMPERATURE (F)   80        94      1968
 MINIMUM TEMPERATURE (F)   55        36      1993


SUNRISE AND SUNSET
APRIL 23 2017.........SUNRISE   653 AM EDT   SUNSET   804 PM EDT
APRIL 24 2017.........SUNRISE   652 AM EDT   SUNSET   805 PM EDT


-  INDICATES NEGATIVE NUMBERS.
R  INDICATES RECORD WAS SET OR TIED.
MM INDICATES DATA IS MISSING.
T  INDICATES TRACE AMOUNT.




$$
