000
CDUS42 KJAX 180628
CLIAMG


CLIMATE REPORT
NATIONAL WEATHER SERVICE JACKSONVILLE FL
128 AM EST THU JAN 18 2018


...................................

...THE ALMA CLIMATE SUMMARY FOR JANUARY 17 2018...

CLIMATE NORMAL PERIOD 1981 TO 2010
CLIMATE RECORD PERIOD 1948 TO 2018


WEATHER ITEM   OBSERVED TIME   RECORD YEAR NORMAL DEPARTURE LAST
                VALUE   (LST)  VALUE       VALUE  FROM      YEAR
                                                  NORMAL
..................................................................
TEMPERATURE (F)
 YESTERDAY
  MAXIMUM         44    321 PM  79    1949  62    -18       78
  MINIMUM         26   1159 PM  16    1959  40    -14       57
  AVERAGE         35                        50    -15       68

PRECIPITATION (IN)
  YESTERDAY        0.00          1.78 1964   0.13  -0.13     0.00
  MONTH TO DATE    0.90                      2.24  -1.34     1.91
  SINCE DEC 1      2.76                      5.53  -2.77     6.63
  SINCE JAN 1      0.90                      2.24  -1.34     1.91

SNOWFALL (IN)
  YESTERDAY        0.0           0.0    MM   0.0    0.0      0.0
  MONTH TO DATE    3.0                       0.0    3.0      0.0
  SINCE DEC 1      3.0                       0.1    2.9      0.0
  SINCE JUL 1      3.0                       0.1    2.9      0.0
  SNOW DEPTH       0

DEGREE DAYS
 HEATING
  YESTERDAY       30                        15     15        0
  MONTH TO DATE  354                       255     99      146
  SINCE DEC 1    725                       651     74      414
  SINCE JUL 1    936                       895     41      602

 COOLING
  YESTERDAY        0                         0      0        3
  MONTH TO DATE    5                         0      5       15
  SINCE DEC 1     18                        11      7       28
  SINCE JAN 1      5                         0      5       15
..................................................................


WIND (MPH)
  HIGHEST WIND SPEED    21   HIGHEST WIND DIRECTION    NW (310)
  HIGHEST GUST SPEED    27   HIGHEST GUST DIRECTION    NW (320)
  AVERAGE WIND SPEED     9.8


SKY COVER
  POSSIBLE SUNSHINE  MM
  AVERAGE SKY COVER 0.4


WEATHER CONDITIONS
 THE FOLLOWING WEATHER WAS RECORDED YESTERDAY.
  FOG


RELATIVE HUMIDITY (PERCENT)
 HIGHEST   100           100 AM
 LOWEST     33           500 PM
 AVERAGE    67

..........................................................


THE ALMA CLIMATE NORMALS FOR TODAY
                         NORMAL    RECORD    YEAR
 MAXIMUM TEMPERATURE (F)   62        79      1952
 MINIMUM TEMPERATURE (F)   40        17      1959


SUNRISE AND SUNSET
JANUARY 18 2018.......SUNRISE   729 AM EST   SUNSET   552 PM EST
JANUARY 19 2018.......SUNRISE   729 AM EST   SUNSET   553 PM EST


-  INDICATES NEGATIVE NUMBERS.
R  INDICATES RECORD WAS SET OR TIED.
MM INDICATES DATA IS MISSING.
T  INDICATES TRACE AMOUNT.




$$
