841
CDUS44 KBMX 060753
CLIANB


CLIMATE REPORT
NATIONAL WEATHER SERVICE BIRMINGHAM, AL
253 AM CDT FRI MAY 6 2016


...................................

...THE ANNISTON CLIMATE SUMMARY FOR MAY 5 2016...

CLIMATE NORMAL PERIOD 1981 TO 2010
CLIMATE RECORD PERIOD 1903 TO 2016


WEATHER ITEM   OBSERVED TIME   RECORD YEAR NORMAL DEPARTURE LAST
                VALUE   (LST)  VALUE       VALUE  FROM      YEAR
                                                  NORMAL
..................................................................
TEMPERATURE (F)
 YESTERDAY
  MAXIMUM         69    400 PM  92    1959  79    -10       83
  MINIMUM         52    531 AM  39    2011  55     -3       57
                                      1973
  AVERAGE         61                        67     -6       70

PRECIPITATION (IN)
  YESTERDAY        0.00          2.71 1991   0.15  -0.15     0.00
  MONTH TO DATE    3.33                      0.72   2.61     0.00
  SINCE MAR 1      9.72                      9.79  -0.07    13.83
  SINCE JAN 1     18.56                     19.39  -0.83    21.99

..................................................................


WIND (MPH)
  HIGHEST WIND SPEED    20   HIGHEST WIND DIRECTION     W (290)
  HIGHEST GUST SPEED    33   HIGHEST GUST DIRECTION     W (270)
  AVERAGE WIND SPEED     9.2


SKY COVER
  AVERAGE SKY COVER 0.2


WEATHER CONDITIONS
 THE FOLLOWING WEATHER WAS RECORDED YESTERDAY.
  FOG


RELATIVE HUMIDITY (PERCENT)
 HIGHEST    93
 LOWEST     30
 AVERAGE    62

..........................................................


THE ANNISTON CLIMATE NORMALS FOR TODAY
                         NORMAL    RECORD    YEAR
 MAXIMUM TEMPERATURE (F)   79        93      1959
                                             1952
 MINIMUM TEMPERATURE (F)   56        38      1968


SUNRISE AND SUNSET
MAY  6 2016...........SUNRISE   550 AM CDT   SUNSET   731 PM CDT
MAY  7 2016...........SUNRISE   549 AM CDT   SUNSET   731 PM CDT


-  INDICATES NEGATIVE NUMBERS.
R  INDICATES RECORD WAS SET OR TIED.
MM INDICATES DATA IS MISSING.
T  INDICATES TRACE AMOUNT.




$$
