000
CDUS44 KBMX 282153
CLIANB


CLIMATE REPORT
NATIONAL WEATHER SERVICE BIRMINGHAM, AL
449 PM CDT SAT MAY 28 2016


...................................

...THE ANNISTON CLIMATE SUMMARY FOR MAY 28 2016...
VALID AS OF 0400 PM LOCAL TIME.

CLIMATE NORMAL PERIOD 1981 TO 2010
CLIMATE RECORD PERIOD 1903 TO 2016


WEATHER ITEM   OBSERVED TIME   RECORD YEAR NORMAL DEPARTURE LAST
                VALUE   (LST)  VALUE       VALUE  FROM      YEAR
                                                  NORMAL
..................................................................
TEMPERATURE (F)
 TODAY
  MAXIMUM         87    257 PM  96    1962  84      3       84
  MINIMUM         71    451 AM  42    1961  62      9       66
  AVERAGE         79

PRECIPITATION (IN)
  TODAY            0.00          1.54 1996   0.13  -0.13     0.35
  MONTH TO DATE    4.49                      3.87   0.62     2.39
  SINCE MAR 1     10.88                     12.94  -2.06    16.22
  SINCE JAN 1     19.72                     22.54  -2.82    24.38

..................................................................


WIND (MPH)
  HIGHEST WIND SPEED    14   HIGHEST WIND DIRECTION    SW (220)
  HIGHEST GUST SPEED    17   HIGHEST GUST DIRECTION     E (70)
  AVERAGE WIND SPEED     5.3


SKY COVER
  AVERAGE SKY COVER 0.1


WEATHER CONDITIONS
 THE FOLLOWING WEATHER WAS RECORDED TODAY.
  NO SIGNIFICANT WEATHER WAS OBSERVED.


RELATIVE HUMIDITY (PERCENT)
 HIGHEST    68
 LOWEST     36
 AVERAGE    52

..........................................................


THE ANNISTON CLIMATE NORMALS FOR TOMORROW
                         NORMAL    RECORD    YEAR
 MAXIMUM TEMPERATURE (F)   84        94      1904
 MINIMUM TEMPERATURE (F)   63        48      1961
                                             1951


SUNRISE AND SUNSET
MAY 28 2016...........SUNRISE   535 AM CDT   SUNSET   746 PM CDT
MAY 29 2016...........SUNRISE   535 AM CDT   SUNSET   747 PM CDT


-  INDICATES NEGATIVE NUMBERS.
R  INDICATES RECORD WAS SET OR TIED.
MM INDICATES DATA IS MISSING.
T  INDICATES TRACE AMOUNT.




$$
