000
CDUS44 KBMX 031239
CLIANB


CLIMATE REPORT
NATIONAL WEATHER SERVICE BIRMINGHAM, AL
738 AM CDT THU SEP 3 2015


...................................

...THE ANNISTON CLIMATE SUMMARY FOR SEPTEMBER 2 2015...

CLIMATE NORMAL PERIOD 1981 TO 2010
CLIMATE RECORD PERIOD 1903 TO 2015


WEATHER ITEM   OBSERVED TIME   RECORD YEAR NORMAL DEPARTURE LAST
                VALUE   (LST)  VALUE       VALUE  FROM      YEAR
                                                  NORMAL
..................................................................
TEMPERATURE (F)
 YESTERDAY
  MAXIMUM         90    145 PM  99    1957  88      2       93
  MINIMUM         71    546 AM  52    1954  67      4       70
  AVERAGE         81                        78      3       82

PRECIPITATION (IN)
  YESTERDAY        0.00          1.54 2013   0.10  -0.10      T
  MONTH TO DATE    0.00                      0.20  -0.20     0.01
  SINCE SEP 1      0.00                      0.20  -0.20     0.01
  SINCE JAN 1     37.16                     35.12   2.04    32.65

DEGREE DAYS
 HEATING
  YESTERDAY        0
  MONTH TO DATE    0
  SINCE SEP 1      0
  SINCE JUL 1      0
..................................................................


WIND (MPH)
  HIGHEST WIND SPEED     7   HIGHEST WIND DIRECTION     N (360)
  HIGHEST GUST SPEED     9   HIGHEST GUST DIRECTION     N (340)
  AVERAGE WIND SPEED     1.2


SKY COVER
  AVERAGE SKY COVER 0.1


WEATHER CONDITIONS
 THE FOLLOWING WEATHER WAS RECORDED YESTERDAY.
  FOG


RELATIVE HUMIDITY (PERCENT)
 HIGHEST    93
 LOWEST     50
 AVERAGE    72

..........................................................


THE ANNISTON CLIMATE NORMALS FOR TODAY
                         NORMAL    RECORD    YEAR
 MAXIMUM TEMPERATURE (F)   88        98      1990
                                             1957
 MINIMUM TEMPERATURE (F)   67        49      1905


SUNRISE AND SUNSET
SEPTEMBER  3 2015.....SUNRISE   619 AM CDT   SUNSET   706 PM CDT
SEPTEMBER  4 2015.....SUNRISE   619 AM CDT   SUNSET   705 PM CDT


-  INDICATES NEGATIVE NUMBERS.
R  INDICATES RECORD WAS SET OR TIED.
MM INDICATES DATA IS MISSING.
T  INDICATES TRACE AMOUNT.




$$
