872
CDUS44 KBMX 150834
CLIANB


CLIMATE REPORT
NATIONAL WEATHER SERVICE BIRMINGHAM, AL
234 AM CST FRI DEC 15 2017


...................................

...THE ANNISTON CLIMATE SUMMARY FOR DECEMBER 14 2017...

CLIMATE NORMAL PERIOD 1981 TO 2010
CLIMATE RECORD PERIOD 1903 TO 2017


WEATHER ITEM   OBSERVED TIME   RECORD YEAR NORMAL DEPARTURE LAST
                VALUE   (LST)  VALUE       VALUE  FROM      YEAR
                                                  NORMAL
..................................................................
TEMPERATURE (F)
 YESTERDAY
  MAXIMUM         56    325 PM  76    1971  56      0       60
  MINIMUM         29    720 AM  13    2010  35     -6       35
  AVERAGE         43                        46     -3       48

PRECIPITATION (IN)
  YESTERDAY        0.00          1.74 1967   0.13  -0.13     0.00
  MONTH TO DATE    1.54                      2.01  -0.47     1.49
  SINCE DEC 1      1.54                      2.01  -0.47     1.49
  SINCE JAN 1     57.99                     47.56  10.43    30.98

SNOWFALL (IN)
  YESTERDAY        0.0                       0.0             0.0
  MONTH TO DATE    0.0                       0.0             0.0
  SINCE DEC 1      0.0                       0.0             0.0
  SINCE JUL 1      0.0                       0.0             0.0

DEGREE DAYS
 HEATING
  YESTERDAY       22
  MONTH TO DATE  267
  SINCE DEC 1    267
  SINCE JUL 1    723
..................................................................


WIND (MPH)
  HIGHEST WIND SPEED    10   HIGHEST WIND DIRECTION     W (250)
  HIGHEST GUST SPEED    29   HIGHEST GUST DIRECTION    SE (150)
  AVERAGE WIND SPEED     3.9


SKY COVER
  AVERAGE SKY COVER 0.0


WEATHER CONDITIONS
 THE FOLLOWING WEATHER WAS RECORDED YESTERDAY.
  NO SIGNIFICANT WEATHER WAS OBSERVED.


RELATIVE HUMIDITY (PERCENT)
 HIGHEST    92
 LOWEST     43
 AVERAGE    68

..........................................................


THE ANNISTON CLIMATE NORMALS FOR TODAY
                         NORMAL    RECORD    YEAR
 MAXIMUM TEMPERATURE (F)   56        76      1971
 MINIMUM TEMPERATURE (F)   35        15      1985


SUNRISE AND SUNSET
DECEMBER 15 2017......SUNRISE   640 AM CST   SUNSET   437 PM CST
DECEMBER 16 2017......SUNRISE   641 AM CST   SUNSET   437 PM CST


-  INDICATES NEGATIVE NUMBERS.
R  INDICATES RECORD WAS SET OR TIED.
MM INDICATES DATA IS MISSING.
T  INDICATES TRACE AMOUNT.




$$
