737
CDUS44 KBMX 302135
CLIANB


CLIMATE REPORT
NATIONAL WEATHER SERVICE BIRMINGHAM, AL
435 PM CDT THU MAR 30 2017


...................................

...THE ANNISTON CLIMATE SUMMARY FOR MARCH 30 2017...
VALID TODAY AS OF 0400 PM LOCAL TIME.

CLIMATE NORMAL PERIOD 1981 TO 2010
CLIMATE RECORD PERIOD 1903 TO 2017


WEATHER ITEM   OBSERVED RECORD YEAR NORMAL DEPARTURE LAST
                VALUE   VALUE       VALUE  FROM      YEAR
                                           NORMAL
...........................................................
TEMPERATURE (F)
 TODAY
  MAXIMUM         80     87    1963  70     10       75
  MINIMUM         59     24    1964  46     13       49
                               2005
  AVERAGE         70

PRECIPITATION (IN)
  TODAY            0.00   1.45 1981   0.14  -0.14     0.00
  MONTH TO DATE    4.11               4.81  -0.70     2.88
  SINCE MAR 1      4.11               4.81  -0.70     2.88
  SINCE JAN 1     14.63              14.41   0.22    11.72

SNOWFALL (IN)
  TODAY            0.0                0.0             0.0
  MONTH TO DATE    0.0                0.7             0.0
  SINCE MAR 1      0.0                0.7             0.0
  SINCE JUL 1      0.0                1.8              T

DEGREE DAYS

 COOLING
  TODAY            5                  1      4        0
  MONTH TO DATE   43                  7     36       23
  SINCE MAR 1     43                  7     36       23
  SINCE JAN 1     45                  8     37       23
...........................................................


WIND (MPH)
  HIGHEST WIND SPEED    21   HIGHEST WIND DIRECTION     S (200)
  HIGHEST GUST SPEED    32   HIGHEST GUST DIRECTION     S (190)
  AVERAGE WIND SPEED     6.2


SKY COVER
  AVERAGE SKY COVER 0.3


WEATHER CONDITIONS
 THE FOLLOWING WEATHER WAS RECORDED TODAY.
  NO SIGNIFICANT WEATHER WAS OBSERVED.


RELATIVE HUMIDITY (PERCENT)
 HIGHEST    93
 LOWEST     48
 AVERAGE    71

..........................................................


THE ANNISTON CLIMATE NORMALS FOR TOMORROW
                         NORMAL    RECORD    YEAR
 MAXIMUM TEMPERATURE (F)   70        89      1963
 MINIMUM TEMPERATURE (F)   46        26      1950


SUNRISE AND SUNSET
MARCH 30 2017.........SUNRISE   633 AM CDT   SUNSET   703 PM CDT
MARCH 31 2017.........SUNRISE   632 AM CDT   SUNSET   703 PM CDT


-  INDICATES NEGATIVE NUMBERS.
R  INDICATES RECORD WAS SET OR TIED.
MM INDICATES DATA IS MISSING.
T  INDICATES TRACE AMOUNT.




$$
