000
CDUS44 KBMX 162111
CLIANB


CLIMATE REPORT
NATIONAL WEATHER SERVICE BIRMINGHAM, AL
410 PM CDT WED APR 16 2014


...................................

...THE ANNISTON CLIMATE SUMMARY FOR APRIL 16 2014...
VALID AS OF 0400 PM LOCAL TIME.

CLIMATE NORMAL PERIOD 1981 TO 2010
CLIMATE RECORD PERIOD 1903 TO 2014


WEATHER ITEM   OBSERVED TIME   RECORD YEAR NORMAL DEPARTURE LAST
                VALUE   (LST)  VALUE       VALUE  FROM      YEAR
                                                  NORMAL
..................................................................
TEMPERATURE (F)
 TODAY
  MAXIMUM         65    259 PM  92    1977  74     -9       83
  MINIMUM         34    534 AM  30    1950  50    -16       64
  AVERAGE         50

PRECIPITATION (IN)
  TODAY            0.00          1.23 1954   0.14  -0.14     0.00
  MONTH TO DATE    5.38                      2.23   3.15     4.17
  SINCE MAR 1     10.79                      7.19   3.60     8.17
  SINCE JAN 1     17.95                     16.79   1.16    22.12

DEGREE DAYS
 HEATING
  TODAY           15
  MONTH TO DATE   82
  SINCE MAR 1    464
  SINCE JUL 1   2945
..................................................................


WIND (MPH)
  HIGHEST WIND SPEED    14   HIGHEST WIND DIRECTION    NE (60)
  HIGHEST GUST SPEED    19   HIGHEST GUST DIRECTION     E (80)
  AVERAGE WIND SPEED     6.8


SKY COVER
  AVERAGE SKY COVER 0.0


WEATHER CONDITIONS
 THE FOLLOWING WEATHER WAS RECORDED TODAY.
  NO SIGNIFICANT WEATHER WAS OBSERVED.


RELATIVE HUMIDITY (PERCENT)
 HIGHEST    70
 LOWEST     28
 AVERAGE    49

..........................................................


THE ANNISTON CLIMATE NORMALS FOR TOMORROW
                         NORMAL    RECORD    YEAR
 MAXIMUM TEMPERATURE (F)   74        93      1955
 MINIMUM TEMPERATURE (F)   50        26      1905


SUNRISE AND SUNSET
APRIL 16 2014.........SUNRISE   612 AM CDT   SUNSET   715 PM CDT
APRIL 17 2014.........SUNRISE   611 AM CDT   SUNSET   716 PM CDT


-  INDICATES NEGATIVE NUMBERS.
R  INDICATES RECORD WAS SET OR TIED.
MM INDICATES DATA IS MISSING.
T  INDICATES TRACE AMOUNT.




$$
