000
CDAK48 PAFC 041850 CCA
CLIANC

CLIMATE REPORT
NATIONAL WEATHER SERVICE ANCHORAGE, AK
400 AM AKST SUN DEC 4 2016


...................................

...THE ANCHORAGE AK CLIMATE SUMMARY FOR DECEMBER 3 2016...

CLIMATE NORMAL PERIOD 1981 TO 2010
CLIMATE RECORD PERIOD 1952 TO 2016


WEATHER ITEM   OBSERVED TIME   RECORD YEAR NORMAL DEPARTURE LAST
                VALUE   (LST)  VALUE       VALUE  FROM      YEAR
                                                  NORMAL
..................................................................
TEMPERATURE (F)
 YESTERDAY
  MAXIMUM         16    246 PM  47    2002  25     -9       25
  MINIMUM         11   1149 PM -13    1967  14     -3       13
  AVERAGE         14                        20     -6       19

PRECIPITATION (IN)
  YESTERDAY        0.00          0.15 1971   0.04  -0.04
  MONTH TO DATE    0.50                      0.11   0.39
  SINCE DEC 1      0.50                      0.11   0.39
  SINCE JAN 1     15.49                     15.58  -0.09

SNOWFALL (IN)
  YESTERDAY        0.0           3.3  1971   0.5   -0.5      0.5
  MONTH TO DATE    8.4                       1.6    6.8      1.0
  SINCE DEC 1      8.4                       1.6    6.8      1.0
  SINCE JUL 1     12.3                      23.0  -10.7     20.7
  SNOW DEPTH       8

DEGREE DAYS
 HEATING
  YESTERDAY       51                                6
  MONTH TO DATE  139                                4
  SINCE DEC 1    139                                4
  SINCE JUL 1   2792                             -507

 COOLING
  YESTERDAY        0                                0
  MONTH TO DATE    0                                0
  SINCE DEC 1      0                                0
  SINCE JAN 1     13                               11
..................................................................


WIND (MPH)
  HIGHEST WIND SPEED    23   HIGHEST WIND DIRECTION     N (340)
  HIGHEST GUST SPEED    32   HIGHEST GUST DIRECTION     N (350)
  AVERAGE WIND SPEED    15.5




RELATIVE HUMIDITY (PERCENT)
 HIGHEST    51
 LOWEST     44
 AVERAGE    48

..........................................................


THE ANCHORAGE AK CLIMATE NORMALS FOR TODAY
                         NORMAL    RECORD    YEAR
 MAXIMUM TEMPERATURE (F)   25        47      2002
 MINIMUM TEMPERATURE (F)   14       -13      1975


SUNRISE AND SUNSET
DECEMBER  4 2016......SUNRISE   953 AM AKST  SUNSET   348 PM AKST
DECEMBER  5 2016......SUNRISE   955 AM AKST  SUNSET   347 PM AKST


-  INDICATES NEGATIVE NUMBERS.
R  INDICATES RECORD WAS SET OR TIED.
MM INDICATES DATA IS MISSING.
T  INDICATES TRACE AMOUNT.




$$
