000
CDAK48 PAFC 221239
CLIANC

CLIMATE REPORT
NATIONAL WEATHER SERVICE ANCHORAGE, AK
438 AM AKDT TUE JUL 22 2014


...................................

...THE ANCHORAGE AK CLIMATE SUMMARY FOR JULY 21 2014...

CLIMATE NORMAL PERIOD 1981 TO 2010
CLIMATE RECORD PERIOD 1915 TO 2014


WEATHER ITEM   OBSERVED RECORD YEAR NORMAL DEPARTURE LAST
                VALUE   VALUE       VALUE  FROM      YEAR
                                           NORMAL
...........................................................
TEMPERATURE (F)
 YESTERDAY
  MAXIMUM         70     81    1955  66      4       77
  MINIMUM         51     37    1928  53     -2       54
  AVERAGE         61                 59      2       66

PRECIPITATION (IN)
  YESTERDAY        0.00   1.01 1943   0.06  -0.06
  MONTH TO DATE    1.33               1.12   0.21
  SINCE JUN 1      4.66               2.09   2.57
  SINCE JAN 1      7.89               5.33   2.56

SNOWFALL (IN)
  YESTERDAY        0.0    0.0    MM   0.0    0.0
  MONTH TO DATE    0.0                0.0    0.0
  SINCE JUN 1      0.0                0.0    0.0
  SINCE JUL 1      0.0                0.0    0.0
  SNOW DEPTH       0

DEGREE DAYS
 HEATING
  YESTERDAY        4                        -2
  MONTH TO DATE   97                       -38
  SINCE JUN 1    425                        -3
  SINCE JUL 1     97                       -38

 COOLING
  YESTERDAY        0                         0
  MONTH TO DATE    3                         3
  SINCE JUN 1      3                         3
  SINCE JAN 1      3                         3
...........................................................


WIND (MPH)
  HIGHEST WIND SPEED     8   HIGHEST WIND DIRECTION     W (270)
  HIGHEST GUST SPEED    MM   HIGHEST GUST DIRECTION    MM
  AVERAGE WIND SPEED     3.5




RELATIVE HUMIDITY (PERCENT)
 HIGHEST    72
 LOWEST     31
 AVERAGE    52

..........................................................


THE ANCHORAGE AK CLIMATE NORMALS FOR TODAY
                         NORMAL    RECORD    YEAR
 MAXIMUM TEMPERATURE (F)   66        79      1955
 MINIMUM TEMPERATURE (F)   53        44      1919


SUNRISE AND SUNSET
JULY 22 2014..........SUNRISE   508 AM AKDT  SUNSET  1103 PM AKDT
JULY 23 2014..........SUNRISE   511 AM AKDT  SUNSET  1101 PM AKDT

CIVIL TWILIGHT
JULY 22 2014            START   350 AM AKDT     END  1220 AM AKDT
JULY 23 2014            START   354 AM AKDT     END  1217 AM AKDT



-  INDICATES NEGATIVE NUMBERS.
R  INDICATES RECORD WAS SET OR TIED.
MM INDICATES DATA IS MISSING.
T  INDICATES TRACE AMOUNT.




$$
&&
