226
CDAK48 PAFC 250958
CLIANC

CLIMATE REPORT
NATIONAL WEATHER SERVICE ANCHORAGE, AK
157 AM AKDT TUE JUL 25 2017


...................................

...THE ANCHORAGE AK CLIMATE SUMMARY FOR JULY 24 2017...

CLIMATE NORMAL PERIOD 1981 TO 2010
CLIMATE RECORD PERIOD 1952 TO 2017


WEATHER ITEM   OBSERVED TIME   RECORD YEAR NORMAL DEPARTURE LAST
                VALUE   (LST)  VALUE       VALUE  FROM      YEAR
                                                  NORMAL
..................................................................
TEMPERATURE (F)
 YESTERDAY
  MAXIMUM         67   1219 PM  79    2013  66      1       63
  MINIMUM         57   1127 PM  42    1976  53      4       56
  AVERAGE         62                        59      3       60

PRECIPITATION (IN)
  YESTERDAY        T             1.21 1969   0.07  -0.07
  MONTH TO DATE    1.88                      1.32   0.56
  SINCE JUN 1      2.75                      2.29   0.46
  SINCE JAN 1      7.58                      5.53   2.05

SNOWFALL (IN)
  YESTERDAY        0.0           0.0    MM   0.0    0.0      0.0
  MONTH TO DATE    0.0                       0.0    0.0      0.0
  SINCE JUN 1      0.0                       0.0    0.0      0.0
  SINCE JUL 1      0.0                       0.0    0.0      0.0
  SNOW DEPTH       0

DEGREE DAYS
 HEATING
  YESTERDAY        3                               -3
  MONTH TO DATE  116                              -37
  SINCE JUN 1    399                              -47
  SINCE JUL 1    116                              -37

 COOLING
  YESTERDAY        0                                0
  MONTH TO DATE    3                                3
  SINCE JUN 1      3                                3
  SINCE JAN 1      3                                3
..................................................................


WIND (MPH)
  HIGHEST WIND SPEED    24   HIGHEST WIND DIRECTION    SE (150)
  HIGHEST GUST SPEED    32   HIGHEST GUST DIRECTION    SE (150)
  AVERAGE WIND SPEED    10.1




RELATIVE HUMIDITY (PERCENT)
 HIGHEST    86
 LOWEST     63
 AVERAGE    75

..........................................................


THE ANCHORAGE AK CLIMATE NORMALS FOR TODAY
                         NORMAL    RECORD    YEAR
 MAXIMUM TEMPERATURE (F)   66        74      2013
 MINIMUM TEMPERATURE (F)   53        44      2000
                                             1991


SUNRISE AND SUNSET
JULY 25 2017..........SUNRISE   516 AM AKDT  SUNSET  1055 PM AKDT
JULY 26 2017..........SUNRISE   519 AM AKDT  SUNSET  1053 PM AKDT

CIVIL TWILIGHT
JULY 25 2017            START    403 AM GMT     END   1208 AM GMT
JULY 26 2017            START    407 AM GMT     END   1204 AM GMT



-  INDICATES NEGATIVE NUMBERS.
R  INDICATES RECORD WAS SET OR TIED.
MM INDICATES DATA IS MISSING.
T  INDICATES TRACE AMOUNT.




$$
&&
------------------------------------------------------
AMOUNT OF DAYLIGHT TODAY  (HOUR:MIN)........17:39
GAIN/LOSS SINCE YESTERDAY (HOUR:MIN:SEC)....-0:04:52
