273
CDAK48 PAFC 191317
CLIANC

CLIMATE REPORT
NATIONAL WEATHER SERVICE ANCHORAGE, AK
416 AM AKST SUN FEB 19 2017


...................................

...THE ANCHORAGE AK CLIMATE SUMMARY FOR FEBRUARY 18 2017...

CLIMATE NORMAL PERIOD 1981 TO 2010
CLIMATE RECORD PERIOD 1952 TO 2017


WEATHER ITEM   OBSERVED TIME   RECORD YEAR NORMAL DEPARTURE LAST
                VALUE   (LST)  VALUE       VALUE  FROM      YEAR
                                                  NORMAL
..................................................................
TEMPERATURE (F)
 YESTERDAY
  MAXIMUM         29    305 AM  44    1988  27      2       27
  MINIMUM         26   1034 PM -20    1954  14     12       16
  AVERAGE         28                        21      7       22

PRECIPITATION (IN)
  YESTERDAY        0.03          0.48 2011   0.03   0.00
  MONTH TO DATE    0.64                      0.49   0.15
  SINCE DEC 1      3.82                      2.33   1.49
  SINCE JAN 1      2.35                      1.22   1.13

SNOWFALL (IN)
  YESTERDAY        0.8           6.2  1967   0.5    0.3      0.0
  MONTH TO DATE   13.1                       7.4    5.7       T
  SINCE DEC 1     61.7                      35.4   26.3      6.1
  SINCE JUL 1     65.6                      56.8    8.8     25.8
  SNOW DEPTH      23

DEGREE DAYS
 HEATING
  YESTERDAY       37                               -7
  MONTH TO DATE  836                               12
  SINCE DEC 1   3932                              197
  SINCE JUL 1   6585                             -314

 COOLING
  YESTERDAY        0                                0
  MONTH TO DATE    0                                0
  SINCE DEC 1      0                                0
  SINCE JAN 1      0                                0
..................................................................


WIND (MPH)
  HIGHEST WIND SPEED     8   HIGHEST WIND DIRECTION    NE (60)
  HIGHEST GUST SPEED    14   HIGHEST GUST DIRECTION     N (10)
  AVERAGE WIND SPEED     1.9




RELATIVE HUMIDITY (PERCENT)
 HIGHEST   100
 LOWEST     92
 AVERAGE    96

..........................................................


THE ANCHORAGE AK CLIMATE NORMALS FOR TODAY
                         NORMAL    RECORD    YEAR
 MAXIMUM TEMPERATURE (F)   28        48      1977
 MINIMUM TEMPERATURE (F)   15       -21      1965


SUNRISE AND SUNSET
FEBRUARY 19 2017......SUNRISE   829 AM AKST  SUNSET   600 PM AKST
FEBRUARY 20 2017......SUNRISE   826 AM AKST  SUNSET   602 PM AKST

CIVIL TWILIGHT
FEBRUARY 19 2017        START    745 AM GMT     END    645 PM GMT
FEBRUARY 20 2017        START    742 AM GMT     END    647 PM GMT



-  INDICATES NEGATIVE NUMBERS.
R  INDICATES RECORD WAS SET OR TIED.
MM INDICATES DATA IS MISSING.
T  INDICATES TRACE AMOUNT.

------------------------------------------------------
AMOUNT OF DAYLIGHT TODAY  (HOUR:MIN)........ 9:30
GAIN/LOSS SINCE YESTERDAY (HOUR:MIN:SEC)....+0:05:41
