000
CDAK48 PAFC 250109 CCA
CLIANC

CLIMATE REPORT
NATIONAL WEATHER SERVICE ANCHORAGE, AK
408 PM AKST FRI NOV 24 2017


...................................

...THE ANCHORAGE AK CLIMATE SUMMARY FOR NOVEMBER 24 2017...
VALID TODAY AS OF 0400 PM LOCAL TIME.

CLIMATE NORMAL PERIOD 1981 TO 2010
CLIMATE RECORD PERIOD 1952 TO 2017


WEATHER ITEM   OBSERVED TIME   RECORD YEAR NORMAL DEPARTURE LAST
                VALUE   (LST)  VALUE       VALUE  FROM      YEAR
                                                  NORMAL
..................................................................
TEMPERATURE (F)
 TODAY
  MAXIMUM         22    259 PM  45    2015  26     -4       19
                                      2002
  MINIMUM         20   1054 AM -14    1994  15      5        8
                                      1963
  AVERAGE         21                        20      1       14

PRECIPITATION (IN)
  TODAY            0.00          0.33 1965   0.03  -0.03     0.00
  MONTH TO DATE    0.69                      0.93  -0.24     0.21
  SINCE SEP 1      6.25                      5.95   0.30     3.15
  SINCE JAN 1     18.19                     15.24   2.95    14.95

SNOWFALL (IN)
  TODAY            0.0           5.3  1965   0.5   -0.5      0.0
  MONTH TO DATE    7.8                       9.9   -2.1      0.8
  SINCE SEP 1      8.3                      18.2   -9.9      3.4
  SINCE JUL 1      8.3                      18.2   -9.9      3.4
  SNOW DEPTH       7

DEGREE DAYS
 HEATING
  TODAY           44                        45     -1       51
  MONTH TO DATE 1037                      1013     24      860
  SINCE SEP 1   2227                      2443   -216     2150
  SINCE JUL 1   2595                      2893   -298     2354

 COOLING
  TODAY            0                         0      0        0
  MONTH TO DATE    0                         0      0        0
  SINCE SEP 1      0                         0      0        0
  SINCE JAN 1      3                         2      1       13
..................................................................


WIND (MPH)
  RESULTANT WIND SPEED  18   RESULTANT WIND DIRECTION   N (360)
  HIGHEST WIND SPEED    24   HIGHEST WIND DIRECTION     N (360)
  HIGHEST GUST SPEED    34   HIGHEST GUST DIRECTION     N (360)
  AVERAGE WIND SPEED    18.6


SKY COVER
  POSSIBLE SUNSHINE  MM
  AVERAGE SKY COVER 0.0


WEATHER CONDITIONS
 THE FOLLOWING WEATHER WAS RECORDED TODAY.
  NO SIGNIFICANT WEATHER WAS OBSERVED.


RELATIVE HUMIDITY (PERCENT)
 HIGHEST    51          1200 AM
 LOWEST     45           100 AM
 AVERAGE    48

..........................................................


THE ANCHORAGE AK CLIMATE NORMALS FOR TOMORROW
                         NORMAL    RECORD    YEAR
 MAXIMUM TEMPERATURE (F)   26        45      2015
                                             1956
 MINIMUM TEMPERATURE (F)   15       -15      1994


SUNRISE AND SUNSET
NOVEMBER 24 2017......SUNRISE   930 AM AKST  SUNSET   403 PM AKST
NOVEMBER 25 2017......SUNRISE   933 AM AKST  SUNSET   401 PM AKST

CIVIL TWILIGHT
NOVEMBER 24 2017        START    835 AM GMT     END    459 PM GMT
NOVEMBER 25 2017        START    837 AM GMT     END    457 PM GMT



-  INDICATES NEGATIVE NUMBERS.
R  INDICATES RECORD WAS SET OR TIED.
MM INDICATES DATA IS MISSING.
T  INDICATES TRACE AMOUNT.




$$
&&
------------------------------------------------------
AMOUNT OF DAYLIGHT TODAY  (HOUR:MIN)........ 6:33
GAIN/LOSS SINCE YESTERDAY (HOUR:MIN:SEC)....-0:04:20

$$
