000
CDAK48 PAFC 291249
CLIANC

CLIMATE REPORT
NATIONAL WEATHER SERVICE ANCHORAGE, AK
448 AM AKDT FRI MAY 29 2015


...................................

...THE ANCHORAGE AK CLIMATE SUMMARY FOR MAY 28 2015...

CLIMATE NORMAL PERIOD 1981 TO 2010
CLIMATE RECORD PERIOD 1952 TO 2015


WEATHER ITEM   OBSERVED RECORD YEAR NORMAL DEPARTURE LAST
                VALUE   VALUE       VALUE  FROM      YEAR
                                           NORMAL
...........................................................
TEMPERATURE (F)
 YESTERDAY
  MAXIMUM         63     74    2013  60      3       60
                               1979
  MINIMUM         43     33    1958  43      0       50
  AVERAGE         53                 51      2       55

PRECIPITATION (IN)
  YESTERDAY        0.00   0.27 1985   0.03  -0.03
  MONTH TO DATE    0.55               0.64  -0.09
  SINCE MAR 1      1.98               1.71   0.27
  SINCE JAN 1      3.06               3.16  -0.10

SNOWFALL (IN)
  YESTERDAY        0.0    0.0    MM   0.0    0.0
  MONTH TO DATE    0.0                0.3   -0.3
  SINCE MAR 1      4.6               14.2   -9.6
  SINCE JUL 1     25.1               74.5  -49.4
  SNOW DEPTH       0

DEGREE DAYS
 HEATING
  YESTERDAY       12                        -2
  MONTH TO DATE  430                       -64
  SINCE MAR 1   2242                      -290
  SINCE JUL 1   8594                     -1267

 COOLING
  YESTERDAY        0                         0
  MONTH TO DATE    0                         0
  SINCE MAR 1      0                         0
  SINCE JAN 1      0                         0
...........................................................


WIND (MPH)
  HIGHEST WIND SPEED     7   HIGHEST WIND DIRECTION    NW (300)
  HIGHEST GUST SPEED    MM   HIGHEST GUST DIRECTION    MM
  AVERAGE WIND SPEED     4.3




RELATIVE HUMIDITY (PERCENT)
 HIGHEST    83
 LOWEST     42
 AVERAGE    63

..........................................................


THE ANCHORAGE AK CLIMATE NORMALS FOR TODAY
                         NORMAL    RECORD    YEAR
 MAXIMUM TEMPERATURE (F)   60        76      2013
 MINIMUM TEMPERATURE (F)   44        35      1982
                                             1966


SUNRISE AND SUNSET
MAY 29 2015...........SUNRISE   442 AM AKDT  SUNSET  1114 PM AKDT
MAY 30 2015...........SUNRISE   441 AM AKDT  SUNSET  1116 PM AKDT

CIVIL TWILIGHT
MAY 29 2015             START   309 AM AKDT     END  1251 AM AKDT
MAY 30 2015             START   304 AM AKDT     END  1256 AM AKDT



-  INDICATES NEGATIVE NUMBERS.
R  INDICATES RECORD WAS SET OR TIED.
MM INDICATES DATA IS MISSING.
T  INDICATES TRACE AMOUNT.




$$
&&
------------------------------------------------------
AMOUNT OF DAYLIGHT TODAY  (HOUR:MIN)........18:32
GAIN/LOSS SINCE YESTERDAY (HOUR:MIN:SEC)....+0:03:59
