000
CDAK48 PAFC 200104
CLIANC


CLIMATE REPORT
NATIONAL WEATHER SERVICE ANCHORAGE, AK
404 PM AKST THU JAN 19 2017


...................................

...THE ANCHORAGE AK CLIMATE SUMMARY FOR JANUARY 19 2017...
VALID TODAY AS OF 0400 PM LOCAL TIME.

CLIMATE NORMAL PERIOD 1981 TO 2010
CLIMATE RECORD PERIOD 1952 TO 2017


WEATHER ITEM   OBSERVED TIME   RECORD YEAR NORMAL DEPARTURE LAST
                VALUE   (LST)  VALUE       VALUE  FROM      YEAR
                                                  NORMAL
..................................................................
TEMPERATURE (F)
 TODAY
  MAXIMUM         -3    100 PM  50    1961  23    -26       29
  MINIMUM        -15        MM -24    1989  11    -26       20
  AVERAGE         -9                        17    -26       25

PRECIPITATION (IN)
  TODAY            T             0.45 1963   0.02  -0.02     0.00
  MONTH TO DATE    0.75                      0.45   0.30     0.16
  SINCE DEC 1      2.22                      1.56   0.66     0.39
  SINCE JAN 1      0.75                      0.45   0.30     0.16

SNOWFALL (IN)
  TODAY            T             3.2  1966   0.3   -0.3      0.0
                                      1955
  MONTH TO DATE   10.8                       6.9    3.9      3.5
  SINCE DEC 1     27.7                      23.6    4.1      6.1
  SINCE JUL 1     31.6                      45.0  -13.4     25.8
  SNOW DEPTH      16

DEGREE DAYS
 HEATING
  TODAY           74                        48     26       40
  MONTH TO DATE 1070                       909    161      721
  SINCE DEC 1   2579                      2335    244     2062
  SINCE JUL 1   5232                      5499   -267     4876

 COOLING
  TODAY            0                         0      0        0
  MONTH TO DATE    0                         0      0        0
  SINCE DEC 1      0                         0      0        0
  SINCE JAN 1      0                         0      0        0
..................................................................


WIND (MPH)
  RESULTANT WIND SPEED   2   RESULTANT WIND DIRECTION  SE (120)
  HIGHEST WIND SPEED     5   HIGHEST WIND DIRECTION     W (280)
  HIGHEST GUST SPEED    MM   HIGHEST GUST DIRECTION    MM
  AVERAGE WIND SPEED     3.2


SKY COVER
  POSSIBLE SUNSHINE  MM
  AVERAGE SKY COVER 0.9


WEATHER CONDITIONS
 THE FOLLOWING WEATHER WAS RECORDED TODAY.
  SNOW
  FOG
  FOG W/VISIBILITY <= 1/4 MILE


RELATIVE HUMIDITY (PERCENT)
 HIGHEST    91          1100 AM
 LOWEST     70           500 AM
 AVERAGE    81

..........................................................


THE ANCHORAGE AK CLIMATE NORMALS FOR TOMORROW
                         NORMAL    RECORD    YEAR
 MAXIMUM TEMPERATURE (F)   23        46      1985
                                             1980
                                             1961
 MINIMUM TEMPERATURE (F)   11       -20      1989


SUNRISE AND SUNSET
JANUARY 19 2017.......SUNRISE   949 AM AKST  SUNSET   434 PM AKST
JANUARY 20 2017.......SUNRISE   947 AM AKST  SUNSET   437 PM AKST


-  INDICATES NEGATIVE NUMBERS.
R  INDICATES RECORD WAS SET OR TIED.
MM INDICATES DATA IS MISSING.
T  INDICATES TRACE AMOUNT.




$$
