000
CDAK48 PAFC 261311
CLIANC

CLIMATE REPORT
NATIONAL WEATHER SERVICE ANCHORAGE, AK
510 AM AKDT WED APR 26 2017


...................................

...THE ANCHORAGE AK CLIMATE SUMMARY FOR APRIL 25 2017...

CLIMATE NORMAL PERIOD 1981 TO 2010
CLIMATE RECORD PERIOD 1952 TO 2017


WEATHER ITEM   OBSERVED TIME   RECORD YEAR NORMAL DEPARTURE LAST
                VALUE   (LST)  VALUE       VALUE  FROM      YEAR
                                                  NORMAL
..................................................................
TEMPERATURE (F)
 YESTERDAY
  MAXIMUM         49    411 PM  60    2005  49      0       50
  MINIMUM         38    611 AM  18    1955  33      5       41
  AVERAGE         44                        41      3       46

PRECIPITATION (IN)
  YESTERDAY        T             0.97 2008   0.01  -0.01
  MONTH TO DATE    0.05                      0.38  -0.33
  SINCE MAR 1      0.72                      0.98  -0.26
  SINCE JAN 1      3.42                      2.43   0.99

SNOWFALL (IN)
  YESTERDAY        0.0          15.5  2008   0.1   -0.1      0.0
  MONTH TO DATE    T                         3.7   -3.7      0.0
  SINCE MAR 1     10.3                      13.6   -3.3     10.7
  SINCE JUL 1     82.4                      73.9    8.5     38.3
  SNOW DEPTH       0

DEGREE DAYS
 HEATING
  YESTERDAY       21                               -3
  MONTH TO DATE  635                              -94
  SINCE MAR 1   2044                              123
  SINCE JUL 1   9082                             -168

 COOLING
  YESTERDAY        0                                0
  MONTH TO DATE    0                                0
  SINCE MAR 1      0                                0
  SINCE JAN 1      0                                0
..................................................................


WIND (MPH)
  HIGHEST WIND SPEED    12   HIGHEST WIND DIRECTION     S (160)
  HIGHEST GUST SPEED    15   HIGHEST GUST DIRECTION     S (160)
  AVERAGE WIND SPEED     4.4




RELATIVE HUMIDITY (PERCENT)
 HIGHEST    85
 LOWEST     60
 AVERAGE    73

..........................................................


THE ANCHORAGE AK CLIMATE NORMALS FOR TODAY
                         NORMAL    RECORD    YEAR
 MAXIMUM TEMPERATURE (F)   49        61      2005
 MINIMUM TEMPERATURE (F)   33        16      1955


SUNRISE AND SUNSET
APRIL 26 2017.........SUNRISE   605 AM AKDT  SUNSET   953 PM AKDT
APRIL 27 2017.........SUNRISE   602 AM AKDT  SUNSET   955 PM AKDT

CIVIL TWILIGHT
APRIL 26 2017           START    511 AM GMT     END   1047 PM GMT
APRIL 27 2017           START    508 AM GMT     END   1051 PM GMT



-  INDICATES NEGATIVE NUMBERS.
R  INDICATES RECORD WAS SET OR TIED.
MM INDICATES DATA IS MISSING.
T  INDICATES TRACE AMOUNT.




$$
&&
------------------------------------------------------
AMOUNT OF DAYLIGHT TODAY  (HOUR:MIN)........15:48
GAIN/LOSS SINCE YESTERDAY (HOUR:MIN:SEC)....+0:05:37
