000
CDUS43 KAPX 180548
CLIANJ


CLIMATE REPORT
NATIONAL WEATHER SERVICE GAYLORD MI
145 AM EDT FRI AUG 18 2017


...................................

...THE SAULT STE MARIE MI CLIMATE SUMMARY FOR AUGUST 17 2017...

CLIMATE NORMAL PERIOD 1981 TO 2010
CLIMATE RECORD PERIOD 1888 TO 2017


WEATHER ITEM   OBSERVED TIME   RECORD YEAR NORMAL DEPARTURE LAST
                VALUE   (LST)  VALUE       VALUE  FROM      YEAR
                                                  NORMAL
..................................................................
TEMPERATURE (F)
 YESTERDAY
  MAXIMUM         67    855 PM  89    1969  75     -8       82
                                      1925
  MINIMUM         62    843 AM  33    1981  55      7       64
  AVERAGE         65                        65      0       73

PRECIPITATION (IN)
  YESTERDAY        2.83R         1.41 2011   0.10   2.73     0.00
  MONTH TO DATE    5.18                      1.73   3.45     1.08
  SINCE JUN 1     13.37                      7.29   6.08     6.29
  SINCE JAN 1     26.81                     17.73   9.08    16.84

DEGREE DAYS
 HEATING
  YESTERDAY        0                         2     -2        0
  MONTH TO DATE    8                        34    -26        0
  SINCE JUN 1    151                       283   -132      186
  SINCE JUL 1     39                       103    -64       23

 COOLING
  YESTERDAY        0                         2     -2        8
  MONTH TO DATE   25                        45    -20      108
  SINCE JUN 1    110                       153    -43      274
  SINCE JAN 1    111                       158    -47      285
..................................................................


WIND (MPH)
  HIGHEST WIND SPEED    16   HIGHEST WIND DIRECTION    SE (120)
  HIGHEST GUST SPEED    30   HIGHEST GUST DIRECTION    SE (120)
  AVERAGE WIND SPEED     8.7




RELATIVE HUMIDITY (PERCENT)
 HIGHEST    93
 LOWEST     78
 AVERAGE    86

..........................................................


THE SAULT STE MARIE MI CLIMATE NORMALS FOR TODAY
                         NORMAL    RECORD    YEAR
 MAXIMUM TEMPERATURE (F)   75        93      1955
 MINIMUM TEMPERATURE (F)   55        35      1981


SUNRISE AND SUNSET
AUGUST 18 2017........SUNRISE   640 AM EDT   SUNSET   841 PM EDT
AUGUST 19 2017........SUNRISE   641 AM EDT   SUNSET   840 PM EDT


-  INDICATES NEGATIVE NUMBERS.
R  INDICATES RECORD WAS SET OR TIED.
MM INDICATES DATA IS MISSING.
T  INDICATES TRACE AMOUNT.




$$
