469
CDUS43 KAPX 242247
CLIANJ


CLIMATE REPORT
NATIONAL WEATHER SERVICE GAYLORD MI
547 PM EST TUE JAN 24 2017


...................................

...THE SAULT STE MARIE MI CLIMATE SUMMARY FOR JANUARY 24 2017...
VALID TODAY AS OF 0500 PM LOCAL TIME.

CLIMATE NORMAL PERIOD 1981 TO 2010
CLIMATE RECORD PERIOD 1888 TO 2017


WEATHER ITEM   OBSERVED TIME   RECORD YEAR NORMAL DEPARTURE LAST
                VALUE   (LST)  VALUE       VALUE  FROM      YEAR
                                                  NORMAL
..................................................................
TEMPERATURE (F)
 TODAY
  MAXIMUM         36    459 PM  44    1916  23     13       31
  MINIMUM         34   1008 AM -19    1897   7     27       25
  AVERAGE         35                        15     20       28

PRECIPITATION (IN)
  TODAY            0.18          0.95 1938   0.06   0.12     0.04
  MONTH TO DATE    2.22                      1.75   0.47     1.19
  SINCE DEC 1      6.47                      4.54   1.93     6.60
  SINCE JAN 1      2.22                      1.75   0.47     1.19

SNOWFALL (IN)
  TODAY            0.3           6.9  1987   1.0             0.5
  MONTH TO DATE   21.2                      24.8            15.0
  SINCE OCT 1     78.9                      75.0            34.4
  SINCE JUL 1     78.9                      75.0            34.4

DEGREE DAYS
 HEATING
  TODAY           30                        50    -20       37
  MONTH TO DATE  958                      1188   -230     1121
  SINCE DEC 1   2215                      2515   -300     2084
  SINCE JUL 1   3485                      4447   -962     3575
..................................................................


WIND (MPH)
  RESULTANT WIND SPEED   1   RESULTANT WIND DIRECTION  NE (30)
  HIGHEST WIND SPEED     7   HIGHEST WIND DIRECTION     W (280)
  HIGHEST GUST SPEED     9   HIGHEST GUST DIRECTION     W (280)
  AVERAGE WIND SPEED     2.5


SKY COVER
  POSSIBLE SUNSHINE  MM
  AVERAGE SKY COVER 1.0


WEATHER CONDITIONS
 THE FOLLOWING WEATHER WAS RECORDED TODAY.
  LIGHT RAIN
  LIGHT SNOW
  FOG


RELATIVE HUMIDITY (PERCENT)
 HIGHEST   100           100 AM
 LOWEST     92          1200 AM
 AVERAGE    96

..........................................................


THE SAULT STE MARIE MI CLIMATE NORMALS FOR TOMORROW
                         NORMAL    RECORD    YEAR
 MAXIMUM TEMPERATURE (F)   23        42      2002
 MINIMUM TEMPERATURE (F)    7       -25      1939


SUNRISE AND SUNSET
JANUARY 24 2017.......SUNRISE   810 AM EST   SUNSET   530 PM EST
JANUARY 25 2017.......SUNRISE   809 AM EST   SUNSET   532 PM EST


-  INDICATES NEGATIVE NUMBERS.
R  INDICATES RECORD WAS SET OR TIED.
MM INDICATES DATA IS MISSING.
T  INDICATES TRACE AMOUNT.




$$
