000
CDUS43 KAPX 240538
CLIANJ


CLIMATE REPORT
NATIONAL WEATHER SERVICE GAYLORD MI
138 AM EDT THU APR 24 2014


...................................

...THE SAULT STE MARIE MI CLIMATE SUMMARY FOR APRIL 23 2014...

CLIMATE NORMAL PERIOD 1981 TO 2010
CLIMATE RECORD PERIOD 1888 TO 2014


WEATHER ITEM   OBSERVED TIME   RECORD YEAR NORMAL DEPARTURE LAST
                VALUE   (LST)  VALUE       VALUE  FROM      YEAR
                                                  NORMAL
..................................................................
TEMPERATURE (F)
 YESTERDAY
  MAXIMUM         45    411 PM  76    1913  54     -9       43
  MINIMUM         29    514 AM  20    1986  34     -5       33
                                      1956
                                      1930
  AVERAGE         37                        44     -7       38

PRECIPITATION (IN)
  YESTERDAY        0.00          0.96 1934   0.08  -0.08     0.32
  MONTH TO DATE    2.94                      1.87   1.07     2.84
  SINCE MAR 1      4.65                      3.82   0.83     5.44
  SINCE JAN 1      8.01                      7.35   0.66    11.53

SNOWFALL (IN)
  YESTERDAY        0.0           3.0  1988   0.1   -0.1      0.2
  MONTH TO DATE   10.3                       6.0    4.3     14.0
  SINCE OCT 1    134.6                     119.6   15.0    153.6
  SINCE JUL 1    134.6                     119.6   15.0    153.6
  SNOW DEPTH       4

DEGREE DAYS
 HEATING
  YESTERDAY       28                        21      7       27
  MONTH TO DATE  724                       605    119      762
  SINCE MAR 1   2222                      1805    417     1976
  SINCE JUL 1   9002                      7931   1071     7708

 COOLING
  YESTERDAY        0                         0      0        0
  MONTH TO DATE    0                         0      0        0
  SINCE MAR 1      0                         0      0        0
  SINCE JAN 1      0                         0      0        0
..................................................................


WIND (MPH)
  HIGHEST WIND SPEED    18   HIGHEST WIND DIRECTION    NW (320)
  HIGHEST GUST SPEED    24   HIGHEST GUST DIRECTION    NW (330)
  AVERAGE WIND SPEED     8.2




RELATIVE HUMIDITY (PERCENT)
 HIGHEST    78
 LOWEST     33
 AVERAGE    56

..........................................................


THE SAULT STE MARIE MI CLIMATE NORMALS FOR TODAY
                         NORMAL    RECORD    YEAR
 MAXIMUM TEMPERATURE (F)   54        83      1915
 MINIMUM TEMPERATURE (F)   35        13      1892


SUNRISE AND SUNSET
APRIL 24 2014.........SUNRISE   635 AM EDT   SUNSET   837 PM EDT
APRIL 25 2014.........SUNRISE   633 AM EDT   SUNSET   839 PM EDT


-  INDICATES NEGATIVE NUMBERS.
R  INDICATES RECORD WAS SET OR TIED.
MM INDICATES DATA IS MISSING.
T  INDICATES TRACE AMOUNT.




$$
