000
CDUS43 KAPX 050528
CLIANJ


CLIMATE REPORT
NATIONAL WEATHER SERVICE GAYLORD MI
127 AM EDT THU MAY 5 2016


...................................

...THE SAULT STE MARIE MI CLIMATE SUMMARY FOR MAY 4 2016...

CLIMATE NORMAL PERIOD 1981 TO 2010
CLIMATE RECORD PERIOD 1888 TO 2016


WEATHER ITEM   OBSERVED TIME   RECORD YEAR NORMAL DEPARTURE LAST
                VALUE   (LST)  VALUE       VALUE  FROM      YEAR
                                                  NORMAL
..................................................................
TEMPERATURE (F)
 YESTERDAY
  MAXIMUM         52   1256 PM  84    1980  59     -7       62
  MINIMUM         42    531 AM  20    1967  38      4       43
  AVERAGE         47                        48     -1       53

PRECIPITATION (IN)
  YESTERDAY        0.03          1.37 1985   0.08  -0.05     0.24
  MONTH TO DATE    0.06                      0.31  -0.25     0.31
  SINCE MAR 1      5.14                      4.65   0.49     3.47
  SINCE JAN 1      8.85                      8.18   0.67     6.84

DEGREE DAYS
 HEATING
  YESTERDAY       18                        17      1       12
  MONTH TO DATE   61                        70     -9       34
  SINCE MAR 1   1915                      2013    -98     2157
  SINCE JUL 1   7056                      8139  -1083     8936

 COOLING
  YESTERDAY        0                         0      0        0
  MONTH TO DATE    0                         0      0        0
  SINCE MAR 1      0                         0      0        0
  SINCE JAN 1      0                         0      0        0
..................................................................


WIND (MPH)
  HIGHEST WIND SPEED    13   HIGHEST WIND DIRECTION    NW (310)
  HIGHEST GUST SPEED    19   HIGHEST GUST DIRECTION    NW (300)
  AVERAGE WIND SPEED     6.9




RELATIVE HUMIDITY (PERCENT)
 HIGHEST    96
 LOWEST     59
 AVERAGE    78

..........................................................


THE SAULT STE MARIE MI CLIMATE NORMALS FOR TODAY
                         NORMAL    RECORD    YEAR
 MAXIMUM TEMPERATURE (F)   59        83      1930
                                             1895
 MINIMUM TEMPERATURE (F)   38        23      1954


SUNRISE AND SUNSET
MAY  5 2016...........SUNRISE   616 AM EDT   SUNSET   853 PM EDT
MAY  6 2016...........SUNRISE   615 AM EDT   SUNSET   854 PM EDT


-  INDICATES NEGATIVE NUMBERS.
R  INDICATES RECORD WAS SET OR TIED.
MM INDICATES DATA IS MISSING.
T  INDICATES TRACE AMOUNT.




$$
