000
CDUS43 KAPX 180527
CLIANJ


CLIMATE REPORT
NATIONAL WEATHER SERVICE GAYLORD MI
127 AM EDT THU SEP 18 2014


...................................

...THE SAULT STE MARIE MI CLIMATE SUMMARY FOR SEPTEMBER 17 2014...

CLIMATE NORMAL PERIOD 1981 TO 2010
CLIMATE RECORD PERIOD 1888 TO 2014


WEATHER ITEM   OBSERVED TIME   RECORD YEAR NORMAL DEPARTURE LAST
                VALUE   (LST)  VALUE       VALUE  FROM      YEAR
                                                  NORMAL
..................................................................
TEMPERATURE (F)
 YESTERDAY
  MAXIMUM         59    108 PM  86    1891  66     -7       63
  MINIMUM         42   1159 PM  27    1990  47     -5       39
  AVERAGE         51                        57     -6       51

PRECIPITATION (IN)
  YESTERDAY        0.01          1.03 1925   0.13  -0.12     0.00
  MONTH TO DATE    3.03                      2.11   0.92     5.83
  SINCE SEP 1      3.03                      2.11   0.92     5.83
  SINCE JAN 1     21.95                     21.28   0.67    34.12

DEGREE DAYS
 HEATING
  YESTERDAY       14                         9      5       14
  MONTH TO DATE  138                       109     29      137
  SINCE SEP 1    138                       109     29      137
  SINCE JUL 1    319                       256     63      253

 COOLING
  YESTERDAY        0                         0      0        0
  MONTH TO DATE    4                        15    -11       12
  SINCE SEP 1      4                        15    -11       12
  SINCE JAN 1    112                       193    -81      264
..................................................................


WIND (MPH)
  HIGHEST WIND SPEED    14   HIGHEST WIND DIRECTION    NW (330)
  HIGHEST GUST SPEED    19   HIGHEST GUST DIRECTION     N (340)
  AVERAGE WIND SPEED     4.7




RELATIVE HUMIDITY (PERCENT)
 HIGHEST    93
 LOWEST     72
 AVERAGE    83

..........................................................


THE SAULT STE MARIE MI CLIMATE NORMALS FOR TODAY
                         NORMAL    RECORD    YEAR
 MAXIMUM TEMPERATURE (F)   66        86      1955
 MINIMUM TEMPERATURE (F)   47        30      1990
                                             1974


SUNRISE AND SUNSET
SEPTEMBER 18 2014.....SUNRISE   719 AM EDT   SUNSET   743 PM EDT
SEPTEMBER 19 2014.....SUNRISE   720 AM EDT   SUNSET   741 PM EDT


-  INDICATES NEGATIVE NUMBERS.
R  INDICATES RECORD WAS SET OR TIED.
MM INDICATES DATA IS MISSING.
T  INDICATES TRACE AMOUNT.




$$
