649
CDUS43 KAPX 280528
CLIANJ


CLIMATE REPORT
NATIONAL WEATHER SERVICE GAYLORD MI
127 AM EDT WED JUN 28 2017


...................................

...THE SAULT STE MARIE MI CLIMATE SUMMARY FOR JUNE 27 2017...

CLIMATE NORMAL PERIOD 1981 TO 2010
CLIMATE RECORD PERIOD 1888 TO 2017


WEATHER ITEM   OBSERVED TIME   RECORD YEAR NORMAL DEPARTURE LAST
                VALUE   (LST)  VALUE       VALUE  FROM      YEAR
                                                  NORMAL
..................................................................
TEMPERATURE (F)
 YESTERDAY
  MAXIMUM         70    450 PM  93    1901  74     -4       65
  MINIMUM         46    400 AM  36    1981  52     -6       52
  AVERAGE         58                        63     -5       59

PRECIPITATION (IN)
  YESTERDAY        0.00          1.94 1959   0.09  -0.09      T
  MONTH TO DATE    2.82                      2.45   0.37     1.87
  SINCE JUN 1      2.82                      2.45   0.37     1.87
  SINCE JAN 1     16.26                     12.89   3.37    12.42

DEGREE DAYS
 HEATING
  YESTERDAY        7                         4      3        6
  MONTH TO DATE  110                       169    -59      153
  SINCE JUN 1    110                       169    -59      153
  SINCE JUL 1   7236                      8652  -1416     7497

 COOLING
  YESTERDAY        0                         2     -2        0
  MONTH TO DATE   18                        24     -6       36
  SINCE JUN 1     18                        24     -6       36
  SINCE JAN 1     19                        29    -10       47
..................................................................


WIND (MPH)
  HIGHEST WIND SPEED    13   HIGHEST WIND DIRECTION    NW (310)
  HIGHEST GUST SPEED    17   HIGHEST GUST DIRECTION     W (270)
  AVERAGE WIND SPEED     5.6




RELATIVE HUMIDITY (PERCENT)
 HIGHEST    93
 LOWEST     40
 AVERAGE    67

..........................................................


THE SAULT STE MARIE MI CLIMATE NORMALS FOR TODAY
                         NORMAL    RECORD    YEAR
 MAXIMUM TEMPERATURE (F)   74        89      1971
 MINIMUM TEMPERATURE (F)   52        38      1925


SUNRISE AND SUNSET
JUNE 28 2017..........SUNRISE   547 AM EDT   SUNSET   934 PM EDT
JUNE 29 2017..........SUNRISE   548 AM EDT   SUNSET   934 PM EDT


-  INDICATES NEGATIVE NUMBERS.
R  INDICATES RECORD WAS SET OR TIED.
MM INDICATES DATA IS MISSING.
T  INDICATES TRACE AMOUNT.




$$
