000
CDUS43 KAPX 280528
CLIANJ


CLIMATE REPORT
NATIONAL WEATHER SERVICE GAYLORD MI
127 AM EDT WED SEP 28 2016


...................................

...THE SAULT STE MARIE MI CLIMATE SUMMARY FOR SEPTEMBER 27 2016...

CLIMATE NORMAL PERIOD 1981 TO 2010
CLIMATE RECORD PERIOD 1888 TO 2016


WEATHER ITEM   OBSERVED TIME   RECORD YEAR NORMAL DEPARTURE LAST
                VALUE   (LST)  VALUE       VALUE  FROM      YEAR
                                                  NORMAL
..................................................................
TEMPERATURE (F)
 YESTERDAY
  MAXIMUM         59   1224 PM  84    1891  62     -3       73
  MINIMUM         51    922 PM  26    1989  44      7       56
  AVERAGE         55                        53      2       65

PRECIPITATION (IN)
  YESTERDAY        0.20          1.97 1996   0.13   0.07      T
  MONTH TO DATE    4.66                      3.44   1.22     2.03
  SINCE SEP 1      4.66                      3.44   1.22     2.03
  SINCE JAN 1     24.74                     22.61   2.13    19.28

DEGREE DAYS
 HEATING
  YESTERDAY       10                        12     -2        0
  MONTH TO DATE   70                       215   -145       75
  SINCE SEP 1     70                       215   -145       75
  SINCE JUL 1    105                       362   -257      176

 COOLING
  YESTERDAY        0                         0      0        0
  MONTH TO DATE   35                        15     20       73
  SINCE SEP 1     35                        15     20       73
  SINCE JAN 1    361                       193    168      265
..................................................................


WIND (MPH)
  HIGHEST WIND SPEED    13   HIGHEST WIND DIRECTION    SW (220)
  HIGHEST GUST SPEED    18   HIGHEST GUST DIRECTION    SW (230)
  AVERAGE WIND SPEED     5.1




RELATIVE HUMIDITY (PERCENT)
 HIGHEST    96
 LOWEST     67
 AVERAGE    82

..........................................................


THE SAULT STE MARIE MI CLIMATE NORMALS FOR TODAY
                         NORMAL    RECORD    YEAR
 MAXIMUM TEMPERATURE (F)   61        80      2014
                                             1922
 MINIMUM TEMPERATURE (F)   44        27      1980


SUNRISE AND SUNSET
SEPTEMBER 28 2016.....SUNRISE   733 AM EDT   SUNSET   722 PM EDT
SEPTEMBER 29 2016.....SUNRISE   734 AM EDT   SUNSET   720 PM EDT


-  INDICATES NEGATIVE NUMBERS.
R  INDICATES RECORD WAS SET OR TIED.
MM INDICATES DATA IS MISSING.
T  INDICATES TRACE AMOUNT.




$$
