000
CDAK47 PANT 221400
CLIANN

CLIMATE REPORT
NATIONAL WEATHER SERVICE ANNETTE, AK
600 AM AKDT FRI AUG 22 2014

...................................
...THE ANNETTE WSO AP CLIMATE SUMMARY FOR AUGUST 21 2014...

CLIMATE NORMAL PERIOD  1981 TO  2010
CLIMATE RECORD PERIOD  1948 TO  2014

WEATHER ITEM   OBSERVED TIME    RECORD YEAR NORMAL DEPARTURE LAST
               VALUE    (LST)   VALUE       VALUE  FROM      YEAR
                                                   NORMAL
...................................................................
TEMPERATURE
YESTERDAY
 MAXIMUM            76  0144 PM    78  1979     64      12     63
 MINIMUM            50  0520 AM    43  2010     53      -3     50
 AVERAGE            63                          59       4     57

PRECIPITATION
(INCHES)
 YESTERDAY        0.00           3.28  2000   0.24   -0.24   0.48
 MONTH TO DATE    3.05                        4.30   -1.25   2.85
 SINCE JUN 1     18.40                       13.83    4.57  10.43
 SINCE JAN 1     59.20                       52.25    6.95  49.74

SNOWFALL
(INCHES)
 YESTERDAY         0.0            0.0  2014    0.0     0.0    0.0
 MONTH TO DATE     0.0                         0.0     0.0    0.0
 SINCE JUN 1       0.0                         0.0     0.0    0.0
 SINCE JUL 1       0.0                         0.0     0.0    0.0
 SNOW DEPTH (IN)     0                                          0

DEGREE DAYS
 HEATING
  YESTERDAY          2                           7      -5      8
  MONTH TO DATE     MM                         121      MM    100
  SINCE JUN 1      835                         625     210    471
  SINCE JUL 1      508                         327     181    251

 COOLING
  YESTERDAY          0                           0       0      0
  MONTH TO DATE     MM                           0      MM      2
  SINCE JUN 1       13                           0      13     22
  SINCE JAN 1       MM                           0      MM     22
...................................................................

WIND (MPH)
 HIGHEST WIND SPEED     8     HIGHEST WIND DIRECTION    140
 HIGHEST GUST SPEED    12     HIGHEST GUST DIRECTION    260
 AVERAGE WIND SPEED   2.4

SKY COVER
  POSSIBLE SUNSHINE    MM          AVERAGE SKY COVER     MM

WEATHER CONDITIONS
 THE FOLLOWING WEATHER WAS RECORDED YESTERDAY.
  NO SIGNIFICANT WEATHER WAS OBSERVED.

RELATIVE HUMIDITY
 HIGHEST RH     MM PERCENT       MM
 LOWEST  RH     MM PERCENT       MM
 AVERAGE RH     MM PERCENT       MM
...................................................................

THE ANNETTE CLIMATE NORMALS FOR TODAY
                           NORMAL    RECORD   YEAR
 MAXIMUM TEMPERATURE (F)     64        76     2004
 MINIMUM TEMPERATURE (F)     53        45     1986

SUNRISE AND SUNSET
 AUG 22 2014..........SUNRISE  5:35 AM      SUNSET  8:03 PM
 AUG 23 2014..........SUNRISE  5:36 AM      SUNSET  8:01 PM

-  INDICATES NEGATIVE NUMBERS.
R  INDICATES RECORD HAS BEEN SET OR TIED.
MM INDICATES DATA IS MISSING.
T  INDICATES TRACE OF PRECIPITATION.

&&
-------------------------------------------------------------------

AMOUNT OF DAYLIGHT TODAY  (HOUR:MIN)........14 HOURS 28 MINUTES
GAIN/LOSS SINCE YESTERDAY (HOUR:MIN:SEC)....-0:04:15

$$
JH AUG 14
