000
CDAK47 PAJK 211132
CLIANN
CLIMATE REPORT
NATIONAL WEATHER SERVICE JUNEAU, AK
330 AM AKDT SAT OCT 21 2017


...................................

...THE ANNETTE ISLAND CLIMATE SUMMARY FOR OCTOBER 20 2017...

CLIMATE NORMAL PERIOD 1981 TO 2010
CLIMATE RECORD PERIOD 1941 TO 2017


WEATHER ITEM   OBSERVED RECORD YEAR NORMAL DEPARTURE LAST
                VALUE   VALUE       VALUE  FROM      YEAR
                                           NORMAL
...........................................................
TEMPERATURE (F)
 YESTERDAY
  MAXIMUM         47     61    2003  51     -4       53
  MINIMUM         43     31    2004  41      2       47
  AVERAGE         45                 46     -1       50

PRECIPITATION (IN)
  YESTERDAY        0.41   6.67 1958   0.48  -0.07     0.67
  MONTH TO DATE    4.93               8.68  -3.75     3.34
  SINCE JAN 1     75.26              73.38   1.88    75.12

SNOWFALL (IN)
  YESTERDAY       MM      1.4  1966   0.0   MM        0.0
  MONTH TO DATE    0.0                0.0    0.0      0.0
  SINCE JUL 1      0.0                0.0    0.0      0.0
  SNOW DEPTH       0

DEGREE DAYS
 HEATING
  YESTERDAY       20                 19      1       15
  MONTH TO DATE  152                335   -183      289
...........................................................


WIND (MPH)
  HIGHEST WIND SPEED     8   HIGHEST WIND DIRECTION    SE (130)
  HIGHEST GUST SPEED    MM   HIGHEST GUST DIRECTION    MM
  AVERAGE WIND SPEED     3.3


SKY COVER
  AVERAGE SKY COVER 0.6


WEATHER CONDITIONS
 THE FOLLOWING WEATHER WAS RECORDED YESTERDAY.
  HEAVY RAIN
  RAIN
  LIGHT RAIN
  FOG


..........................................................


THE ANNETTE ISLAND CLIMATE NORMALS FOR TODAY
                         NORMAL    RECORD    YEAR
 MAXIMUM TEMPERATURE (F)   50        61      1957
 MINIMUM TEMPERATURE (F)   41        28      1961


SUNRISE AND SUNSET
OCTOBER 21 2017.......SUNRISE   729 AM AKDT  SUNSET   532 PM AKDT
OCTOBER 22 2017.......SUNRISE   731 AM AKDT  SUNSET   530 PM AKDT


-  INDICATES NEGATIVE NUMBERS.
R  INDICATES RECORD WAS SET OR TIED.
MM INDICATES DATA IS MISSING.
T  INDICATES TRACE AMOUNT.




$$
--------------------------------------------------------------

AMOUNT OF DAYLIGHT TODAY (HOUR:MIN)......... 10 HOURS 03 MINUTES
GAIN/LOSS SINCE YESTERDAY (HOUR:MIN:SEC).... -0:04:19

$$
