000
CDAK47 PANT 290913
CLIANN

CLIMATE REPORT
NATIONAL WEATHER SERVICE ANNETTE, AK
113 AM AKDT FRI APR 29 2016

...................................
...THE ANNETTE WSO AP CLIMATE SUMMARY FOR APRIL 28 2016...

CLIMATE NORMAL PERIOD  1981 TO  2010
CLIMATE RECORD PERIOD  1948 TO  2016

WEATHER ITEM   OBSERVED TIME    RECORD YEAR NORMAL DEPARTURE LAST
               VALUE    (LST)   VALUE       VALUE  FROM      YEAR
                                                   NORMAL
...................................................................
TEMPERATURE
YESTERDAY
 MAXIMUM            49  0348 AM    79  1976     53      -4     52
 MINIMUM            40  1049 PM    30  1954     40       0     45
 AVERAGE            45                          46      -1     49

PRECIPITATION
(INCHES)
 YESTERDAY        0.55           1.58  1996   0.20    0.35   0.74
 MONTH TO DATE   10.05                        6.38    3.67  10.80
 SINCE MAR 1     16.42                       14.43    1.99  20.88
 SINCE JAN 1     41.46                       32.47    8.99  41.94

SNOWFALL
(INCHES)
 YESTERDAY         0.0              T  2006    0.0     0.0    0.0
 MONTH TO DATE     0.0                         1.4    -1.4      T
 SINCE MAR 1       0.0                         8.3    -8.3    0.0
 SINCE JUL 1       5.0                        34.8   -29.8   10.2
 SNOW DEPTH (IN)     0                                          0

DEGREE DAYS
 HEATING
  YESTERDAY         20                          19       1     16
  MONTH TO DATE    537                         587     -50    548
  SINCE MAR 1     1225                        1371    -146   1197
  SINCE JUL 1     5303                        5909    -606     MM

 COOLING
  YESTERDAY          0                           0       0      0
  MONTH TO DATE      0                           0       0      0
  SINCE MAR 1        0                           0       0      0
  SINCE JAN 1        0                           0       0      0
...................................................................

WIND (MPH)
 HIGHEST WIND SPEED    23     HIGHEST WIND DIRECTION    140
 HIGHEST GUST SPEED    33     HIGHEST GUST DIRECTION    160
 AVERAGE WIND SPEED  10.4

SKY COVER
  POSSIBLE SUNSHINE    MM          AVERAGE SKY COVER     MM

WEATHER CONDITIONS
 THE FOLLOWING WEATHER WAS RECORDED YESTERDAY.
  FOG
RAIN


RELATIVE HUMIDITY
 HIGHEST RH     MM PERCENT       MM
 LOWEST  RH     MM PERCENT       MM
 AVERAGE RH     MM PERCENT       MM
...................................................................

THE ANNETTE CLIMATE NORMALS FOR TODAY
                           NORMAL    RECORD   YEAR
 MAXIMUM TEMPERATURE (F)     53        82     1976
 MINIMUM TEMPERATURE (F)     41        30     1972

SUNRISE AND SUNSET
 APR 29 2016..........SUNRISE  5:09 AM      SUNSET  8:20 PM
 APR 30 2016..........SUNRISE  5:07 AM      SUNSET  8:22 PM

-  INDICATES NEGATIVE NUMBERS.
R  INDICATES RECORD HAS BEEN SET OR TIED.
MM INDICATES DATA IS MISSING.
T  INDICATES TRACE OF PRECIPITATION.

&&
-------------------------------------------------------------------

AMOUNT OF DAYLIGHT TODAY  (HOUR:MIN)........15 HOURS 11 MINUTES
GAIN/LOSS SINCE YESTERDAY (HOUR:MIN:SEC)....+0:04:08

$$
MM APR 16
