000
CDUS45 KBOU 270725
CLIAPA


CLIMATE REPORT
NATIONAL WEATHER SERVICE DENVER/BOULDER CO
125 AM MDT SAT MAY 27 2017


...................................

...THE CENTENNIAL CO CLIMATE SUMMARY FOR MAY 26 2017...

CLIMATE NORMAL PERIOD 1981 TO 2010
CLIMATE RECORD PERIOD 9999 TO 9999


WEATHER ITEM   OBSERVED RECORD YEAR NORMAL DEPARTURE LAST
                VALUE   VALUE       VALUE  FROM      YEAR
                                           NORMAL
...........................................................
TEMPERATURE (F)
 YESTERDAY
  MAXIMUM         69     MM      MM  73     -4       65
  MINIMUM         41     MM      MM  45     -4       43
  AVERAGE         55                 59     -4       54

PRECIPITATION (IN)
  YESTERDAY        0.18  MM      MM   0.07   0.11     0.31
  MONTH TO DATE    3.61               1.99   1.62     1.12
  SINCE MAR 1      6.14               5.25   0.89     4.71
  SINCE JAN 1      6.35               6.18   0.17     5.19

DEGREE DAYS
 HEATING
  YESTERDAY       10
  MONTH TO DATE  285

 COOLING
  YESTERDAY        0
  MONTH TO DATE    3
...........................................................


WIND (MPH)
  RESULTANT WIND SPEED   2   RESULTANT WIND DIRECTION   E (100)
  HIGHEST WIND SPEED    26   HIGHEST WIND DIRECTION     N (10)
  HIGHEST GUST SPEED    36   HIGHEST GUST DIRECTION     S (200)


SKY COVER
  POSSIBLE SUNSHINE  MM
  AVERAGE SKY COVER 0.5


WEATHER CONDITIONS
 THE FOLLOWING WEATHER WAS RECORDED YESTERDAY.
  THUNDERSTORM
  RAIN
  LIGHT RAIN
  HAIL
  FOG


RELATIVE HUMIDITY (PERCENT)
 HIGHEST   100
 LOWEST     40
 AVERAGE    70

..........................................................


THE CENTENNIAL CO CLIMATE NORMALS FOR TODAY
                         NORMAL    RECORD    YEAR
 MAXIMUM TEMPERATURE (F)   73        MM        MM
 MINIMUM TEMPERATURE (F)   45        MM        MM


SUNRISE AND SUNSET
MAY 27 2017...........SUNRISE   536 AM MDT   SUNSET   817 PM MDT
MAY 28 2017...........SUNRISE   536 AM MDT   SUNSET   818 PM MDT


-  INDICATES NEGATIVE NUMBERS.
R  INDICATES RECORD WAS SET OR TIED.
MM INDICATES DATA IS MISSING.
T  INDICATES TRACE AMOUNT.




$$
