000
CDUS45 KBOU 200725
CLIAPA


CLIMATE REPORT
NATIONAL WEATHER SERVICE BOULDER, CO
125 AM MDT MON OCT 20 2014


...................................

...THE CENTENNIAL CO CLIMATE SUMMARY FOR OCTOBER 19 2014...

CLIMATE NORMAL PERIOD 1981 TO 2010
CLIMATE RECORD PERIOD 9999 TO 9999


WEATHER ITEM   OBSERVED RECORD YEAR NORMAL DEPARTURE LAST
                VALUE   VALUE       VALUE  FROM      YEAR
                                           NORMAL
...........................................................
TEMPERATURE (F)
 YESTERDAY
  MAXIMUM         72     MM      MM  63      9       62
  MINIMUM         41     MM      MM  35      6       29
  AVERAGE         57                 49      8       46

PRECIPITATION (IN)
  YESTERDAY        0.00  MM      MM   0.05  -0.05     0.00
  MONTH TO DATE    1.39               0.83   0.56     0.19
  SINCE SEP 1      3.74               2.02   1.72     7.19
  SINCE JAN 1     15.04              15.35  -0.31    17.00

DEGREE DAYS
 HEATING
  YESTERDAY        8
  MONTH TO DATE  217

 COOLING
  YESTERDAY        0
  MONTH TO DATE    0
...........................................................


WIND (MPH)
  RESULTANT WIND SPEED   2   RESULTANT WIND DIRECTION   S (160)
  HIGHEST WIND SPEED    10   HIGHEST WIND DIRECTION     S (160)
  HIGHEST GUST SPEED    12   HIGHEST GUST DIRECTION     S (160)


SKY COVER
  POSSIBLE SUNSHINE  MM
  AVERAGE SKY COVER 0.4


WEATHER CONDITIONS
 THE FOLLOWING WEATHER WAS RECORDED YESTERDAY.
  NO SIGNIFICANT WEATHER WAS OBSERVED.


RELATIVE HUMIDITY (PERCENT)
 HIGHEST    76
 LOWEST     22
 AVERAGE    49

..........................................................


THE CENTENNIAL CO CLIMATE NORMALS FOR TODAY
                         NORMAL    RECORD    YEAR
 MAXIMUM TEMPERATURE (F)   62        MM        MM
 MINIMUM TEMPERATURE (F)   35        MM        MM


SUNRISE AND SUNSET
OCTOBER 20 2014.......SUNRISE   715 AM MDT   SUNSET   613 PM MDT
OCTOBER 21 2014.......SUNRISE   716 AM MDT   SUNSET   612 PM MDT


-  INDICATES NEGATIVE NUMBERS.
R  INDICATES RECORD WAS SET OR TIED.
MM INDICATES DATA IS MISSING.
T  INDICATES TRACE AMOUNT.




$$
