000
CDUS42 KMFL 260911
CLIAPF


CLIMATE REPORT
NATIONAL WEATHER SERVICE MIAMI, FL
501 AM EDT THU MAY 26 2016


...................................

...THE NAPLES CLIMATE SUMMARY FOR MAY 25 2016...

CLIMATE NORMAL PERIOD 1981 TO 2010
CLIMATE RECORD PERIOD 1942 TO 2016


WEATHER ITEM   OBSERVED TIME   RECORD YEAR NORMAL DEPARTURE LAST
                VALUE   (LST)  VALUE       VALUE  FROM      YEAR
                                                  NORMAL
..................................................................
TEMPERATURE (F)
 YESTERDAY
  MAXIMUM         93    306 PM  94    2015  89      4       94
                                      2008
  MINIMUM         73   1156 PM  62    1981  70      3       74
  AVERAGE         83                        80      3       84

PRECIPITATION (IN)
  YESTERDAY        0.00          2.20 1991   0.13  -0.13     0.44
  MONTH TO DATE    1.32                      2.27  -0.95     2.44
  SINCE NOV 1     15.56                     14.45   1.11     8.58
  SINCE JAN 1     10.94                     10.96  -0.02     7.28

SNOWFALL (IN)
  YESTERDAY        0.0
  MONTH TO DATE    0.0
  SINCE MAR 1      0.0
  SINCE JUL 1      0.0
  SNOW DEPTH       0

DEGREE DAYS
 HEATING
  YESTERDAY        0                         0      0        0
  MONTH TO DATE    0                         0      0        0
  SINCE MAR 1      4                        27    -23        1
  SINCE JUL 1    142                       260   -118      198

 COOLING
  YESTERDAY       18                        15      3       19
  MONTH TO DATE  350                       318     32      365
  SINCE MAR 1    932                       747    185     1082
  SINCE JAN 1   1094                       938    156     1258
..................................................................


WIND (MPH)
  HIGHEST WIND SPEED    20   HIGHEST WIND DIRECTION     E (70)
  HIGHEST GUST SPEED    24   HIGHEST GUST DIRECTION     E (70)
  AVERAGE WIND SPEED    11.0


SKY COVER
  AVERAGE SKY COVER 0.2


WEATHER CONDITIONS
 THE FOLLOWING WEATHER WAS RECORDED YESTERDAY.
  THUNDERSTORM


RELATIVE HUMIDITY (PERCENT)
 HIGHEST    93
 LOWEST     38
 AVERAGE    66

..........................................................


THE NAPLES CLIMATE NORMALS FOR TODAY
                         NORMAL    RECORD    YEAR
 MAXIMUM TEMPERATURE (F)   89        93      1989
                                             1945
 MINIMUM TEMPERATURE (F)   71        58      1979


SUNRISE AND SUNSET
MAY 26 2016...........SUNRISE   636 AM EDT   SUNSET   812 PM EDT
MAY 27 2016...........SUNRISE   636 AM EDT   SUNSET   813 PM EDT


-  INDICATES NEGATIVE NUMBERS.
R  INDICATES RECORD WAS SET OR TIED.
MM INDICATES DATA IS MISSING.
T  INDICATES TRACE AMOUNT.




$$
