000
CDUS42 KMFL 010825
CLIAPF


CLIMATE REPORT
NATIONAL WEATHER SERVICE MIAMI, FL
425 AM EDT TUE SEP 1 2015


...................................

...THE NAPLES CLIMATE SUMMARY FOR AUGUST 31 2015...

CLIMATE NORMAL PERIOD 1981 TO 2010
CLIMATE RECORD PERIOD 1942 TO 2015


WEATHER ITEM   OBSERVED TIME   RECORD YEAR NORMAL DEPARTURE LAST
                VALUE   (LST)  VALUE       VALUE  FROM      YEAR
                                                  NORMAL
..................................................................
TEMPERATURE (F)
 YESTERDAY
  MAXIMUM         87    944 AM  97    2001  91     -4       95
  MINIMUM         77   1125 AM  70    1991  76      1       76
                                      1980
                                      1956
  AVERAGE         82                        83     -1       86

PRECIPITATION (IN)
  YESTERDAY        0.32          2.89 1979   0.28   0.04     0.92
  MONTH TO DATE    2.78                      8.58  -5.80    13.89
  SINCE JUN 1     19.25                     24.67  -5.42    29.02
  SINCE JAN 1     27.27                     36.52  -9.25    37.85

SNOWFALL (IN)
  YESTERDAY        0.0
  MONTH TO DATE    0.0
  SINCE JUN 1      0.0
  SINCE JUL 1      0.0
  SNOW DEPTH       0

DEGREE DAYS
 HEATING
  YESTERDAY        0                         0      0        0
  MONTH TO DATE    0                         0      0        0
  SINCE JUN 1      0                         0      0        0
  SINCE JUL 1      0                         0      0        0

 COOLING
  YESTERDAY       17                        18     -1       21
  MONTH TO DATE  619                       563     56      605
  SINCE JUN 1   1695                      1629     66     1681
  SINCE JAN 1   3050                      2657    393     2870
..................................................................


WIND (MPH)
  HIGHEST WIND SPEED    22   HIGHEST WIND DIRECTION    SW (230)
  HIGHEST GUST SPEED    27   HIGHEST GUST DIRECTION    SW (230)
  AVERAGE WIND SPEED     6.0


SKY COVER
  AVERAGE SKY COVER 0.3


WEATHER CONDITIONS
 THE FOLLOWING WEATHER WAS RECORDED YESTERDAY.
  THUNDERSTORM
  HEAVY RAIN
  RAIN
  LIGHT RAIN
  FOG
  HAZE


RELATIVE HUMIDITY (PERCENT)
 HIGHEST    94
 LOWEST     70
 AVERAGE    82

..........................................................


THE NAPLES CLIMATE NORMALS FOR TODAY
                         NORMAL    RECORD    YEAR
 MAXIMUM TEMPERATURE (F)   91        99      1986
 MINIMUM TEMPERATURE (F)   76        70      1986
                                             1955
                                             1942


SUNRISE AND SUNSET
SEPTEMBER  1 2015.....SUNRISE   707 AM EDT   SUNSET   747 PM EDT
SEPTEMBER  2 2015.....SUNRISE   707 AM EDT   SUNSET   746 PM EDT


-  INDICATES NEGATIVE NUMBERS.
R  INDICATES RECORD WAS SET OR TIED.
MM INDICATES DATA IS MISSING.
T  INDICATES TRACE AMOUNT.




$$
