000
CDUS42 KMFL 212118
CLIAPF


CLIMATE REPORT
NATIONAL WEATHER SERVICE MIAMI, FL
418 PM EST SUN DEC 21 2014


...................................

...THE NAPLES CLIMATE SUMMARY FOR DECEMBER 21 2014...
VALID TODAY AS OF 0400 PM LOCAL TIME.

CLIMATE NORMAL PERIOD 1981 TO 2010
CLIMATE RECORD PERIOD 1942 TO 2014


WEATHER ITEM   OBSERVED TIME   RECORD YEAR NORMAL DEPARTURE LAST
                VALUE   (LST)  VALUE       VALUE  FROM      YEAR
                                                  NORMAL
..................................................................
TEMPERATURE (F)
 TODAY
  MAXIMUM         80    305 PM  87    1948  76      4       85
  MINIMUM         61    632 AM  37    2000  56      5       69
  AVERAGE         71                        66      5       77

PRECIPITATION (IN)
  TODAY            0.00          1.57 1994   0.05  -0.05     0.00
  MONTH TO DATE    0.04                      1.01  -0.97     0.09
  SINCE NOV 1      1.09                      3.05  -1.96     0.87
  SINCE JAN 1     50.45                     51.45  -1.00    49.09

SNOWFALL (IN)
  TODAY            0.0
  MONTH TO DATE    0.0
  SINCE DEC 1      0.0
  SINCE JUL 1      0.0
  SNOW DEPTH       0

DEGREE DAYS
 HEATING
  TODAY            0                         2     -2
  MONTH TO DATE   51                        37     14
  SINCE DEC 1     51                        37     14
  SINCE JUL 1     80                        51     29

 COOLING
  TODAY            6                         3      3
  MONTH TO DATE   68                        92    -24
  SINCE DEC 1     68                        92    -24
  SINCE JAN 1   4016                      3911    105
..................................................................


WIND (MPH)
  HIGHEST WIND SPEED    16   HIGHEST WIND DIRECTION    SE (140)
  HIGHEST GUST SPEED    22   HIGHEST GUST DIRECTION     S (160)
  AVERAGE WIND SPEED     6.9


SKY COVER
  AVERAGE SKY COVER 0.3


WEATHER CONDITIONS
 THE FOLLOWING WEATHER WAS RECORDED TODAY.
  NO SIGNIFICANT WEATHER WAS OBSERVED.


RELATIVE HUMIDITY (PERCENT)
 HIGHEST   100
 LOWEST     62
 AVERAGE    81

..........................................................


THE NAPLES CLIMATE NORMALS FOR TOMORROW
                         NORMAL    RECORD    YEAR
 MAXIMUM TEMPERATURE (F)   76        87      1990
 MINIMUM TEMPERATURE (F)   56        34      1973


SUNRISE AND SUNSET
DECEMBER 21 2014......SUNRISE   710 AM EST   SUNSET   540 PM EST
DECEMBER 22 2014......SUNRISE   711 AM EST   SUNSET   541 PM EST


-  INDICATES NEGATIVE NUMBERS.
R  INDICATES RECORD WAS SET OR TIED.
MM INDICATES DATA IS MISSING.
T  INDICATES TRACE AMOUNT.

$$
