000
CDUS42 KMFL 300827
CLIAPF


CLIMATE REPORT
NATIONAL WEATHER SERVICE MIAMI, FL
426 AM EDT SAT APR 30 2016


...................................

...THE NAPLES CLIMATE SUMMARY FOR APRIL 29 2016...

CLIMATE NORMAL PERIOD 1981 TO 2010
CLIMATE RECORD PERIOD 1942 TO 2016


WEATHER ITEM   OBSERVED TIME   RECORD YEAR NORMAL DEPARTURE LAST
                VALUE   (LST)  VALUE       VALUE  FROM      YEAR
                                                  NORMAL
..................................................................
TEMPERATURE (F)
 YESTERDAY
  MAXIMUM         86    145 PM  92    1996  86      0       84
                                      1991
  MINIMUM         72    617 AM  45    1973  65      7       70
  AVERAGE         79                        75      4       77

PRECIPITATION (IN)
  YESTERDAY        0.00          1.98 1944   0.05  -0.05     1.00
  MONTH TO DATE    0.47                      2.29  -1.82     1.75
  SINCE NOV 1     14.24                     12.11   2.13     6.14
  SINCE JAN 1      9.62                      8.62   1.00     4.84

SNOWFALL (IN)
  YESTERDAY        0.0
  MONTH TO DATE    0.0
  SINCE MAR 1      0.0
  SINCE JUL 1      0.0
  SNOW DEPTH       0

DEGREE DAYS
 HEATING
  YESTERDAY        0                         0      0        0
  MONTH TO DATE    0                         0      0        0
  SINCE MAR 1      4                        23    -19        1
  SINCE JUL 1    142                       256   -114      198

 COOLING
  YESTERDAY       14                        10      4       12
  MONTH TO DATE  307                       241     66      402
  SINCE MAR 1    567                       417    150      706
  SINCE JAN 1    729                       608    121      882
..................................................................


WIND (MPH)
  HIGHEST WIND SPEED    17   HIGHEST WIND DIRECTION     W (250)
  HIGHEST GUST SPEED    21   HIGHEST GUST DIRECTION    SW (220)
  AVERAGE WIND SPEED     5.8


SKY COVER
  AVERAGE SKY COVER 0.2


WEATHER CONDITIONS
 THE FOLLOWING WEATHER WAS RECORDED YESTERDAY.
  NO SIGNIFICANT WEATHER WAS OBSERVED.


RELATIVE HUMIDITY (PERCENT)
 HIGHEST    87
 LOWEST     65
 AVERAGE    76

..........................................................


THE NAPLES CLIMATE NORMALS FOR TODAY
                         NORMAL    RECORD    YEAR
 MAXIMUM TEMPERATURE (F)   86        93      1991
 MINIMUM TEMPERATURE (F)   66        51      1992
                                             1977
                                             1967


SUNRISE AND SUNSET
APRIL 30 2016.........SUNRISE   650 AM EDT   SUNSET   759 PM EDT
MAY  1 2016...........SUNRISE   649 AM EDT   SUNSET   759 PM EDT


-  INDICATES NEGATIVE NUMBERS.
R  INDICATES RECORD WAS SET OR TIED.
MM INDICATES DATA IS MISSING.
T  INDICATES TRACE AMOUNT.




$$
