000
CDUS42 KMFL 262018
CLIAPF


CLIMATE REPORT
NATIONAL WEATHER SERVICE MIAMI, FL
418 PM EDT SAT JUL 26 2014


...................................

...THE NAPLES CLIMATE SUMMARY FOR JULY 26 2014...
VALID TODAY AS OF 0400 PM LOCAL TIME.

CLIMATE NORMAL PERIOD 1981 TO 2010
CLIMATE RECORD PERIOD 1942 TO 2014


WEATHER ITEM   OBSERVED TIME   RECORD YEAR NORMAL DEPARTURE LAST
                VALUE   (LST)  VALUE       VALUE  FROM      YEAR
                                                  NORMAL
..................................................................
TEMPERATURE (F)
 TODAY
  MAXIMUM         88    300 PM  97    1996  91     -3       88
  MINIMUM         78    542 AM  68    1973  75      3       74
  AVERAGE         83                        83      0       81

PRECIPITATION (IN)
  TODAY            T             1.93 1953   0.21  -0.21     0.04
  MONTH TO DATE    5.40                      6.25  -0.85     8.45
  SINCE JUN 1     13.58                     15.07  -1.49    17.21
  SINCE JAN 1     22.41                     26.92  -4.51    27.55

SNOWFALL (IN)
  TODAY            0.0
  MONTH TO DATE    0.0
  SINCE JUN 1      0.0
  SINCE JUL 1      0.0
  SNOW DEPTH       0

DEGREE DAYS
 HEATING
  TODAY            0                         0      0
  MONTH TO DATE    0                         0      0
  SINCE JUN 1      0                         0      0
  SINCE JUL 1      0                         0      0

 COOLING
  TODAY           18                        18      0
  MONTH TO DATE  470                       468      2
  SINCE JUN 1    977                       975      2
  SINCE JAN 1   2166                      2003    163
..................................................................


WIND (MPH)
  HIGHEST WIND SPEED    10   HIGHEST WIND DIRECTION     S (200)
  HIGHEST GUST SPEED    12   HIGHEST GUST DIRECTION    SE (150)
  AVERAGE WIND SPEED     3.5


SKY COVER
  AVERAGE SKY COVER 0.3


WEATHER CONDITIONS
 THE FOLLOWING WEATHER WAS RECORDED TODAY.
  THUNDERSTORM


RELATIVE HUMIDITY (PERCENT)
 HIGHEST    97
 LOWEST     75
 AVERAGE    86

..........................................................


THE NAPLES CLIMATE NORMALS FOR TOMORROW
                         NORMAL    RECORD    YEAR
 MAXIMUM TEMPERATURE (F)   91        97      1996
 MINIMUM TEMPERATURE (F)   75        68      1978


SUNRISE AND SUNSET
JULY 26 2014..........SUNRISE   650 AM EDT   SUNSET   817 PM EDT
JULY 27 2014..........SUNRISE   650 AM EDT   SUNSET   817 PM EDT


-  INDICATES NEGATIVE NUMBERS.
R  INDICATES RECORD WAS SET OR TIED.
MM INDICATES DATA IS MISSING.
T  INDICATES TRACE AMOUNT.

$$
