000
CDUS42 KMFL 220840
CLIAPF


CLIMATE REPORT
NATIONAL WEATHER SERVICE MIAMI, FL
440 AM EDT SAT JUL 22 2017


...................................

...THE NAPLES CLIMATE SUMMARY FOR JULY 21 2017...

CLIMATE NORMAL PERIOD 1981 TO 2010
CLIMATE RECORD PERIOD 1942 TO 2017


WEATHER ITEM   OBSERVED TIME   RECORD YEAR NORMAL DEPARTURE LAST
                VALUE   (LST)  VALUE       VALUE  FROM      YEAR
                                                  NORMAL
..................................................................
TEMPERATURE (F)
 YESTERDAY
  MAXIMUM         86    501 PM  96    1943  91     -5       89
                                      1942
  MINIMUM         75   1248 PM  69    1973  75      0       75
  AVERAGE         81                        83     -2       82

PRECIPITATION (IN)
  YESTERDAY        0.21          2.49 1947   0.23  -0.02     1.27
  MONTH TO DATE    8.36                      5.20   3.16     4.43
  SINCE JUN 1     22.99                     14.02   8.97     9.34
  SINCE JAN 1     28.62                     25.87   2.75    21.44

SNOWFALL (IN)
  YESTERDAY        0.0
  MONTH TO DATE    0.0
  SINCE JUN 1      0.0
  SINCE JUL 1      0.0
  SNOW DEPTH       0

DEGREE DAYS
 HEATING
  YESTERDAY        0                         0      0        0
  MONTH TO DATE    0                         0      0        0
  SINCE JUN 1      0                         0      0        0
  SINCE JUL 1      0                         0      0        0

 COOLING
  YESTERDAY       16                        18     -2       17
  MONTH TO DATE  387                       378      9      417
  SINCE JUN 1    928                       885     43      956
  SINCE JAN 1   2272                      1913    359     2140
..................................................................


WIND (MPH)
  HIGHEST WIND SPEED    13   HIGHEST WIND DIRECTION    NW (310)
  HIGHEST GUST SPEED    18   HIGHEST GUST DIRECTION    NW (310)
  AVERAGE WIND SPEED     4.0


SKY COVER
  AVERAGE SKY COVER 0.3


WEATHER CONDITIONS
 THE FOLLOWING WEATHER WAS RECORDED YESTERDAY.
  THUNDERSTORM
  LIGHT RAIN
  FOG


RELATIVE HUMIDITY (PERCENT)
 HIGHEST   100
 LOWEST     70
 AVERAGE    85

..........................................................


THE NAPLES CLIMATE NORMALS FOR TODAY
                         NORMAL    RECORD    YEAR
 MAXIMUM TEMPERATURE (F)   91        95      2010
                                             1961
                                             1960
 MINIMUM TEMPERATURE (F)   75        69      1973
                                             1965


SUNRISE AND SUNSET
JULY 22 2017..........SUNRISE   648 AM EDT   SUNSET   819 PM EDT
JULY 23 2017..........SUNRISE   648 AM EDT   SUNSET   818 PM EDT


-  INDICATES NEGATIVE NUMBERS.
R  INDICATES RECORD WAS SET OR TIED.
MM INDICATES DATA IS MISSING.
T  INDICATES TRACE AMOUNT.




$$
