000
CDUS42 KMFL 202018
CLIAPF


CLIMATE REPORT
NATIONAL WEATHER SERVICE MIAMI, FL
418 PM EDT SUN APR 20 2014


...................................

...THE NAPLES CLIMATE SUMMARY FOR APRIL 20 2014...
VALID TODAY AS OF 0400 PM LOCAL TIME.

CLIMATE NORMAL PERIOD 1981 TO 2010
CLIMATE RECORD PERIOD 1942 TO 2014


WEATHER ITEM   OBSERVED TIME   RECORD YEAR NORMAL DEPARTURE LAST
                VALUE   (LST)  VALUE       VALUE  FROM      YEAR
                                                  NORMAL
..................................................................
TEMPERATURE (F)
 TODAY
  MAXIMUM         77    202 PM  91    1976  84     -7
  MINIMUM         66    624 AM  48    1997  64      2
  AVERAGE         72                        74     -2

PRECIPITATION (IN)
  TODAY            0.00          0.71 1945   0.09  -0.09     0.00
  MONTH TO DATE    1.73                      1.68   0.05     2.47
  SINCE OCT 1      9.13                     15.69  -6.56    10.01
  SINCE JAN 1      6.79                      8.01  -1.22     4.91

SNOWFALL (IN)
  TODAY            0.0
  MONTH TO DATE    0.0
  SINCE MAR 1      0.0
  SINCE JUL 1      0.0
  SNOW DEPTH       0

DEGREE DAYS
 HEATING
  TODAY            0                         0      0
  MONTH TO DATE    0                         0      0
  SINCE MAR 1      7                        23    -16
  SINCE JUL 1    149                       256   -107

 COOLING
  TODAY            7                         9     -2
  MONTH TO DATE  196                       154     42
  SINCE MAR 1    354                       330     24
  SINCE JAN 1    627                       521    106
..................................................................


WIND (MPH)
  HIGHEST WIND SPEED    16   HIGHEST WIND DIRECTION    NW (300)
  HIGHEST GUST SPEED    22   HIGHEST GUST DIRECTION    NW (300)
  AVERAGE WIND SPEED     8.3


SKY COVER
  AVERAGE SKY COVER 0.9


WEATHER CONDITIONS
 THE FOLLOWING WEATHER WAS RECORDED TODAY.
  NO SIGNIFICANT WEATHER WAS OBSERVED.


RELATIVE HUMIDITY (PERCENT)
 HIGHEST    81
 LOWEST     60
 AVERAGE    71

..........................................................


THE NAPLES CLIMATE NORMALS FOR TOMORROW
                         NORMAL    RECORD    YEAR
 MAXIMUM TEMPERATURE (F)   84        91      1977
                                             1974
 MINIMUM TEMPERATURE (F)   64        48      1997


SUNRISE AND SUNSET
APRIL 20 2014.........SUNRISE   659 AM EDT   SUNSET   753 PM EDT
APRIL 21 2014.........SUNRISE   658 AM EDT   SUNSET   754 PM EDT


-  INDICATES NEGATIVE NUMBERS.
R  INDICATES RECORD WAS SET OR TIED.
MM INDICATES DATA IS MISSING.
T  INDICATES TRACE AMOUNT.

$$
