000
CDUS42 KMFL 220939
CLIAPF


CLIMATE REPORT
NATIONAL WEATHER SERVICE MIAMI, FL
439 AM EST SAT NOV 22 2014


...................................

...THE NAPLES CLIMATE SUMMARY FOR NOVEMBER 21 2014...

CLIMATE NORMAL PERIOD 1981 TO 2010
CLIMATE RECORD PERIOD 1942 TO 2014


WEATHER ITEM   OBSERVED TIME   RECORD YEAR NORMAL DEPARTURE LAST
                VALUE   (LST)  VALUE       VALUE  FROM      YEAR
                                                  NORMAL
..................................................................
TEMPERATURE (F)
 YESTERDAY
  MAXIMUM         71    406 PM  90    1948  80     -9       84
  MINIMUM         61    706 AM  41    1968  62     -1       71
  AVERAGE         66                        71     -5       78

PRECIPITATION (IN)
  YESTERDAY        T             1.59 2011   0.04  -0.04      T
  MONTH TO DATE    0.66                      1.56  -0.90      T
  SINCE NOV 1      0.66                      1.56  -0.90      T
  SINCE JAN 1     50.02                     49.96   0.06    48.22

SNOWFALL (IN)
  YESTERDAY        0.0
  MONTH TO DATE    0.0
  SINCE SEP 1      0.0
  SINCE JUL 1      0.0
  SNOW DEPTH       0

DEGREE DAYS
 HEATING
  YESTERDAY        0                         1     -1
  MONTH TO DATE   17                         2     15
  SINCE SEP 1     17                         3     14
  SINCE JUL 1     17                         3     14

 COOLING
  YESTERDAY        1                         6     -5
  MONTH TO DATE   82                       172    -90
  SINCE SEP 1   1020                      1110    -90
  SINCE JAN 1   3890                      3767    123
..................................................................


WIND (MPH)
  HIGHEST WIND SPEED    25   HIGHEST WIND DIRECTION    NE (60)
  HIGHEST GUST SPEED    33   HIGHEST GUST DIRECTION     E (70)
  AVERAGE WIND SPEED    14.8


SKY COVER
  AVERAGE SKY COVER 1.0


WEATHER CONDITIONS
 THE FOLLOWING WEATHER WAS RECORDED YESTERDAY.
  LIGHT RAIN
  FOG


RELATIVE HUMIDITY (PERCENT)
 HIGHEST    93
 LOWEST     72
 AVERAGE    83

..........................................................


THE NAPLES CLIMATE NORMALS FOR TODAY
                         NORMAL    RECORD    YEAR
 MAXIMUM TEMPERATURE (F)   80        89      1993
                                             1977
 MINIMUM TEMPERATURE (F)   61        37      1981


SUNRISE AND SUNSET
NOVEMBER 22 2014......SUNRISE   651 AM EST   SUNSET   536 PM EST
NOVEMBER 23 2014......SUNRISE   651 AM EST   SUNSET   535 PM EST


-  INDICATES NEGATIVE NUMBERS.
R  INDICATES RECORD WAS SET OR TIED.
MM INDICATES DATA IS MISSING.
T  INDICATES TRACE AMOUNT.




$$
