000
CDUS42 KMFL 220838
CLIAPF


CLIMATE REPORT
NATIONAL WEATHER SERVICE MIAMI, FL
437 AM EDT MON SEP 22 2014


...................................

...THE NAPLES CLIMATE SUMMARY FOR SEPTEMBER 21 2014...

CLIMATE NORMAL PERIOD 1981 TO 2010
CLIMATE RECORD PERIOD 1942 TO 2014


WEATHER ITEM   OBSERVED TIME   RECORD YEAR NORMAL DEPARTURE LAST
                VALUE   (LST)  VALUE       VALUE  FROM      YEAR
                                                  NORMAL
..................................................................
TEMPERATURE (F)
 YESTERDAY
  MAXIMUM         88    253 PM  94    1993  90     -2       88
                                      1974
                                      1944
  MINIMUM         76    557 AM  68    1961  75      1       72
  AVERAGE         82                        82      0       80

PRECIPITATION (IN)
  YESTERDAY        T             6.04 1962   0.27  -0.27     0.00
  MONTH TO DATE    6.04                      5.46   0.58     9.92
  SINCE JUN 1     35.06                     30.13   4.93    35.59
  SINCE JAN 1     43.89                     41.98   1.91    45.93

SNOWFALL (IN)
  YESTERDAY        0.0
  MONTH TO DATE    0.0
  SINCE SEP 1      0.0
  SINCE JUL 1      0.0
  SNOW DEPTH       0

DEGREE DAYS
 HEATING
  YESTERDAY        0                         0      0
  MONTH TO DATE    0                         0      0
  SINCE SEP 1      0                         0      0
  SINCE JUL 1      0                         0      0

 COOLING
  YESTERDAY       17                        17      0
  MONTH TO DATE  362                       372    -10
  SINCE SEP 1    362                       372    -10
  SINCE JAN 1   3232                      3029    203
..................................................................


WIND (MPH)
  HIGHEST WIND SPEED    12   HIGHEST WIND DIRECTION    SW (220)
  HIGHEST GUST SPEED    15   HIGHEST GUST DIRECTION     W (250)
  AVERAGE WIND SPEED     4.1


SKY COVER
  AVERAGE SKY COVER 0.1


WEATHER CONDITIONS
 THE FOLLOWING WEATHER WAS RECORDED YESTERDAY.
  LIGHT RAIN


RELATIVE HUMIDITY (PERCENT)
 HIGHEST   100
 LOWEST     55
 AVERAGE    78

..........................................................


THE NAPLES CLIMATE NORMALS FOR TODAY
                         NORMAL    RECORD    YEAR
 MAXIMUM TEMPERATURE (F)   90        95      1974
                                             1961
 MINIMUM TEMPERATURE (F)   74        68      1981


SUNRISE AND SUNSET
SEPTEMBER 22 2014.....SUNRISE   716 AM EDT   SUNSET   723 PM EDT
SEPTEMBER 23 2014.....SUNRISE   716 AM EDT   SUNSET   722 PM EDT


-  INDICATES NEGATIVE NUMBERS.
R  INDICATES RECORD WAS SET OR TIED.
MM INDICATES DATA IS MISSING.
T  INDICATES TRACE AMOUNT.




$$
