000
CDUS43 KAPX 170530
CLIAPN


CLIMATE REPORT
NATIONAL WEATHER SERVICE GAYLORD MI
129 AM EDT TUE OCT 17 2017


...................................

...THE ALPENA MI CLIMATE SUMMARY FOR OCTOBER 16 2017...

CLIMATE NORMAL PERIOD 1981 TO 2010
CLIMATE RECORD PERIOD 1916 TO 2017


WEATHER ITEM   OBSERVED TIME   RECORD YEAR NORMAL DEPARTURE LAST
                VALUE   (LST)  VALUE       VALUE  FROM      YEAR
                                                  NORMAL
..................................................................
TEMPERATURE (F)
 YESTERDAY
  MAXIMUM         55    455 PM  82    1968  56     -1       73
                                      1947
  MINIMUM         33    613 AM  20    1940  36     -3       41
  AVERAGE         44                        46     -2       57

PRECIPITATION (IN)
  YESTERDAY        T             1.80 1954   0.09  -0.09     0.15
  MONTH TO DATE    1.63                      1.44   0.19     1.97
  SINCE SEP 1      4.63                      4.36   0.27     4.80
  SINCE JAN 1     32.06                     23.14   8.92    25.43

SNOWFALL (IN)
  YESTERDAY        0.0           1.5  1943   0.0    0.0      0.0
  MONTH TO DATE    0.0                       0.1   -0.1      0.0
  SINCE OCT 1      0.0                       0.1   -0.1      0.0
  SINCE JUL 1      0.0                       0.1   -0.1      0.0
  SNOW DEPTH       0

DEGREE DAYS
 HEATING
  YESTERDAY       21                        19      2        8
  MONTH TO DATE  139                       261   -122      151
  SINCE SEP 1    311                       503   -192      251
  SINCE JUL 1    369                       618   -249      274

 COOLING
  YESTERDAY        0                         0      0        0
  MONTH TO DATE    5                         0      5        2
  SINCE SEP 1     87                        23     64       58
  SINCE JAN 1    357                       289     68      549
..................................................................


WIND (MPH)
  HIGHEST WIND SPEED    14   HIGHEST WIND DIRECTION     S (200)
  HIGHEST GUST SPEED    19   HIGHEST GUST DIRECTION     S (190)
  AVERAGE WIND SPEED     5.5




RELATIVE HUMIDITY (PERCENT)
 HIGHEST   100
 LOWEST     46
 AVERAGE    73

..........................................................


THE ALPENA MI CLIMATE NORMALS FOR TODAY
                         NORMAL    RECORD    YEAR
 MAXIMUM TEMPERATURE (F)   55        86      1953
 MINIMUM TEMPERATURE (F)   36        22      1977
                                             1972


SUNRISE AND SUNSET
OCTOBER 17 2017.......SUNRISE   753 AM EDT   SUNSET   645 PM EDT
OCTOBER 18 2017.......SUNRISE   754 AM EDT   SUNSET   644 PM EDT


-  INDICATES NEGATIVE NUMBERS.
R  INDICATES RECORD WAS SET OR TIED.
MM INDICATES DATA IS MISSING.
T  INDICATES TRACE AMOUNT.




$$
