000
CDUS43 KAPX 080531
CLIAPN


CLIMATE REPORT
NATIONAL WEATHER SERVICE GAYLORD MI
1231 AM EST THU DEC 8 2016


...................................

...THE ALPENA MI CLIMATE SUMMARY FOR DECEMBER 7 2016...

CLIMATE NORMAL PERIOD 1981 TO 2010
CLIMATE RECORD PERIOD 1916 TO 2016


WEATHER ITEM   OBSERVED TIME   RECORD YEAR NORMAL DEPARTURE LAST
                VALUE   (LST)  VALUE       VALUE  FROM      YEAR
                                                  NORMAL
..................................................................
TEMPERATURE (F)
 YESTERDAY
  MAXIMUM         36   1208 AM  55    1951  34      2       41
  MINIMUM         29   1159 PM  -6    1976  21      8       37
                                      1972
  AVERAGE         33                        28      5       39

PRECIPITATION (IN)
  YESTERDAY        T             1.04 2004   0.06  -0.06     0.00
  MONTH TO DATE    0.40                      0.44  -0.04     0.08
  SINCE DEC 1      0.40                      0.44  -0.04     0.08
  SINCE JAN 1     28.24                     26.85   1.39    20.37

SNOWFALL (IN)
  YESTERDAY        T             4.6  1962   0.6   -0.6      0.0
  MONTH TO DATE    4.2                       4.0    0.2      0.0
  SINCE OCT 1      6.0                      12.1   -6.1      1.7
  SINCE JUL 1      6.0                      12.1   -6.1      1.7
  SNOW DEPTH       0

DEGREE DAYS
 HEATING
  YESTERDAY       32                        37     -5       26
  MONTH TO DATE  202                       252    -50      197
  SINCE DEC 1    202                       252    -50      197
  SINCE JUL 1   1411                      2075   -664     1570
..................................................................


WIND (MPH)
  HIGHEST WIND SPEED    22   HIGHEST WIND DIRECTION    SW (240)
  HIGHEST GUST SPEED    35   HIGHEST GUST DIRECTION    SW (240)
  AVERAGE WIND SPEED    12.7




RELATIVE HUMIDITY (PERCENT)
 HIGHEST    75
 LOWEST     51
 AVERAGE    63

..........................................................


THE ALPENA MI CLIMATE NORMALS FOR TODAY
                         NORMAL    RECORD    YEAR
 MAXIMUM TEMPERATURE (F)   34        57      1946
 MINIMUM TEMPERATURE (F)   21        -8      1976


SUNRISE AND SUNSET
DECEMBER  8 2016......SUNRISE   800 AM EST   SUNSET   452 PM EST
DECEMBER  9 2016......SUNRISE   801 AM EST   SUNSET   452 PM EST


-  INDICATES NEGATIVE NUMBERS.
R  INDICATES RECORD WAS SET OR TIED.
MM INDICATES DATA IS MISSING.
T  INDICATES TRACE AMOUNT.




$$
