000
CDUS43 KAPX 030550
CLIAPN


CLIMATE REPORT
NATIONAL WEATHER SERVICE GAYLORD MI
1250 AM EST TUE MAR 3 2015


...................................

...THE ALPENA MI CLIMATE SUMMARY FOR MARCH 2 2015...

CLIMATE NORMAL PERIOD 1981 TO 2010
CLIMATE RECORD PERIOD 1916 TO 2015


WEATHER ITEM   OBSERVED TIME   RECORD YEAR NORMAL DEPARTURE LAST
                VALUE   (LST)  VALUE       VALUE  FROM      YEAR
                                                  NORMAL
..................................................................
TEMPERATURE (F)
 YESTERDAY
  MAXIMUM         29    357 PM  58    1964  33     -4       12
  MINIMUM          0   1132 PM -27    1962  14    -14       -4
  AVERAGE         15                        24     -9        4

PRECIPITATION (IN)
  YESTERDAY        T             0.76 2002   0.05  -0.05     0.00
  MONTH TO DATE    T                         0.11  -0.11     0.04
  SINCE MAR 1      T                         0.11  -0.11     0.04
  SINCE JAN 1      1.79                      3.09  -1.30     2.57

SNOWFALL (IN)
  YESTERDAY        T             5.5  1976   0.5   -0.5      0.0
  MONTH TO DATE    T                         1.0   -1.0      0.3
  SINCE OCT 1     42.1                      67.1  -25.0     55.8
  SINCE JUL 1     42.1                      67.1  -25.0     55.8
  SNOW DEPTH      11

DEGREE DAYS
 HEATING
  YESTERDAY       50                        41      9       61
  MONTH TO DATE   98                        83     15      116
  SINCE MAR 1     98                        83     15      116
  SINCE JUL 1   6361                      5815    546     6605

 COOLING
  YESTERDAY        0                         0      0        0
  MONTH TO DATE    0                         0      0        0
  SINCE MAR 1      0                         0      0        0
  SINCE JAN 1      0                         0      0        0
..................................................................


WIND (MPH)
  HIGHEST WIND SPEED    18   HIGHEST WIND DIRECTION    NW (310)
  HIGHEST GUST SPEED    30   HIGHEST GUST DIRECTION    NW (310)
  AVERAGE WIND SPEED     7.4




RELATIVE HUMIDITY (PERCENT)
 HIGHEST    79
 LOWEST     34
 AVERAGE    57

..........................................................


THE ALPENA MI CLIMATE NORMALS FOR TODAY
                         NORMAL    RECORD    YEAR
 MAXIMUM TEMPERATURE (F)   33        63      1974
 MINIMUM TEMPERATURE (F)   15       -21      1943


SUNRISE AND SUNSET
MARCH  3 2015.........SUNRISE   709 AM EST   SUNSET   624 PM EST
MARCH  4 2015.........SUNRISE   707 AM EST   SUNSET   625 PM EST


-  INDICATES NEGATIVE NUMBERS.
R  INDICATES RECORD WAS SET OR TIED.
MM INDICATES DATA IS MISSING.
T  INDICATES TRACE AMOUNT.




$$
