000
CDUS43 KAPX 290529
CLIAPN


CLIMATE REPORT
NATIONAL WEATHER SERVICE GAYLORD MI
129 AM EDT THU SEP 29 2016


...................................

...THE ALPENA MI CLIMATE SUMMARY FOR SEPTEMBER 28 2016...

CLIMATE NORMAL PERIOD 1981 TO 2010
CLIMATE RECORD PERIOD 1916 TO 2016


WEATHER ITEM   OBSERVED TIME   RECORD YEAR NORMAL DEPARTURE LAST
                VALUE   (LST)  VALUE       VALUE  FROM      YEAR
                                                  NORMAL
..................................................................
TEMPERATURE (F)
 YESTERDAY
  MAXIMUM         69    318 PM  84    1952  64      5       81
  MINIMUM         48   1251 AM  23    1957  42      6       62
  AVERAGE         59                        53      6       72

PRECIPITATION (IN)
  YESTERDAY        T             1.06 1972   0.09  -0.09     0.14
  MONTH TO DATE    2.83                      2.73   0.10     1.18
  SINCE SEP 1      2.83                      2.73   0.10     1.18
  SINCE JAN 1     23.46                     21.51   1.95    15.83

DEGREE DAYS
 HEATING
  YESTERDAY        6                        12     -6        0
  MONTH TO DATE   93                       215   -122       80
  SINCE SEP 1     93                       215   -122       80
  SINCE JUL 1    116                       330   -214      154

 COOLING
  YESTERDAY        0                         0      0        7
  MONTH TO DATE   56                        21     35       87
  SINCE SEP 1     56                        21     35       87
  SINCE JAN 1    547                       287    260      383
..................................................................


WIND (MPH)
  HIGHEST WIND SPEED    20   HIGHEST WIND DIRECTION    NE (50)
  HIGHEST GUST SPEED    26   HIGHEST GUST DIRECTION    NE (40)
  AVERAGE WIND SPEED     6.9




RELATIVE HUMIDITY (PERCENT)
 HIGHEST    93
 LOWEST     53
 AVERAGE    73

..........................................................


THE ALPENA MI CLIMATE NORMALS FOR TODAY
                         NORMAL    RECORD    YEAR
 MAXIMUM TEMPERATURE (F)   63        84      1921
 MINIMUM TEMPERATURE (F)   42        25      1942


SUNRISE AND SUNSET
SEPTEMBER 29 2016.....SUNRISE   730 AM EDT   SUNSET   718 PM EDT
SEPTEMBER 30 2016.....SUNRISE   732 AM EDT   SUNSET   716 PM EDT


-  INDICATES NEGATIVE NUMBERS.
R  INDICATES RECORD WAS SET OR TIED.
MM INDICATES DATA IS MISSING.
T  INDICATES TRACE AMOUNT.




$$
