000
CDUS43 KAPX 270528
CLIAPN


CLIMATE REPORT
NATIONAL WEATHER SERVICE GAYLORD MI
127 AM EDT TUE JUN 27 2017


...................................

...THE ALPENA MI CLIMATE SUMMARY FOR JUNE 26 2017...

CLIMATE NORMAL PERIOD 1981 TO 2010
CLIMATE RECORD PERIOD 1916 TO 2017


WEATHER ITEM   OBSERVED TIME   RECORD YEAR NORMAL DEPARTURE LAST
                VALUE   (LST)  VALUE       VALUE  FROM      YEAR
                                                  NORMAL
..................................................................
TEMPERATURE (F)
 YESTERDAY
  MAXIMUM         63    347 PM  98    1983  78    -15       86
  MINIMUM         50   1159 PM  35    1922  53     -3       68
  AVERAGE         57                        65     -8       77

PRECIPITATION (IN)
  YESTERDAY        0.71          2.32 1969   0.10   0.61     0.08
  MONTH TO DATE    5.87                      2.26   3.61     1.34
  SINCE JUN 1      5.87                      2.26   3.61     1.34
  SINCE JAN 1     21.18                     12.16   9.02    16.07

DEGREE DAYS
 HEATING
  YESTERDAY        8                         3      5        0
  MONTH TO DATE   76                       134    -58      104
  SINCE JUN 1     76                       134    -58      104
  SINCE JUL 1   6822                      8091  -1269     7057

 COOLING
  YESTERDAY        0                         3     -3       12
  MONTH TO DATE   56                        45     11       62
  SINCE JUN 1     56                        45     11       62
  SINCE JAN 1     62                        58      4       94
..................................................................


WIND (MPH)
  HIGHEST WIND SPEED    16   HIGHEST WIND DIRECTION    NW (320)
  HIGHEST GUST SPEED    22   HIGHEST GUST DIRECTION    NW (320)
  AVERAGE WIND SPEED     4.3




RELATIVE HUMIDITY (PERCENT)
 HIGHEST   100
 LOWEST     84
 AVERAGE    92

..........................................................


THE ALPENA MI CLIMATE NORMALS FOR TODAY
                         NORMAL    RECORD    YEAR
 MAXIMUM TEMPERATURE (F)   78        99      1933
 MINIMUM TEMPERATURE (F)   53        33      1925


SUNRISE AND SUNSET
JUNE 27 2017..........SUNRISE   549 AM EDT   SUNSET   925 PM EDT
JUNE 28 2017..........SUNRISE   550 AM EDT   SUNSET   925 PM EDT


-  INDICATES NEGATIVE NUMBERS.
R  INDICATES RECORD WAS SET OR TIED.
MM INDICATES DATA IS MISSING.
T  INDICATES TRACE AMOUNT.




$$
