000
CDUS43 KAPX 180528
CLIAPN


CLIMATE REPORT
NATIONAL WEATHER SERVICE GAYLORD MI
1228 AM EST MON DEC 18 2017


...................................

...THE ALPENA MI CLIMATE SUMMARY FOR DECEMBER 17 2017...

CLIMATE NORMAL PERIOD 1981 TO 2010
CLIMATE RECORD PERIOD 1916 TO 2017


WEATHER ITEM   OBSERVED TIME   RECORD YEAR NORMAL DEPARTURE LAST
                VALUE   (LST)  VALUE       VALUE  FROM      YEAR
                                                  NORMAL
..................................................................
TEMPERATURE (F)
 YESTERDAY
  MAXIMUM         29   1159 PM  47    2006  31     -2       25
                                      1984
  MINIMUM         14   1207 AM -17    1980  18     -4       14
  AVERAGE         22                        24     -2       20

PRECIPITATION (IN)
  YESTERDAY        T             0.92 1921   0.05  -0.05     0.30
  MONTH TO DATE    0.61                      1.02  -0.41     1.09
  SINCE DEC 1      0.61                      1.02  -0.41     1.09
  SINCE JAN 1     39.52                     27.43  12.09    28.93

SNOWFALL (IN)
  YESTERDAY        T             5.1  1991   0.6   -0.6      4.2
  MONTH TO DATE    6.3                      10.1   -3.8     15.8
  SINCE OCT 1      6.8                      18.2  -11.4     17.6
  SINCE JUL 1      6.8                      18.2  -11.4     17.6
  SNOW DEPTH       3

DEGREE DAYS
 HEATING
  YESTERDAY       43                        41      2       45
  MONTH TO DATE  676                       644     32      648
  SINCE DEC 1    676                       644     32      648
  SINCE JUL 1   2180                      2467   -287     1857
..................................................................


WIND (MPH)
  HIGHEST WIND SPEED    10   HIGHEST WIND DIRECTION     S (160)
  HIGHEST GUST SPEED    13   HIGHEST GUST DIRECTION    SE (150)
  AVERAGE WIND SPEED     3.8




RELATIVE HUMIDITY (PERCENT)
 HIGHEST    92
 LOWEST     80
 AVERAGE    86

..........................................................


THE ALPENA MI CLIMATE NORMALS FOR TODAY
                         NORMAL    RECORD    YEAR
 MAXIMUM TEMPERATURE (F)   31        51      1931
 MINIMUM TEMPERATURE (F)   18       -17      1926


SUNRISE AND SUNSET
DECEMBER 18 2017......SUNRISE   808 AM EST   SUNSET   454 PM EST
DECEMBER 19 2017......SUNRISE   809 AM EST   SUNSET   454 PM EST


-  INDICATES NEGATIVE NUMBERS.
R  INDICATES RECORD WAS SET OR TIED.
MM INDICATES DATA IS MISSING.
T  INDICATES TRACE AMOUNT.




$$
