000
CDUS43 KAPX 280533
CLIAPN


CLIMATE REPORT
NATIONAL WEATHER SERVICE GAYLORD MI
132 AM EDT MON JUL 28 2014


...................................

...THE ALPENA MI CLIMATE SUMMARY FOR JULY 27 2014...

CLIMATE NORMAL PERIOD 1981 TO 2010
CLIMATE RECORD PERIOD 1916 TO 2014


WEATHER ITEM   OBSERVED TIME   RECORD YEAR NORMAL DEPARTURE LAST
                VALUE   (LST)  VALUE       VALUE  FROM      YEAR
                                                  NORMAL
..................................................................
TEMPERATURE (F)
 YESTERDAY
  MAXIMUM         73   1132 AM  96    1955  79     -6       73
                                      1929
  MINIMUM         59    545 AM  39    1926  56      3       56
  AVERAGE         66                        68     -2       65

PRECIPITATION (IN)
  YESTERDAY        0.33          1.61 2013   0.10   0.23     1.61
  MONTH TO DATE    3.66                      2.65   1.01     3.43
  SINCE JUN 1      4.84                      5.27  -0.43     5.46
  SINCE JAN 1     16.34                     15.17   1.17    20.39

DEGREE DAYS
 HEATING
  YESTERDAY        0                         1     -1        0
  MONTH TO DATE   58                        37     21       39
  SINCE JUN 1    170                       180    -10      175
  SINCE JUL 1     58                        37     21       39

 COOLING
  YESTERDAY        1                         4     -3        0
  MONTH TO DATE   50                       105    -55      128
  SINCE JUN 1    105                       161    -56      192
  SINCE JAN 1    110                       174    -64      205
..................................................................


WIND (MPH)
  HIGHEST WIND SPEED    16   HIGHEST WIND DIRECTION    NE (40)
  HIGHEST GUST SPEED    19   HIGHEST GUST DIRECTION     N (10)
  AVERAGE WIND SPEED     6.3




RELATIVE HUMIDITY (PERCENT)
 HIGHEST   100
 LOWEST     68
 AVERAGE    84

..........................................................


THE ALPENA MI CLIMATE NORMALS FOR TODAY
                         NORMAL    RECORD    YEAR
 MAXIMUM TEMPERATURE (F)   79        97      1931
 MINIMUM TEMPERATURE (F)   56        44      1978
                                             1925


SUNRISE AND SUNSET
JULY 28 2014..........SUNRISE   615 AM EDT   SUNSET   906 PM EDT
JULY 29 2014..........SUNRISE   616 AM EDT   SUNSET   905 PM EDT


-  INDICATES NEGATIVE NUMBERS.
R  INDICATES RECORD WAS SET OR TIED.
MM INDICATES DATA IS MISSING.
T  INDICATES TRACE AMOUNT.




$$
