463
CDUS43 KAPX 250528
CLIAPN


CLIMATE REPORT
NATIONAL WEATHER SERVICE GAYLORD MI
127 AM EDT THU AUG 25 2016


...................................

...THE ALPENA MI CLIMATE SUMMARY FOR AUGUST 24 2016...

CLIMATE NORMAL PERIOD 1981 TO 2010
CLIMATE RECORD PERIOD 1916 TO 2016


WEATHER ITEM   OBSERVED TIME   RECORD YEAR NORMAL DEPARTURE LAST
                VALUE   (LST)  VALUE       VALUE  FROM      YEAR
                                                  NORMAL
..................................................................
TEMPERATURE (F)
 YESTERDAY
  MAXIMUM         82    451 PM 100    1947  76      6       68
  MINIMUM         56    551 AM  32    1940  53      3       53
  AVERAGE         69                        64      5       61

PRECIPITATION (IN)
  YESTERDAY        0.13          1.94 1922   0.11   0.02     0.16
  MONTH TO DATE    1.13                      2.48  -1.35     2.12
  SINCE JUN 1      5.11                      8.13  -3.02     5.93
  SINCE JAN 1     19.84                     18.03   1.81    14.48

DEGREE DAYS
 HEATING
  YESTERDAY        0                         3     -3        4
  MONTH TO DATE    4                        48    -44       14
  SINCE JUN 1    129                       235   -106      192
  SINCE JUL 1     21                        92    -71       49

 COOLING
  YESTERDAY        4                         2      2        0
  MONTH TO DATE  171                        66    105      116
  SINCE JUN 1    427                       238    189      266
  SINCE JAN 1    459                       251    208      290
..................................................................


WIND (MPH)
  HIGHEST WIND SPEED    20   HIGHEST WIND DIRECTION     S (180)
  HIGHEST GUST SPEED    25   HIGHEST GUST DIRECTION     S (170)
  AVERAGE WIND SPEED     8.3




RELATIVE HUMIDITY (PERCENT)
 HIGHEST    93
 LOWEST     60
 AVERAGE    77

..........................................................


THE ALPENA MI CLIMATE NORMALS FOR TODAY
                         NORMAL    RECORD    YEAR
 MAXIMUM TEMPERATURE (F)   76       100      1948
 MINIMUM TEMPERATURE (F)   52        36      1960
                                             1951
                                             1946


SUNRISE AND SUNSET
AUGUST 25 2016........SUNRISE   648 AM EDT   SUNSET   823 PM EDT
AUGUST 26 2016........SUNRISE   650 AM EDT   SUNSET   821 PM EDT


-  INDICATES NEGATIVE NUMBERS.
R  INDICATES RECORD WAS SET OR TIED.
MM INDICATES DATA IS MISSING.
T  INDICATES TRACE AMOUNT.




$$
