000
CDUS43 KAPX 242132
CLIAPN


CLIMATE REPORT
NATIONAL WEATHER SERVICE GAYLORD MI
531 PM EDT THU APR 24 2014


...................................

...THE ALPENA MI CLIMATE SUMMARY FOR APRIL 24 2014...
VALID TODAY AS OF 0500 PM LOCAL TIME.

CLIMATE NORMAL PERIOD 1981 TO 2010
CLIMATE RECORD PERIOD 1916 TO 2014


WEATHER ITEM   OBSERVED TIME   RECORD YEAR NORMAL DEPARTURE LAST
                VALUE   (LST)  VALUE       VALUE  FROM      YEAR
                                                  NORMAL
..................................................................
TEMPERATURE (F)
 TODAY
  MAXIMUM         52    111 PM  85    1990  56     -4       44
                                      1925
  MINIMUM         27    308 AM  20    1956  34     -7       29
                                      1930
  AVERAGE         40                        45     -5       37

PRECIPITATION (IN)
  TODAY            0.00          1.32 1957   0.07  -0.07      T
  MONTH TO DATE    3.64                      1.92   1.72     4.51
  SINCE MAR 1      4.81                      3.78   1.03     5.89
  SINCE JAN 1      7.34                      6.76   0.58    10.37

SNOWFALL (IN)
  TODAY            0.0           3.5  2005   0.1              T
  MONTH TO DATE    1.2                       5.4             2.9
  SINCE OCT 1     64.0                      83.7            48.4
  SINCE JUL 1     64.0                      83.7            48.4

DEGREE DAYS
 HEATING
  TODAY           25                        20      5       28
  MONTH TO DATE  642                       590     52      699
  SINCE MAR 1   2040                      1714    326     1840
  SINCE JUL 1   8529                      7446   1083     7150

 COOLING
  TODAY            0                         0      0        0
  MONTH TO DATE    0                         0      0        0
  SINCE MAR 1      0                         0      0        0
  SINCE JAN 1      0                         0      0        0
..................................................................


WIND (MPH)
  RESULTANT WIND SPEED   4   RESULTANT WIND DIRECTION  SE (120)
  HIGHEST WIND SPEED    14   HIGHEST WIND DIRECTION    SE (130)
  HIGHEST GUST SPEED    18   HIGHEST GUST DIRECTION     S (160)
  AVERAGE WIND SPEED     4.7


SKY COVER
  POSSIBLE SUNSHINE  MM
  AVERAGE SKY COVER 0.2


WEATHER CONDITIONS
 THE FOLLOWING WEATHER WAS RECORDED TODAY.
  NO SIGNIFICANT WEATHER WAS OBSERVED.


RELATIVE HUMIDITY (PERCENT)
 HIGHEST    85
 LOWEST     30
 AVERAGE    58

..........................................................


THE ALPENA MI CLIMATE NORMALS FOR TOMORROW
                         NORMAL    RECORD    YEAR
 MAXIMUM TEMPERATURE (F)   57        90      1990
 MINIMUM TEMPERATURE (F)   34        20      1963


SUNRISE AND SUNSET
APRIL 24 2014.........SUNRISE   634 AM EDT   SUNSET   831 PM EDT
APRIL 25 2014.........SUNRISE   633 AM EDT   SUNSET   832 PM EDT


-  INDICATES NEGATIVE NUMBERS.
R  INDICATES RECORD WAS SET OR TIED.
MM INDICATES DATA IS MISSING.
T  INDICATES TRACE AMOUNT.




$$
