272
CDUS43 KAPX 280528
CLIAPN


CLIMATE REPORT
NATIONAL WEATHER SERVICE GAYLORD MI
1228 AM EST TUE FEB 28 2017


...................................

...THE ALPENA MI CLIMATE SUMMARY FOR FEBRUARY 27 2017...

CLIMATE NORMAL PERIOD 1981 TO 2010
CLIMATE RECORD PERIOD 1916 TO 2017


WEATHER ITEM   OBSERVED TIME   RECORD YEAR NORMAL DEPARTURE LAST
                VALUE   (LST)  VALUE       VALUE  FROM      YEAR
                                                  NORMAL
..................................................................
TEMPERATURE (F)
 YESTERDAY
  MAXIMUM         39    113 PM  54    2000  32      7       53
  MINIMUM         18    802 AM -19    2015  13      5       25
  AVERAGE         29                        23      6       39

PRECIPITATION (IN)
  YESTERDAY        0.01          1.09 1997   0.05  -0.04     0.00
  MONTH TO DATE    2.71                      1.26   1.45     2.58
  SINCE DEC 1      7.39                      4.67   2.72     8.27
  SINCE JAN 1      5.35                      2.92   2.43     4.48

SNOWFALL (IN)
  YESTERDAY        T             3.7  2013   0.5   -0.5      0.0
  MONTH TO DATE    9.8                      16.9   -7.1     22.7
  SINCE OCT 1     53.5                      65.5  -12.0     47.3
  SINCE JUL 1     53.5                      65.5  -12.0     47.3
  SNOW DEPTH       1

DEGREE DAYS
 HEATING
  YESTERDAY       36                        42     -6       26
  MONTH TO DATE  999                      1206   -207     1141
  SINCE DEC 1   3390                      3865   -475     3329
  SINCE JUL 1   4599                      5688  -1089     4702
..................................................................


WIND (MPH)
  HIGHEST WIND SPEED    15   HIGHEST WIND DIRECTION     E (110)
  HIGHEST GUST SPEED    19   HIGHEST GUST DIRECTION     E (110)
  AVERAGE WIND SPEED     5.7




RELATIVE HUMIDITY (PERCENT)
 HIGHEST    92
 LOWEST     48
 AVERAGE    70

..........................................................


THE ALPENA MI CLIMATE NORMALS FOR TODAY
                         NORMAL    RECORD    YEAR
 MAXIMUM TEMPERATURE (F)   32        52      1983
 MINIMUM TEMPERATURE (F)   14       -23      2014


SUNRISE AND SUNSET
FEBRUARY 28 2017......SUNRISE   713 AM EST   SUNSET   621 PM EST
MARCH  1 2017.........SUNRISE   712 AM EST   SUNSET   622 PM EST


-  INDICATES NEGATIVE NUMBERS.
R  INDICATES RECORD WAS SET OR TIED.
MM INDICATES DATA IS MISSING.
T  INDICATES TRACE AMOUNT.




$$
