000
CDUS43 KAPX 222134
CLIAPN


CLIMATE REPORT
NATIONAL WEATHER SERVICE GAYLORD MI
533 PM EDT MON MAY 22 2017


...................................

...THE ALPENA MI CLIMATE SUMMARY FOR MAY 22 2017...
VALID TODAY AS OF 0500 PM LOCAL TIME.

CLIMATE NORMAL PERIOD 1981 TO 2010
CLIMATE RECORD PERIOD 1916 TO 2017


WEATHER ITEM   OBSERVED TIME   RECORD YEAR NORMAL DEPARTURE LAST
                VALUE   (LST)  VALUE       VALUE  FROM      YEAR
                                                  NORMAL
..................................................................
TEMPERATURE (F)
 TODAY
  MAXIMUM         61    359 PM  91    1964  67     -6       71
  MINIMUM         50    655 AM  26    1967  42      8       41
                                      1935
  AVERAGE         56                        54      2       56

PRECIPITATION (IN)
  TODAY            0.00          1.58 1921   0.09  -0.09     0.00
  MONTH TO DATE    1.35                      1.84  -0.49     0.75
  SINCE MAR 1      9.03                      6.09   2.94     9.69
  SINCE JAN 1     14.52                      9.07   5.45    14.17

DEGREE DAYS
 HEATING
  TODAY            9                        11     -2        9
  MONTH TO DATE  333                       311     22      331
  SINCE MAR 1   2049                      2138    -89     2154
  SINCE JUL 1   6680                      7870  -1190     6936

 COOLING
  TODAY            0                         0      0        0
  MONTH TO DATE    6                         0      6        0
  SINCE MAR 1      6                         2      4        0
  SINCE JAN 1      6                         2      4        0
..................................................................


WIND (MPH)
  RESULTANT WIND SPEED  10   RESULTANT WIND DIRECTION  SW (240)
  HIGHEST WIND SPEED    20   HIGHEST WIND DIRECTION     W (250)
  HIGHEST GUST SPEED    26   HIGHEST GUST DIRECTION    SW (240)
  AVERAGE WIND SPEED    10.2


SKY COVER
  POSSIBLE SUNSHINE  MM
  AVERAGE SKY COVER 1.0


WEATHER CONDITIONS
 THE FOLLOWING WEATHER WAS RECORDED TODAY.
  NO SIGNIFICANT WEATHER WAS OBSERVED.


RELATIVE HUMIDITY (PERCENT)
 HIGHEST   100
 LOWEST     51
 AVERAGE    76

..........................................................


THE ALPENA MI CLIMATE NORMALS FOR TOMORROW
                         NORMAL    RECORD    YEAR
 MAXIMUM TEMPERATURE (F)   67        89      1964
 MINIMUM TEMPERATURE (F)   43        26      2015
                                             1958


SUNRISE AND SUNSET
MAY 22 2017...........SUNRISE   558 AM EDT   SUNSET   905 PM EDT
MAY 23 2017...........SUNRISE   557 AM EDT   SUNSET   906 PM EDT


-  INDICATES NEGATIVE NUMBERS.
R  INDICATES RECORD WAS SET OR TIED.
MM INDICATES DATA IS MISSING.
T  INDICATES TRACE AMOUNT.




$$
