000
CDUS43 KAPX 120531
CLIAPN


CLIMATE REPORT
NATIONAL WEATHER SERVICE GAYLORD MI
1230 AM EST FRI FEB 12 2016


...................................

...THE ALPENA MI CLIMATE SUMMARY FOR FEBRUARY 11 2016...

CLIMATE NORMAL PERIOD 1981 TO 2010
CLIMATE RECORD PERIOD 1916 TO 2016


WEATHER ITEM   OBSERVED TIME   RECORD YEAR NORMAL DEPARTURE LAST
                VALUE   (LST)  VALUE       VALUE  FROM      YEAR
                                                  NORMAL
..................................................................
TEMPERATURE (F)
 YESTERDAY
  MAXIMUM         19    432 PM  59    1932  28     -9       28
  MINIMUM          4    246 AM -24    1979  11     -7       11
  AVERAGE         12                        20     -8       20

PRECIPITATION (IN)
  YESTERDAY        0.01          0.91 1932   0.04  -0.03     0.04
  MONTH TO DATE    1.49                      0.47   1.02     0.51
  SINCE DEC 1      7.18                      3.88   3.30     3.39
  SINCE JAN 1      3.39                      2.13   1.26     1.70

SNOWFALL (IN)
  YESTERDAY        0.1           6.5  1985   0.6   -0.5      0.7
  MONTH TO DATE   11.5                       7.0    4.5      8.3
  SINCE OCT 1     36.1                      55.6  -19.5     39.7
  SINCE JUL 1     36.1                      55.6  -19.5     39.7
  SNOW DEPTH       9

DEGREE DAYS
 HEATING
  YESTERDAY       53                        45      8       45
  MONTH TO DATE  443                       505    -62      564
  SINCE DEC 1   2631                      3164   -533     3267
  SINCE JUL 1   4004                      4987   -983     5200
..................................................................


WIND (MPH)
  HIGHEST WIND SPEED    21   HIGHEST WIND DIRECTION    NW (330)
  HIGHEST GUST SPEED    29   HIGHEST GUST DIRECTION    NW (300)
  AVERAGE WIND SPEED     9.4




RELATIVE HUMIDITY (PERCENT)
 HIGHEST    83
 LOWEST     47
 AVERAGE    65

..........................................................


THE ALPENA MI CLIMATE NORMALS FOR TODAY
                         NORMAL    RECORD    YEAR
 MAXIMUM TEMPERATURE (F)   29        58      1999
 MINIMUM TEMPERATURE (F)   11       -21      1917


SUNRISE AND SUNSET
FEBRUARY 12 2016......SUNRISE   740 AM EST   SUNSET   557 PM EST
FEBRUARY 13 2016......SUNRISE   739 AM EST   SUNSET   559 PM EST


-  INDICATES NEGATIVE NUMBERS.
R  INDICATES RECORD WAS SET OR TIED.
MM INDICATES DATA IS MISSING.
T  INDICATES TRACE AMOUNT.




$$
