000
CDUS44 KLCH 212245
CLIARA


CLIMATE REPORT
NATIONAL WEATHER SERVICE LAKE CHARLES, LA
445 PM CST SAT JAN 21 2017


...................................

...THE NEW IBERIA CLIMATE SUMMARY FOR JANUARY 21 2017...
VALID TODAY AS OF 0400 PM LOCAL TIME.

CLIMATE NORMAL PERIOD 1981 TO 2010
CLIMATE RECORD PERIOD 1948 TO 2017


WEATHER ITEM   OBSERVED TIME   RECORD YEAR NORMAL DEPARTURE LAST
                VALUE   (LST)  VALUE       VALUE  FROM      YEAR
                                                  NORMAL
..................................................................
TEMPERATURE (F)
 TODAY
  MAXIMUM         78    151 PM  80    2012  63     15       75
  MINIMUM         62    446 AM  17    1985  43     19       46
  AVERAGE         70                        53     17       61

PRECIPITATION (IN)
  TODAY            0.22          2.02 1987   0.16   0.06     0.61
  MONTH TO DATE    2.42                      3.49  -1.07     5.88
  SINCE DEC 1     11.12                      8.49   2.63     8.90
  SINCE JAN 1      2.42                      3.49  -1.07     5.88

SNOWFALL (IN)
  TODAY            0.0           0.0    MM  MM              MM
  MONTH TO DATE    0.0                      MM               0.0
  SINCE DEC 1      0.0                      MM               0.0
  SINCE JUL 1      0.0                      MM               0.0

DEGREE DAYS
 HEATING
  TODAY            0                        13    -13        4
  MONTH TO DATE  123                       273   -150      285
  SINCE DEC 1    359                       625   -266      454
  SINCE JUL 1    454                       820   -366      525

 COOLING
  TODAY            5                         0      5        0
  MONTH TO DATE   60                         9     51        0
  SINCE DEC 1    127                        31     96       83
  SINCE JAN 1     60                         9     51        0
..................................................................


WIND (MPH)
  RESULTANT WIND SPEED   6   RESULTANT WIND DIRECTION   S (160)
  HIGHEST WIND SPEED    30   HIGHEST WIND DIRECTION     S (170)
  HIGHEST GUST SPEED    38   HIGHEST GUST DIRECTION     S (180)
  AVERAGE WIND SPEED    12.1


SKY COVER
  POSSIBLE SUNSHINE  MM
  AVERAGE SKY COVER 0.8


WEATHER CONDITIONS
 THE FOLLOWING WEATHER WAS RECORDED TODAY.
  THUNDERSTORM
  HEAVY RAIN
  RAIN
  LIGHT RAIN
  FOG
  HAZE


RELATIVE HUMIDITY (PERCENT)
 HIGHEST    93           200 AM
 LOWEST     69           200 PM
 AVERAGE    81

..........................................................


THE NEW IBERIA CLIMATE NORMALS FOR TOMORROW
                         NORMAL    RECORD    YEAR
 MAXIMUM TEMPERATURE (F)   63        79      1952
 MINIMUM TEMPERATURE (F)   43        22      1985
                                             1984


SUNRISE AND SUNSET
JANUARY 21 2017.......SUNRISE   703 AM CST   SUNSET   535 PM CST
JANUARY 22 2017.......SUNRISE   702 AM CST   SUNSET   536 PM CST


-  INDICATES NEGATIVE NUMBERS.
R  INDICATES RECORD WAS SET OR TIED.
MM INDICATES DATA IS MISSING.
T  INDICATES TRACE AMOUNT.




$$
