000
CDUS44 KLCH 172238
CLIARA


CLIMATE REPORT
NATIONAL WEATHER SERVICE LAKE CHARLES, LA
538 PM CDT THU APR 17 2014


...................................

...THE NEW IBERIA CLIMATE SUMMARY FOR APRIL 17 2014...
VALID TODAY AS OF 0500 PM LOCAL TIME.

CLIMATE NORMAL PERIOD 1981 TO 2010
CLIMATE RECORD PERIOD 1948 TO 2014


WEATHER ITEM   OBSERVED TIME   RECORD YEAR NORMAL DEPARTURE LAST
                VALUE   (LST)  VALUE       VALUE  FROM      YEAR
                                                  NORMAL
..................................................................
TEMPERATURE (F)
 TODAY
  MAXIMUM         65    359 PM  89    2006  80    -15       87
  MINIMUM         51    322 AM  42    1999  57     -6       74
  AVERAGE         58                        68    -10       81

PRECIPITATION (IN)
  TODAY            0.00          3.30 1973   0.15  -0.15     0.00
  MONTH TO DATE    2.24                      2.51  -0.27     5.09
  SINCE MAR 1      3.75                      6.28  -2.53     7.82
  SINCE JAN 1     12.09                     15.69  -3.60    24.57

SNOWFALL (IN)
  TODAY            0.0           0.0    MM  MM               0.0
  MONTH TO DATE    0.0                      MM               0.0
  SINCE MAR 1      0.0                      MM               0.0
  SINCE JUL 1      0.1                      MM               0.0

DEGREE DAYS
 HEATING
  TODAY            7                         1      6        0
  MONTH TO DATE   43                        37      6       23
  SINCE MAR 1    256                       185     71      225
  SINCE JUL 1   1780                      1401    379     1112

 COOLING
  TODAY            0                         4     -4       16
  MONTH TO DATE   49                        61    -12       86
  SINCE MAR 1     72                       113    -41      129
  SINCE JAN 1     90                       144    -54      177
..................................................................


WIND (MPH)
  RESULTANT WIND SPEED   7   RESULTANT WIND DIRECTION  NE (60)
  HIGHEST WIND SPEED    14   HIGHEST WIND DIRECTION     E (70)
  HIGHEST GUST SPEED    17   HIGHEST GUST DIRECTION    NE (60)
  AVERAGE WIND SPEED     8.0


SKY COVER
  POSSIBLE SUNSHINE  MM
  AVERAGE SKY COVER 0.6


WEATHER CONDITIONS
 THE FOLLOWING WEATHER WAS RECORDED TODAY.
  NO SIGNIFICANT WEATHER WAS OBSERVED.


RELATIVE HUMIDITY (PERCENT)
 HIGHEST    83          1200 AM
 LOWEST     67           900 AM
 AVERAGE    75

..........................................................


THE NEW IBERIA CLIMATE NORMALS FOR TOMORROW
                         NORMAL    RECORD    YEAR
 MAXIMUM TEMPERATURE (F)   80        92      1948
 MINIMUM TEMPERATURE (F)   57        43      1999
                                             1997


SUNRISE AND SUNSET
APRIL 17 2014.........SUNRISE   638 AM CDT   SUNSET   736 PM CDT
APRIL 18 2014.........SUNRISE   637 AM CDT   SUNSET   737 PM CDT


-  INDICATES NEGATIVE NUMBERS.
R  INDICATES RECORD WAS SET OR TIED.
MM INDICATES DATA IS MISSING.
T  INDICATES TRACE AMOUNT.




$$
