697
CDUS44 KLCH 031245
CLIARA


CLIMATE REPORT
NATIONAL WEATHER SERVICE LAKE CHARLES, LA
745 AM CDT TUE MAY 3 2016


...................................

...THE NEW IBERIA CLIMATE SUMMARY FOR MAY 2 2016...

CLIMATE NORMAL PERIOD 1981 TO 2010
CLIMATE RECORD PERIOD 1948 TO 2016


WEATHER ITEM   OBSERVED TIME   RECORD YEAR NORMAL DEPARTURE LAST
                VALUE   (LST)  VALUE       VALUE  FROM      YEAR
                                                  NORMAL
..................................................................
TEMPERATURE (F)
 YESTERDAY
  MAXIMUM         81    404 PM  89    1955  83     -2       85
  MINIMUM         66    207 AM  50    1976  62      4       60
                                      1971
  AVERAGE         74                        73      1       73

PRECIPITATION (IN)
  YESTERDAY        0.33          1.60 1956   0.13   0.20     0.00
  MONTH TO DATE    1.86                      0.26   1.60     0.00
  SINCE MAR 1     12.15                      8.10   4.05    13.98
  SINCE JAN 1     22.38                     17.51   4.87    20.44

SNOWFALL (IN)
  YESTERDAY        0.0           0.0    MM  MM               0.0
  MONTH TO DATE    0.0                      MM               0.0
  SINCE MAR 1      0.0                      MM                T
  SINCE JUL 1      0.0                      MM                T

DEGREE DAYS
 HEATING
  YESTERDAY        0                         0      0        0
  MONTH TO DATE    0                         0      0        0
  SINCE MAR 1     81                       192   -111       73
  SINCE JUL 1    997                      1408   -411     1416

 COOLING
  YESTERDAY        9                         8      1        8
  MONTH TO DATE   16                        15      1       16
  SINCE MAR 1    302                       204     98      334
  SINCE JAN 1    312                       235     77      338
..................................................................


WIND (MPH)
  RESULTANT WIND SPEED   3   RESULTANT WIND DIRECTION  NE (30)
  HIGHEST WIND SPEED    35   HIGHEST WIND DIRECTION    SE (140)
  HIGHEST GUST SPEED    39   HIGHEST GUST DIRECTION    SE (140)
  AVERAGE WIND SPEED     5.4


SKY COVER
  POSSIBLE SUNSHINE  MM
  AVERAGE SKY COVER 0.4


WEATHER CONDITIONS
 THE FOLLOWING WEATHER WAS RECORDED YESTERDAY.
  THUNDERSTORM
  RAIN
  LIGHT RAIN
  FOG


RELATIVE HUMIDITY (PERCENT)
 HIGHEST   100           100 AM
 LOWEST     62           300 PM
 AVERAGE    81

..........................................................


THE NEW IBERIA CLIMATE NORMALS FOR TODAY
                         NORMAL    RECORD    YEAR
 MAXIMUM TEMPERATURE (F)   83        92      2010
 MINIMUM TEMPERATURE (F)   63        49      2013
                                             2004


SUNRISE AND SUNSET
MAY  3 2016...........SUNRISE   622 AM CDT   SUNSET   747 PM CDT
MAY  4 2016...........SUNRISE   622 AM CDT   SUNSET   747 PM CDT


-  INDICATES NEGATIVE NUMBERS.
R  INDICATES RECORD WAS SET OR TIED.
MM INDICATES DATA IS MISSING.
T  INDICATES TRACE AMOUNT.




$$
