000
CDUS44 KLCH 240832
CLIARA


CLIMATE REPORT
NATIONAL WEATHER SERVICE LAKE CHARLES, LA
332 AM CDT THU APR 24 2014


...................................

...THE NEW IBERIA CLIMATE SUMMARY FOR APRIL 23 2014...

CLIMATE NORMAL PERIOD 1981 TO 2010
CLIMATE RECORD PERIOD 1948 TO 2014


WEATHER ITEM   OBSERVED TIME   RECORD YEAR NORMAL DEPARTURE LAST
                VALUE   (LST)  VALUE       VALUE  FROM      YEAR
                                                  NORMAL
..................................................................
TEMPERATURE (F)
 YESTERDAY
  MAXIMUM         84    312 PM  89    2008  81      3       84
                                      1963
  MINIMUM         58    535 AM  46    1993  59     -1       68
  AVERAGE         71                        70      1       76

PRECIPITATION (IN)
  YESTERDAY        0.00          2.41 1952   0.10  -0.10     0.00
  MONTH TO DATE    2.24                      3.35  -1.11     5.29
  SINCE MAR 1      3.75                      7.12  -3.37     8.02
  SINCE JAN 1     12.09                     16.53  -4.44    24.77

SNOWFALL (IN)
  YESTERDAY        0.0           0.0    MM  MM               0.0
  MONTH TO DATE    0.0                      MM               0.0
  SINCE MAR 1      0.0                      MM               0.0
  SINCE JUL 1      0.1                      MM               0.0

DEGREE DAYS
 HEATING
  YESTERDAY        0                         1     -1        0
  MONTH TO DATE   43                        43      0       40
  SINCE MAR 1    256                       191     65      242
  SINCE JUL 1   1780                      1407    373     1129

 COOLING
  YESTERDAY        6                         5      1       11
  MONTH TO DATE   80                        91    -11      104
  SINCE MAR 1    103                       143    -40      147
  SINCE JAN 1    121                       174    -53      195
..................................................................


WIND (MPH)
  RESULTANT WIND SPEED   2   RESULTANT WIND DIRECTION   S (190)
  HIGHEST WIND SPEED    15   HIGHEST WIND DIRECTION     S (200)
  HIGHEST GUST SPEED    18   HIGHEST GUST DIRECTION     S (200)
  AVERAGE WIND SPEED     4.6


SKY COVER
  POSSIBLE SUNSHINE  MM
  AVERAGE SKY COVER 0.2


WEATHER CONDITIONS
 THE FOLLOWING WEATHER WAS RECORDED YESTERDAY.
  FOG


RELATIVE HUMIDITY (PERCENT)
 HIGHEST    93          1200 AM
 LOWEST     42           100 PM
 AVERAGE    68

..........................................................


THE NEW IBERIA CLIMATE NORMALS FOR TODAY
                         NORMAL    RECORD    YEAR
 MAXIMUM TEMPERATURE (F)   81        89      1955
 MINIMUM TEMPERATURE (F)   59        47      2005
                                             1998
                                             1983


SUNRISE AND SUNSET
APRIL 24 2014.........SUNRISE   631 AM CDT   SUNSET   740 PM CDT
APRIL 25 2014.........SUNRISE   630 AM CDT   SUNSET   741 PM CDT


-  INDICATES NEGATIVE NUMBERS.
R  INDICATES RECORD WAS SET OR TIED.
MM INDICATES DATA IS MISSING.
T  INDICATES TRACE AMOUNT.




$$
