000
CDUS44 KLCH 282240
CLIARA


CLIMATE REPORT
NATIONAL WEATHER SERVICE LAKE CHARLES, LA
440 PM CST FRI NOV 28 2014


...................................

...THE NEW IBERIA CLIMATE SUMMARY FOR NOVEMBER 28 2014...
VALID TODAY AS OF 0400 PM LOCAL TIME.

CLIMATE NORMAL PERIOD 1981 TO 2010
CLIMATE RECORD PERIOD 1948 TO 2014


WEATHER ITEM   OBSERVED TIME   RECORD YEAR NORMAL DEPARTURE LAST
                VALUE   (LST)  VALUE       VALUE  FROM      YEAR
                                                  NORMAL
..................................................................
TEMPERATURE (F)
 TODAY
  MAXIMUM         65    209 PM  83    1960  68     -3       49
  MINIMUM         38    706 AM  30    2013  47     -9       30
                                      1993
                                      1956
  AVERAGE         52                        58     -6       40

PRECIPITATION (IN)
  TODAY            0.00          1.62 1976   0.20  -0.20     0.00
  MONTH TO DATE    5.22                      3.85   1.37     1.24
  SINCE SEP 1      9.49                     13.44  -3.95    10.01
  SINCE JAN 1     48.56                     54.29  -5.73    63.08

SNOWFALL (IN)
  TODAY            0.0           0.0    MM  MM               0.0
  MONTH TO DATE    0.0                      MM               0.0
  SINCE SEP 1      0.0                      MM               0.0
  SINCE JUL 1      0.0                      MM               0.0

DEGREE DAYS
 HEATING
  TODAY           13                         8      5       25
  MONTH TO DATE  279                       143    136      193
  SINCE SEP 1    284                       177    107      199
  SINCE JUL 1    284                       177    107      199

 COOLING
  TODAY            0                         1     -1        0
  MONTH TO DATE   19                        41    -22       59
  SINCE SEP 1    723                       643     80      871
  SINCE JAN 1   2826                      2786     40     3191
..................................................................


WIND (MPH)
  RESULTANT WIND SPEED   5   RESULTANT WIND DIRECTION  SE (120)
  HIGHEST WIND SPEED    13   HIGHEST WIND DIRECTION     S (200)
  HIGHEST GUST SPEED    16   HIGHEST GUST DIRECTION    SE (150)
  AVERAGE WIND SPEED     7.2


SKY COVER
  POSSIBLE SUNSHINE  MM
  AVERAGE SKY COVER 0.0


WEATHER CONDITIONS
 THE FOLLOWING WEATHER WAS RECORDED TODAY.
  NO SIGNIFICANT WEATHER WAS OBSERVED.


RELATIVE HUMIDITY (PERCENT)
 HIGHEST    79           400 AM
 LOWEST     40           100 PM
 AVERAGE    60

..........................................................


THE NEW IBERIA CLIMATE NORMALS FOR TOMORROW
                         NORMAL    RECORD    YEAR
 MAXIMUM TEMPERATURE (F)   68        81      1949
 MINIMUM TEMPERATURE (F)   47        27      1959
                                             1955


SUNRISE AND SUNSET
NOVEMBER 28 2014......SUNRISE   643 AM CST   SUNSET   507 PM CST
NOVEMBER 29 2014......SUNRISE   644 AM CST   SUNSET   507 PM CST


-  INDICATES NEGATIVE NUMBERS.
R  INDICATES RECORD WAS SET OR TIED.
MM INDICATES DATA IS MISSING.
T  INDICATES TRACE AMOUNT.




$$
