000
CDUS44 KLCH 220823
CLIARA


CLIMATE REPORT
NATIONAL WEATHER SERVICE LAKE CHARLES, LA
322 AM CDT THU JUN 22 2017


...................................

...THE NEW IBERIA CLIMATE SUMMARY FOR JUNE 21 2017...

CLIMATE NORMAL PERIOD 1981 TO 2010
CLIMATE RECORD PERIOD 1948 TO 2017


WEATHER ITEM   OBSERVED TIME   RECORD YEAR NORMAL DEPARTURE LAST
                VALUE   (LST)  VALUE       VALUE  FROM      YEAR
                                                  NORMAL
..................................................................
TEMPERATURE (F)
 YESTERDAY
  MAXIMUM         MM        MM  99    1953  90     MM       88
  MINIMUM         MM        MM  64    1961  72     MM       74
  AVERAGE         MM                        81     MM       81

PRECIPITATION (IN)
  YESTERDAY       MM             1.95 1980   0.22  MM         T
  MONTH TO DATE    4.55                      5.07  -0.52     6.73
  SINCE JUN 1      4.55                      5.07  -0.52     6.73
  SINCE JAN 1     22.79                     27.30  -4.51    32.26

SNOWFALL (IN)
  YESTERDAY       MM             0.0    MM  MM               0.0
  MONTH TO DATE    0.0                      MM               0.0
  SINCE JUN 1      0.0                      MM               0.0
  SINCE JUL 1      0.0                      MM               0.0

DEGREE DAYS
 HEATING
  YESTERDAY       MM                         0     MM        0
  MONTH TO DATE    0                         0      0        0
  SINCE JUN 1      0                         0      0        0
  SINCE JUL 1    716                      1409   -693      997

 COOLING
  YESTERDAY       MM                        16     MM       16
  MONTH TO DATE  285                       323    -38      347
  SINCE JUN 1    285                       323    -38      347
  SINCE JAN 1   1032                       893    139      973
..................................................................


WIND (MPH)
  RESULTANT WIND SPEED  12   RESULTANT WIND DIRECTION  NE (60)
  HIGHEST WIND SPEED    MM   HIGHEST WIND DIRECTION    MM
  HIGHEST GUST SPEED    MM   HIGHEST GUST DIRECTION    MM
  AVERAGE WIND SPEED    MM


SKY COVER
  POSSIBLE SUNSHINE  MM
  AVERAGE SKY COVER  MM


WEATHER CONDITIONS
 THE FOLLOWING WEATHER WAS RECORDED YESTERDAY.
  NO SIGNIFICANT WEATHER WAS OBSERVED.


RELATIVE HUMIDITY (PERCENT)
 HIGHEST    MM
 LOWEST     MM
 AVERAGE    MM

..........................................................


THE NEW IBERIA CLIMATE NORMALS FOR TODAY
                         NORMAL    RECORD    YEAR
 MAXIMUM TEMPERATURE (F)   90        96      2009
                                             1953
 MINIMUM TEMPERATURE (F)   72        65      1955


SUNRISE AND SUNSET
JUNE 22 2017..........SUNRISE   607 AM CDT   SUNSET   812 PM CDT
JUNE 23 2017..........SUNRISE   607 AM CDT   SUNSET   812 PM CDT


-  INDICATES NEGATIVE NUMBERS.
R  INDICATES RECORD WAS SET OR TIED.
MM INDICATES DATA IS MISSING.
T  INDICATES TRACE AMOUNT.




$$
