000
CDUS44 KLCH 210847
CLIARA


CLIMATE REPORT
NATIONAL WEATHER SERVICE LAKE CHARLES, LA
247 AM CST SUN JAN 21 2018


...................................

...THE NEW IBERIA CLIMATE SUMMARY FOR JANUARY 20 2018...

CLIMATE NORMAL PERIOD 1981 TO 2010
CLIMATE RECORD PERIOD 1948 TO 2018


WEATHER ITEM   OBSERVED TIME   RECORD YEAR NORMAL DEPARTURE LAST
                VALUE   (LST)  VALUE       VALUE  FROM      YEAR
                                                  NORMAL
..................................................................
TEMPERATURE (F)
 YESTERDAY
  MAXIMUM         70    234 PM  81    1952  63      7       79
  MINIMUM         44    342 AM  17    1985  43      1       59
  AVERAGE         57                        53      4       69

PRECIPITATION (IN)
  YESTERDAY        0.10          3.98 1993   0.16  -0.06      T
  MONTH TO DATE    1.78                      3.33  -1.55     2.20
  SINCE DEC 1     10.00                      8.33   1.67    10.90
  SINCE JAN 1      1.78                      3.33  -1.55     2.20

SNOWFALL (IN)
  YESTERDAY       MM             0.0    MM  MM               0.0
  MONTH TO DATE    T                        MM               0.0
  SINCE DEC 1      2.4                      MM               0.0
  SINCE JUL 1      2.4                      MM               0.0

DEGREE DAYS
 HEATING
  YESTERDAY        8                        13     -5        0
  MONTH TO DATE  438                       260    178      123
  SINCE DEC 1    806                       612    194      359
  SINCE JUL 1    985                       807    178      454

 COOLING
  YESTERDAY        0                         0      0        4
  MONTH TO DATE    0                         9     -9       55
  SINCE DEC 1     19                        31    -12      122
  SINCE JAN 1      0                         9     -9       55
..................................................................


WIND (MPH)
  RESULTANT WIND SPEED  10   RESULTANT WIND DIRECTION  SE (130)
  HIGHEST WIND SPEED    20   HIGHEST WIND DIRECTION    SE (150)
  HIGHEST GUST SPEED    25   HIGHEST GUST DIRECTION    SE (130)
  AVERAGE WIND SPEED     9.5


SKY COVER
  POSSIBLE SUNSHINE  MM
  AVERAGE SKY COVER 0.4


WEATHER CONDITIONS
 THE FOLLOWING WEATHER WAS RECORDED YESTERDAY.
  LIGHT RAIN


RELATIVE HUMIDITY (PERCENT)
 HIGHEST    93          1000 PM
 LOWEST     70           300 PM
 AVERAGE    82

..........................................................


THE NEW IBERIA CLIMATE NORMALS FOR TODAY
                         NORMAL    RECORD    YEAR
 MAXIMUM TEMPERATURE (F)   63        80      2012
 MINIMUM TEMPERATURE (F)   43        17      1985


SUNRISE AND SUNSET
JANUARY 21 2018.......SUNRISE   703 AM CST   SUNSET   535 PM CST
JANUARY 22 2018.......SUNRISE   702 AM CST   SUNSET   536 PM CST


-  INDICATES NEGATIVE NUMBERS.
R  INDICATES RECORD WAS SET OR TIED.
MM INDICATES DATA IS MISSING.
T  INDICATES TRACE AMOUNT.




$$
