000
CDUS44 KLCH 310829
CLIARA


CLIMATE REPORT
NATIONAL WEATHER SERVICE LAKE CHARLES, LA
329 AM CDT THU JUL 31 2014


...................................

...THE NEW IBERIA CLIMATE SUMMARY FOR JULY 30 2014...

CLIMATE NORMAL PERIOD 1981 TO 2010
CLIMATE RECORD PERIOD 1948 TO 2014


WEATHER ITEM   OBSERVED TIME   RECORD YEAR NORMAL DEPARTURE LAST
                VALUE   (LST)  VALUE       VALUE  FROM      YEAR
                                                  NORMAL
..................................................................
TEMPERATURE (F)
 YESTERDAY
  MAXIMUM         91    410 PM 100    1948  92     -1       93
  MINIMUM         72    548 AM  67    1980  75     -3       76
  AVERAGE         82                        83     -1       85

PRECIPITATION (IN)
  YESTERDAY        0.00          2.22 1953   0.22  -0.22     0.00
  MONTH TO DATE    9.32                      6.43   2.89     7.52
  SINCE JUN 1     17.01                     13.33   3.68    13.71
  SINCE JAN 1     33.35                     35.56  -2.21    49.08

SNOWFALL (IN)
  YESTERDAY        0.0           0.0    MM  MM               0.0
  MONTH TO DATE    0.0                      MM               0.0
  SINCE JUN 1      0.0                      MM               0.0
  SINCE JUL 1      0.0                      MM               0.0

DEGREE DAYS
 HEATING
  YESTERDAY        0                         0      0        0
  MONTH TO DATE    0                         0      0        0
  SINCE JUN 1      0                         0      0        0
  SINCE JUL 1      0                         0      0        0

 COOLING
  YESTERDAY       17                        18     -1       20
  MONTH TO DATE  519                       529    -10      546
  SINCE JUN 1   1026                      1000     26     1109
  SINCE JAN 1   1512                      1570    -58     1690
..................................................................


WIND (MPH)
  RESULTANT WIND SPEED   6   RESULTANT WIND DIRECTION  NE (30)
  HIGHEST WIND SPEED    14   HIGHEST WIND DIRECTION    NE (30)
  HIGHEST GUST SPEED    18   HIGHEST GUST DIRECTION    NE (50)
  AVERAGE WIND SPEED     7.2


SKY COVER
  POSSIBLE SUNSHINE  MM
  AVERAGE SKY COVER 0.0


WEATHER CONDITIONS
 THE FOLLOWING WEATHER WAS RECORDED YESTERDAY.
  NO SIGNIFICANT WEATHER WAS OBSERVED.


RELATIVE HUMIDITY (PERCENT)
 HIGHEST    87          1200 AM
 LOWEST     44           400 PM
 AVERAGE    66

..........................................................


THE NEW IBERIA CLIMATE NORMALS FOR TODAY
                         NORMAL    RECORD    YEAR
 MAXIMUM TEMPERATURE (F)   92       101      1948
 MINIMUM TEMPERATURE (F)   74        67      1972


SUNRISE AND SUNSET
JULY 31 2014..........SUNRISE   626 AM CDT   SUNSET   801 PM CDT
AUGUST  1 2014........SUNRISE   627 AM CDT   SUNSET   801 PM CDT


-  INDICATES NEGATIVE NUMBERS.
R  INDICATES RECORD WAS SET OR TIED.
MM INDICATES DATA IS MISSING.
T  INDICATES TRACE AMOUNT.




$$
