000
CDUS43 KLOT 310643
CLIARR


CLIMATE REPORT
NATIONAL WEATHER SERVICE CHICAGO IL
143 AM CDT SUN JUL 31 2016


...................................

...THE AURORA MUNICIPAL AIRPORT CLIMATE SUMMARY FOR JULY 30 2016...

CLIMATE NORMAL PERIOD 1981 TO 2010
CLIMATE RECORD PERIOD 1998 TO 2016


WEATHER ITEM   OBSERVED TIME   RECORD YEAR NORMAL DEPARTURE LAST
                VALUE   (LST)  VALUE       VALUE  FROM      YEAR
                                                  NORMAL
..................................................................
TEMPERATURE (F)
 YESTERDAY
  MAXIMUM         81    345 PM  99    1999  82     -1       86
  MINIMUM         63   1152 PM  53    2009  59      4       58
                                      2003
  AVERAGE         72                        71      1       72

PRECIPITATION (IN)
  YESTERDAY        0.00          1.13 2000   0.15  -0.15     0.00
  MONTH TO DATE    5.82                      4.05   1.77     5.04
  SINCE JUN 1      9.32                      8.06   1.26    13.73
  SINCE JAN 1     22.95                     20.94   2.01    23.08

DEGREE DAYS
 HEATING
  YESTERDAY        0                         0      0        0
  MONTH TO DATE    2                         0      2       12
  SINCE JUN 1     10                        41    -31       30
  SINCE JUL 1      2                         0      2       12

 COOLING
  YESTERDAY        7                         6      1        7
  MONTH TO DATE  282                       205     77      207
  SINCE JUN 1    482                       360    122      358
  SINCE JAN 1    564                       401    163      427
..................................................................


WIND (MPH)
  RESULTANT WIND SPEED   8   RESULTANT WIND DIRECTION  NE (40)
  HIGHEST WIND SPEED    15   HIGHEST WIND DIRECTION    NE (40)
  HIGHEST GUST SPEED    18   HIGHEST GUST DIRECTION    NE (30)
  AVERAGE WIND SPEED     7.6


SKY COVER
  POSSIBLE SUNSHINE  MM
  AVERAGE SKY COVER 0.5


WEATHER CONDITIONS
 THE FOLLOWING WEATHER WAS RECORDED YESTERDAY.
  FOG
  HAZE


RELATIVE HUMIDITY (PERCENT)
 HIGHEST    93           200 AM
 LOWEST     62           200 PM
 AVERAGE    78

..........................................................


THE AURORA MUNICIPAL AIRPORT CLIMATE NORMALS FOR TODAY
                         NORMAL    RECORD    YEAR
 MAXIMUM TEMPERATURE (F)   82        99      2006
 MINIMUM TEMPERATURE (F)   59        49      2009


SUNRISE AND SUNSET
JULY 31 2016..........SUNRISE   547 AM CDT   SUNSET   812 PM CDT
AUGUST  1 2016........SUNRISE   548 AM CDT   SUNSET   811 PM CDT


-  INDICATES NEGATIVE NUMBERS.
R  INDICATES RECORD WAS SET OR TIED.
MM INDICATES DATA IS MISSING.
T  INDICATES TRACE AMOUNT.




$$
