000
CDUS43 KLOT 050634
CLIARR


CLIMATE REPORT
NATIONAL WEATHER SERVICE CHICAGO IL
134 AM CDT WED AUG 5 2015


...................................

...THE AURORA MUNICIPAL AIRPORT CLIMATE SUMMARY FOR AUGUST 4 2015...

CLIMATE NORMAL PERIOD 1981 TO 2010
CLIMATE RECORD PERIOD 1998 TO 2015


WEATHER ITEM   OBSERVED TIME   RECORD YEAR NORMAL DEPARTURE LAST
                VALUE   (LST)  VALUE       VALUE  FROM      YEAR
                                                  NORMAL
..................................................................
TEMPERATURE (F)
 YESTERDAY
  MAXIMUM         81    139 PM  93    2012  82     -1       86
  MINIMUM         54    517 AM  51    2013  59     -5       59
  AVERAGE         68                        71     -3       73

PRECIPITATION (IN)
  YESTERDAY        0.00          1.75 2012   0.16  -0.16     0.82
  MONTH TO DATE    0.20                      0.67  -0.47     0.84
  SINCE JUN 1     13.93                      8.87   5.06    11.92
  SINCE JAN 1     23.28                     21.75   1.53    19.91

DEGREE DAYS
 HEATING
  YESTERDAY        0                         0      0        0
  MONTH TO DATE    0                         0      0        0
  SINCE JUN 1     30                        50    -20       31
  SINCE JUL 1     12                         9      3       15

 COOLING
  YESTERDAY        3                         6     -3        8
  MONTH TO DATE   26                        24      2       24
  SINCE JUN 1    391                       394     -3      341
  SINCE JAN 1    460                       435     25      427
..................................................................


WIND (MPH)
  RESULTANT WIND SPEED   4   RESULTANT WIND DIRECTION   W (290)
  HIGHEST WIND SPEED    16   HIGHEST WIND DIRECTION     W (280)
  HIGHEST GUST SPEED    21   HIGHEST GUST DIRECTION     W (280)
  AVERAGE WIND SPEED     4.7


SKY COVER
  POSSIBLE SUNSHINE  MM
  AVERAGE SKY COVER 0.0


WEATHER CONDITIONS
 THE FOLLOWING WEATHER WAS RECORDED YESTERDAY.
  NO SIGNIFICANT WEATHER WAS OBSERVED.


RELATIVE HUMIDITY (PERCENT)
 HIGHEST    93           400 AM
 LOWEST     42           100 PM
 AVERAGE    68

..........................................................


THE AURORA MUNICIPAL AIRPORT CLIMATE NORMALS FOR TODAY
                         NORMAL    RECORD    YEAR
 MAXIMUM TEMPERATURE (F)   82        90      2001
 MINIMUM TEMPERATURE (F)   59        51      2004
                                             1999


SUNRISE AND SUNSET
AUGUST  5 2015........SUNRISE   552 AM CDT   SUNSET   807 PM CDT
AUGUST  6 2015........SUNRISE   553 AM CDT   SUNSET   806 PM CDT


-  INDICATES NEGATIVE NUMBERS.
R  INDICATES RECORD WAS SET OR TIED.
MM INDICATES DATA IS MISSING.
T  INDICATES TRACE AMOUNT.




$$
