000
CDUS43 KLOT 300637
CLIARR


CLIMATE REPORT
NATIONAL WEATHER SERVICE CHICAGO IL
136 AM CDT TUE JUN 30 2015


...................................

...THE AURORA MUNICIPAL AIRPORT CLIMATE SUMMARY FOR JUNE 29 2015...

CLIMATE NORMAL PERIOD 1981 TO 2010
CLIMATE RECORD PERIOD 1998 TO 2015


WEATHER ITEM   OBSERVED TIME   RECORD YEAR NORMAL DEPARTURE LAST
                VALUE   (LST)  VALUE       VALUE  FROM      YEAR
                                                  NORMAL
..................................................................
TEMPERATURE (F)
 YESTERDAY
  MAXIMUM         75    135 PM  96    2005  83     -8       85
  MINIMUM         64   1103 PM  50    2007  60      4       69
                                      2006
                                      2004
  AVERAGE         70                        72     -2       77

PRECIPITATION (IN)
  YESTERDAY        0.06          0.36 2012   0.08  -0.02     0.24
  MONTH TO DATE    8.67                      3.92   4.75     7.02
  SINCE JUN 1      8.67                      3.92   4.75     7.02
  SINCE JAN 1     18.02                     16.80   1.22    15.01

DEGREE DAYS
 HEATING
  YESTERDAY        0                         0      0        0
  MONTH TO DATE   18                        40    -22       16
  SINCE JUN 1     18                        40    -22       16
  SINCE JUL 1   7023                      6774    249     7362

 COOLING
  YESTERDAY        5                         7     -2       12
  MONTH TO DATE  147                       148     -1      186
  SINCE JUN 1    147                       148     -1      186
  SINCE JAN 1    216                       189     27      272
..................................................................


WIND (MPH)
  RESULTANT WIND SPEED   1   RESULTANT WIND DIRECTION  NE (60)
  HIGHEST WIND SPEED    12   HIGHEST WIND DIRECTION    NE (50)
  HIGHEST GUST SPEED    14   HIGHEST GUST DIRECTION    NE (40)
  AVERAGE WIND SPEED     3.1


SKY COVER
  POSSIBLE SUNSHINE  MM
  AVERAGE SKY COVER 0.7


WEATHER CONDITIONS
 THE FOLLOWING WEATHER WAS RECORDED YESTERDAY.
  THUNDERSTORM
  LIGHT RAIN
  FOG
  HAZE


RELATIVE HUMIDITY (PERCENT)
 HIGHEST    93           300 AM
 LOWEST     68          1000 AM
 AVERAGE    81

..........................................................


THE AURORA MUNICIPAL AIRPORT CLIMATE NORMALS FOR TODAY
                         NORMAL    RECORD    YEAR
 MAXIMUM TEMPERATURE (F)   84        95      2002
 MINIMUM TEMPERATURE (F)   60        49      2007


SUNRISE AND SUNSET
JUNE 30 2015..........SUNRISE   522 AM CDT   SUNSET   833 PM CDT
JULY  1 2015..........SUNRISE   523 AM CDT   SUNSET   832 PM CDT


-  INDICATES NEGATIVE NUMBERS.
R  INDICATES RECORD WAS SET OR TIED.
MM INDICATES DATA IS MISSING.
T  INDICATES TRACE AMOUNT.




$$
