000
CDUS43 KLOT 280633
CLIARR


CLIMATE REPORT
NATIONAL WEATHER SERVICE CHICAGO IL
1233 AM CST SUN DEC 28 2014


...................................

...THE AURORA MUNICIPAL AIRPORT CLIMATE SUMMARY FOR DECEMBER 27 2014...

CLIMATE NORMAL PERIOD 1981 TO 2010
CLIMATE RECORD PERIOD 1998 TO 2014


WEATHER ITEM   OBSERVED TIME   RECORD YEAR NORMAL DEPARTURE LAST
                VALUE   (LST)  VALUE       VALUE  FROM      YEAR
                                                  NORMAL
..................................................................
TEMPERATURE (F)
 YESTERDAY
  MAXIMUM         49    947 AM  57    2008  30     19       39
  MINIMUM         29    955 PM -11    2000  15     14       13
  AVERAGE         39                        22     17       26

PRECIPITATION (IN)
  YESTERDAY        0.01          1.73 2008   0.03  -0.02     0.00
  MONTH TO DATE    0.71                      1.80  -1.09     0.65
  SINCE DEC 1      0.71                      1.80  -1.09     0.65
  SINCE JAN 1     29.62                     36.70  -7.08    33.48

DEGREE DAYS
 HEATING
  YESTERDAY       26                        43    -17       39
  MONTH TO DATE  849                      1063   -214     1190
  SINCE DEC 1    849                      1063   -214     1190
  SINCE JUL 1   2428                      2477    -49     2640

 COOLING
  YESTERDAY        0                         0      0        0
  MONTH TO DATE    0                         0      0        0
  SINCE DEC 1      0                         0      0        0
  SINCE JAN 1    693                       655     38      745
..................................................................


WIND (MPH)
  RESULTANT WIND SPEED  10   RESULTANT WIND DIRECTION  SW (240)
  HIGHEST WIND SPEED    29   HIGHEST WIND DIRECTION     W (260)
  HIGHEST GUST SPEED    36   HIGHEST GUST DIRECTION     W (250)
  AVERAGE WIND SPEED    14.4


SKY COVER
  POSSIBLE SUNSHINE  MM
  AVERAGE SKY COVER 0.9


WEATHER CONDITIONS
 THE FOLLOWING WEATHER WAS RECORDED YESTERDAY.
  LIGHT RAIN
  FOG
  HAZE


RELATIVE HUMIDITY (PERCENT)
 HIGHEST    89           300 AM
 LOWEST     70           200 PM
 AVERAGE    80

..........................................................


THE AURORA MUNICIPAL AIRPORT CLIMATE NORMALS FOR TODAY
                         NORMAL    RECORD    YEAR
 MAXIMUM TEMPERATURE (F)   30        48      2003
 MINIMUM TEMPERATURE (F)   15       -10      2007


SUNRISE AND SUNSET
DECEMBER 28 2014......SUNRISE   720 AM CST   SUNSET   431 PM CST
DECEMBER 29 2014......SUNRISE   721 AM CST   SUNSET   431 PM CST


-  INDICATES NEGATIVE NUMBERS.
R  INDICATES RECORD WAS SET OR TIED.
MM INDICATES DATA IS MISSING.
T  INDICATES TRACE AMOUNT.




$$
