000
CDUS45 KGJT 252340
CLIASE


CLIMATE REPORT
NATIONAL WEATHER SERVICE GRAND JUNCTION CO
538 PM MDT TUE APR 25 2017


...................................

...THE ASPEN CO CLIMATE SUMMARY FOR APRIL 25 2017...
VALID TODAY AS OF 0500 PM LOCAL TIME.

CLIMATE NORMAL PERIOD 1981 TO 2010
CLIMATE RECORD PERIOD 9999 TO 9999


WEATHER ITEM   OBSERVED TIME   RECORD YEAR NORMAL DEPARTURE LAST
                VALUE   (LST)  VALUE       VALUE  FROM      YEAR
                                                  NORMAL
..................................................................
TEMPERATURE (F)
 TODAY
  MAXIMUM         40    216 PM  MM      MM  55    -15       59
  MINIMUM         26    514 AM  MM      MM  30     -4       28
  AVERAGE         33                        42     -9       44

PRECIPITATION (IN)
  TODAY            0.16         MM      MM   0.07   0.09     0.16
  MONTH TO DATE    0.89                      1.49  -0.60     1.62
  SINCE MAR 1      1.67                      2.81  -1.14     2.70
  SINCE JAN 1      4.27                      5.05  -0.78     4.80

SNOWFALL (IN)
  TODAY           MM            MM      MM  MM     MM       MM
  MONTH TO DATE   MM                        MM     MM       MM
  SINCE MAR 1     MM                        MM     MM       MM
  SINCE JUL 1     MM                        MM     MM       MM
  SNOW DEPTH      MM

DEGREE DAYS
 HEATING
  TODAY           32                        23      9       21
  MONTH TO DATE  586                       646    -60      574
  SINCE MAR 1   1371                      1702   -331     1525
  SINCE JUL 1   6767                      8021  -1254     7253

 COOLING
  TODAY            0                         0      0        0
  MONTH TO DATE    0                         0      0        0
  SINCE MAR 1      0                         0      0        0
  SINCE JAN 1      0                         0      0        0
..................................................................


WIND (MPH)
  HIGHEST WIND SPEED    14   HIGHEST WIND DIRECTION     W (260)
  HIGHEST GUST SPEED    18   HIGHEST GUST DIRECTION     W (260)
  AVERAGE WIND SPEED     3.1


SKY COVER
  POSSIBLE SUNSHINE  MM
  AVERAGE SKY COVER 0.7


WEATHER CONDITIONS
 THE FOLLOWING WEATHER WAS RECORDED TODAY.
  LIGHT RAIN
  HEAVY SNOW
  SNOW
  LIGHT SNOW
  FOG
  HAZE


RELATIVE HUMIDITY (PERCENT)
 HIGHEST   100           100 AM
 LOWEST     82          1000 AM
 AVERAGE    91

..........................................................


THE ASPEN CO CLIMATE NORMALS FOR TOMORROW
                         NORMAL    RECORD    YEAR
 MAXIMUM TEMPERATURE (F)   56        MM        MM
 MINIMUM TEMPERATURE (F)   30        MM        MM


SUNRISE AND SUNSET
APRIL 25 2017.........SUNRISE   616 AM MDT   SUNSET   755 PM MDT
APRIL 26 2017.........SUNRISE   615 AM MDT   SUNSET   756 PM MDT


-  INDICATES NEGATIVE NUMBERS.
R  INDICATES RECORD WAS SET OR TIED.
MM INDICATES DATA IS MISSING.
T  INDICATES TRACE AMOUNT.




$$
