000
CDUS46 KPQR 241148
CLIAST


CLIMATE REPORT
NATIONAL WEATHER SERVICE PORTLAND OREGON
448 AM PDT SUN SEP 24 2017


...................................

...THE ASTORIA OR CLIMATE SUMMARY FOR SEPTEMBER 23 2017...

CLIMATE NORMAL PERIOD 1981 TO 2010
CLIMATE RECORD PERIOD 1892 TO 2017


WEATHER ITEM   OBSERVED TIME   RECORD YEAR NORMAL DEPARTURE LAST
                VALUE   (LST)  VALUE       VALUE  FROM      YEAR
                                                  NORMAL
..................................................................
TEMPERATURE (F)
 YESTERDAY
  MAXIMUM         66    139 PM  82    1974  67     -1       65
                                      1965
                                      1919
  MINIMUM         49   1159 PM  36    2005  48      1       52
                                      2000
  AVERAGE         58                        57      1       59

PRECIPITATION (IN)
  YESTERDAY        0.04          1.98 2014   0.08  -0.04     0.18
  MONTH TO DATE    2.58                      1.49   1.09     2.12
  SINCE OCT 1     96.51                     66.61  29.90    85.50
  SINCE JAN 1     52.64                     39.59  13.05    42.97

DEGREE DAYS
 HEATING
  YESTERDAY        7                         8     -1        6
  MONTH TO DATE  118                       140    -22       95
  SINCE SEP 1    118                       140    -22       95
  SINCE JUL 1    358                       421    -63      216

 COOLING
  YESTERDAY        0                         0      0        0
  MONTH TO DATE   18                         0     18        0
  SINCE SEP 1     18                         0     18        0
  SINCE JAN 1     51                         7     44       55
..................................................................


WIND (MPH)
  HIGHEST WIND SPEED    10   HIGHEST WIND DIRECTION     W (250)
  HIGHEST GUST SPEED    12   HIGHEST GUST DIRECTION     W (250)
  AVERAGE WIND SPEED     4.0


SKY COVER
  POSSIBLE SUNSHINE  MM
  AVERAGE SKY COVER 0.5


WEATHER CONDITIONS
 THE FOLLOWING WEATHER WAS RECORDED YESTERDAY.
  LIGHT RAIN


RELATIVE HUMIDITY (PERCENT)
 HIGHEST    93          1200 AM
 LOWEST     63           100 PM
 AVERAGE    78

..........................................................


THE ASTORIA OR CLIMATE NORMALS FOR TODAY
                         NORMAL    RECORD    YEAR
 MAXIMUM TEMPERATURE (F)   67        85      1991
                                             1974
 MINIMUM TEMPERATURE (F)   48        36      1970


SUNRISE AND SUNSET
SEPTEMBER 24 2017.....SUNRISE   705 AM PDT   SUNSET   708 PM PDT
SEPTEMBER 25 2017.....SUNRISE   707 AM PDT   SUNSET   706 PM PDT


-  INDICATES NEGATIVE NUMBERS.
R  INDICATES RECORD WAS SET OR TIED.
MM INDICATES DATA IS MISSING.
T  INDICATES TRACE AMOUNT.




$$
