000
CDUS46 KPQR 291141
CLIAST


CLIMATE REPORT
NATIONAL WEATHER SERVICE PORTLAND OREGON
440 AM PDT MON AUG 29 2016


...................................

...THE ASTORIA OR CLIMATE SUMMARY FOR AUGUST 28 2016...

CLIMATE NORMAL PERIOD 1981 TO 2010
CLIMATE RECORD PERIOD 1892 TO 2016


WEATHER ITEM   OBSERVED TIME   RECORD YEAR NORMAL DEPARTURE LAST
                VALUE   (LST)  VALUE       VALUE  FROM      YEAR
                                                  NORMAL
..................................................................
TEMPERATURE (F)
 YESTERDAY
  MAXIMUM         71    158 PM  89    1909  69      2       70
  MINIMUM         54   1159 PM  42    1985  52      2       59
                                      1984
  AVERAGE         63                        61      2       65

PRECIPITATION (IN)
  YESTERDAY        0.00          0.74 1983   0.05  -0.05     0.27
  MONTH TO DATE    0.40                      0.99  -0.59     0.42
  SINCE OCT 1     83.28                     64.95  18.33    53.82
  SINCE JAN 1     40.75                     37.93   2.82    28.20

DEGREE DAYS
 HEATING
  YESTERDAY        2                         5     -3        0
  MONTH TO DATE   53                       113    -60       43
  SINCE JUN 1    290                       505   -215      231
  SINCE JUL 1    114                       263   -149       82

 COOLING
  YESTERDAY        0                         0      0        0
  MONTH TO DATE   44                         0     44       16
  SINCE JUN 1     52                         3     49       41
  SINCE JAN 1     55                         3     52       43
..................................................................


WIND (MPH)
  HIGHEST WIND SPEED    13   HIGHEST WIND DIRECTION     N (350)
  HIGHEST GUST SPEED    15   HIGHEST GUST DIRECTION     N (350)
  AVERAGE WIND SPEED     4.8


SKY COVER
  POSSIBLE SUNSHINE  MM
  AVERAGE SKY COVER 0.5


WEATHER CONDITIONS
 THE FOLLOWING WEATHER WAS RECORDED YESTERDAY.
  NO SIGNIFICANT WEATHER WAS OBSERVED.


RELATIVE HUMIDITY (PERCENT)
 HIGHEST    87          1200 AM
 LOWEST     53           200 PM
 AVERAGE    70

..........................................................


THE ASTORIA OR CLIMATE NORMALS FOR TODAY
                         NORMAL    RECORD    YEAR
 MAXIMUM TEMPERATURE (F)   69        88      1944
 MINIMUM TEMPERATURE (F)   52        42      1985
                                             1980
                                             1969


SUNRISE AND SUNSET
AUGUST 29 2016........SUNRISE   633 AM PDT   SUNSET   758 PM PDT
AUGUST 30 2016........SUNRISE   634 AM PDT   SUNSET   757 PM PDT


-  INDICATES NEGATIVE NUMBERS.
R  INDICATES RECORD WAS SET OR TIED.
MM INDICATES DATA IS MISSING.
T  INDICATES TRACE AMOUNT.




$$
