000
CDUS46 KPQR 281151
CLIAST


CLIMATE REPORT
NATIONAL WEATHER SERVICE PORTLAND OREGON
350 AM PST TUE FEB 28 2017


...................................

...THE ASTORIA OR CLIMATE SUMMARY FOR FEBRUARY 27 2017...

CLIMATE NORMAL PERIOD 1981 TO 2010
CLIMATE RECORD PERIOD 1892 TO 2017


WEATHER ITEM   OBSERVED TIME   RECORD YEAR NORMAL DEPARTURE LAST
                VALUE   (LST)  VALUE       VALUE  FROM      YEAR
                                                  NORMAL
..................................................................
TEMPERATURE (F)
 YESTERDAY
  MAXIMUM         44    135 PM  71    1968  52     -8       55
  MINIMUM         31    150 AM  21    1962  37     -6       46
  AVERAGE         38                        45     -7       51

PRECIPITATION (IN)
  YESTERDAY        0.16          2.41 1936   0.25  -0.09     0.17
  MONTH TO DATE   11.98                      6.94   5.04     7.33
  SINCE OCT 1     61.66                     44.16  17.50    63.61
  SINCE JAN 1     17.79                     17.14   0.65    21.08

DEGREE DAYS
 HEATING
  YESTERDAY       27                        20      7       14
  MONTH TO DATE  593                       560     33      421
  SINCE DEC 1   2098                      1912    186     1585
  SINCE JUL 1   2961                      3325   -364     2585

 COOLING
  YESTERDAY        0                         0      0        0
  MONTH TO DATE    0                         0      0        0
  SINCE DEC 1      0                         0      0        0
  SINCE JAN 1      0                         0      0        0
..................................................................


WIND (MPH)
  HIGHEST WIND SPEED    23   HIGHEST WIND DIRECTION    NW (300)
  HIGHEST GUST SPEED    32   HIGHEST GUST DIRECTION    NW (300)
  AVERAGE WIND SPEED     5.7


SKY COVER
  POSSIBLE SUNSHINE  MM
  AVERAGE SKY COVER 0.8


WEATHER CONDITIONS
 THE FOLLOWING WEATHER WAS RECORDED YESTERDAY.
  RAIN
  LIGHT RAIN
  FOG


RELATIVE HUMIDITY (PERCENT)
 HIGHEST    92          1200 AM
 LOWEST     58           100 PM
 AVERAGE    75

..........................................................


THE ASTORIA OR CLIMATE NORMALS FOR TODAY
                         NORMAL    RECORD    YEAR
 MAXIMUM TEMPERATURE (F)   53        72      1968
 MINIMUM TEMPERATURE (F)   38        22      1960


SUNRISE AND SUNSET
FEBRUARY 28 2017......SUNRISE   656 AM PST   SUNSET   601 PM PST
MARCH  1 2017.........SUNRISE   654 AM PST   SUNSET   602 PM PST


-  INDICATES NEGATIVE NUMBERS.
R  INDICATES RECORD WAS SET OR TIED.
MM INDICATES DATA IS MISSING.
T  INDICATES TRACE AMOUNT.




$$
