000
CDUS46 KPQR 240244
CLIAST


CLIMATE REPORT
NATIONAL WEATHER SERVICE PORTLAND OREGON
644 PM PST THU NOV 23 2017


...................................

...THE ASTORIA OR CLIMATE SUMMARY FOR NOVEMBER 23 2017...
VALID TODAY AS OF 0600 PM LOCAL TIME.

CLIMATE NORMAL PERIOD 1981 TO 2010
CLIMATE RECORD PERIOD 1892 TO 2017


WEATHER ITEM   OBSERVED TIME   RECORD YEAR NORMAL DEPARTURE LAST
                VALUE   (LST)  VALUE       VALUE  FROM      YEAR
                                                  NORMAL
..................................................................
TEMPERATURE (F)
 TODAY
  MAXIMUM         56    706 AM  62    1956  52      4       54
  MINIMUM         51    559 PM  21    1985  39     12       46
  AVERAGE         54                        45      9       50

PRECIPITATION (IN)
  TODAY            0.50          2.90 1942   0.40   0.10     1.05
  MONTH TO DATE   11.53                      8.36   3.17    10.94
  SINCE OCT 1     20.47                     14.34   6.13    27.26
  SINCE JAN 1     73.68                     54.58  19.10    70.24

DEGREE DAYS
 HEATING
  TODAY           11                        20     -9       15
  MONTH TO DATE  388                       402    -14      239
  SINCE SEP 1    928                       988    -60      637
  SINCE JUL 1   1168                      1269   -101      758

 COOLING
  TODAY            0                         0      0        0
  MONTH TO DATE    0                         0      0        0
  SINCE SEP 1     22                         5     17        7
  SINCE JAN 1     55                        12     43       62
..................................................................


WIND (MPH)
  HIGHEST WIND SPEED    22   HIGHEST WIND DIRECTION    SW (210)
  HIGHEST GUST SPEED    32   HIGHEST GUST DIRECTION     S (200)
  AVERAGE WIND SPEED    13.0


SKY COVER
  POSSIBLE SUNSHINE  MM
  AVERAGE SKY COVER 0.9


WEATHER CONDITIONS
 THE FOLLOWING WEATHER WAS RECORDED TODAY.
  RAIN
  LIGHT RAIN
  FOG


RELATIVE HUMIDITY (PERCENT)
 HIGHEST   100           100 AM
 LOWEST     89           400 PM
 AVERAGE    95

..........................................................


THE ASTORIA OR CLIMATE NORMALS FOR TOMORROW
                         NORMAL    RECORD    YEAR
 MAXIMUM TEMPERATURE (F)   52        63      1936
 MINIMUM TEMPERATURE (F)   39        19      1985


SUNRISE AND SUNSET
NOVEMBER 23 2017......SUNRISE   728 AM PST   SUNSET   436 PM PST
NOVEMBER 24 2017......SUNRISE   729 AM PST   SUNSET   435 PM PST


-  INDICATES NEGATIVE NUMBERS.
R  INDICATES RECORD WAS SET OR TIED.
MM INDICATES DATA IS MISSING.
T  INDICATES TRACE AMOUNT.




$$
