000
CDUS46 KPQR 061141
CLIAST


CLIMATE REPORT
NATIONAL WEATHER SERVICE PORTLAND OREGON
441 AM PDT MON JUL 6 2015


...................................

...THE ASTORIA OR CLIMATE SUMMARY FOR JULY 5 2015...

CLIMATE NORMAL PERIOD 1981 TO 2010
CLIMATE RECORD PERIOD 1892 TO 2015


WEATHER ITEM   OBSERVED TIME   RECORD YEAR NORMAL DEPARTURE LAST
                VALUE   (LST)  VALUE       VALUE  FROM      YEAR
                                                  NORMAL
..................................................................
TEMPERATURE (F)
 YESTERDAY
  MAXIMUM         68    151 PM  93    1908  66      2       70
  MINIMUM         58   1159 PM  43    1932  52      6       55
  AVERAGE         63                        59      4       63

PRECIPITATION (IN)
  YESTERDAY        0.00          0.68 1895   0.04  -0.04     0.00
  MONTH TO DATE    0.00                      0.23  -0.23     0.08
  SINCE OCT 1     53.01                     63.16 -10.15    52.77
  SINCE JAN 1     27.39                     36.14  -8.75    40.61

DEGREE DAYS
 HEATING
  YESTERDAY        2                         6     -4        2
  MONTH TO DATE    7                        30    -23       14
  SINCE JUN 1    156                       272   -116      194
  SINCE JUL 1      7                        30    -23       14

 COOLING
  YESTERDAY        0                         0      0        0
  MONTH TO DATE    3                         0      3        7
  SINCE JUN 1      7                         0      7        7
  SINCE JAN 1      9                         0      9       18
..................................................................


WIND (MPH)
  HIGHEST WIND SPEED    22   HIGHEST WIND DIRECTION    SW (240)
  HIGHEST GUST SPEED    27   HIGHEST GUST DIRECTION    SW (230)
  AVERAGE WIND SPEED     8.3


SKY COVER
  POSSIBLE SUNSHINE  MM
  AVERAGE SKY COVER 0.7


WEATHER CONDITIONS
 THE FOLLOWING WEATHER WAS RECORDED YESTERDAY.
  FOG


RELATIVE HUMIDITY (PERCENT)
 HIGHEST    93          1200 AM
 LOWEST     73          1100 AM
 AVERAGE    83

..........................................................


THE ASTORIA OR CLIMATE NORMALS FOR TODAY
                         NORMAL    RECORD    YEAR
 MAXIMUM TEMPERATURE (F)   67        91      1908
 MINIMUM TEMPERATURE (F)   52        42      1932


SUNRISE AND SUNSET
JULY  6 2015..........SUNRISE   531 AM PDT   SUNSET   909 PM PDT
JULY  7 2015..........SUNRISE   532 AM PDT   SUNSET   909 PM PDT


-  INDICATES NEGATIVE NUMBERS.
R  INDICATES RECORD WAS SET OR TIED.
MM INDICATES DATA IS MISSING.
T  INDICATES TRACE AMOUNT.




$$
