000
CDUS46 KPQR 181157
CLIAST


CLIMATE REPORT
NATIONAL WEATHER SERVICE PORTLAND OREGON
356 AM PST WED JAN 18 2017


...................................

...THE ASTORIA OR CLIMATE SUMMARY FOR JANUARY 17 2017...

CLIMATE NORMAL PERIOD 1981 TO 2010
CLIMATE RECORD PERIOD 1892 TO 2017


WEATHER ITEM   OBSERVED TIME   RECORD YEAR NORMAL DEPARTURE LAST
                VALUE   (LST)  VALUE       VALUE  FROM      YEAR
                                                  NORMAL
..................................................................
TEMPERATURE (F)
 YESTERDAY
  MAXIMUM         57    634 PM  60    1986  50      7       54
  MINIMUM         40    759 AM  16    1930  38      2       45
  AVERAGE         49                        44      5       50

PRECIPITATION (IN)
  YESTERDAY        1.84          2.86 2015   0.35   1.49     0.65
  MONTH TO DATE    3.62                      5.88  -2.26     4.63
  SINCE OCT 1     47.49                     32.90  14.59    47.16
  SINCE JAN 1      3.62                      5.88  -2.26     4.63

DEGREE DAYS
 HEATING
  YESTERDAY       16                        21     -5       15
  MONTH TO DATE  472                       366    106      354
  SINCE DEC 1   1207                      1059    148      927
  SINCE JUL 1   2070                      2472   -402     1927

 COOLING
  YESTERDAY        0                         0      0        0
  MONTH TO DATE    0                         0      0        0
  SINCE DEC 1      0                         0      0        0
  SINCE JAN 1      0                         0      0        0
..................................................................


WIND (MPH)
  HIGHEST WIND SPEED    36   HIGHEST WIND DIRECTION     S (200)
  HIGHEST GUST SPEED    55   HIGHEST GUST DIRECTION     S (170)
  AVERAGE WIND SPEED    13.7


SKY COVER
  POSSIBLE SUNSHINE  MM
  AVERAGE SKY COVER 0.9


WEATHER CONDITIONS
 THE FOLLOWING WEATHER WAS RECORDED YESTERDAY.
  RAIN
  LIGHT RAIN


RELATIVE HUMIDITY (PERCENT)
 HIGHEST    83           300 PM
 LOWEST     53           400 AM
 AVERAGE    68

..........................................................


THE ASTORIA OR CLIMATE NORMALS FOR TODAY
                         NORMAL    RECORD    YEAR
 MAXIMUM TEMPERATURE (F)   50        61      2009
                                             1986
                                             1981
 MINIMUM TEMPERATURE (F)   38        11      1943


SUNRISE AND SUNSET
JANUARY 18 2017.......SUNRISE   752 AM PST   SUNSET   501 PM PST
JANUARY 19 2017.......SUNRISE   751 AM PST   SUNSET   502 PM PST


-  INDICATES NEGATIVE NUMBERS.
R  INDICATES RECORD WAS SET OR TIED.
MM INDICATES DATA IS MISSING.
T  INDICATES TRACE AMOUNT.




$$
