000
CDUS46 KPQR 031144
CLIAST


CLIMATE REPORT
NATIONAL WEATHER SERVICE PORTLAND OREGON
343 AM PST SAT DEC 3 2016


...................................

...THE ASTORIA OR CLIMATE SUMMARY FOR DECEMBER 2 2016...

CLIMATE NORMAL PERIOD 1981 TO 2010
CLIMATE RECORD PERIOD 1892 TO 2016


WEATHER ITEM   OBSERVED TIME   RECORD YEAR NORMAL DEPARTURE LAST
                VALUE   (LST)  VALUE       VALUE  FROM      YEAR
                                                  NORMAL
..................................................................
TEMPERATURE (F)
 YESTERDAY
  MAXIMUM         53    653 PM  63    1940  50      3       54
  MINIMUM         47    630 AM  27    1976  37     10       42
  AVERAGE         50                        44      6       48

PRECIPITATION (IN)
  YESTERDAY        0.42          3.49 1932   0.36   0.06     0.41
  MONTH TO DATE    0.63                      0.72  -0.09     1.52
  SINCE OCT 1     34.15                     17.85  16.30    23.52
  SINCE JAN 1     77.13                     58.09  19.04    54.77

DEGREE DAYS
 HEATING
  YESTERDAY       15                        21     -6       17
  MONTH TO DATE   34                        42     -8       34
  SINCE DEC 1     34                        42     -8       34
  SINCE JUL 1    897                      1455   -558     1034

 COOLING
  YESTERDAY        0                         0      0        0
  MONTH TO DATE    0                         0      0        0
  SINCE DEC 1      0                         0      0        0
  SINCE JAN 1     62                        12     50       49
..................................................................


WIND (MPH)
  HIGHEST WIND SPEED    32   HIGHEST WIND DIRECTION    SW (210)
  HIGHEST GUST SPEED    40   HIGHEST GUST DIRECTION     S (200)
  AVERAGE WIND SPEED     7.0


SKY COVER
  POSSIBLE SUNSHINE  MM
  AVERAGE SKY COVER 1.0


WEATHER CONDITIONS
 THE FOLLOWING WEATHER WAS RECORDED YESTERDAY.
  RAIN
  LIGHT RAIN
  FOG
  HAZE


RELATIVE HUMIDITY (PERCENT)
 HIGHEST    86          1200 AM
 LOWEST     71           200 PM
 AVERAGE    79

..........................................................


THE ASTORIA OR CLIMATE NORMALS FOR TODAY
                         NORMAL    RECORD    YEAR
 MAXIMUM TEMPERATURE (F)   50        63      2015
                                             1979
 MINIMUM TEMPERATURE (F)   37        27      2013


SUNRISE AND SUNSET
DECEMBER  3 2016......SUNRISE   740 AM PST   SUNSET   431 PM PST
DECEMBER  4 2016......SUNRISE   742 AM PST   SUNSET   430 PM PST


-  INDICATES NEGATIVE NUMBERS.
R  INDICATES RECORD WAS SET OR TIED.
MM INDICATES DATA IS MISSING.
T  INDICATES TRACE AMOUNT.




$$
