000
CDUS46 KPQR 281141
CLIAST


CLIMATE REPORT
NATIONAL WEATHER SERVICE PORTLAND OREGON
441 AM PDT SAT MAR 28 2015


...................................

...THE ASTORIA OR CLIMATE SUMMARY FOR MARCH 27 2015...

CLIMATE NORMAL PERIOD 1981 TO 2010
CLIMATE RECORD PERIOD 1892 TO 2015


WEATHER ITEM   OBSERVED TIME   RECORD YEAR NORMAL DEPARTURE LAST
                VALUE   (LST)  VALUE       VALUE  FROM      YEAR
                                                  NORMAL
..................................................................
TEMPERATURE (F)
 YESTERDAY
  MAXIMUM         59   1235 PM  79    1941  55      4       54
  MINIMUM         43    319 AM  29    1991  40      3       44
                                      1975
  AVERAGE         51                        47      4       49

PRECIPITATION (IN)
  YESTERDAY        0.38          2.05 1968   0.23   0.15     0.25
  MONTH TO DATE    6.33                      6.58  -0.25     9.02
  SINCE OCT 1     47.43                     50.99  -3.56    34.94
  SINCE JAN 1     21.81                     23.97  -2.16    22.78

DEGREE DAYS
 HEATING
  YESTERDAY       14                        18     -4       16
  MONTH TO DATE  414                       508    -94      454
  SINCE MAR 1    414                       508    -94      454
  SINCE JUL 1   2954                      3850   -896     3883

 COOLING
  YESTERDAY        0                         0      0        0
  MONTH TO DATE    0                         0      0        0
  SINCE MAR 1      0                         0      0        0
  SINCE JAN 1      0                         0      0        0
..................................................................


WIND (MPH)
  HIGHEST WIND SPEED    24   HIGHEST WIND DIRECTION     W (250)
  HIGHEST GUST SPEED    33   HIGHEST GUST DIRECTION     S (180)
  AVERAGE WIND SPEED     9.2


SKY COVER
  POSSIBLE SUNSHINE  MM
  AVERAGE SKY COVER 0.8


WEATHER CONDITIONS
 THE FOLLOWING WEATHER WAS RECORDED YESTERDAY.
  RAIN
  LIGHT RAIN
  FOG
  FOG W/VISIBILITY <= 1/4 MILE
  HAZE


RELATIVE HUMIDITY (PERCENT)
 HIGHEST   100           400 AM
 LOWEST     77          1200 PM
 AVERAGE    89

..........................................................


THE ASTORIA OR CLIMATE NORMALS FOR TODAY
                         NORMAL    RECORD    YEAR
 MAXIMUM TEMPERATURE (F)   55        75      1941
                                             1930
 MINIMUM TEMPERATURE (F)   40        28      1987
                                             1962


SUNRISE AND SUNSET
MARCH 28 2015.........SUNRISE   703 AM PDT   SUNSET   739 PM PDT
MARCH 29 2015.........SUNRISE   701 AM PDT   SUNSET   740 PM PDT


-  INDICATES NEGATIVE NUMBERS.
R  INDICATES RECORD WAS SET OR TIED.
MM INDICATES DATA IS MISSING.
T  INDICATES TRACE AMOUNT.




$$
