000
CDUS46 KPQR 210220
CLIAST


CLIMATE REPORT
NATIONAL WEATHER SERVICE PORTLAND OREGON
720 PM PDT SUN APR 20 2014


...................................

...THE ASTORIA OR CLIMATE SUMMARY FOR APRIL 20 2014...
VALID TODAY AS OF 0700 PM LOCAL TIME.

CLIMATE NORMAL PERIOD 1981 TO 2010
CLIMATE RECORD PERIOD 1892 TO 2014


WEATHER ITEM   OBSERVED TIME   RECORD YEAR NORMAL DEPARTURE LAST
                VALUE   (LST)  VALUE       VALUE  FROM      YEAR
                                                  NORMAL
..................................................................
TEMPERATURE (F)
 TODAY
  MAXIMUM         58    128 PM  83    1956  57      1       54
  MINIMUM         40    548 AM  32    2007  41     -1       46
  AVERAGE         49                        49      0       50

PRECIPITATION (IN)
  TODAY            0.00          3.40 1893   0.17  -0.17     0.05
  MONTH TO DATE    3.49                      3.72  -0.23     6.43
  SINCE OCT 1     40.27                     55.58 -15.31    67.33
  SINCE JAN 1     28.11                     28.56  -0.45    25.71

DEGREE DAYS
 HEATING
  TODAY           16                        16      0       15
  MONTH TO DATE  306                       336    -30      333
  SINCE MAR 1    822                       914    -92      906
  SINCE JUL 1   4251                      4256     -5     4286

 COOLING
  TODAY            0                         0      0        0
  MONTH TO DATE    0                         0      0        0
  SINCE MAR 1      0                         0      0        0
  SINCE JAN 1      0                         0      0        0
..................................................................


WIND (MPH)
  HIGHEST WIND SPEED    18   HIGHEST WIND DIRECTION    SW (240)
  HIGHEST GUST SPEED    24   HIGHEST GUST DIRECTION    SW (240)
  AVERAGE WIND SPEED     6.5


SKY COVER
  POSSIBLE SUNSHINE  MM
  AVERAGE SKY COVER 0.7


WEATHER CONDITIONS
 THE FOLLOWING WEATHER WAS RECORDED TODAY.
  FOG


RELATIVE HUMIDITY (PERCENT)
 HIGHEST   100           300 AM
 LOWEST     59          1200 PM
 AVERAGE    80

..........................................................


THE ASTORIA OR CLIMATE NORMALS FOR TOMORROW
                         NORMAL    RECORD    YEAR
 MAXIMUM TEMPERATURE (F)   57        77      1982
 MINIMUM TEMPERATURE (F)   41        31      1985
                                             1975


SUNRISE AND SUNSET
APRIL 20 2014.........SUNRISE   620 AM PDT   SUNSET   810 PM PDT
APRIL 21 2014.........SUNRISE   618 AM PDT   SUNSET   811 PM PDT


-  INDICATES NEGATIVE NUMBERS.
R  INDICATES RECORD WAS SET OR TIED.
MM INDICATES DATA IS MISSING.
T  INDICATES TRACE AMOUNT.




$$
