000
CDUS46 KPQR 300227
CLIAST


CLIMATE REPORT
NATIONAL WEATHER SERVICE PORTLAND OREGON
727 PM PDT WED JUL 29 2015


...................................

...THE ASTORIA OR CLIMATE SUMMARY FOR JULY 29 2015...
VALID TODAY AS OF 0700 PM LOCAL TIME.

CLIMATE NORMAL PERIOD 1981 TO 2010
CLIMATE RECORD PERIOD 1892 TO 2015


WEATHER ITEM   OBSERVED TIME   RECORD YEAR NORMAL DEPARTURE LAST
                VALUE   (LST)  VALUE       VALUE  FROM      YEAR
                                                  NORMAL
..................................................................
TEMPERATURE (F)
 TODAY
  MAXIMUM         83   1257 PM  88    1908  68     15       70
  MINIMUM         53    542 AM  44    1959  54     -1       56
  AVERAGE         68                        61      7       63

PRECIPITATION (IN)
  TODAY            0.00          0.65 1932   0.02  -0.02     0.00
  MONTH TO DATE    0.39                      0.98  -0.59     1.08
  SINCE OCT 1     53.40                     63.91 -10.51    53.77
  SINCE JAN 1     27.78                     36.89  -9.11    41.61

DEGREE DAYS
 HEATING
  TODAY            0                         4     -4        2
  MONTH TO DATE   39                       140   -101      105
  SINCE JUN 1    188                       382   -194      285
  SINCE JUL 1     39                       140   -101      105

 COOLING
  TODAY            3                         0      3        0
  MONTH TO DATE   17                         0     17        8
  SINCE JUN 1     21                         0     21        8
  SINCE JAN 1     23                         0     23       19
..................................................................


WIND (MPH)
  HIGHEST WIND SPEED    22   HIGHEST WIND DIRECTION    NW (310)
  HIGHEST GUST SPEED    27   HIGHEST GUST DIRECTION    NW (310)
  AVERAGE WIND SPEED     8.2


SKY COVER
  POSSIBLE SUNSHINE  MM
  AVERAGE SKY COVER 0.0


WEATHER CONDITIONS
 THE FOLLOWING WEATHER WAS RECORDED TODAY.
  NO SIGNIFICANT WEATHER WAS OBSERVED.


RELATIVE HUMIDITY (PERCENT)
 HIGHEST   100           600 AM
 LOWEST     43           500 PM
 AVERAGE    72

..........................................................


THE ASTORIA OR CLIMATE NORMALS FOR TOMORROW
                         NORMAL    RECORD    YEAR
 MAXIMUM TEMPERATURE (F)   68        87      1908
 MINIMUM TEMPERATURE (F)   54        45      1949


SUNRISE AND SUNSET
JULY 29 2015..........SUNRISE   554 AM PDT   SUNSET   849 PM PDT
JULY 30 2015..........SUNRISE   555 AM PDT   SUNSET   848 PM PDT


-  INDICATES NEGATIVE NUMBERS.
R  INDICATES RECORD WAS SET OR TIED.
MM INDICATES DATA IS MISSING.
T  INDICATES TRACE AMOUNT.




$$
