000
CDUS46 KPQR 220225
CLIAST


CLIMATE REPORT
NATIONAL WEATHER SERVICE PORTLAND OREGON
625 PM PST WED FEB 21 2018


...................................

...THE ASTORIA OR CLIMATE SUMMARY FOR FEBRUARY 21 2018...
VALID TODAY AS OF 0600 PM LOCAL TIME.

CLIMATE NORMAL PERIOD 1981 TO 2010
CLIMATE RECORD PERIOD 1892 TO 2018


WEATHER ITEM   OBSERVED TIME   RECORD YEAR NORMAL DEPARTURE LAST
                VALUE   (LST)  VALUE       VALUE  FROM      YEAR
                                                  NORMAL
..................................................................
TEMPERATURE (F)
 TODAY
  MAXIMUM         40    152 PM  68    1973  52    -12       50
                                      1908
  MINIMUM         27    429 AM  24    1894  37    -10       37
  AVERAGE         34                        44    -10       44

PRECIPITATION (IN)
  TODAY            0.00          2.06 1935   0.24  -0.24     0.01
  MONTH TO DATE    4.43                      5.43  -1.00    10.88
  SINCE OCT 1     46.58                     42.65   3.93    60.56
  SINCE JAN 1     15.79                     15.63   0.16    16.69

DEGREE DAYS
 HEATING
  TODAY           31                        20     11       21
  MONTH TO DATE  455                       440     15      432
  SINCE DEC 1   1687                      1792   -105     1937
  SINCE JUL 1   2979                      3205   -226     2800

 COOLING
  TODAY            0                         0      0        0
  MONTH TO DATE    0                         0      0        0
  SINCE DEC 1      0                         0      0        0
  SINCE JAN 1      0                         0      0        0
..................................................................


WIND (MPH)
  HIGHEST WIND SPEED    10   HIGHEST WIND DIRECTION    NE (60)
  HIGHEST GUST SPEED    13   HIGHEST GUST DIRECTION    NE (60)
  AVERAGE WIND SPEED     5.6


SKY COVER
  POSSIBLE SUNSHINE  MM
  AVERAGE SKY COVER 0.3


WEATHER CONDITIONS
 THE FOLLOWING WEATHER WAS RECORDED TODAY.
  NO SIGNIFICANT WEATHER WAS OBSERVED.


RELATIVE HUMIDITY (PERCENT)
 HIGHEST    92           100 AM
 LOWEST     70          1200 PM
 AVERAGE    81

..........................................................


THE ASTORIA OR CLIMATE NORMALS FOR TOMORROW
                         NORMAL    RECORD    YEAR
 MAXIMUM TEMPERATURE (F)   52        67      1908
 MINIMUM TEMPERATURE (F)   37        29      1988
                                             1943
                                             1910


SUNRISE AND SUNSET
FEBRUARY 21 2018......SUNRISE   708 AM PST   SUNSET   551 PM PST
FEBRUARY 22 2018......SUNRISE   707 AM PST   SUNSET   552 PM PST


-  INDICATES NEGATIVE NUMBERS.
R  INDICATES RECORD WAS SET OR TIED.
MM INDICATES DATA IS MISSING.
T  INDICATES TRACE AMOUNT.




$$
