000
CDUS42 KFFC 280815
CLIATL


CLIMATE REPORT
NATIONAL WEATHER SERVICE PEACHTREE CITY GA
415 AM EDT SUN MAY 28 2017


...................................

...THE ATLANTA CLIMATE SUMMARY FOR MAY 27 2017...

CLIMATE NORMAL PERIOD 1981 TO 2010
CLIMATE RECORD PERIOD 1878 TO 2017


WEATHER ITEM   OBSERVED TIME   RECORD YEAR NORMAL DEPARTURE LAST
                VALUE   (LST)  VALUE       VALUE  FROM      YEAR
                                                  NORMAL
..................................................................
TEMPERATURE (F)
 YESTERDAY
  MAXIMUM         84    330 PM  95    1916  83      1       86
  MINIMUM         65    546 AM  41    1961  64      1       68
  AVERAGE         75                        73      2       77

PRECIPITATION (IN)
  YESTERDAY        0.00          2.66 1976   0.10  -0.10     0.00
  MONTH TO DATE    3.73                      3.22   0.51     1.25
  SINCE MAR 1     12.16                     11.39   0.77     6.61
  SINCE JAN 1     22.21                     20.26   1.95    19.14

DEGREE DAYS
 HEATING
  YESTERDAY        0                         0      0        0
  MONTH TO DATE   24                        24      0       19
  SINCE MAR 1    334                       509   -175      284
  SINCE JUL 1   1690                      2764  -1074     1999

 COOLING
  YESTERDAY       10                         8      2       12
  MONTH TO DATE  180                       148     32      159
  SINCE MAR 1    364                       213    151      271
  SINCE JAN 1    369                       214    155      271
..................................................................


WIND (MPH)
  RESULTANT WIND SPEED   7   RESULTANT WIND DIRECTION  SW (230)
  HIGHEST WIND SPEED    20   HIGHEST WIND DIRECTION     W (260)
  HIGHEST GUST SPEED    25   HIGHEST GUST DIRECTION     W (250)
  AVERAGE WIND SPEED     7.6


SKY COVER
  AVERAGE SKY COVER 0.7


WEATHER CONDITIONS
 THE FOLLOWING WEATHER WAS RECORDED YESTERDAY.
  NO SIGNIFICANT WEATHER WAS OBSERVED.


RELATIVE HUMIDITY (PERCENT)
 HIGHEST    87           400 AM
 LOWEST     58          1000 AM
 AVERAGE    73

..........................................................


THE ATLANTA CLIMATE NORMALS FOR TODAY
                         NORMAL    RECORD    YEAR
 MAXIMUM TEMPERATURE (F)   83        94      1941
 MINIMUM TEMPERATURE (F)   64        42      1961


SUNRISE AND SUNSET
MAY 28 2017...........SUNRISE   630 AM EDT   SUNSET   841 PM EDT
MAY 29 2017...........SUNRISE   629 AM EDT   SUNSET   841 PM EDT


-  INDICATES NEGATIVE NUMBERS.
R  INDICATES RECORD WAS SET OR TIED.
MM INDICATES DATA IS MISSING.
T  INDICATES TRACE AMOUNT.




$$
