126
CDUS42 KFFC 120927
CLIATL


CLIMATE REPORT
NATIONAL WEATHER SERVICE PEACHTREE CITY GA
426 AM EST FRI FEB 12 2016


...................................

...THE ATLANTA CLIMATE SUMMARY FOR FEBRUARY 11 2016...

CLIMATE NORMAL PERIOD 1981 TO 2010
CLIMATE RECORD PERIOD 1878 TO 2016


WEATHER ITEM   OBSERVED TIME   RECORD YEAR NORMAL DEPARTURE LAST
                VALUE   (LST)  VALUE       VALUE  FROM      YEAR
                                                  NORMAL
..................................................................
TEMPERATURE (F)
 YESTERDAY
  MAXIMUM         56    423 PM  75    1932  56      0       64
  MINIMUM         28    747 AM   8    1885  37     -9       32
  AVERAGE         42                        46     -4       48

PRECIPITATION (IN)
  YESTERDAY        0.00          2.92 1881   0.17  -0.17     0.00
  MONTH TO DATE    2.13                      1.82   0.31     1.27
  SINCE DEC 1     19.78                      9.92   9.86    11.14
  SINCE JAN 1      7.27                      6.02   1.25     5.63

SNOWFALL (IN)
  YESTERDAY        0.0           T    2014   0.1   -0.1      0.0
  MONTH TO DATE    T                         0.2   -0.2      0.0
  SINCE DEC 1      0.3                       1.9   -1.6      0.0
  SINCE JUL 1      0.3                       1.9   -1.6      0.0
  SNOW DEPTH       0

DEGREE DAYS
 HEATING
  YESTERDAY       23                        19      4       17
  MONTH TO DATE  207                       215     -8      210
  SINCE DEC 1   1145                      1501   -356     1338
  SINCE JUL 1   1449                      1969   -520     1885

 COOLING
  YESTERDAY        0                         0      0        0
  MONTH TO DATE    0                         0      0        0
  SINCE DEC 1     22                         1     21        0
  SINCE JAN 1      0                         0      0        0
..................................................................


WIND (MPH)
  RESULTANT WIND SPEED   2   RESULTANT WIND DIRECTION  NW (330)
  HIGHEST WIND SPEED    13   HIGHEST WIND DIRECTION     N (360)
  HIGHEST GUST SPEED    18   HIGHEST GUST DIRECTION     N (20)
  AVERAGE WIND SPEED     3.7


SKY COVER
  AVERAGE SKY COVER 0.2


WEATHER CONDITIONS
 THE FOLLOWING WEATHER WAS RECORDED YESTERDAY.
  NO SIGNIFICANT WEATHER WAS OBSERVED.


RELATIVE HUMIDITY (PERCENT)
 HIGHEST    63           800 AM
 LOWEST     26           400 PM
 AVERAGE    45

..........................................................


THE ATLANTA CLIMATE NORMALS FOR TODAY
                         NORMAL    RECORD    YEAR
 MAXIMUM TEMPERATURE (F)   56        74      1938
 MINIMUM TEMPERATURE (F)   37         3      1899


SUNRISE AND SUNSET
FEBRUARY 12 2016......SUNRISE   725 AM EST   SUNSET   619 PM EST
FEBRUARY 13 2016......SUNRISE   724 AM EST   SUNSET   620 PM EST


-  INDICATES NEGATIVE NUMBERS.
R  INDICATES RECORD WAS SET OR TIED.
MM INDICATES DATA IS MISSING.
T  INDICATES TRACE AMOUNT.




$$
