000
CDUS42 KFFC 280816
CLIATL


CLIMATE REPORT
NATIONAL WEATHER SERVICE PEACHTREE CITY GA
416 AM EDT TUE MAR 28 2017


...................................

...THE ATLANTA CLIMATE SUMMARY FOR MARCH 27 2017...

CLIMATE NORMAL PERIOD 1981 TO 2010
CLIMATE RECORD PERIOD 1878 TO 2017


WEATHER ITEM   OBSERVED TIME   RECORD YEAR NORMAL DEPARTURE LAST
                VALUE   (LST)  VALUE       VALUE  FROM      YEAR
                                                  NORMAL
..................................................................
TEMPERATURE (F)
 YESTERDAY
  MAXIMUM         78    330 PM  86    1994  68     10       66
  MINIMUM         59    601 AM  16    1955  47     12       61
  AVERAGE         69                        57     12       64

PRECIPITATION (IN)
  YESTERDAY        0.03          2.87 2005   0.15  -0.12     0.14
  MONTH TO DATE    2.31                      4.24  -1.93     2.03
  SINCE MAR 1      2.31                      4.24  -1.93     2.03
  SINCE JAN 1     12.36                     13.11  -0.75    14.56

SNOWFALL (IN)
  YESTERDAY        0.0           0.0  2002   0.0    0.0      0.0
                                      2001
                                      2000
  MONTH TO DATE    T                         0.7   -0.7       T
  SINCE MAR 1      T                         0.7   -0.7       T
  SINCE JUL 1      T                         2.8   -2.8      0.3
  SNOW DEPTH      MM

DEGREE DAYS
 HEATING
  YESTERDAY        0                         8     -8        1
  MONTH TO DATE  263                       310    -47      157
  SINCE MAR 1    263                       310    -47      157
  SINCE JUL 1   1619                      2565   -946     1872

 COOLING
  YESTERDAY        4                         1      3        0
  MONTH TO DATE   22                         3     19       35
  SINCE MAR 1     22                         3     19       35
  SINCE JAN 1     27                         4     23       35
..................................................................


WIND (MPH)
  RESULTANT WIND SPEED   7   RESULTANT WIND DIRECTION  SW (210)
  HIGHEST WIND SPEED    22   HIGHEST WIND DIRECTION    SW (240)
  HIGHEST GUST SPEED    31   HIGHEST GUST DIRECTION    SW (240)
  AVERAGE WIND SPEED     7.5


SKY COVER
  AVERAGE SKY COVER 0.7


WEATHER CONDITIONS
 THE FOLLOWING WEATHER WAS RECORDED YESTERDAY.
  LIGHT RAIN
  FOG


RELATIVE HUMIDITY (PERCENT)
 HIGHEST    93           600 AM
 LOWEST     46           700 PM
 AVERAGE    70

..........................................................


THE ATLANTA CLIMATE NORMALS FOR TODAY
                         NORMAL    RECORD    YEAR
 MAXIMUM TEMPERATURE (F)   68        85      1907
 MINIMUM TEMPERATURE (F)   47        28      1913


SUNRISE AND SUNSET
MARCH 28 2017.........SUNRISE   730 AM EDT   SUNSET   756 PM EDT
MARCH 29 2017.........SUNRISE   729 AM EDT   SUNSET   756 PM EDT


-  INDICATES NEGATIVE NUMBERS.
R  INDICATES RECORD WAS SET OR TIED.
MM INDICATES DATA IS MISSING.
T  INDICATES TRACE AMOUNT.




$$
