000
CDUS42 KFFC 010820
CLIATL


CLIMATE REPORT
NATIONAL WEATHER SERVICE PEACHTREE CITY GA
420 AM EDT TUE SEP 1 2015


...................................

...THE ATLANTA CLIMATE SUMMARY FOR AUGUST 31 2015...

CLIMATE NORMAL PERIOD 1981 TO 2010
CLIMATE RECORD PERIOD 1878 TO 2015


WEATHER ITEM   OBSERVED TIME   RECORD YEAR NORMAL DEPARTURE LAST
                VALUE   (LST)  VALUE       VALUE  FROM      YEAR
                                                  NORMAL
..................................................................
TEMPERATURE (F)
 YESTERDAY
  MAXIMUM         84    445 PM  96    1953  86     -2       89
  MINIMUM         67    615 AM  55    1887  69     -2       71
  AVERAGE         76                        78     -2       80

PRECIPITATION (IN)
  YESTERDAY        0.03          3.72 2006   0.13  -0.10      T
  MONTH TO DATE    5.77                      3.90   1.87     5.80
  SINCE JUN 1     17.69                     13.12   4.57    15.50
  SINCE JAN 1     41.41                     33.83   7.58    33.97

DEGREE DAYS
 HEATING
  YESTERDAY        0                         0      0        0
  MONTH TO DATE    0                         0      0        0
  SINCE JUN 1      0                         2     -2        0
  SINCE JUL 1      0                         0      0        0

 COOLING
  YESTERDAY       11                        13     -2       15
  MONTH TO DATE  470                       447     23      441
  SINCE JUN 1   1433                      1289    144     1255
  SINCE JAN 1   1792                      1539    253     1538
..................................................................


WIND (MPH)
  RESULTANT WIND SPEED   3   RESULTANT WIND DIRECTION   E (70)
  HIGHEST WIND SPEED    13   HIGHEST WIND DIRECTION     E (70)
  HIGHEST GUST SPEED    15   HIGHEST GUST DIRECTION    NE (60)
  AVERAGE WIND SPEED     5.0


SKY COVER
  AVERAGE SKY COVER 0.6


WEATHER CONDITIONS
 THE FOLLOWING WEATHER WAS RECORDED YESTERDAY.
  LIGHT RAIN
  FOG


RELATIVE HUMIDITY (PERCENT)
 HIGHEST    93           300 AM
 LOWEST     58           400 PM
 AVERAGE    76

..........................................................


THE ATLANTA CLIMATE NORMALS FOR TODAY
                         NORMAL    RECORD    YEAR
 MAXIMUM TEMPERATURE (F)   86        97      1957
 MINIMUM TEMPERATURE (F)   69        55      1903


SUNRISE AND SUNSET
SEPTEMBER  1 2015.....SUNRISE   711 AM EDT   SUNSET   804 PM EDT
SEPTEMBER  2 2015.....SUNRISE   712 AM EDT   SUNSET   802 PM EDT


-  INDICATES NEGATIVE NUMBERS.
R  INDICATES RECORD WAS SET OR TIED.
MM INDICATES DATA IS MISSING.
T  INDICATES TRACE AMOUNT.




$$
