000
CDUS42 KFFC 060917
CLIATL


CLIMATE REPORT
NATIONAL WEATHER SERVICE PEACHTREE CITY GA
417 AM EST FRI MAR 6 2015


...................................

...THE ATLANTA CLIMATE SUMMARY FOR MARCH 5 2015...

CLIMATE NORMAL PERIOD 1981 TO 2010
CLIMATE RECORD PERIOD 1878 TO 2015


WEATHER ITEM   OBSERVED TIME   RECORD YEAR NORMAL DEPARTURE LAST
                VALUE   (LST)  VALUE       VALUE  FROM      YEAR
                                                  NORMAL
..................................................................
TEMPERATURE (F)
 YESTERDAY
  MAXIMUM         67    503 AM  81    1955  61      6       59
  MINIMUM         29   1159 PM  10    1960  42    -13       34
  AVERAGE         48                        52     -4       47

PRECIPITATION (IN)
  YESTERDAY        0.16          1.91 1935   0.16   0.00     0.01
  MONTH TO DATE    0.65                      0.80  -0.15     0.22
  SINCE MAR 1      0.65                      0.80  -0.15     0.22
  SINCE JAN 1      9.16                      9.67  -0.51     7.38

SNOWFALL (IN)
  YESTERDAY       MM             0.0  2002   0.0   MM        0.0
                                      2000
  MONTH TO DATE    0.0                       0.1   -0.1      0.0
  SINCE MAR 1      0.0                       0.1   -0.1      0.0
  SINCE JUL 1      T                         2.2   -2.2      5.0
  SNOW DEPTH       0

DEGREE DAYS
 HEATING
  YESTERDAY       17                        14      3       18
  MONTH TO DATE   66                        71     -5       81
  SINCE MAR 1     66                        71     -5       81
  SINCE JUL 1   2424                      2326     98     2484

 COOLING
  YESTERDAY        0                         0      0        0
  MONTH TO DATE    0                         0      0        0
  SINCE MAR 1      0                         0      0        0
  SINCE JAN 1      0                         1     -1        2
..................................................................


WIND (MPH)
  RESULTANT WIND SPEED  11   RESULTANT WIND DIRECTION  NW (310)
  HIGHEST WIND SPEED    29   HIGHEST WIND DIRECTION    NW (320)
  HIGHEST GUST SPEED    39   HIGHEST GUST DIRECTION    NW (330)
  AVERAGE WIND SPEED    16.2


SKY COVER
  AVERAGE SKY COVER 0.9


WEATHER CONDITIONS
 THE FOLLOWING WEATHER WAS RECORDED YESTERDAY.
  RAIN
  LIGHT RAIN
  FOG


RELATIVE HUMIDITY (PERCENT)
 HIGHEST    93           500 AM
 LOWEST     72          1000 PM
 AVERAGE    83

..........................................................


THE ATLANTA CLIMATE NORMALS FOR TODAY
                         NORMAL    RECORD    YEAR
 MAXIMUM TEMPERATURE (F)   62        79      1974
                                             1956
                                             1945
 MINIMUM TEMPERATURE (F)   42        17      1960
                                             1901


SUNRISE AND SUNSET
MARCH  6 2015.........SUNRISE   700 AM EST   SUNSET   638 PM EST
MARCH  7 2015.........SUNRISE   659 AM EST   SUNSET   639 PM EST


-  INDICATES NEGATIVE NUMBERS.
R  INDICATES RECORD WAS SET OR TIED.
MM INDICATES DATA IS MISSING.
T  INDICATES TRACE AMOUNT.




$$
