000
CDUS42 KFFC 240817
CLIATL


CLIMATE REPORT
NATIONAL WEATHER SERVICE PEACHTREE CITY GA
416 AM EDT TUE MAY 24 2016


...................................

...THE ATLANTA CLIMATE SUMMARY FOR MAY 23 2016...

CLIMATE NORMAL PERIOD 1981 TO 2010
CLIMATE RECORD PERIOD 1878 TO 2016


WEATHER ITEM   OBSERVED TIME   RECORD YEAR NORMAL DEPARTURE LAST
                VALUE   (LST)  VALUE       VALUE  FROM      YEAR
                                                  NORMAL
..................................................................
TEMPERATURE (F)
 YESTERDAY
  MAXIMUM         83    449 PM  95    1941  82      1       81
  MINIMUM         56    539 AM  40    1883  62     -6       60
  AVERAGE         70                        72     -2       71

PRECIPITATION (IN)
  YESTERDAY        0.00          3.03 1980   0.12  -0.12     0.00
  MONTH TO DATE    1.25                      2.79  -1.54     1.59
  SINCE MAR 1      6.61                     10.96  -4.35    12.36
  SINCE JAN 1     19.14                     19.83  -0.69    20.87

DEGREE DAYS
 HEATING
  YESTERDAY        0                         0      0        0
  MONTH TO DATE   19                        24     -5        6
  SINCE MAR 1    284                       509   -225      298
  SINCE JUL 1   1999                      2764   -765     2656

 COOLING
  YESTERDAY        5                         7     -2        6
  MONTH TO DATE  114                       116     -2      184
  SINCE MAR 1    226                       181     45      280
  SINCE JAN 1    226                       182     44      280
..................................................................


WIND (MPH)
  RESULTANT WIND SPEED   7   RESULTANT WIND DIRECTION   N (340)
  HIGHEST WIND SPEED    20   HIGHEST WIND DIRECTION    NW (330)
  HIGHEST GUST SPEED    24   HIGHEST GUST DIRECTION     N (360)
  AVERAGE WIND SPEED     7.7


SKY COVER
  AVERAGE SKY COVER 0.2


WEATHER CONDITIONS
 THE FOLLOWING WEATHER WAS RECORDED YESTERDAY.
  NO SIGNIFICANT WEATHER WAS OBSERVED.


RELATIVE HUMIDITY (PERCENT)
 HIGHEST    72           400 AM
 LOWEST     28           300 PM
 AVERAGE    50

..........................................................


THE ATLANTA CLIMATE NORMALS FOR TODAY
                         NORMAL    RECORD    YEAR
 MAXIMUM TEMPERATURE (F)   82        95      1996
 MINIMUM TEMPERATURE (F)   63        45      1892


SUNRISE AND SUNSET
MAY 24 2016...........SUNRISE   631 AM EDT   SUNSET   838 PM EDT
MAY 25 2016...........SUNRISE   631 AM EDT   SUNSET   839 PM EDT


-  INDICATES NEGATIVE NUMBERS.
R  INDICATES RECORD WAS SET OR TIED.
MM INDICATES DATA IS MISSING.
T  INDICATES TRACE AMOUNT.




$$
