000
CDUS42 KFFC 240027
CLIATL


CLIMATE REPORT
NATIONAL WEATHER SERVICE PEACHTREE CITY GA
727 PM EST TUE JAN 23 2018


...................................

...THE ATLANTA CLIMATE SUMMARY FOR JANUARY 23 2018...
VALID AS OF 0700 PM LOCAL TIME.

CLIMATE NORMAL PERIOD 1981 TO 2010
CLIMATE RECORD PERIOD 1878 TO 2018


WEATHER ITEM   OBSERVED TIME   RECORD YEAR NORMAL DEPARTURE LAST
                VALUE   (LST)  VALUE       VALUE  FROM      YEAR
                                                  NORMAL
..................................................................
TEMPERATURE (F)
 TODAY
  MAXIMUM         63    216 AM  74    1937  53     10       56
  MINIMUM         44    804 AM   8    1963  34     10       48
  AVERAGE         54                        44     10       52

PRECIPITATION (IN)
  TODAY            0.00          2.57 1965   0.14  -0.14     0.30
  MONTH TO DATE    1.83                      2.98  -1.15     7.99
  SINCE DEC 1      6.21                      6.88  -0.67    10.99
  SINCE JAN 1      1.83                      2.98  -1.15     7.99

SNOWFALL (IN)
  TODAY            0.0           T    2003   0.0    0.0      0.0
  MONTH TO DATE    2.4                       1.0    1.4       T
  SINCE DEC 1      4.7                       1.4    3.3       T
  SINCE JUL 1      4.7                       1.4    3.3       T
  SNOW DEPTH       0

DEGREE DAYS
 HEATING
  TODAY           11                        21    -10       13
  MONTH TO DATE  607                       505    102      270
  SINCE DEC 1   1163                      1118     45      761
  SINCE JUL 1   1560                      1586    -26      983

 COOLING
  TODAY            0                         0      0        0
  MONTH TO DATE    0                         0      0        2
  SINCE DEC 1      0                         1     -1        2
  SINCE JAN 1      0                         0      0        2
..................................................................


WIND (MPH)
  RESULTANT WIND SPEED  13   RESULTANT WIND DIRECTION   W (270)
  HIGHEST WIND SPEED    23   HIGHEST WIND DIRECTION     W (280)
  HIGHEST GUST SPEED    33   HIGHEST GUST DIRECTION     W (270)
  AVERAGE WIND SPEED    13.7


SKY COVER
  AVERAGE SKY COVER 0.6


WEATHER CONDITIONS
 THE FOLLOWING WEATHER WAS RECORDED TODAY.
  NO SIGNIFICANT WEATHER WAS OBSERVED.


RELATIVE HUMIDITY (PERCENT)
 HIGHEST    93          1200 AM
 LOWEST     38           300 PM

..........................................................


THE ATLANTA CLIMATE NORMALS FOR TOMORROW
                         NORMAL    RECORD    YEAR
 MAXIMUM TEMPERATURE (F)   53        76      1937
 MINIMUM TEMPERATURE (F)   35        -3      1963


SUNRISE AND SUNSET
JANUARY 23 2018.......SUNRISE   739 AM EST   SUNSET   600 PM EST
JANUARY 24 2018.......SUNRISE   739 AM EST   SUNSET   601 PM EST


-  INDICATES NEGATIVE NUMBERS.
R  INDICATES RECORD WAS SET OR TIED.
MM INDICATES DATA IS MISSING.
T  INDICATES TRACE AMOUNT.




$$
