382
CDUS44 KEWX 080655
CLIATT


CLIMATE REPORT
NATIONAL WEATHER SERVICE AUSTIN/SAN ANTONIO, TX
1250 AM CST MON FEB 8 2016


...................................

...THE AUSTIN CAMP MABRY CLIMATE SUMMARY FOR FEBRUARY 7 2016...

CLIMATE NORMAL PERIOD 1981 TO 2010
CLIMATE RECORD PERIOD 1897 TO 2016


WEATHER ITEM   OBSERVED TIME   RECORD YEAR NORMAL DEPARTURE LAST
                VALUE   (LST)  VALUE       VALUE  FROM      YEAR
                                                  NORMAL
..................................................................
TEMPERATURE (F)
 YESTERDAY
  MAXIMUM         68    349 PM  85    2013  64      4       69
  MINIMUM         32    754 AM  15    1933  43    -11       40
  AVERAGE         50                        54     -4

PRECIPITATION (IN)
  YESTERDAY        0.00          0.86 1935   0.07  -0.07     0.00
  MONTH TO DATE    T                         0.46  -0.46     0.34
  SINCE DEC 1      3.34                      5.08  -1.74     6.42
  SINCE JAN 1      0.34                      2.68  -2.34     5.36

SNOWFALL (IN)
  YESTERDAY        0.0
  MONTH TO DATE    0.0
  SINCE DEC 1      0.0
  SINCE JUL 1      0.0
  SNOW DEPTH       0

DEGREE DAYS
 HEATING
  YESTERDAY       15                        12      3       10
  MONTH TO DATE   84                        86     -2      115
  SINCE DEC 1    749                       914   -165      925
  SINCE JUL 1    909                      1126   -217     1215

 COOLING
  YESTERDAY        0                         1     -1        0
  MONTH TO DATE    1                         2     -1        0
  SINCE DEC 1     29                        24      5       12
  SINCE JAN 1      9                        11     -2        3
..................................................................


WIND (MPH)
  HIGHEST WIND SPEED    13   HIGHEST WIND DIRECTION    SW (220)
  HIGHEST GUST SPEED    21   HIGHEST GUST DIRECTION     S (180)
  AVERAGE WIND SPEED     3.3


SKY COVER
  AVERAGE SKY COVER 0.0


WEATHER CONDITIONS
 THE FOLLOWING WEATHER WAS RECORDED YESTERDAY.
  NO SIGNIFICANT WEATHER WAS OBSERVED.


RELATIVE HUMIDITY (PERCENT)
 HIGHEST    96           300 AM
 LOWEST     28           300 PM
 AVERAGE    62

..........................................................


THE AUSTIN CAMP MABRY CLIMATE NORMALS FOR TODAY
                         NORMAL    RECORD    YEAR
 MAXIMUM TEMPERATURE (F)   64        85      1962
 MINIMUM TEMPERATURE (F)   44        11      1933


SUNRISE AND SUNSET
FEBRUARY  8 2016......SUNRISE   717 AM CST   SUNSET   613 PM CST
FEBRUARY  9 2016......SUNRISE   716 AM CST   SUNSET   614 PM CST


-  INDICATES NEGATIVE NUMBERS.
R  INDICATES RECORD WAS SET OR TIED.
MM INDICATES DATA IS MISSING.
T  INDICATES TRACE AMOUNT.




$$
