000
CDUS44 KEWX 310743
CLIATT


CLIMATE REPORT
NATIONAL WEATHER SERVICE AUSTIN/SAN ANTONIO, TX
241 AM CDT TUE MAY 31 2016


...................................

...THE AUSTIN CAMP MABRY CLIMATE SUMMARY FOR MAY 30 2016...

CLIMATE NORMAL PERIOD 1981 TO 2010
CLIMATE RECORD PERIOD 1897 TO 2016


WEATHER ITEM   OBSERVED TIME   RECORD YEAR NORMAL DEPARTURE LAST
                VALUE   (LST)  VALUE       VALUE  FROM      YEAR
                                                  NORMAL
..................................................................
TEMPERATURE (F)
 YESTERDAY
  MAXIMUM         89    240 PM 101    2003  90     -1       88
  MINIMUM         66    744 AM  56    1992  70     -4       70
                                      1984
  AVERAGE         78                        80     -2

PRECIPITATION (IN)
  YESTERDAY        0.31          2.25 1995   0.18   0.13      T
  MONTH TO DATE    6.08                      4.28   1.80    17.59
  SINCE MAR 1     16.71                      9.13   7.58    24.73
  SINCE JAN 1     18.39                     13.37   5.02    30.25

SNOWFALL (IN)
  YESTERDAY        0.0
  MONTH TO DATE    0.0
  SINCE MAR 1      T
  SINCE JUL 1      T
  SNOW DEPTH       0

DEGREE DAYS
 HEATING
  YESTERDAY        0                         0      0        0
  MONTH TO DATE    1                         0      1        0
  SINCE MAR 1     84                       200   -116      215
  SINCE JUL 1   1081                      1537   -456     1698

 COOLING
  YESTERDAY       13                        15     -2       14
  MONTH TO DATE  283                       346    -63      311
  SINCE MAR 1    566                       571     -5      578
  SINCE JAN 1    605                       598      7      589
..................................................................


WIND (MPH)
  HIGHEST WIND SPEED    13   HIGHEST WIND DIRECTION    SE (150)
  HIGHEST GUST SPEED    19   HIGHEST GUST DIRECTION    SE (140)
  AVERAGE WIND SPEED     4.8


SKY COVER
  AVERAGE SKY COVER 0.3


WEATHER CONDITIONS
 THE FOLLOWING WEATHER WAS RECORDED YESTERDAY.
  THUNDERSTORM
  RAIN
  LIGHT RAIN
  FOG


RELATIVE HUMIDITY (PERCENT)
 HIGHEST    93          1200 AM
 LOWEST     40           100 PM
 AVERAGE    67

..........................................................


THE AUSTIN CAMP MABRY CLIMATE NORMALS FOR TODAY
                         NORMAL    RECORD    YEAR
 MAXIMUM TEMPERATURE (F)   90       100      2004
 MINIMUM TEMPERATURE (F)   70        53      1984


SUNRISE AND SUNSET
MAY 31 2016...........SUNRISE   630 AM CDT   SUNSET   828 PM CDT
JUNE  1 2016..........SUNRISE   629 AM CDT   SUNSET   828 PM CDT


-  INDICATES NEGATIVE NUMBERS.
R  INDICATES RECORD WAS SET OR TIED.
MM INDICATES DATA IS MISSING.
T  INDICATES TRACE AMOUNT.




$$
