000
CDUS44 KEWX 222222
CLIATT


CLIMATE REPORT
NATIONAL WEATHER SERVICE AUSTIN/SAN ANTONIO, TX
521 PM CDT MON SEP 22 2014

...................................

...THE AUSTIN CAMP MABRY CLIMATE SUMMARY FOR SEPTEMBER 22 2014...
VALID TODAY AS OF 0500 PM LOCAL TIME.

CLIMATE NORMAL PERIOD 1981 TO 2010
CLIMATE RECORD PERIOD 1897 TO 2014


WEATHER ITEM   OBSERVED TIME   RECORD YEAR NORMAL DEPARTURE LAST
                VALUE   (LST)  VALUE       VALUE  FROM      YEAR
                                                  NORMAL
..................................................................
TEMPERATURE (F)
 TODAY
  MAXIMUM         91    329 PM 102    1926  89      2       87
  MINIMUM         70    631 AM  49    1995  68      2       61
                                      1983
  AVERAGE         81                        78      3       74

PRECIPITATION (IN)
  TODAY            0.00          4.00 1965   0.08  -0.08     0.00
  MONTH TO DATE    6.98                      2.28   4.70     3.87
  SINCE SEP 1      6.98                      2.28   4.70     3.87
  SINCE JAN 1     26.84                     24.37   2.47    21.65

SNOWFALL (IN)
  TODAY            0.0
  MONTH TO DATE    0.0
  SINCE SEP 1      0.0
  SINCE JUL 1      0.0
  SNOW DEPTH       0

DEGREE DAYS
 HEATING
  TODAY            0                         0      0        0
  MONTH TO DATE    2                         0      2        0
  SINCE SEP 1      2                         0      2        0
  SINCE JUL 1      2                         0      2        0

 COOLING
  TODAY           16                        13      3        9
  MONTH TO DATE  392                       354     38      443
  SINCE SEP 1    392                       354     38      443
  SINCE JAN 1   2785                      2748     37     3053
..................................................................


WIND (MPH)
  HIGHEST WIND SPEED     9   HIGHEST WIND DIRECTION     N (10)
  HIGHEST GUST SPEED    15   HIGHEST GUST DIRECTION    NE (60)
  AVERAGE WIND SPEED     3.2


SKY COVER
  AVERAGE SKY COVER 0.1


WEATHER CONDITIONS
 THE FOLLOWING WEATHER WAS RECORDED TODAY.
  NO SIGNIFICANT WEATHER WAS OBSERVED.


RELATIVE HUMIDITY (PERCENT)
 HIGHEST    90           500 AM
 LOWEST     47           300 PM
 AVERAGE    69

..........................................................


THE AUSTIN CAMP MABRY CLIMATE NORMALS FOR TOMORROW
                         NORMAL    RECORD    YEAR
 MAXIMUM TEMPERATURE (F)   88       100      2000
 MINIMUM TEMPERATURE (F)   67        52      1995
                                             1983


SUNRISE AND SUNSET
SEPTEMBER 22 2014.....SUNRISE   719 AM CDT   SUNSET   727 PM CDT
SEPTEMBER 23 2014.....SUNRISE   720 AM CDT   SUNSET   726 PM CDT


-  INDICATES NEGATIVE NUMBERS.
R  INDICATES RECORD WAS SET OR TIED.
MM INDICATES DATA IS MISSING.
T  INDICATES TRACE AMOUNT.


$$
