950
CDUS44 KEWX 020657
CLIATT


CLIMATE REPORT
NATIONAL WEATHER SERVICE AUSTIN/SAN ANTONIO, TX
156 AM CDT MON MAY 2 2016


...................................

...THE AUSTIN CAMP MABRY CLIMATE SUMMARY FOR MAY 1 2016...

CLIMATE NORMAL PERIOD 1981 TO 2010
CLIMATE RECORD PERIOD 1897 TO 2016


WEATHER ITEM   OBSERVED TIME   RECORD YEAR NORMAL DEPARTURE LAST
                VALUE   (LST)  VALUE       VALUE  FROM      YEAR
                                                  NORMAL
..................................................................
TEMPERATURE (F)
 YESTERDAY
  MAXIMUM         78    359 PM  98    1929  83     -5       84
  MINIMUM         66    529 AM  40    1925  63      3       55
  AVERAGE         72                        73     -1

PRECIPITATION (IN)
  YESTERDAY        T             3.16 1972   0.12  -0.12     0.00
                                      1944
  MONTH TO DATE    T                         0.12  -0.12     0.00
  SINCE MAR 1     10.63                      4.97   5.66     7.14
  SINCE JAN 1     12.31                      9.21   3.10    12.66

SNOWFALL (IN)
  YESTERDAY        0.0
  MONTH TO DATE    0.0
  SINCE MAR 1      T
  SINCE JUL 1      T
  SNOW DEPTH       0

DEGREE DAYS
 HEATING
  YESTERDAY        0                         0      0        0
  MONTH TO DATE    0                         0      0        0
  SINCE MAR 1     83                       200   -117      215
  SINCE JUL 1   1080                      1537   -457     1698

 COOLING
  YESTERDAY        7                         8     -1        5
  MONTH TO DATE    7                         8     -1        5
  SINCE MAR 1    290                       233     57      272
  SINCE JAN 1    329                       260     69      283
..................................................................


WIND (MPH)
  HIGHEST WIND SPEED    13   HIGHEST WIND DIRECTION     N (20)
  HIGHEST GUST SPEED    22   HIGHEST GUST DIRECTION     N (360)
  AVERAGE WIND SPEED     6.8


SKY COVER
  AVERAGE SKY COVER 0.6


WEATHER CONDITIONS
 THE FOLLOWING WEATHER WAS RECORDED YESTERDAY.
  THUNDERSTORM


RELATIVE HUMIDITY (PERCENT)
 HIGHEST    87           400 AM
 LOWEST     50           500 PM
 AVERAGE    69

..........................................................


THE AUSTIN CAMP MABRY CLIMATE NORMALS FOR TODAY
                         NORMAL    RECORD    YEAR
 MAXIMUM TEMPERATURE (F)   83        95      1964
 MINIMUM TEMPERATURE (F)   63        41      1925


SUNRISE AND SUNSET
MAY  2 2016...........SUNRISE   646 AM CDT   SUNSET   810 PM CDT
MAY  3 2016...........SUNRISE   645 AM CDT   SUNSET   810 PM CDT


-  INDICATES NEGATIVE NUMBERS.
R  INDICATES RECORD WAS SET OR TIED.
MM INDICATES DATA IS MISSING.
T  INDICATES TRACE AMOUNT.




$$
