000
CDUS44 KEWX 050707
CLIATT


CLIMATE REPORT
NATIONAL WEATHER SERVICE AUSTIN/SAN ANTONIO, TX
102 AM CST THU MAR 5 2015


...................................

...THE AUSTIN CAMP MABRY CLIMATE SUMMARY FOR MARCH 4 2015...

CLIMATE NORMAL PERIOD 1981 TO 2010
CLIMATE RECORD PERIOD 1897 TO 2015


WEATHER ITEM   OBSERVED TIME   RECORD YEAR NORMAL DEPARTURE LAST
                VALUE   (LST)  VALUE       VALUE  FROM      YEAR
                                                  NORMAL
..................................................................
TEMPERATURE (F)
 YESTERDAY
  MAXIMUM         70    259 PM  91    1991  69      1       50
  MINIMUM         34   1159 PM  24    2002  49    -15       30
  AVERAGE         52                        59     -7

PRECIPITATION (IN)
  YESTERDAY        0.15          1.56 1992   0.09   0.06     0.17
  MONTH TO DATE    0.27                      0.34  -0.07     0.33
  SINCE MAR 1      0.27                      0.34  -0.07     0.33
  SINCE JAN 1      5.79                      4.58   1.21     1.16

SNOWFALL (IN)
  YESTERDAY        0.0
  MONTH TO DATE    0.0
  SINCE MAR 1      0.0
  SINCE JUL 1      T
  SNOW DEPTH       0

DEGREE DAYS
 HEATING
  YESTERDAY       13                         8      5       25
  MONTH TO DATE   75                        32     43       68
  SINCE MAR 1     75                        32     43       68
  SINCE JUL 1   1558                      1369    189     1564

 COOLING
  YESTERDAY        0                         1     -1        0
  MONTH TO DATE    0                         4     -4        3
  SINCE MAR 1      0                         4     -4        3
  SINCE JAN 1     11                        31    -20       44
..................................................................


WIND (MPH)
  HIGHEST WIND SPEED    21   HIGHEST WIND DIRECTION     N (360)
  HIGHEST GUST SPEED    36   HIGHEST GUST DIRECTION     N (360)
  AVERAGE WIND SPEED     5.8


SKY COVER
  AVERAGE SKY COVER 1.0


WEATHER CONDITIONS
 THE FOLLOWING WEATHER WAS RECORDED YESTERDAY.
  THUNDERSTORM
  HEAVY RAIN
  LIGHT RAIN
  FOG
  FOG W/VISIBILITY <= 1/4 MILE


RELATIVE HUMIDITY (PERCENT)
 HIGHEST   100           100 AM
 LOWEST     89           500 PM
 AVERAGE    95

..........................................................


THE AUSTIN CAMP MABRY CLIMATE NORMALS FOR TODAY
                         NORMAL    RECORD    YEAR
 MAXIMUM TEMPERATURE (F)   69        91      1991
 MINIMUM TEMPERATURE (F)   49        25      1917


SUNRISE AND SUNSET
MARCH  5 2015.........SUNRISE   653 AM CST   SUNSET   632 PM CST
MARCH  6 2015.........SUNRISE   652 AM CST   SUNSET   633 PM CST


-  INDICATES NEGATIVE NUMBERS.
R  INDICATES RECORD WAS SET OR TIED.
MM INDICATES DATA IS MISSING.
T  INDICATES TRACE AMOUNT.




$$
