000
CDUS44 KEWX 040730
CLIATT


CLIMATE REPORT
NATIONAL WEATHER SERVICE AUSTIN/SAN ANTONIO, TX
230 AM CDT FRI SEP 4 2015


...................................

...THE AUSTIN CAMP MABRY CLIMATE SUMMARY FOR SEPTEMBER 3 2015...

CLIMATE NORMAL PERIOD 1981 TO 2010
CLIMATE RECORD PERIOD 1897 TO 2015


WEATHER ITEM   OBSERVED TIME   RECORD YEAR NORMAL DEPARTURE LAST
                VALUE   (LST)  VALUE       VALUE  FROM      YEAR
                                                  NORMAL
..................................................................
TEMPERATURE (F)
 YESTERDAY
  MAXIMUM         94    218 PM 108    2000  94      0      100
  MINIMUM         73    624 AM  59    1974  73      0       76
  AVERAGE         84                        84      0

PRECIPITATION (IN)
  YESTERDAY        0.00          3.15 1932   0.10  -0.10     0.00
  MONTH TO DATE    0.00                      0.33  -0.33     0.01
  SINCE SEP 1      0.00                      0.33  -0.33     0.01
  SINCE JAN 1     39.49                     22.42  17.07    19.87

SNOWFALL (IN)
  YESTERDAY        0.0
  MONTH TO DATE    0.0
  SINCE SEP 1      0.0
  SINCE JUL 1      0.0
  SNOW DEPTH       0

DEGREE DAYS
 HEATING
  YESTERDAY        0                         0      0        0
  MONTH TO DATE    0                         0      0        0
  SINCE SEP 1      0                         0      0        0
  SINCE JUL 1      0                         0      0        0

 COOLING
  YESTERDAY       19                        18      1       23
  MONTH TO DATE   56                        56      0       71
  SINCE SEP 1     56                        56      0       71
  SINCE JAN 1   2496                      2450     46     2464
..................................................................


WIND (MPH)
  HIGHEST WIND SPEED    13   HIGHEST WIND DIRECTION    SE (130)
  HIGHEST GUST SPEED    19   HIGHEST GUST DIRECTION    SE (140)
  AVERAGE WIND SPEED     3.2


SKY COVER
  AVERAGE SKY COVER 0.2


WEATHER CONDITIONS
 THE FOLLOWING WEATHER WAS RECORDED YESTERDAY.
  NO SIGNIFICANT WEATHER WAS OBSERVED.


RELATIVE HUMIDITY (PERCENT)
 HIGHEST    87           400 AM
 LOWEST     41           500 PM
 AVERAGE    64

..........................................................


THE AUSTIN CAMP MABRY CLIMATE NORMALS FOR TODAY
                         NORMAL    RECORD    YEAR
 MAXIMUM TEMPERATURE (F)   94       110      2000
 MINIMUM TEMPERATURE (F)   73        57      1934


SUNRISE AND SUNSET
SEPTEMBER  4 2015.....SUNRISE   709 AM CDT   SUNSET   750 PM CDT
SEPTEMBER  5 2015.....SUNRISE   710 AM CDT   SUNSET   749 PM CDT


-  INDICATES NEGATIVE NUMBERS.
R  INDICATES RECORD WAS SET OR TIED.
MM INDICATES DATA IS MISSING.
T  INDICATES TRACE AMOUNT.




$$
