000
CDUS44 KEWX 280729
CLIATT


CLIMATE REPORT
NATIONAL WEATHER SERVICE AUSTIN/SAN ANTONIO, TX
228 AM CDT TUE JUL 28 2015


...................................

...THE AUSTIN CAMP MABRY CLIMATE SUMMARY FOR JULY 27 2015...

CLIMATE NORMAL PERIOD 1981 TO 2010
CLIMATE RECORD PERIOD 1897 TO 2015


WEATHER ITEM   OBSERVED TIME   RECORD YEAR NORMAL DEPARTURE LAST
                VALUE   (LST)  VALUE       VALUE  FROM      YEAR
                                                  NORMAL
..................................................................
TEMPERATURE (F)
 YESTERDAY
  MAXIMUM        100    315 PM 105    2009  97      3       98
                                      1954
                                      1923
  MINIMUM         77    630 AM  68    1903  75      2       75
                                      1900
  AVERAGE         89                        86      3

PRECIPITATION (IN)
  YESTERDAY        0.00          3.28 1979   0.05  -0.05     0.00
  MONTH TO DATE    T                         1.65  -1.65     5.58
  SINCE JUN 1      8.89                      5.98   2.91     8.66
  SINCE JAN 1     39.14                     19.51  19.63    19.74

SNOWFALL (IN)
  YESTERDAY        0.0
  MONTH TO DATE    0.0
  SINCE JUN 1      0.0
  SINCE JUL 1      0.0
  SNOW DEPTH       0

DEGREE DAYS
 HEATING
  YESTERDAY        0                         0      0        0
  MONTH TO DATE    0                         0      0        0
  SINCE JUN 1      0                         0      0        0
  SINCE JUL 1      0                         0      0        0

 COOLING
  YESTERDAY       24                        21      3       22
  MONTH TO DATE  550                       536     14      520
  SINCE JUN 1   1040                      1052    -12     1039
  SINCE JAN 1   1641                      1665    -24     1613
..................................................................


WIND (MPH)
  HIGHEST WIND SPEED    13   HIGHEST WIND DIRECTION    SE (140)
  HIGHEST GUST SPEED    20   HIGHEST GUST DIRECTION    SE (150)
  AVERAGE WIND SPEED     5.8


SKY COVER
  AVERAGE SKY COVER 0.3


WEATHER CONDITIONS
 THE FOLLOWING WEATHER WAS RECORDED YESTERDAY.
  FOG
  HAZE


RELATIVE HUMIDITY (PERCENT)
 HIGHEST    88           400 AM
 LOWEST     35           400 PM
 AVERAGE    62

..........................................................


THE AUSTIN CAMP MABRY CLIMATE NORMALS FOR TODAY
                         NORMAL    RECORD    YEAR
 MAXIMUM TEMPERATURE (F)   97       105      1923
 MINIMUM TEMPERATURE (F)   75        68      1916
                                             1903


SUNRISE AND SUNSET
JULY 28 2015..........SUNRISE   647 AM CDT   SUNSET   827 PM CDT
JULY 29 2015..........SUNRISE   647 AM CDT   SUNSET   827 PM CDT


-  INDICATES NEGATIVE NUMBERS.
R  INDICATES RECORD WAS SET OR TIED.
MM INDICATES DATA IS MISSING.
T  INDICATES TRACE AMOUNT.




$$
