000
CDUS44 KEWX 270707
CLIATT


CLIMATE REPORT
NATIONAL WEATHER SERVICE AUSTIN/SAN ANTONIO, TX
206 AM CDT TUE JUN 27 2017


...................................

...THE AUSTIN CAMP MABRY CLIMATE SUMMARY FOR JUNE 26 2017...

CLIMATE NORMAL PERIOD 1981 TO 2010
CLIMATE RECORD PERIOD 1897 TO 2017


WEATHER ITEM   OBSERVED TIME   RECORD YEAR NORMAL DEPARTURE LAST
                VALUE   (LST)  VALUE       VALUE  FROM      YEAR
                                                  NORMAL
..................................................................
TEMPERATURE (F)
 YESTERDAY
  MAXIMUM         91    300 PM 109    2012  93     -2       95
  MINIMUM         72   1159 PM  59    1940  74     -2       76
  AVERAGE         82                        84     -2

PRECIPITATION (IN)
  YESTERDAY        1.07          2.22 1993   0.10   0.97     0.00
  MONTH TO DATE    3.04                      3.94  -0.90     2.28
  SINCE JUN 1      3.04                      3.94  -0.90     2.28
  SINCE JAN 1     15.82                     17.47  -1.65    21.74

SNOWFALL (IN)
  YESTERDAY        0.0
  MONTH TO DATE    0.0
  SINCE JUN 1      0.0
  SINCE JUL 1      T
  SNOW DEPTH       0

DEGREE DAYS
 HEATING
  YESTERDAY        0                         0      0        0
  MONTH TO DATE    0                         0      0        0
  SINCE JUN 1      0                         0      0        0
  SINCE JUL 1    834                      1539   -705     1081

 COOLING
  YESTERDAY       17                        18     -1       21
  MONTH TO DATE  498                       440     58      467
  SINCE JUN 1    498                       440     58      467
  SINCE JAN 1   1360                      1053    307     1082
..................................................................


WIND (MPH)
  HIGHEST WIND SPEED    15   HIGHEST WIND DIRECTION    SE (140)
  HIGHEST GUST SPEED    22   HIGHEST GUST DIRECTION     S (180)
  AVERAGE WIND SPEED     2.4


SKY COVER
  AVERAGE SKY COVER 0.7


WEATHER CONDITIONS
 THE FOLLOWING WEATHER WAS RECORDED YESTERDAY.
  THUNDERSTORM
  HEAVY RAIN
  RAIN
  LIGHT RAIN
  FOG


RELATIVE HUMIDITY (PERCENT)
 HIGHEST   100           700 AM
 LOWEST     47           400 PM
 AVERAGE    74

..........................................................


THE AUSTIN CAMP MABRY CLIMATE NORMALS FOR TODAY
                         NORMAL    RECORD    YEAR
 MAXIMUM TEMPERATURE (F)   94       106      2012
 MINIMUM TEMPERATURE (F)   74        61      1974
                                             1968


SUNRISE AND SUNSET
JUNE 27 2017..........SUNRISE   631 AM CDT   SUNSET   837 PM CDT
JUNE 28 2017..........SUNRISE   632 AM CDT   SUNSET   837 PM CDT


-  INDICATES NEGATIVE NUMBERS.
R  INDICATES RECORD WAS SET OR TIED.
MM INDICATES DATA IS MISSING.
T  INDICATES TRACE AMOUNT.




$$
