000
CDUS44 KEWX 230711
CLIATT


CLIMATE REPORT
NATIONAL WEATHER SERVICE AUSTIN/SAN ANTONIO, TX
211 AM CDT WED AUG 23 2017


...................................

...THE AUSTIN CAMP MABRY CLIMATE SUMMARY FOR AUGUST 22 2017...

CLIMATE NORMAL PERIOD 1981 TO 2010
CLIMATE RECORD PERIOD 1897 TO 2017


WEATHER ITEM   OBSERVED TIME   RECORD YEAR NORMAL DEPARTURE LAST
                VALUE   (LST)  VALUE       VALUE  FROM      YEAR
                                                  NORMAL
..................................................................
TEMPERATURE (F)
 YESTERDAY
  MAXIMUM        100    347 PM 105    2011  97      3       91
                                      1925
                                      1917
  MINIMUM         76    632 AM  60    1901  75      1       75
  AVERAGE         88                        86      2

PRECIPITATION (IN)
  YESTERDAY        0.00          1.00 1894   0.09  -0.09     0.04
  MONTH TO DATE    2.44                      1.47   0.97     6.58
  SINCE JUN 1      5.72                      7.68  -1.96    11.13
  SINCE JAN 1     18.50                     21.21  -2.71    30.59

SNOWFALL (IN)
  YESTERDAY        0.0
  MONTH TO DATE    0.0
  SINCE JUN 1      0.0
  SINCE JUL 1      0.0
  SNOW DEPTH       0

DEGREE DAYS
 HEATING
  YESTERDAY        0                         0      0        0
  MONTH TO DATE    0                         0      0        0
  SINCE JUN 1      0                         0      0        0
  SINCE JUL 1      0                         0      0        0

 COOLING
  YESTERDAY       23                        21      2       18
  MONTH TO DATE  499                       462     37      441
  SINCE JUN 1   1825                      1598    227     1711
  SINCE JAN 1   2687                      2211    476     2326
..................................................................


WIND (MPH)
  HIGHEST WIND SPEED    10   HIGHEST WIND DIRECTION     S (170)
  HIGHEST GUST SPEED    17   HIGHEST GUST DIRECTION     S (190)
  AVERAGE WIND SPEED     3.6


SKY COVER
  AVERAGE SKY COVER 0.1


WEATHER CONDITIONS
 THE FOLLOWING WEATHER WAS RECORDED YESTERDAY.
  NO SIGNIFICANT WEATHER WAS OBSERVED.


RELATIVE HUMIDITY (PERCENT)
 HIGHEST    87           500 AM
 LOWEST     31           400 PM
 AVERAGE    59

..........................................................


THE AUSTIN CAMP MABRY CLIMATE NORMALS FOR TODAY
                         NORMAL    RECORD    YEAR
 MAXIMUM TEMPERATURE (F)   97       106      2010
 MINIMUM TEMPERATURE (F)   75        64      1961
                                             1949


SUNRISE AND SUNSET
AUGUST 23 2017........SUNRISE   703 AM CDT   SUNSET   803 PM CDT
AUGUST 24 2017........SUNRISE   703 AM CDT   SUNSET   802 PM CDT


-  INDICATES NEGATIVE NUMBERS.
R  INDICATES RECORD WAS SET OR TIED.
MM INDICATES DATA IS MISSING.
T  INDICATES TRACE AMOUNT.




$$
