000
CDUS44 KEWX 190719
CLIATT


CLIMATE REPORT
NATIONAL WEATHER SERVICE AUSTIN/SAN ANTONIO, TX
217 AM CDT SAT APR 19 2014


...................................

...THE AUSTIN CAMP MABRY CLIMATE SUMMARY FOR APRIL 18 2014...

CLIMATE NORMAL PERIOD 1981 TO 2010
CLIMATE RECORD PERIOD 1898 TO 2014


WEATHER ITEM   OBSERVED TIME   RECORD YEAR NORMAL DEPARTURE LAST
                VALUE   (LST)  VALUE       VALUE  FROM      YEAR
                                                  NORMAL
..................................................................
TEMPERATURE (F)
 YESTERDAY
  MAXIMUM         78    307 PM  98    2006  80     -2       75
                                      1925
  MINIMUM         59    225 AM  36    1901  59      0       50
  AVERAGE         69                        70     -1

PRECIPITATION (IN)
  YESTERDAY        0.01          3.56 1976   0.07  -0.06     0.36
  MONTH TO DATE    1.88                      1.13   0.75     3.19
  SINCE MAR 1      3.15                      3.89  -0.74     4.36
  SINCE JAN 1      3.98                      8.13  -4.15     7.62

SNOWFALL (IN)
  YESTERDAY        0.0
  MONTH TO DATE    T
  SINCE MAR 1      T
  SINCE JUL 1      0.2
  SNOW DEPTH       0

DEGREE DAYS
 HEATING
  YESTERDAY        0                         1     -1        2
  MONTH TO DATE   49                        32     17       49
  SINCE MAR 1    275                       194     81      188
  SINCE JUL 1   1771                      1531    240     1209

 COOLING
  YESTERDAY        4                         6     -2        0
  MONTH TO DATE   71                        82    -11       91
  SINCE MAR 1    114                       143    -29      169
  SINCE JAN 1    155                       170    -15      218
..................................................................


WIND (MPH)
  HIGHEST WIND SPEED     9   HIGHEST WIND DIRECTION    NE (40)
  HIGHEST GUST SPEED    16   HIGHEST GUST DIRECTION     E (70)
  AVERAGE WIND SPEED     2.3


SKY COVER
  AVERAGE SKY COVER 0.6


WEATHER CONDITIONS
 THE FOLLOWING WEATHER WAS RECORDED YESTERDAY.
  LIGHT RAIN
  FOG
  HAZE


RELATIVE HUMIDITY (PERCENT)
 HIGHEST    93          1200 AM
 LOWEST     43           500 PM
 AVERAGE    68

..........................................................


THE AUSTIN CAMP MABRY CLIMATE NORMALS FOR TODAY
                         NORMAL    RECORD    YEAR
 MAXIMUM TEMPERATURE (F)   81        98      1951
 MINIMUM TEMPERATURE (F)   60        35      1901


SUNRISE AND SUNSET
APRIL 19 2014.........SUNRISE   659 AM CDT   SUNSET   801 PM CDT
APRIL 20 2014.........SUNRISE   658 AM CDT   SUNSET   802 PM CDT


-  INDICATES NEGATIVE NUMBERS.
R  INDICATES RECORD WAS SET OR TIED.
MM INDICATES DATA IS MISSING.
T  INDICATES TRACE AMOUNT.




$$
