000
CDUS44 KEWX 210859
CLIATT


CLIMATE REPORT
NATIONAL WEATHER SERVICE AUSTIN/SAN ANTONIO, TX
259 AM CST FRI NOV 21 2014


...................................

...THE AUSTIN CAMP MABRY CLIMATE SUMMARY FOR NOVEMBER 20 2014...

CLIMATE NORMAL PERIOD 1981 TO 2010
CLIMATE RECORD PERIOD 1897 TO 2014


WEATHER ITEM   OBSERVED TIME   RECORD YEAR NORMAL DEPARTURE LAST
                VALUE   (LST)  VALUE       VALUE  FROM      YEAR
                                                  NORMAL
..................................................................
TEMPERATURE (F)
 YESTERDAY
  MAXIMUM         70    441 PM  84    2007  70      0       71
  MINIMUM         44    625 AM  28    1937  49     -5       59
  AVERAGE         57                        59     -2

PRECIPITATION (IN)
  YESTERDAY        0.01          1.63 2009   0.09  -0.08     0.01
  MONTH TO DATE    2.15                      2.07   0.08     0.39
  SINCE SEP 1     10.98                      8.94   2.04    19.49
  SINCE JAN 1     30.84                     31.03  -0.19    37.27

SNOWFALL (IN)
  YESTERDAY       MM
  MONTH TO DATE    0.0
  SINCE SEP 1      0.0
  SINCE JUL 1      0.0
  SNOW DEPTH       0

DEGREE DAYS
 HEATING
  YESTERDAY        8                         7      1        0
  MONTH TO DATE  237                        94    143       83
  SINCE SEP 1    239                       125    114      103
  SINCE JUL 1    239                       125    114      103

 COOLING
  YESTERDAY        0                         1     -1        0
  MONTH TO DATE    5                        51    -46       39
  SINCE SEP 1    783                       722     61      830
  SINCE JAN 1   3176                      3116     60     3440
..................................................................


WIND (MPH)
  HIGHEST WIND SPEED    12   HIGHEST WIND DIRECTION    SE (150)
  HIGHEST GUST SPEED    16   HIGHEST GUST DIRECTION    SE (140)
  AVERAGE WIND SPEED     3.4


SKY COVER
  AVERAGE SKY COVER 0.6


WEATHER CONDITIONS
 THE FOLLOWING WEATHER WAS RECORDED YESTERDAY.
  LIGHT RAIN
  FOG


RELATIVE HUMIDITY (PERCENT)
 HIGHEST   100           600 AM
 LOWEST     70           100 PM
 AVERAGE    85

..........................................................


THE AUSTIN CAMP MABRY CLIMATE NORMALS FOR TODAY
                         NORMAL    RECORD    YEAR
 MAXIMUM TEMPERATURE (F)   69        89      2007
 MINIMUM TEMPERATURE (F)   49        30      1937
                                             1906
                                             1898


SUNRISE AND SUNSET
NOVEMBER 21 2014......SUNRISE   701 AM CST   SUNSET   532 PM CST
NOVEMBER 22 2014......SUNRISE   702 AM CST   SUNSET   531 PM CST


-  INDICATES NEGATIVE NUMBERS.
R  INDICATES RECORD WAS SET OR TIED.
MM INDICATES DATA IS MISSING.
T  INDICATES TRACE AMOUNT.




$$
