000
CDUS43 KABR 260907
CLIATY


CLIMATE REPORT
NATIONAL WEATHER SERVICE ABERDEEN SD
406 AM CDT THU MAY 26 2016


...................................

...THE WATERTOWN SD CLIMATE SUMMARY FOR MAY 25 2016...

CLIMATE NORMAL PERIOD 1981 TO 2010
CLIMATE RECORD PERIOD 1898 TO 2016


WEATHER ITEM   OBSERVED TIME   RECORD YEAR NORMAL DEPARTURE LAST
                VALUE   (LST)  VALUE       VALUE  FROM      YEAR
                                                  NORMAL
..................................................................
TEMPERATURE (F)
 YESTERDAY
  MAXIMUM         76    514 PM  92    1926  70      6       61
  MINIMUM         57   1122 PM  28    1925  48      9       50
  AVERAGE         67                        59      8       56

PRECIPITATION (IN)
  YESTERDAY        0.27          1.05 1957   0.09   0.18     0.26
  MONTH TO DATE    1.28                      2.07  -0.79     3.75
  SINCE MAR 1      3.80                      5.20  -1.40     4.49
  SINCE JAN 1      4.83                      6.28  -1.45     5.14

DEGREE DAYS
 HEATING
  YESTERDAY        0                         7     -7        9
  MONTH TO DATE  209                       258    -49      272
  SINCE MAR 1   1560                      1998   -438     1754
  SINCE JUL 1   6879                      8409  -1530     8146

 COOLING
  YESTERDAY        2                         1      1        0
  MONTH TO DATE   19                        14      5        0
  SINCE MAR 1     19                        16      3        0
  SINCE JAN 1     19                        16      3        0
..................................................................


WIND (MPH)
  HIGHEST WIND SPEED    28   HIGHEST WIND DIRECTION    SW (220)
  HIGHEST GUST SPEED    32   HIGHEST GUST DIRECTION    SW (220)
  AVERAGE WIND SPEED    12.2


SKY COVER
  POSSIBLE SUNSHINE  MM
  AVERAGE SKY COVER 0.4


WEATHER CONDITIONS
 THE FOLLOWING WEATHER WAS RECORDED YESTERDAY.
  THUNDERSTORM
  HEAVY RAIN
  RAIN
  LIGHT RAIN
  FOG


RELATIVE HUMIDITY (PERCENT)
 HIGHEST    87           500 AM
 LOWEST     51          1200 AM
 AVERAGE    69

..........................................................


THE WATERTOWN SD CLIMATE NORMALS FOR TODAY
                         NORMAL    RECORD    YEAR
 MAXIMUM TEMPERATURE (F)   70        91      1911
 MINIMUM TEMPERATURE (F)   48        30      1961
                                             1971


SUNRISE AND SUNSET
MAY 26 2016...........SUNRISE   549 AM CDT   SUNSET   903 PM CDT
MAY 27 2016...........SUNRISE   548 AM CDT   SUNSET   904 PM CDT


-  INDICATES NEGATIVE NUMBERS.
R  INDICATES RECORD WAS SET OR TIED.
MM INDICATES DATA IS MISSING.
T  INDICATES TRACE AMOUNT.




$$
