000
CDUS43 KABR 171037
CLIATY


CLIMATE REPORT
NATIONAL WEATHER SERVICE ABERDEEN SD
435 AM CST TUE JAN 17 2017


...................................

...THE WATERTOWN SD CLIMATE SUMMARY FOR JANUARY 16 2017...

CLIMATE NORMAL PERIOD 1981 TO 2010
CLIMATE RECORD PERIOD 1898 TO 2017


WEATHER ITEM   OBSERVED TIME   RECORD YEAR NORMAL DEPARTURE LAST
                VALUE   (LST)  VALUE       VALUE  FROM      YEAR
                                                  NORMAL
..................................................................
TEMPERATURE (F)
 YESTERDAY
  MAXIMUM         26    304 PM  45    1974  22      4        3
  MINIMUM          2   1159 PM -26    1977   3     -1      -13
  AVERAGE         14                        12      2       -5

PRECIPITATION (IN)
  YESTERDAY        0.00          0.40 1911   0.02  -0.02     0.01
  MONTH TO DATE    0.57                      0.27   0.30     0.12
  SINCE DEC 1      1.82                      0.80   1.02     0.44
  SINCE JAN 1      0.57                      0.27   0.30     0.12

SNOWFALL (IN)
  YESTERDAY        0.0
  MONTH TO DATE    9.0
  SINCE OCT 1     26.7
  SINCE JUL 1     26.7
  SNOW DEPTH      15

DEGREE DAYS
 HEATING
  YESTERDAY       51                        53     -2       70
  MONTH TO DATE  993                       841    152      820
  SINCE DEC 1   2588                      2360    228     2085
  SINCE JUL 1   3959                      4300   -341     3444

 COOLING
  YESTERDAY        0                         0      0        0
  MONTH TO DATE    0                         0      0        0
  SINCE DEC 1      0                         0      0        0
  SINCE JAN 1      0                         0      0        0
..................................................................


WIND (MPH)
  HIGHEST WIND SPEED    10   HIGHEST WIND DIRECTION    NW (320)
  HIGHEST GUST SPEED    11   HIGHEST GUST DIRECTION    NW (320)
  AVERAGE WIND SPEED     2.6


SKY COVER
  POSSIBLE SUNSHINE  MM
  AVERAGE SKY COVER 0.1


WEATHER CONDITIONS
 THE FOLLOWING WEATHER WAS RECORDED YESTERDAY.
  FOG
  FOG W/VISIBILITY <= 1/4 MILE
  HAZE


RELATIVE HUMIDITY (PERCENT)
 HIGHEST   100           400 AM
 LOWEST     75           300 PM
 AVERAGE    88

..........................................................


THE WATERTOWN SD CLIMATE NORMALS FOR TODAY
                         NORMAL    RECORD    YEAR
 MAXIMUM TEMPERATURE (F)   22        50      1913
 MINIMUM TEMPERATURE (F)    3       -33      1943


SUNRISE AND SUNSET
JANUARY 17 2017.......SUNRISE   802 AM CST   SUNSET   516 PM CST
JANUARY 18 2017.......SUNRISE   801 AM CST   SUNSET   518 PM CST


-  INDICATES NEGATIVE NUMBERS.
R  INDICATES RECORD WAS SET OR TIED.
MM INDICATES DATA IS MISSING.
T  INDICATES TRACE AMOUNT.




$$
