000
CDUS43 KABR 041029
CLIATY


CLIMATE REPORT
NATIONAL WEATHER SERVICE ABERDEEN SD
529 AM CDT TUE AUG 4 2015


...................................

...THE WATERTOWN SD CLIMATE SUMMARY FOR AUGUST 3 2015...

CLIMATE NORMAL PERIOD 1981 TO 2010
CLIMATE RECORD PERIOD 1898 TO 2015


WEATHER ITEM   OBSERVED TIME   RECORD YEAR NORMAL DEPARTURE LAST
                VALUE   (LST)  VALUE       VALUE  FROM      YEAR
                                                  NORMAL
..................................................................
TEMPERATURE (F)
 YESTERDAY
  MAXIMUM         79    423 PM 104    1930  82     -3       84
  MINIMUM         53    602 AM  38    1971  59     -6       58
  AVERAGE         66                        70     -4       71

PRECIPITATION (IN)
  YESTERDAY        0.00          1.78 1984   0.09  -0.09     0.00
  MONTH TO DATE    T                         0.27  -0.27     0.00
  SINCE JUN 1      6.50                      6.87  -0.37     5.85
  SINCE JAN 1     12.50                     13.72  -1.22    10.72

DEGREE DAYS
 HEATING
  YESTERDAY        0                         1     -1        0
  MONTH TO DATE    0                         3     -3        0
  SINCE JUN 1     40                        98    -58       98
  SINCE JUL 1     13                        20     -7       35

 COOLING
  YESTERDAY        1                         6     -5        6
  MONTH TO DATE   14                        18     -4       14
  SINCE JUN 1    334                       320     14      196
  SINCE JAN 1    342                       342      0      237
..................................................................


WIND (MPH)
  HIGHEST WIND SPEED    14   HIGHEST WIND DIRECTION    NW (330)
  HIGHEST GUST SPEED    19   HIGHEST GUST DIRECTION     W (280)
  AVERAGE WIND SPEED     4.8


SKY COVER
  POSSIBLE SUNSHINE  MM
  AVERAGE SKY COVER 0.0


WEATHER CONDITIONS
 THE FOLLOWING WEATHER WAS RECORDED YESTERDAY.
  FOG


RELATIVE HUMIDITY (PERCENT)
 HIGHEST    93           500 AM
 LOWEST     39           200 PM
 AVERAGE    66

..........................................................


THE WATERTOWN SD CLIMATE NORMALS FOR TODAY
                         NORMAL    RECORD    YEAR
 MAXIMUM TEMPERATURE (F)   82       105      1934
 MINIMUM TEMPERATURE (F)   59        40      1974


SUNRISE AND SUNSET
AUGUST  4 2015........SUNRISE   617 AM CDT   SUNSET   851 PM CDT
AUGUST  5 2015........SUNRISE   619 AM CDT   SUNSET   850 PM CDT


-  INDICATES NEGATIVE NUMBERS.
R  INDICATES RECORD WAS SET OR TIED.
MM INDICATES DATA IS MISSING.
T  INDICATES TRACE AMOUNT.




$$
