000
CDUS43 KABR 280908
CLIATY


CLIMATE REPORT
NATIONAL WEATHER SERVICE ABERDEEN SD
407 AM CDT MON JUL 28 2014


...................................

...THE WATERTOWN SD CLIMATE SUMMARY FOR JULY 27 2014...

CLIMATE NORMAL PERIOD 1981 TO 2010
CLIMATE RECORD PERIOD 1898 TO 2014


WEATHER ITEM   OBSERVED TIME   RECORD YEAR NORMAL DEPARTURE LAST
                VALUE   (LST)  VALUE       VALUE  FROM      YEAR
                                                  NORMAL
..................................................................
TEMPERATURE (F)
 YESTERDAY
  MAXIMUM         66    359 PM 105    1931  83    -17       68
  MINIMUM         54   1159 PM  42    2013  60     -6       42
  AVERAGE         60                        71    -11       55

PRECIPITATION (IN)
  YESTERDAY        0.00          0.97 1910   0.10  -0.10     0.00
  MONTH TO DATE    1.25                      2.63  -1.38     2.61
  SINCE JUN 1      5.85                      6.21  -0.36     8.12
  SINCE JAN 1     10.72                     13.06  -2.34    16.11

DEGREE DAYS
 HEATING
  YESTERDAY        5                         1      4       10
  MONTH TO DATE   31                        14     17       19
  SINCE JUN 1     94                        92      2      107
  SINCE JUL 1     31                        14     17       19

 COOLING
  YESTERDAY        0                         7     -7        0
  MONTH TO DATE  119                       182    -63      192
  SINCE JUN 1    180                       278    -98      281
  SINCE JAN 1    221                       300    -79      303
..................................................................


WIND (MPH)
  HIGHEST WIND SPEED    29   HIGHEST WIND DIRECTION     N (340)
  HIGHEST GUST SPEED    34   HIGHEST GUST DIRECTION     N (340)
  AVERAGE WIND SPEED    16.1


SKY COVER
  POSSIBLE SUNSHINE  MM
  AVERAGE SKY COVER 0.7


WEATHER CONDITIONS
 THE FOLLOWING WEATHER WAS RECORDED YESTERDAY.
  NO SIGNIFICANT WEATHER WAS OBSERVED.


RELATIVE HUMIDITY (PERCENT)
 HIGHEST    90           500 PM
 LOWEST     63          1200 AM
 AVERAGE    77

..........................................................


THE WATERTOWN SD CLIMATE NORMALS FOR TODAY
                         NORMAL    RECORD    YEAR
 MAXIMUM TEMPERATURE (F)   83       105      1933
 MINIMUM TEMPERATURE (F)   60        41      1928


SUNRISE AND SUNSET
JULY 28 2014..........SUNRISE   610 AM CDT   SUNSET   900 PM CDT
JULY 29 2014..........SUNRISE   611 AM CDT   SUNSET   859 PM CDT


-  INDICATES NEGATIVE NUMBERS.
R  INDICATES RECORD WAS SET OR TIED.
MM INDICATES DATA IS MISSING.
T  INDICATES TRACE AMOUNT.




$$
