000
CDUS43 KABR 232235
CLIATY


CLIMATE REPORT
NATIONAL WEATHER SERVICE ABERDEEN SD
533 PM CDT FRI JUN 23 2017


...................................

...THE WATERTOWN SD CLIMATE SUMMARY FOR JUNE 23 2017...
VALID TODAY AS OF 0500 PM LOCAL TIME.

CLIMATE NORMAL PERIOD 1981 TO 2010
CLIMATE RECORD PERIOD 1898 TO 2017


WEATHER ITEM   OBSERVED TIME   RECORD YEAR NORMAL DEPARTURE LAST
                VALUE   (LST)  VALUE       VALUE  FROM      YEAR
                                                  NORMAL
..................................................................
TEMPERATURE (F)
 TODAY
  MAXIMUM         63    359 PM 100    1937  79    -16       80
  MINIMUM         54   1254 AM  39    1926  57     -3       57
  AVERAGE         59                        68     -9       69

PRECIPITATION (IN)
  TODAY            T             2.40 1925   0.12  -0.12     0.00
  MONTH TO DATE    3.70                      2.79   0.91     1.53
  SINCE JUN 1      3.70                      2.79   0.91     1.53
  SINCE JAN 1      8.65                      9.64  -0.99     7.18

SNOWFALL (IN)
  TODAY            0.0
  MONTH TO DATE    0.0
  SINCE OCT 1     40.7
  SINCE JUL 1     40.7
  SNOW DEPTH       0

DEGREE DAYS
 HEATING
  TODAY            6                         1      5        0
  MONTH TO DATE   15                        70    -55       23
  SINCE JUN 1     15                        70    -55       23
  SINCE JUL 1   7639                      8517   -878     6911

 COOLING
  TODAY            0                         4     -4        4
  MONTH TO DATE  101                        59     42      159
  SINCE JUN 1    101                        59     42      159
  SINCE JAN 1    112                        81     31      183
..................................................................


WIND (MPH)
  HIGHEST WIND SPEED    26   HIGHEST WIND DIRECTION    NW (300)
  HIGHEST GUST SPEED    34   HIGHEST GUST DIRECTION    NW (310)
  AVERAGE WIND SPEED    16.6


SKY COVER
  POSSIBLE SUNSHINE  MM
  AVERAGE SKY COVER 0.6


WEATHER CONDITIONS
 THE FOLLOWING WEATHER WAS RECORDED TODAY.
  LIGHT RAIN
  FOG


RELATIVE HUMIDITY (PERCENT)
 HIGHEST    93          1200 AM
 LOWEST     56           400 PM
 AVERAGE    75

..........................................................


THE WATERTOWN SD CLIMATE NORMALS FOR TOMORROW
                         NORMAL    RECORD    YEAR
 MAXIMUM TEMPERATURE (F)   80       105      1988
 MINIMUM TEMPERATURE (F)   57        40      1958


SUNRISE AND SUNSET
JUNE 23 2017..........SUNRISE   543 AM CDT   SUNSET   919 PM CDT
JUNE 24 2017..........SUNRISE   543 AM CDT   SUNSET   919 PM CDT


-  INDICATES NEGATIVE NUMBERS.
R  INDICATES RECORD WAS SET OR TIED.
MM INDICATES DATA IS MISSING.
T  INDICATES TRACE AMOUNT.




$$
