268
CDUS43 KABR 181032
CLIATY


CLIMATE REPORT
NATIONAL WEATHER SERVICE ABERDEEN SD
432 AM CST THU JAN 18 2018


...................................

...THE WATERTOWN SD CLIMATE SUMMARY FOR JANUARY 17 2018...

CLIMATE NORMAL PERIOD 1981 TO 2010
CLIMATE RECORD PERIOD 1898 TO 2018


WEATHER ITEM   OBSERVED TIME   RECORD YEAR NORMAL DEPARTURE LAST
                VALUE   (LST)  VALUE       VALUE  FROM      YEAR
                                                  NORMAL
..................................................................
TEMPERATURE (F)
 YESTERDAY
  MAXIMUM         30    359 PM  50    1913  22      8       22
  MINIMUM          1   1219 AM -33    1943   3     -2       -2
  AVERAGE         16                        12      4       10

PRECIPITATION (IN)
  YESTERDAY        0.00          0.28 1995   0.02  -0.02     0.00
  MONTH TO DATE    0.04                      0.29  -0.25     0.57
  SINCE DEC 1      0.29                      0.82  -0.53     1.82
  SINCE JAN 1      0.04                      0.29  -0.25     0.57

SNOWFALL (IN)
  YESTERDAY        0.0
  MONTH TO DATE    0.8
  SINCE OCT 1      7.2
  SINCE JUL 1      7.2
  SNOW DEPTH       2

DEGREE DAYS
 HEATING
  YESTERDAY       49                        53     -4       55
  MONTH TO DATE  995                       894    101     1048
  SINCE DEC 1   2448                      2413     35     2643
  SINCE JUL 1   4213                      4353   -140     4014

 COOLING
  YESTERDAY        0                         0      0        0
  MONTH TO DATE    0                         0      0        0
  SINCE DEC 1      0                         0      0        0
  SINCE JAN 1      0                         0      0        0
..................................................................


WIND (MPH)
  HIGHEST WIND SPEED    22   HIGHEST WIND DIRECTION    SW (230)
  HIGHEST GUST SPEED    26   HIGHEST GUST DIRECTION    SW (230)
  AVERAGE WIND SPEED    10.5


SKY COVER
  POSSIBLE SUNSHINE  MM
  AVERAGE SKY COVER 0.0


WEATHER CONDITIONS
 THE FOLLOWING WEATHER WAS RECORDED YESTERDAY.
  NO SIGNIFICANT WEATHER WAS OBSERVED.


RELATIVE HUMIDITY (PERCENT)
 HIGHEST    92           800 PM
 LOWEST     57           100 PM
 AVERAGE    75

..........................................................


THE WATERTOWN SD CLIMATE NORMALS FOR TODAY
                         NORMAL    RECORD    YEAR
 MAXIMUM TEMPERATURE (F)   22        47      1923
 MINIMUM TEMPERATURE (F)    3       -31      1970


SUNRISE AND SUNSET
JANUARY 18 2018.......SUNRISE   801 AM CST   SUNSET   517 PM CST
JANUARY 19 2018.......SUNRISE   800 AM CST   SUNSET   519 PM CST


-  INDICATES NEGATIVE NUMBERS.
R  INDICATES RECORD WAS SET OR TIED.
MM INDICATES DATA IS MISSING.
T  INDICATES TRACE AMOUNT.




$$
