000
CDUS43 KABR 271052
CLIATY


CLIMATE REPORT
NATIONAL WEATHER SERVICE ABERDEEN SD
551 AM CDT WED JUL 27 2016


...................................

...THE WATERTOWN SD CLIMATE SUMMARY FOR JULY 26 2016...

CLIMATE NORMAL PERIOD 1981 TO 2010
CLIMATE RECORD PERIOD 1898 TO 2016


WEATHER ITEM   OBSERVED TIME   RECORD YEAR NORMAL DEPARTURE LAST
                VALUE   (LST)  VALUE       VALUE  FROM      YEAR
                                                  NORMAL
..................................................................
TEMPERATURE (F)
 YESTERDAY
  MAXIMUM         85   1155 AM 106    1930  83      2       83
  MINIMUM         67    520 AM  45    1911  60      7       62
  AVERAGE         76                        71      5       73

PRECIPITATION (IN)
  YESTERDAY        0.18          1.29 1963   0.10   0.08     0.00
  MONTH TO DATE    2.35                      2.53  -0.18     2.74
  SINCE JUN 1      3.88                      6.11  -2.23     5.67
  SINCE JAN 1      9.53                     12.96  -3.43    11.67

DEGREE DAYS
 HEATING
  YESTERDAY        0                         1     -1        0
  MONTH TO DATE   12                        13     -1       13
  SINCE JUN 1     37                        91    -54       40
  SINCE JUL 1     12                        13     -1       13

 COOLING
  YESTERDAY       11                         7      4        8
  MONTH TO DATE  212                       175     37      188
  SINCE JUN 1    411                       271    140      285
  SINCE JAN 1    435                       293    142      293
..................................................................


WIND (MPH)
  HIGHEST WIND SPEED    18   HIGHEST WIND DIRECTION    NW (320)
  HIGHEST GUST SPEED    22   HIGHEST GUST DIRECTION    NW (320)
  AVERAGE WIND SPEED     8.1


SKY COVER
  POSSIBLE SUNSHINE  MM
  AVERAGE SKY COVER 0.3


WEATHER CONDITIONS
 THE FOLLOWING WEATHER WAS RECORDED YESTERDAY.
  THUNDERSTORM
  RAIN
  LIGHT RAIN
  FOG


RELATIVE HUMIDITY (PERCENT)
 HIGHEST    81           400 AM
 LOWEST     58          1000 AM
 AVERAGE    70

..........................................................


THE WATERTOWN SD CLIMATE NORMALS FOR TODAY
                         NORMAL    RECORD    YEAR
 MAXIMUM TEMPERATURE (F)   83       105      1931
 MINIMUM TEMPERATURE (F)   60        42      2013


SUNRISE AND SUNSET
JULY 27 2016..........SUNRISE   609 AM CDT   SUNSET   900 PM CDT
JULY 28 2016..........SUNRISE   610 AM CDT   SUNSET   859 PM CDT


-  INDICATES NEGATIVE NUMBERS.
R  INDICATES RECORD WAS SET OR TIED.
MM INDICATES DATA IS MISSING.
T  INDICATES TRACE AMOUNT.




$$
