000
CDUS43 KABR 171028
CLIATY


CLIMATE REPORT
NATIONAL WEATHER SERVICE ABERDEEN SD
528 AM CDT WED SEP 17 2014


...................................

...THE WATERTOWN SD CLIMATE SUMMARY FOR SEPTEMBER 16 2014...

CLIMATE NORMAL PERIOD 1981 TO 2010
CLIMATE RECORD PERIOD 1898 TO 2014


WEATHER ITEM   OBSERVED TIME   RECORD YEAR NORMAL DEPARTURE LAST
                VALUE   (LST)  VALUE       VALUE  FROM      YEAR
                                                  NORMAL
..................................................................
TEMPERATURE (F)
 YESTERDAY
  MAXIMUM         69    330 PM  90    1925  71     -2       68
  MINIMUM         36    356 AM  25    1903  47    -11       44
  AVERAGE         53                        59     -6       56

PRECIPITATION (IN)
  YESTERDAY        0.00          2.35 1921   0.09  -0.09     0.00
  MONTH TO DATE    0.55                      1.49  -0.94     0.43
  SINCE SEP 1      0.55                      1.49  -0.94     0.43
  SINCE JAN 1     14.17                     17.72  -3.55    17.25

DEGREE DAYS
 HEATING
  YESTERDAY       12                         7      5        9
  MONTH TO DATE  141                        78     63       38
  SINCE SEP 1    141                        78     63       38
  SINCE JUL 1    195                       135     60       89

 COOLING
  YESTERDAY        0                         1     -1        0
  MONTH TO DATE   12                        32    -20       78
  SINCE SEP 1     12                        32    -20       78
  SINCE JAN 1    345                       506   -161      592
..................................................................


WIND (MPH)
  HIGHEST WIND SPEED    20   HIGHEST WIND DIRECTION     S (180)
  HIGHEST GUST SPEED    24   HIGHEST GUST DIRECTION     S (180)
  AVERAGE WIND SPEED     9.4


SKY COVER
  POSSIBLE SUNSHINE  MM
  AVERAGE SKY COVER 0.2


WEATHER CONDITIONS
 THE FOLLOWING WEATHER WAS RECORDED YESTERDAY.
  NO SIGNIFICANT WEATHER WAS OBSERVED.


RELATIVE HUMIDITY (PERCENT)
 HIGHEST   100           400 AM
 LOWEST     48           100 PM
 AVERAGE    74

..........................................................


THE WATERTOWN SD CLIMATE NORMALS FOR TODAY
                         NORMAL    RECORD    YEAR
 MAXIMUM TEMPERATURE (F)   70        93      1988
 MINIMUM TEMPERATURE (F)   47        24      1900


SUNRISE AND SUNSET
SEPTEMBER 17 2014.....SUNRISE   710 AM CDT   SUNSET   736 PM CDT
SEPTEMBER 18 2014.....SUNRISE   711 AM CDT   SUNSET   734 PM CDT


-  INDICATES NEGATIVE NUMBERS.
R  INDICATES RECORD WAS SET OR TIED.
MM INDICATES DATA IS MISSING.
T  INDICATES TRACE AMOUNT.




$$
