000
CDUS43 KABR 232237
CLIATY


CLIMATE REPORT
NATIONAL WEATHER SERVICE ABERDEEN SD
535 PM CDT TUE MAY 23 2017


...................................

...THE WATERTOWN SD CLIMATE SUMMARY FOR MAY 23 2017...
VALID TODAY AS OF 0500 PM LOCAL TIME.

CLIMATE NORMAL PERIOD 1981 TO 2010
CLIMATE RECORD PERIOD 1898 TO 2017


WEATHER ITEM   OBSERVED TIME   RECORD YEAR NORMAL DEPARTURE LAST
                VALUE   (LST)  VALUE       VALUE  FROM      YEAR
                                                  NORMAL
..................................................................
TEMPERATURE (F)
 TODAY
  MAXIMUM         54    139 PM  92    1950  69    -15       74
  MINIMUM         45    826 AM  30    1917  47     -2       60
  AVERAGE         50                        58     -8       67

PRECIPITATION (IN)
  TODAY            0.11          1.75 1965   0.09   0.02     0.27
  MONTH TO DATE    2.06                      1.89   0.17     1.01
  SINCE MAR 1      4.13                      5.02  -0.89     3.53
  SINCE JAN 1      4.91                      6.10  -1.19     4.56

SNOWFALL (IN)
  TODAY            0.0
  MONTH TO DATE    1.6
  SINCE OCT 1     40.7
  SINCE JUL 1     40.7
  SNOW DEPTH       0

DEGREE DAYS
 HEATING
  TODAY           15                         7      8        0
  MONTH TO DATE  238                       244     -6      209
  SINCE MAR 1   1945                      1984    -39     1560
  SINCE JUL 1   7546                      8395   -849     6879

 COOLING
  TODAY            0                         1     -1        2
  MONTH TO DATE   11                        12     -1       13
  SINCE MAR 1     11                        14     -3       13
  SINCE JAN 1     11                        14     -3       13
..................................................................


WIND (MPH)
  HIGHEST WIND SPEED    25   HIGHEST WIND DIRECTION     N (350)
  HIGHEST GUST SPEED    31   HIGHEST GUST DIRECTION     N (360)
  AVERAGE WIND SPEED    16.7


SKY COVER
  POSSIBLE SUNSHINE  MM
  AVERAGE SKY COVER 0.7


WEATHER CONDITIONS
 THE FOLLOWING WEATHER WAS RECORDED TODAY.
  RAIN
  LIGHT RAIN
  FOG
  HAZE


RELATIVE HUMIDITY (PERCENT)
 HIGHEST   100           500 AM
 LOWEST     77           100 PM
 AVERAGE    89

..........................................................


THE WATERTOWN SD CLIMATE NORMALS FOR TOMORROW
                         NORMAL    RECORD    YEAR
 MAXIMUM TEMPERATURE (F)   70        95      1926
 MINIMUM TEMPERATURE (F)   48        25      2002


SUNRISE AND SUNSET
MAY 23 2017...........SUNRISE   552 AM CDT   SUNSET   900 PM CDT
MAY 24 2017...........SUNRISE   551 AM CDT   SUNSET   901 PM CDT


-  INDICATES NEGATIVE NUMBERS.
R  INDICATES RECORD WAS SET OR TIED.
MM INDICATES DATA IS MISSING.
T  INDICATES TRACE AMOUNT.




$$
