000
CDUS44 KEWX 190719
CLIAUS


CLIMATE REPORT
NATIONAL WEATHER SERVICE AUSTIN/SAN ANTONIO, TX
217 AM CDT SAT APR 19 2014


...................................

...THE AUSTIN BERGSTROM CLIMATE SUMMARY FOR APRIL 18 2014...

CLIMATE NORMAL PERIOD 1981 TO 2010
CLIMATE RECORD PERIOD 1943 TO 2014


WEATHER ITEM   OBSERVED TIME   RECORD YEAR NORMAL DEPARTURE LAST
                VALUE   (LST)  VALUE       VALUE  FROM      YEAR
                                                  NORMAL
..................................................................
TEMPERATURE (F)
 YESTERDAY
  MAXIMUM         77    525 PM  99    2006  80     -3       76
  MINIMUM         54   1159 PM  35    1999  55     -1       52
  AVERAGE         66                        68     -2       64

PRECIPITATION (IN)
  YESTERDAY        T             2.71 1976   0.08  -0.08     0.36
  MONTH TO DATE    1.65                      1.20   0.45     3.53
  SINCE MAR 1      2.84                      3.71  -0.87     4.90
  SINCE JAN 1      3.93                      8.31  -4.38     8.25

SNOWFALL (IN)
  YESTERDAY        0.0
  MONTH TO DATE    T
  SINCE MAR 1      T
  SINCE JUL 1      T
  SNOW DEPTH       0

DEGREE DAYS
 HEATING
  YESTERDAY        0                         2     -2        1
  MONTH TO DATE   70                        51     19       59
  SINCE MAR 1    350                       273     77      278
  SINCE JUL 1   2167                      1888    279     1593

 COOLING
  YESTERDAY        1                         5     -4        0
  MONTH TO DATE   63                        64     -1       78
  SINCE MAR 1     95                       106    -11      127
  SINCE JAN 1    112                       122    -10      155
..................................................................


WIND (MPH)
  HIGHEST WIND SPEED    14   HIGHEST WIND DIRECTION    NE (30)
  HIGHEST GUST SPEED    19   HIGHEST GUST DIRECTION    NE (30)
  AVERAGE WIND SPEED     3.6


SKY COVER
  AVERAGE SKY COVER 0.6


WEATHER CONDITIONS
 THE FOLLOWING WEATHER WAS RECORDED YESTERDAY.
  LIGHT RAIN
  FOG
  HAZE


RELATIVE HUMIDITY (PERCENT)
 HIGHEST    97           400 AM
 LOWEST     46           400 PM
 AVERAGE    72

..........................................................


THE AUSTIN BERGSTROM CLIMATE NORMALS FOR TODAY
                         NORMAL    RECORD    YEAR
 MAXIMUM TEMPERATURE (F)   81        99      1951
 MINIMUM TEMPERATURE (F)   56        40      2013


SUNRISE AND SUNSET
APRIL 19 2014.........SUNRISE   659 AM CDT   SUNSET   801 PM CDT
APRIL 20 2014.........SUNRISE   658 AM CDT   SUNSET   801 PM CDT


-  INDICATES NEGATIVE NUMBERS.
R  INDICATES RECORD WAS SET OR TIED.
MM INDICATES DATA IS MISSING.
T  INDICATES TRACE AMOUNT.




$$
