000
CDUS44 KEWX 242249
CLIAUS


CLIMATE REPORT
NATIONAL WEATHER SERVICE AUSTIN/SAN ANTONIO, TX
548 PM CDT THU JUL 24 2014


...................................

...THE AUSTIN BERGSTROM CLIMATE SUMMARY FOR JULY 24 2014...
VALID TODAY AS OF 548 PM LOCAL TIME.

CLIMATE NORMAL PERIOD 1981 TO 2010
CLIMATE RECORD PERIOD 1943 TO 2014


WEATHER ITEM   OBSERVED TIME   RECORD YEAR NORMAL DEPARTURE LAST
                VALUE   (LST)  VALUE       VALUE  FROM      YEAR
                                                  NORMAL
..................................................................
TEMPERATURE (F)
 TODAY
  MAXIMUM         94    247 PM 103    1994  96     -2       97
  MINIMUM         74    407 AM  68    1988  72      2       75
                                      1984
  AVERAGE         84                        84      0       86

PRECIPITATION (IN)
  TODAY            0.07          1.57 1987   0.06   0.01     0.00
  MONTH TO DATE    2.05                      2.09  -0.04     1.04
  SINCE JUN 1      3.73                      6.72  -2.99     1.79
  SINCE JAN 1     15.55                     20.77  -5.22    17.17

SNOWFALL (IN)
  TODAY            0.0
  MONTH TO DATE    0.0
  SINCE JUN 1      0.0
  SINCE JUL 1      0.0
  SNOW DEPTH       0

DEGREE DAYS
 HEATING
  TODAY            0                         0      0        0
  MONTH TO DATE    0                         0      0        0
  SINCE JUN 1      0                         0      0        0
  SINCE JUL 1      0                         0      0        0

 COOLING
  TODAY           19                        19      0       21
  MONTH TO DATE  415                       440    -25      450
  SINCE JUN 1    922                       921      1     1019
  SINCE JAN 1   1377                      1428    -51     1533
..................................................................


WIND (MPH)
  HIGHEST WIND SPEED    15   HIGHEST WIND DIRECTION    NE (40)
  HIGHEST GUST SPEED    19   HIGHEST GUST DIRECTION    NE (40)
  AVERAGE WIND SPEED     2.7


SKY COVER
  AVERAGE SKY COVER 0.7


WEATHER CONDITIONS
 THE FOLLOWING WEATHER WAS RECORDED TODAY.
  LIGHT RAIN
  FOG
  HAZE


RELATIVE HUMIDITY (PERCENT)
 HIGHEST    91          1000 AM
 LOWEST     46           300 PM
 AVERAGE    69

..........................................................


THE AUSTIN BERGSTROM CLIMATE NORMALS FOR TOMORROW
                         NORMAL    RECORD    YEAR
 MAXIMUM TEMPERATURE (F)   96       103      2011
                                             1964
                                             1954
 MINIMUM TEMPERATURE (F)   72        67      2000
                                             1999


SUNRISE AND SUNSET
JULY 24 2014..........SUNRISE   645 AM CDT   SUNSET   830 PM CDT
JULY 25 2014..........SUNRISE   645 AM CDT   SUNSET   829 PM CDT


-  INDICATES NEGATIVE NUMBERS.
R  INDICATES RECORD WAS SET OR TIED.
MM INDICATES DATA IS MISSING.
T  INDICATES TRACE AMOUNT.




$$
