000
CDUS44 KEWX 260133
CLIAUS


CLIMATE REPORT
NATIONAL WEATHER SERVICE AUSTIN/SAN ANTONIO, TX
832 PM CDT MON MAY 25 2015


...................................

...THE AUSTIN BERGSTROM CLIMATE SUMMARY FOR MAY 25 2015...
VALID TODAY AS OF 832 PM LOCAL TIME.

CLIMATE NORMAL PERIOD 1981 TO 2010
CLIMATE RECORD PERIOD 1943 TO 2015


WEATHER ITEM   OBSERVED TIME   RECORD YEAR NORMAL DEPARTURE LAST
                VALUE   (LST)  VALUE       VALUE  FROM      YEAR
                                                  NORMAL
..................................................................
TEMPERATURE (F)
 TODAY
  MAXIMUM         84   1134 AM 100    2011  89     -5       88
  MINIMUM         68    543 PM  58    1975  66      2       71
                                      1971
  AVERAGE         76                        78     -2       80

PRECIPITATION (IN)
  TODAY            1.78R         1.46 1944   0.08   1.70     0.00
  MONTH TO DATE   12.01                      2.08   9.93     4.84
  SINCE MAR 1     18.40                      7.17  11.23     7.68
  SINCE JAN 1     24.14                     11.68  12.46     8.77

SNOWFALL (IN)
  TODAY            0.0
  MONTH TO DATE    0.0
  SINCE MAR 1      0.0
  SINCE JUL 1      T
  SNOW DEPTH       0

DEGREE DAYS
 HEATING
  TODAY            0                         0      0        0
  MONTH TO DATE    0                         0      0       13
  SINCE MAR 1    265                       285    -20      370
  SINCE JUL 1   1979                      1900     79     2187

 COOLING
  TODAY           11                        13     -2       15
  MONTH TO DATE  214                       241    -27      210
  SINCE MAR 1    420                       413      7      381
  SINCE JAN 1    422                       429     -7      398
..................................................................


WIND (MPH)
  HIGHEST WIND SPEED    26   HIGHEST WIND DIRECTION     S (170)
  HIGHEST GUST SPEED    39   HIGHEST GUST DIRECTION     S (170)
  AVERAGE WIND SPEED    11.3


SKY COVER
  AVERAGE SKY COVER 0.9


WEATHER CONDITIONS
 THE FOLLOWING WEATHER WAS RECORDED TODAY.
  THUNDERSTORM
  HEAVY RAIN
  RAIN
  LIGHT RAIN
  FOG


RELATIVE HUMIDITY (PERCENT)
 HIGHEST   100           100 AM
 LOWEST     74          1200 PM
 AVERAGE    87

..........................................................


THE AUSTIN BERGSTROM CLIMATE NORMALS FOR TOMORROW
                         NORMAL    RECORD    YEAR
 MAXIMUM TEMPERATURE (F)   89        96      2006
                                             1963
 MINIMUM TEMPERATURE (F)   67        58      1947


SUNRISE AND SUNSET
MAY 25 2015...........SUNRISE   632 AM CDT   SUNSET   824 PM CDT
MAY 26 2015...........SUNRISE   631 AM CDT   SUNSET   824 PM CDT


-  INDICATES NEGATIVE NUMBERS.
R  INDICATES RECORD WAS SET OR TIED.
MM INDICATES DATA IS MISSING.
T  INDICATES TRACE AMOUNT.




$$
