000
CDUS44 KEWX 060714
CLIAUS


CLIMATE REPORT
NATIONAL WEATHER SERVICE AUSTIN/SAN ANTONIO, TX
214 AM CDT FRI MAY 6 2016


...................................

...THE AUSTIN BERGSTROM CLIMATE SUMMARY FOR MAY 5 2016...

CLIMATE NORMAL PERIOD 1981 TO 2010
CLIMATE RECORD PERIOD 1943 TO 2016


WEATHER ITEM   OBSERVED TIME   RECORD YEAR NORMAL DEPARTURE LAST
                VALUE   (LST)  VALUE       VALUE  FROM      YEAR
                                                  NORMAL
..................................................................
TEMPERATURE (F)
 YESTERDAY
  MAXIMUM         86    432 PM 101    1984  84      2       83
  MINIMUM         52    439 AM  44    2011  60     -8       61
  AVERAGE         69                        72     -3       72

PRECIPITATION (IN)
  YESTERDAY        0.00          1.76 2015   0.14  -0.14     1.76
  MONTH TO DATE    0.14                      0.69  -0.55     1.76
  SINCE MAR 1     10.43                      5.74   4.69     8.15
  SINCE JAN 1     12.61                     10.25   2.36    13.89

SNOWFALL (IN)
  YESTERDAY        0.0
  MONTH TO DATE    0.0
  SINCE MAR 1      T
  SINCE JUL 1      T
  SNOW DEPTH       0

DEGREE DAYS
 HEATING
  YESTERDAY        0                         0      0        0
  MONTH TO DATE    3                         0      3        0
  SINCE MAR 1    146                       285   -139      265
  SINCE JUL 1   1380                      1900   -520     1979

 COOLING
  YESTERDAY        4                         8     -4        7
  MONTH TO DATE   13                        36    -23       17
  SINCE MAR 1    219                       208     11      223
  SINCE JAN 1    242                       224     18      225
..................................................................


WIND (MPH)
  HIGHEST WIND SPEED    14   HIGHEST WIND DIRECTION    NE (40)
  HIGHEST GUST SPEED    19   HIGHEST GUST DIRECTION    NE (40)
  AVERAGE WIND SPEED     3.8


SKY COVER
  AVERAGE SKY COVER 0.4


WEATHER CONDITIONS
 THE FOLLOWING WEATHER WAS RECORDED YESTERDAY.
  NO SIGNIFICANT WEATHER WAS OBSERVED.


RELATIVE HUMIDITY (PERCENT)
 HIGHEST    93           500 AM
 LOWEST     32           300 PM
 AVERAGE    63

..........................................................


THE AUSTIN BERGSTROM CLIMATE NORMALS FOR TODAY
                         NORMAL    RECORD    YEAR
 MAXIMUM TEMPERATURE (F)   85        98      1984
 MINIMUM TEMPERATURE (F)   61        45      2013


SUNRISE AND SUNSET
MAY  6 2016...........SUNRISE   643 AM CDT   SUNSET   812 PM CDT
MAY  7 2016...........SUNRISE   642 AM CDT   SUNSET   813 PM CDT


-  INDICATES NEGATIVE NUMBERS.
R  INDICATES RECORD WAS SET OR TIED.
MM INDICATES DATA IS MISSING.
T  INDICATES TRACE AMOUNT.




$$
