539
CDUS44 KEWX 230804
CLIAUS


CLIMATE REPORT
NATIONAL WEATHER SERVICE AUSTIN/SAN ANTONIO, TX
204 AM CST THU NOV 23 2017


...................................

...THE AUSTIN BERGSTROM CLIMATE SUMMARY FOR NOVEMBER 22 2017...

CLIMATE NORMAL PERIOD 1981 TO 2010
CLIMATE RECORD PERIOD 1943 TO 2017


WEATHER ITEM   OBSERVED TIME   RECORD YEAR NORMAL DEPARTURE LAST
                VALUE   (LST)  VALUE       VALUE  FROM      YEAR
                                                  NORMAL
..................................................................
TEMPERATURE (F)
 YESTERDAY
  MAXIMUM         65    332 PM  87    1983  69     -4       79
  MINIMUM         36   1159 PM  31    2015  43     -7       57
  AVERAGE         51                        56     -5       68

PRECIPITATION (IN)
  YESTERDAY        0.00          4.36 2004   0.08  -0.08     0.02
  MONTH TO DATE    0.42                      2.26  -1.84     2.31
  SINCE SEP 1      6.61                      9.04  -2.43     5.75
  SINCE JAN 1     37.87                     31.75   6.12    50.63

SNOWFALL (IN)
  YESTERDAY        0.0
  MONTH TO DATE    0.0
  SINCE SEP 1      0.0
  SINCE JUL 1      0.0
  SNOW DEPTH       0

DEGREE DAYS
 HEATING
  YESTERDAY       14                        10      4        0
  MONTH TO DATE   76                       145    -69       45
  SINCE SEP 1    150                       196    -46       51
  SINCE JUL 1    150                       196    -46       51

 COOLING
  YESTERDAY        0                         1     -1        3
  MONTH TO DATE  109                        32     77       82
  SINCE SEP 1    709                       595    114      825
  SINCE JAN 1   3350                      2735    615     3082
..................................................................


WIND (MPH)
  HIGHEST WIND SPEED    30   HIGHEST WIND DIRECTION     N (10)
  HIGHEST GUST SPEED    34   HIGHEST GUST DIRECTION     N (360)
  AVERAGE WIND SPEED    12.2


SKY COVER
  AVERAGE SKY COVER 0.3


WEATHER CONDITIONS
 THE FOLLOWING WEATHER WAS RECORDED YESTERDAY.
  NO SIGNIFICANT WEATHER WAS OBSERVED.


RELATIVE HUMIDITY (PERCENT)
 HIGHEST    76           900 PM
 LOWEST     27           500 PM
 AVERAGE    52

..........................................................


THE AUSTIN BERGSTROM CLIMATE NORMALS FOR TODAY
                         NORMAL    RECORD    YEAR
 MAXIMUM TEMPERATURE (F)   69        87      2005
 MINIMUM TEMPERATURE (F)   43        27      2015


SUNRISE AND SUNSET
NOVEMBER 23 2017......SUNRISE   703 AM CST   SUNSET   531 PM CST
NOVEMBER 24 2017......SUNRISE   704 AM CST   SUNSET   531 PM CST


-  INDICATES NEGATIVE NUMBERS.
R  INDICATES RECORD WAS SET OR TIED.
MM INDICATES DATA IS MISSING.
T  INDICATES TRACE AMOUNT.




$$
