000
CDUS44 KEWX 082348
CLIAUS


CLIMATE REPORT
NATIONAL WEATHER SERVICE AUSTIN/SAN ANTONIO, TX
548 PM CST THU DEC 8 2016


...................................

...THE AUSTIN BERGSTROM CLIMATE SUMMARY FOR DECEMBER 8 2016...
VALID TODAY AS OF 545 PM LOCAL TIME.

CLIMATE NORMAL PERIOD 1981 TO 2010
CLIMATE RECORD PERIOD 1943 TO 2016


WEATHER ITEM   OBSERVED TIME   RECORD YEAR NORMAL DEPARTURE LAST
                VALUE   (LST)  VALUE       VALUE  FROM      YEAR
                                                  NORMAL
..................................................................
TEMPERATURE (F)
 TODAY
  MAXIMUM         53   1210 AM  83    2012  65    -12       75
  MINIMUM         40    531 PM  23    2011  38      2       33
  AVERAGE         47                        51     -4       54

PRECIPITATION (IN)
  TODAY            T             1.06 2001   0.05  -0.05     0.00
  MONTH TO DATE    3.02                      0.59   2.43     0.00
  SINCE DEC 1      3.02                      0.59   2.43     0.00
  SINCE JAN 1     53.77                     33.02  20.75    56.00

SNOWFALL (IN)
  TODAY           MM
  MONTH TO DATE    0.0
  SINCE DEC 1      0.0
  SINCE JUL 1      0.0
  SNOW DEPTH       0

DEGREE DAYS
 HEATING
  TODAY           18                        14      4       11
  MONTH TO DATE  120                       107     13      109
  SINCE DEC 1    120                       107     13      109
  SINCE JUL 1    214                       392   -178      287

 COOLING
  TODAY            0                         0      0        0
  MONTH TO DATE    0                         5     -5        0
  SINCE DEC 1      0                         5     -5        0
  SINCE JAN 1   3082                      2746    336     2852
..................................................................


WIND (MPH)
  HIGHEST WIND SPEED    37   HIGHEST WIND DIRECTION     N (10)
  HIGHEST GUST SPEED    44   HIGHEST GUST DIRECTION     N (20)
  AVERAGE WIND SPEED    24.6


SKY COVER
  AVERAGE SKY COVER 0.9


WEATHER CONDITIONS
 THE FOLLOWING WEATHER WAS RECORDED TODAY.
  NO SIGNIFICANT WEATHER WAS OBSERVED.


RELATIVE HUMIDITY (PERCENT)
 HIGHEST    80           400 AM
 LOWEST     49           400 PM
 AVERAGE    65

..........................................................


THE AUSTIN BERGSTROM CLIMATE NORMALS FOR TOMORROW
                         NORMAL    RECORD    YEAR
 MAXIMUM TEMPERATURE (F)   64        81      2008
                                             2007
                                             2004
 MINIMUM TEMPERATURE (F)   38        23      2010


SUNRISE AND SUNSET
DECEMBER  8 2016......SUNRISE   715 AM CST   SUNSET   531 PM CST
DECEMBER  9 2016......SUNRISE   716 AM CST   SUNSET   531 PM CST


-  INDICATES NEGATIVE NUMBERS.
R  INDICATES RECORD WAS SET OR TIED.
MM INDICATES DATA IS MISSING.
T  INDICATES TRACE AMOUNT.




$$
