000
CDUS44 KEWX 050707
CLIAUS


CLIMATE REPORT
NATIONAL WEATHER SERVICE AUSTIN/SAN ANTONIO, TX
102 AM CST THU MAR 5 2015


...................................

...THE AUSTIN BERGSTROM CLIMATE SUMMARY FOR MARCH 4 2015...

CLIMATE NORMAL PERIOD 1981 TO 2010
CLIMATE RECORD PERIOD 1943 TO 2015


WEATHER ITEM   OBSERVED TIME   RECORD YEAR NORMAL DEPARTURE LAST
                VALUE   (LST)  VALUE       VALUE  FROM      YEAR
                                                  NORMAL
..................................................................
TEMPERATURE (F)
 YESTERDAY
  MAXIMUM         70    340 PM  91    1991  69      1       47
  MINIMUM         35   1159 PM  17    2002  43     -8       31
  AVERAGE         53                        56     -3       39

PRECIPITATION (IN)
  YESTERDAY        0.03          1.57 1992   0.08  -0.05     0.30
  MONTH TO DATE    0.20                      0.33  -0.13     0.56
  SINCE MAR 1      0.20                      0.33  -0.13     0.56
  SINCE JAN 1      5.94                      4.84   1.10     1.65

SNOWFALL (IN)
  YESTERDAY        0.0
  MONTH TO DATE    0.0
  SINCE MAR 1      0.0
  SINCE JUL 1      T
  SNOW DEPTH       0

DEGREE DAYS
 HEATING
  YESTERDAY       12                        10      2       26
  MONTH TO DATE   76                        42     34       76
  SINCE MAR 1     76                        42     34       76
  SINCE JUL 1   1790                      1657    133     1893

 COOLING
  YESTERDAY        0                         1     -1        0
  MONTH TO DATE    0                         4     -4        0
  SINCE MAR 1      0                         4     -4        0
  SINCE JAN 1      2                        20    -18       17
..................................................................


WIND (MPH)
  HIGHEST WIND SPEED    30   HIGHEST WIND DIRECTION     N (360)
  HIGHEST GUST SPEED    38   HIGHEST GUST DIRECTION     N (360)
  AVERAGE WIND SPEED    10.0


SKY COVER
  AVERAGE SKY COVER 1.0


WEATHER CONDITIONS
 THE FOLLOWING WEATHER WAS RECORDED YESTERDAY.
  LIGHT RAIN
  FOG
  FOG W/VISIBILITY <= 1/4 MILE


RELATIVE HUMIDITY (PERCENT)
 HIGHEST   100          1200 AM
 LOWEST    100          1200 AM
 AVERAGE   100

..........................................................


THE AUSTIN BERGSTROM CLIMATE NORMALS FOR TODAY
                         NORMAL    RECORD    YEAR
 MAXIMUM TEMPERATURE (F)   69        93      1991
 MINIMUM TEMPERATURE (F)   44        17      2002


SUNRISE AND SUNSET
MARCH  5 2015.........SUNRISE   652 AM CST   SUNSET   632 PM CST
MARCH  6 2015.........SUNRISE   651 AM CST   SUNSET   633 PM CST


-  INDICATES NEGATIVE NUMBERS.
R  INDICATES RECORD WAS SET OR TIED.
MM INDICATES DATA IS MISSING.
T  INDICATES TRACE AMOUNT.




$$
