000
CDUS44 KEWX 302258
CLIAUS


CLIMATE REPORT
NATIONAL WEATHER SERVICE AUSTIN/SAN ANTONIO, TX
557 PM CDT TUE JUN 30 2015


...................................

...THE AUSTIN BERGSTROM CLIMATE SUMMARY FOR JUNE 30 2015...
VALID TODAY AS OF 557 PM LOCAL TIME.

CLIMATE NORMAL PERIOD 1981 TO 2010
CLIMATE RECORD PERIOD 1943 TO 2015


WEATHER ITEM   OBSERVED TIME   RECORD YEAR NORMAL DEPARTURE LAST
                VALUE   (LST)  VALUE       VALUE  FROM      YEAR
                                                  NORMAL
..................................................................
TEMPERATURE (F)
 TODAY
  MAXIMUM         91    253 PM 100    2005  94     -3       95
                                      1980
                                      1956
  MINIMUM         71    601 AM  63    1985  71      0       77
  AVERAGE         81                        82     -1       86

PRECIPITATION (IN)
  TODAY            0.60          1.56 2002   0.16   0.44     0.00
  MONTH TO DATE    3.18                      4.63  -1.45     1.68
  SINCE JUN 1      3.18                      4.63  -1.45     1.68
  SINCE JAN 1     28.75                     18.24  10.51    13.50

SNOWFALL (IN)
  TODAY            0.0
  MONTH TO DATE    0.0
  SINCE JUN 1      0.0
  SINCE JUL 1      T
  SNOW DEPTH       0

DEGREE DAYS
 HEATING
  TODAY            0                         0      0        0
  MONTH TO DATE    0                         0      0        0
  SINCE JUN 1      0                         0      0        0
  SINCE JUL 1   1979                      1903     76     2187

 COOLING
  TODAY           16                        17     -1       21
  MONTH TO DATE  430                       481    -51      507
  SINCE JUN 1    430                       481    -51      507
  SINCE JAN 1    923                       988    -65      962
..................................................................


WIND (MPH)
  HIGHEST WIND SPEED    35   HIGHEST WIND DIRECTION     S (190)
  HIGHEST GUST SPEED    45   HIGHEST GUST DIRECTION     S (200)
  AVERAGE WIND SPEED     6.4


SKY COVER
  AVERAGE SKY COVER 0.7


WEATHER CONDITIONS
 THE FOLLOWING WEATHER WAS RECORDED TODAY.
  THUNDERSTORM
  RAIN
  LIGHT RAIN
  FOG


RELATIVE HUMIDITY (PERCENT)
 HIGHEST   100           100 AM
 LOWEST     56           100 PM
 AVERAGE    78

..........................................................


THE AUSTIN BERGSTROM CLIMATE NORMALS FOR TOMORROW
                         NORMAL    RECORD    YEAR
 MAXIMUM TEMPERATURE (F)   94       103      1980
 MINIMUM TEMPERATURE (F)   71        67      2013
                                             1985


SUNRISE AND SUNSET
JUNE 30 2015..........SUNRISE   632 AM CDT   SUNSET   836 PM CDT
JULY  1 2015..........SUNRISE   633 AM CDT   SUNSET   836 PM CDT


-  INDICATES NEGATIVE NUMBERS.
R  INDICATES RECORD WAS SET OR TIED.
MM INDICATES DATA IS MISSING.
T  INDICATES TRACE AMOUNT.




$$
