000
CDUS43 KGRB 230731
CLIAUW


CLIMATE REPORT
NATIONAL WEATHER SERVICE GREEN BAY
228 AM CDT FRI JUN 23 2017


...................................

...THE WAUSAU WI CLIMATE SUMMARY FOR JUNE 22 2017...

CLIMATE NORMAL PERIOD 1981 TO 2010
CLIMATE RECORD PERIOD 1896 TO 2017


WEATHER ITEM   OBSERVED TIME   RECORD YEAR NORMAL DEPARTURE LAST
                VALUE   (LST)  VALUE       VALUE  FROM      YEAR
                                                  NORMAL
..................................................................
TEMPERATURE (F)
 YESTERDAY
  MAXIMUM         70   1109 AM  95    1995  78     -8       79
                                      1911
  MINIMUM         62    451 AM  42    1917  56      6       52
                                      1905
  AVERAGE         66                        67     -1

PRECIPITATION (IN)
  YESTERDAY        0.79          1.06 1969   0.14   0.65     0.00
  MONTH TO DATE    4.80                      3.23   1.57     2.83
  SINCE JUN 1      4.80                      3.23   1.57     2.83
  SINCE JAN 1     20.59                     13.14   7.45    14.49

SNOWFALL (IN)
  YESTERDAY        0.0           0.0    MM   0.0    0.0      0.0
  MONTH TO DATE    0.0                       0.0    0.0      0.0
  SINCE JUL 1     60.5                      59.6    0.9     43.4
  SNOW DEPTH       0

DEGREE DAYS
 HEATING
  YESTERDAY        0                         2     -2        0
  MONTH TO DATE   20                        76    -56       26
  SINCE JUN 1     20                        76    -56       26
  SINCE JUL 1   7233                      8236  -1003     6809

 COOLING
  YESTERDAY        1                         4     -3        1
  MONTH TO DATE   76                        50     26       79
  SINCE JUN 1     76                        50     26       79
  SINCE JAN 1     77                        69      8      126
..................................................................


WIND (MPH)
  HIGHEST WIND SPEED    17   HIGHEST WIND DIRECTION     W (270)
  HIGHEST GUST SPEED    22   HIGHEST GUST DIRECTION     W (250)
  AVERAGE WIND SPEED     6.1


SKY COVER
  POSSIBLE SUNSHINE  MM
  AVERAGE SKY COVER 0.8


WEATHER CONDITIONS
 THE FOLLOWING WEATHER WAS RECORDED YESTERDAY.
  THUNDERSTORM
  HEAVY RAIN
  RAIN
  LIGHT RAIN
  FOG


RELATIVE HUMIDITY (PERCENT)
 HIGHEST   100          1100 PM
 LOWEST     68          1200 AM
 AVERAGE    84

..........................................................


THE WAUSAU WI CLIMATE NORMALS FOR TODAY
                         NORMAL    RECORD    YEAR
 MAXIMUM TEMPERATURE (F)   78        95      1910
 MINIMUM TEMPERATURE (F)   56        41      1979
                                             1927


SUNRISE AND SUNSET
JUNE 23 2017..........SUNRISE   513 AM CDT   SUNSET   849 PM CDT
JUNE 24 2017..........SUNRISE   513 AM CDT   SUNSET   849 PM CDT


-  INDICATES NEGATIVE NUMBERS.
R  INDICATES RECORD WAS SET OR TIED.
MM INDICATES DATA IS MISSING.
T  INDICATES TRACE AMOUNT.

$$
