373
CDUS43 KGRB 232148
CLIAUW


CLIMATE REPORT
NATIONAL WEATHER SERVICE GREEN BAY
448 PM CDT TUE MAY 23 2017


...................................

...THE WAUSAU WI CLIMATE SUMMARY FOR MAY 23 2017...
VALID TODAY AS OF 0400 PM LOCAL TIME.

CLIMATE NORMAL PERIOD 1981 TO 2010
CLIMATE RECORD PERIOD 1896 TO 2017


WEATHER ITEM   OBSERVED TIME   RECORD YEAR NORMAL DEPARTURE LAST
                VALUE   (LST)  VALUE       VALUE  FROM      YEAR
                                                  NORMAL
..................................................................
TEMPERATURE (F)
 TODAY
  MAXIMUM         58    252 PM  88    1975  69    -11       86
  MINIMUM         47    454 AM  28    1963  46      1       58
                                      1931
  AVERAGE         53                        58     -5       72

PRECIPITATION (IN)
  TODAY            0.05          1.62 1936   0.11  -0.06     0.00
  MONTH TO DATE    3.21                      2.49   0.72     0.74
  SINCE MAR 1     11.18                      6.98   4.20     8.08
  SINCE JAN 1     15.12                      8.92   6.20     9.51

SNOWFALL (IN)
  TODAY           MM             0.0    MM   0.0             0.0
  MONTH TO DATE    0.0                       0.2              T
  SINCE MAR 1      6.7                      14.3            19.0
  SINCE JUL 1     60.5                      59.6            43.4
  SNOW DEPTH       0

DEGREE DAYS
 HEATING
  TODAY           12                         8      4        0
  MONTH TO DATE  295                       254     41      237
  SINCE MAR 1   1940                      1970    -30     1660
  SINCE JUL 1   7166                      8106   -940     6783

 COOLING
  TODAY            0                         1     -1        7
  MONTH TO DATE    1                         6     -5       14
  SINCE JAN 1      1                         8     -7       16
..................................................................


WIND (MPH)
  HIGHEST WIND SPEED    18   HIGHEST WIND DIRECTION     E (70)
  HIGHEST GUST SPEED    23   HIGHEST GUST DIRECTION     E (80)
  AVERAGE WIND SPEED     7.0


SKY COVER
  POSSIBLE SUNSHINE  MM
  AVERAGE SKY COVER 0.9


WEATHER CONDITIONS
 THE FOLLOWING WEATHER WAS RECORDED TODAY.
  LIGHT RAIN


RELATIVE HUMIDITY (PERCENT)
 HIGHEST   100           300 AM
 LOWEST     57           200 PM
 AVERAGE    79

..........................................................


THE WAUSAU WI CLIMATE NORMALS FOR TOMORROW
                         NORMAL    RECORD    YEAR
 MAXIMUM TEMPERATURE (F)   69        92      2010
 MINIMUM TEMPERATURE (F)   47        32      1992
                                             1948


SUNRISE AND SUNSET
MAY 23 2017...........SUNRISE   521 AM CDT   SUNSET   830 PM CDT
MAY 24 2017...........SUNRISE   521 AM CDT   SUNSET   831 PM CDT


-  INDICATES NEGATIVE NUMBERS.
R  INDICATES RECORD WAS SET OR TIED.
MM INDICATES DATA IS MISSING.
T  INDICATES TRACE AMOUNT.




$$
