000
CDUS43 KGRB 010809
CLIAUW


CLIMATE REPORT
NATIONAL WEATHER SERVICE GREEN BAY
207 AM CST WED MAR 1 2017


...................................

...THE WAUSAU WI CLIMATE SUMMARY FOR FEBRUARY 28 2017...

CLIMATE NORMAL PERIOD 1981 TO 2010
CLIMATE RECORD PERIOD 1896 TO 2017


WEATHER ITEM   OBSERVED TIME   RECORD YEAR NORMAL DEPARTURE LAST
                VALUE   (LST)  VALUE       VALUE  FROM      YEAR
                                                  NORMAL
..................................................................
TEMPERATURE (F)
 YESTERDAY
  MAXIMUM         42    415 PM  49    2000  33      9       43
                                      1985
  MINIMUM         32    343 AM -23    2014  14     18       28
  AVERAGE         37                        23     14

PRECIPITATION (IN)
  YESTERDAY        0.08          1.40 1902   0.04   0.04     0.04
  MONTH TO DATE    1.60                      0.92   0.68     0.59
  SINCE DEC 1      6.60                      3.30   3.30     6.38
  SINCE JAN 1      3.94                      1.94   2.00     1.43

SNOWFALL (IN)
  YESTERDAY       MM             8.5  1951   0.4   MM        0.2
  MONTH TO DATE    7.7                       9.6   -1.9      9.0
  SINCE JUL 1     53.8                      45.3    8.5     24.4
  SNOW DEPTH       2

DEGREE DAYS
 HEATING
  YESTERDAY       28                        42    -14       29
  MONTH TO DATE 1078                      1285   -207     1171
  SINCE DEC 1   3948                      4277   -329     3679
  SINCE JUL 1   5226                      6136   -910     5085

 COOLING
  YESTERDAY        0                         0      0        0
  MONTH TO DATE    0                         0      0        0
  SINCE DEC 1      0                         0      0        0
  SINCE JAN 1      0                         0      0        0
..................................................................


WIND (MPH)
  HIGHEST WIND SPEED    14   HIGHEST WIND DIRECTION    NE (40)
  HIGHEST GUST SPEED    23   HIGHEST GUST DIRECTION    NE (40)
  AVERAGE WIND SPEED     6.8


SKY COVER
  POSSIBLE SUNSHINE  MM
  AVERAGE SKY COVER 0.8


WEATHER CONDITIONS
 THE FOLLOWING WEATHER WAS RECORDED YESTERDAY.
  LIGHT RAIN
  LIGHT SNOW
  FOG


RELATIVE HUMIDITY (PERCENT)
 HIGHEST   100          1000 AM
 LOWEST     78          1200 AM
 AVERAGE    89

..........................................................


THE WAUSAU WI CLIMATE NORMALS FOR TODAY
                         NORMAL    RECORD    YEAR
 MAXIMUM TEMPERATURE (F)   33        54      1992
 MINIMUM TEMPERATURE (F)   15       -33      1962


SUNRISE AND SUNSET
MARCH  1 2017.........SUNRISE   636 AM CST   SUNSET   546 PM CST
MARCH  2 2017.........SUNRISE   634 AM CST   SUNSET   548 PM CST


-  INDICATES NEGATIVE NUMBERS.
R  INDICATES RECORD WAS SET OR TIED.
MM INDICATES DATA IS MISSING.
T  INDICATES TRACE AMOUNT.

$$
