000
CDUS43 KGRB 250846
CLIAUW


CLIMATE REPORT
NATIONAL WEATHER SERVICE GREEN BAY
346 AM CDT MON JUL 25 2016


...................................

...THE WAUSAU WI CLIMATE SUMMARY FOR JULY 24 2016...

CLIMATE NORMAL PERIOD 1981 TO 2010
CLIMATE RECORD PERIOD 1896 TO 2016


WEATHER ITEM   OBSERVED TIME   RECORD YEAR NORMAL DEPARTURE LAST
                VALUE   (LST)  VALUE       VALUE  FROM      YEAR
                                                  NORMAL
..................................................................
TEMPERATURE (F)
 YESTERDAY
  MAXIMUM         85    351 PM  99    1934  80      5       82
  MINIMUM         67   1159 PM  44    1992  59      8       60
  AVERAGE         76                        69      7

PRECIPITATION (IN)
  YESTERDAY        0.01          2.50 1912   0.12  -0.11     0.00
  MONTH TO DATE    2.93                      2.93   0.00     3.08
  SINCE JUN 1      8.15                      7.24   0.91     7.64
  SINCE JAN 1     19.81                     17.15   2.66    18.37

SNOWFALL (IN)
  YESTERDAY        0.0           0.0    MM   0.0    0.0      0.0
  MONTH TO DATE    0.0                       0.0    0.0      0.0
  SINCE JUL 1      0.0                       0.0    0.0      0.0
  SNOW DEPTH       0

DEGREE DAYS
 HEATING
  YESTERDAY        0                         1     -1        0
  MONTH TO DATE    8                        24    -16       18
  SINCE JUN 1     38                       113    -75       79
  SINCE JUL 1      8                        24    -16       18

 COOLING
  YESTERDAY       11                         5      6        6
  MONTH TO DATE  139                       120     19       98
  SINCE JUN 1    243                       205     38      145
  SINCE JAN 1    290                       224     66      163
..................................................................


WIND (MPH)
  HIGHEST WIND SPEED    22   HIGHEST WIND DIRECTION     W (270)
  HIGHEST GUST SPEED    28   HIGHEST GUST DIRECTION     W (280)
  AVERAGE WIND SPEED     8.8


SKY COVER
  POSSIBLE SUNSHINE  MM
  AVERAGE SKY COVER 0.6


WEATHER CONDITIONS
 THE FOLLOWING WEATHER WAS RECORDED YESTERDAY.
  THUNDERSTORM
  LIGHT RAIN
  FOG


RELATIVE HUMIDITY (PERCENT)
 HIGHEST   100           300 AM
 LOWEST     48           300 PM
 AVERAGE    74

..........................................................


THE WAUSAU WI CLIMATE NORMALS FOR TODAY
                         NORMAL    RECORD    YEAR
 MAXIMUM TEMPERATURE (F)   80        94      1931
 MINIMUM TEMPERATURE (F)   59        44      1913


SUNRISE AND SUNSET
JULY 25 2016..........SUNRISE   537 AM CDT   SUNSET   832 PM CDT
JULY 26 2016..........SUNRISE   538 AM CDT   SUNSET   831 PM CDT


-  INDICATES NEGATIVE NUMBERS.
R  INDICATES RECORD WAS SET OR TIED.
MM INDICATES DATA IS MISSING.
T  INDICATES TRACE AMOUNT.




$$
