000
CDUS43 KGRB 020639
CLIAUW


CLIMATE REPORT
NATIONAL WEATHER SERVICE GREEN BAY
1238 AM CST MON MAR 2 2015


...................................

...THE WAUSAU WI CLIMATE SUMMARY FOR MARCH 1 2015...

CLIMATE NORMAL PERIOD 1981 TO 2010
CLIMATE RECORD PERIOD 1896 TO 2015


WEATHER ITEM   OBSERVED TIME   RECORD YEAR NORMAL DEPARTURE LAST
                VALUE   (LST)  VALUE       VALUE  FROM      YEAR
                                                  NORMAL
..................................................................
TEMPERATURE (F)
 YESTERDAY
  MAXIMUM         20    625 PM  54    1992  33    -13        8
  MINIMUM          8    607 AM -33    1962  15     -7       -3
  AVERAGE         14                        24    -10

PRECIPITATION (IN)
  YESTERDAY       MM             0.64 1965   0.05  MM        0.00
  MONTH TO DATE   MM                         0.05  MM        0.00
  SINCE MAR 1     MM                         0.05  MM        0.00
  SINCE JAN 1      0.75                      1.99  -1.24     2.94

SNOWFALL (IN)
  YESTERDAY       MM             5.4  1972   0.4   MM        0.0
  MONTH TO DATE   MM                         0.4   MM        0.0
  SINCE JUL 1     44.0                      45.7   -1.7     69.6
  SNOW DEPTH      MM

DEGREE DAYS
 HEATING
  YESTERDAY       51                        41     10       62
  MONTH TO DATE   51                        41     10       62
  SINCE MAR 1     51                        41     10       62
  SINCE JUL 1   6631                      6177    454     7009

 COOLING
  YESTERDAY        0                         0      0        0
  MONTH TO DATE    0                         0      0        0
  SINCE MAR 1      0                         0      0        0
  SINCE JAN 1      0                         0      0        0
..................................................................


WIND (MPH)
  HIGHEST WIND SPEED    18   HIGHEST WIND DIRECTION     W (270)
  HIGHEST GUST SPEED    27   HIGHEST GUST DIRECTION     W (270)
  AVERAGE WIND SPEED    10.3


SKY COVER
  POSSIBLE SUNSHINE  MM
  AVERAGE SKY COVER 0.7


WEATHER CONDITIONS
 THE FOLLOWING WEATHER WAS RECORDED YESTERDAY.
  LIGHT SNOW
  FOG
  HAZE


RELATIVE HUMIDITY (PERCENT)
 HIGHEST    80           700 AM
 LOWEST     51           700 PM
 AVERAGE    66

..........................................................


THE WAUSAU WI CLIMATE NORMALS FOR TODAY
                         NORMAL    RECORD    YEAR
 MAXIMUM TEMPERATURE (F)   33        54      1964
 MINIMUM TEMPERATURE (F)   15       -21      1943


SUNRISE AND SUNSET
MARCH  2 2015.........SUNRISE   635 AM CST   SUNSET   547 PM CST
MARCH  3 2015.........SUNRISE   633 AM CST   SUNSET   548 PM CST


-  INDICATES NEGATIVE NUMBERS.
R  INDICATES RECORD WAS SET OR TIED.
MM INDICATES DATA IS MISSING.
T  INDICATES TRACE AMOUNT.




$$
