000
CDUS43 KGRB 220647
CLIAUW


CLIMATE REPORT
NATIONAL WEATHER SERVICE GREEN BAY
145 AM CDT FRI MAY 22 2015


...................................

...THE WAUSAU WI CLIMATE SUMMARY FOR MAY 21 2015...

CLIMATE NORMAL PERIOD 1981 TO 2010
CLIMATE RECORD PERIOD 1896 TO 2015


WEATHER ITEM   OBSERVED TIME   RECORD YEAR NORMAL DEPARTURE LAST
                VALUE   (LST)  VALUE       VALUE  FROM      YEAR
                                                  NORMAL
..................................................................
TEMPERATURE (F)
 YESTERDAY
  MAXIMUM         72    400 PM  88    1972  69      3       71
  MINIMUM         38    458 AM  30    1907  46     -8       50
  AVERAGE         55                        57     -2

PRECIPITATION (IN)
  YESTERDAY        0.00          1.60 1970   0.12  -0.12     0.00
  MONTH TO DATE    1.87                      2.27  -0.40     3.09
  SINCE MAR 1      5.84                      6.76  -0.92     8.11
  SINCE JAN 1      6.59                      8.70  -2.11    11.05

SNOWFALL (IN)
  YESTERDAY        0.0           0.1  1917   0.0    0.0      0.0
  MONTH TO DATE    T                         0.2   -0.2      0.0
  SINCE JUL 1     53.7                      59.6   -5.9     84.3
  SNOW DEPTH       0

DEGREE DAYS
 HEATING
  YESTERDAY       10                         9      1        4
  MONTH TO DATE  192                       238    -46      261
  SINCE MAR 1   1793                      1954   -161     2356
  SINCE JUL 1   8373                      8090    283     9303

 COOLING
  YESTERDAY        0                         1     -1        0
  MONTH TO DATE    8                         4      4        0
  SINCE MAR 1      8                         6      2        0
  SINCE JAN 1      8                         6      2        0
..................................................................


WIND (MPH)
  HIGHEST WIND SPEED    25   HIGHEST WIND DIRECTION     W (280)
  HIGHEST GUST SPEED    32   HIGHEST GUST DIRECTION     W (290)
  AVERAGE WIND SPEED     7.1


SKY COVER
  POSSIBLE SUNSHINE  MM
  AVERAGE SKY COVER 0.2


WEATHER CONDITIONS
 THE FOLLOWING WEATHER WAS RECORDED YESTERDAY.
  NO SIGNIFICANT WEATHER WAS OBSERVED.


RELATIVE HUMIDITY (PERCENT)
 HIGHEST    82           500 AM
 LOWEST     22           600 PM
 AVERAGE    52

..........................................................


THE WAUSAU WI CLIMATE NORMALS FOR TODAY
                         NORMAL    RECORD    YEAR
 MAXIMUM TEMPERATURE (F)   69        88      1925
 MINIMUM TEMPERATURE (F)   46        30      1963


SUNRISE AND SUNSET
MAY 22 2015...........SUNRISE   523 AM CDT   SUNSET   828 PM CDT
MAY 23 2015...........SUNRISE   522 AM CDT   SUNSET   829 PM CDT


-  INDICATES NEGATIVE NUMBERS.
R  INDICATES RECORD WAS SET OR TIED.
MM INDICATES DATA IS MISSING.
T  INDICATES TRACE AMOUNT.




$$
