000
CDUS43 KGRB 020729
CLIAUW


CLIMATE REPORT
NATIONAL WEATHER SERVICE GREEN BAY
228 AM CDT TUE SEP 2 2014


...................................

...THE WAUSAU WI CLIMATE SUMMARY FOR SEPTEMBER 1 2014...

CLIMATE NORMAL PERIOD 1981 TO 2010
CLIMATE RECORD PERIOD 1896 TO 2014


WEATHER ITEM   OBSERVED TIME   RECORD YEAR NORMAL DEPARTURE LAST
                VALUE   (LST)  VALUE       VALUE  FROM      YEAR
                                                  NORMAL
..................................................................
TEMPERATURE (F)
 YESTERDAY
  MAXIMUM         75    246 PM  95    1953  75      0       78
  MINIMUM         57   1159 PM  33    1909  54      3       63
  AVERAGE         66                        64      2

PRECIPITATION (IN)
  YESTERDAY        0.14          3.05 1914   0.13   0.01     0.51
  MONTH TO DATE    0.14                      0.13   0.01     0.51
  SINCE SEP 1      0.14                      0.13   0.01     0.51
  SINCE JAN 1     26.79                     22.34   4.45    28.14

SNOWFALL (IN)
  YESTERDAY        0.0           0.0    MM   0.0    0.0      0.0
  MONTH TO DATE    0.0                       0.0    0.0      0.0
  SINCE SEP 1      0.0                       0.0    0.0      0.0
  SINCE JUL 1      0.0                       0.0    0.0      0.0
  SNOW DEPTH       0

DEGREE DAYS
 HEATING
  YESTERDAY        0                         3     -3        0
  MONTH TO DATE    0                         3     -3        0
  SINCE SEP 1      0                         3     -3        0
  SINCE JUL 1     54                        69    -15       56

 COOLING
  YESTERDAY        1                         2     -1        6
  MONTH TO DATE    1                         2     -1        6
  SINCE SEP 1      1                         2     -1        6
  SINCE JAN 1    327                       377    -50      456
..................................................................


WIND (MPH)
  HIGHEST WIND SPEED    20   HIGHEST WIND DIRECTION     W (290)
  HIGHEST GUST SPEED    24   HIGHEST GUST DIRECTION     W (290)
  AVERAGE WIND SPEED     8.0


SKY COVER
  POSSIBLE SUNSHINE  MM
  AVERAGE SKY COVER 0.4


WEATHER CONDITIONS
 THE FOLLOWING WEATHER WAS RECORDED YESTERDAY.
  RAIN
  LIGHT RAIN
  FOG


RELATIVE HUMIDITY (PERCENT)
 HIGHEST    90           100 AM
 LOWEST     57           500 PM
 AVERAGE    74

..........................................................


THE WAUSAU WI CLIMATE NORMALS FOR TODAY
                         NORMAL    RECORD    YEAR
 MAXIMUM TEMPERATURE (F)   74        95      1953
 MINIMUM TEMPERATURE (F)   54        35      1946


SUNRISE AND SUNSET
SEPTEMBER  2 2014.....SUNRISE   622 AM CDT   SUNSET   734 PM CDT
SEPTEMBER  3 2014.....SUNRISE   623 AM CDT   SUNSET   732 PM CDT


-  INDICATES NEGATIVE NUMBERS.
R  INDICATES RECORD WAS SET OR TIED.
MM INDICATES DATA IS MISSING.
T  INDICATES TRACE AMOUNT.




$$
