226
CDUS43 KGRB 030646
CLIAUW


CLIMATE REPORT
NATIONAL WEATHER SERVICE GREEN BAY
1245 AM CST SAT DEC 3 2016


...................................

...THE WAUSAU WI CLIMATE SUMMARY FOR DECEMBER 2 2016...

CLIMATE NORMAL PERIOD 1981 TO 2010
CLIMATE RECORD PERIOD 1896 TO 2016


WEATHER ITEM   OBSERVED TIME   RECORD YEAR NORMAL DEPARTURE LAST
                VALUE   (LST)  VALUE       VALUE  FROM      YEAR
                                                  NORMAL
..................................................................
TEMPERATURE (F)
 YESTERDAY
  MAXIMUM         32    429 PM  61    1982  31      1       36
  MINIMUM         28    833 AM -15    1897  17     11       28
  AVERAGE         30                        24      6

PRECIPITATION (IN)
  YESTERDAY        0.00          0.89 1984   0.06  -0.06     0.09
  MONTH TO DATE    T                         0.11  -0.11     0.29
  SINCE DEC 1      T                         0.11  -0.11     0.29
  SINCE JAN 1     34.32                     31.16   3.16    32.64

SNOWFALL (IN)
  YESTERDAY        0.0           8.1  1984   0.4   -0.4      0.9
  MONTH TO DATE    T                         0.8   -0.8      1.4
  SINCE JUL 1      3.1                       9.1   -6.0      1.6
  SNOW DEPTH       0

DEGREE DAYS
 HEATING
  YESTERDAY       35                        41     -6       33
  MONTH TO DATE   65                        82    -17       66
  SINCE DEC 1     65                        82    -17       66
  SINCE JUL 1   1343                      1941   -598     1472

 COOLING
  YESTERDAY        0                         0      0        0
  MONTH TO DATE    0                         0      0        0
  SINCE DEC 1      0                         0      0        0
  SINCE JAN 1    512                       407    105      435
..................................................................


WIND (MPH)
  HIGHEST WIND SPEED    15   HIGHEST WIND DIRECTION    NW (310)
  HIGHEST GUST SPEED    22   HIGHEST GUST DIRECTION    NW (320)
  AVERAGE WIND SPEED     8.7


SKY COVER
  POSSIBLE SUNSHINE  MM
  AVERAGE SKY COVER 1.0


WEATHER CONDITIONS
 THE FOLLOWING WEATHER WAS RECORDED YESTERDAY.
  NO SIGNIFICANT WEATHER WAS OBSERVED.


RELATIVE HUMIDITY (PERCENT)
 HIGHEST    78           400 AM
 LOWEST     69           200 AM
 AVERAGE    74

..........................................................


THE WAUSAU WI CLIMATE NORMALS FOR TODAY
                         NORMAL    RECORD    YEAR
 MAXIMUM TEMPERATURE (F)   31        60      1998
 MINIMUM TEMPERATURE (F)   16       -20      1940


SUNRISE AND SUNSET
DECEMBER  3 2016......SUNRISE   719 AM CST   SUNSET   418 PM CST
DECEMBER  4 2016......SUNRISE   720 AM CST   SUNSET   418 PM CST


-  INDICATES NEGATIVE NUMBERS.
R  INDICATES RECORD WAS SET OR TIED.
MM INDICATES DATA IS MISSING.
T  INDICATES TRACE AMOUNT.




$$
