000
CDUS43 KGRB 180653
CLIAUW

CLIMATE REPORT
NATIONAL WEATHER SERVICE GREEN BAY
149 AM CDT WED OCT 18 2017

...................................

...THE WAUSAU WI CLIMATE SUMMARY FOR OCTOBER 17 2017...

CLIMATE NORMAL PERIOD 1981 TO 2010
CLIMATE RECORD PERIOD 1896 TO 2017

WEATHER ITEM   OBSERVED TIME   RECORD YEAR NORMAL DEPARTURE LAST
                VALUE   (LST)  VALUE       VALUE  FROM      YEAR
                                                  NORMAL
..................................................................
TEMPERATURE (F)
 YESTERDAY
  MAXIMUM         69    159 PM  82    1910  55     14       76
  MINIMUM         42    651 AM  17    1952  36      6       55
                                      1948
  AVERAGE         56                        46     10

PRECIPITATION (IN)
  YESTERDAY        0.00          0.98 1996   0.09  -0.09     0.33
  MONTH TO DATE    2.99                      1.79   1.20     1.60
  SINCE SEP 1      4.94                      5.69  -0.75     6.37
  SINCE JAN 1     34.26                     27.90   6.36    31.72

SNOWFALL (IN)
  YESTERDAY        0.0           1.2  1926   0.0    0.0      0.0
  MONTH TO DATE    0.0                       0.5   -0.5      0.0
  SINCE JUL 1      0.0                       0.5   -0.5      0.0
  SNOW DEPTH       0

DEGREE DAYS
 HEATING
  YESTERDAY        9                        19    -10        0
  MONTH TO DATE  179                       280   -101      177
  SINCE SEP 1    335                       507   -172      274
  SINCE JUL 1    393                       573   -180      296

COOLING
  YESTERDAY        0                         0      0        1
  MONTH TO DATE    1                         0      1        1
  SINCE SEP 1     67                        30     37       25
  SINCE JAN 1    339                       405    -66      512
..................................................................

WIND (MPH)
  HIGHEST WIND SPEED    13   HIGHEST WIND DIRECTION     S (190)
  HIGHEST GUST SPEED    16   HIGHEST GUST DIRECTION     S (190)
  AVERAGE WIND SPEED     5.3

SKY COVER
  POSSIBLE SUNSHINE  MM
  AVERAGE SKY COVER 0.0

WEATHER CONDITIONS
 THE FOLLOWING WEATHER WAS RECORDED YESTERDAY.
  NO SIGNIFICANT WEATHER WAS OBSERVED.

RELATIVE HUMIDITY (PERCENT)
 HIGHEST    82           700 AM
 LOWEST     40           200 PM
 AVERAGE    61
..........................................................

THE WAUSAU WI CLIMATE NORMALS FOR TODAY
                         NORMAL    RECORD    YEAR
 MAXIMUM TEMPERATURE (F)   55        83      1950
 MINIMUM TEMPERATURE (F)   36        15      1948

SUNRISE AND SUNSET
OCTOBER 18 2017.......SUNRISE   718 AM CDT   SUNSET   608 PM CDT
OCTOBER 19 2017.......SUNRISE   720 AM CDT   SUNSET   606 PM CDT

-  INDICATES NEGATIVE NUMBERS.
R  INDICATES RECORD WAS SET OR TIED.
MM INDICATES DATA IS MISSING.
T  INDICATES TRACE AMOUNT.

$$
