636
CDUS43 KGRB 290707
CLIAUW


CLIMATE REPORT
NATIONAL WEATHER SERVICE GREEN BAY
204 AM CDT SUN MAY 29 2016


...................................

...THE WAUSAU WI CLIMATE SUMMARY FOR MAY 28 2016...

CLIMATE NORMAL PERIOD 1981 TO 2010
CLIMATE RECORD PERIOD 1896 TO 2016


WEATHER ITEM   OBSERVED TIME   RECORD YEAR NORMAL DEPARTURE LAST
                VALUE   (LST)  VALUE       VALUE  FROM      YEAR
                                                  NORMAL
..................................................................
TEMPERATURE (F)
 YESTERDAY
  MAXIMUM         80    354 PM  91    2006  71      9       83
  MINIMUM         66   1159 PM  32    1947  48     18       54
                                      1932
  AVERAGE         73                        59     14

PRECIPITATION (IN)
  YESTERDAY        0.19          2.68 1941   0.12   0.07      T
  MONTH TO DATE    2.37                      3.09  -0.72     5.27
  SINCE MAR 1      9.71                      7.58   2.13     9.24
  SINCE JAN 1     11.14                      9.52   1.62     9.99

SNOWFALL (IN)
  YESTERDAY        0.0           1.0  1947   0.0    0.0      0.0
  MONTH TO DATE    T                         0.2   -0.2       T
  SINCE JUL 1     43.4                      59.6  -16.2     53.7
  SNOW DEPTH       0

DEGREE DAYS
 HEATING
  YESTERDAY        0                         7     -7        0
  MONTH TO DATE  237                       290    -53      213
  SINCE MAR 1   1660                      2006   -346     1814
  SINCE JUL 1   6783                      8142  -1359     8394

 COOLING
  YESTERDAY        8                         1      7        4
  MONTH TO DATE   38                        11     27       14
  SINCE MAR 1     40                        13     27       14
  SINCE JAN 1     40                        13     27       14
..................................................................


WIND (MPH)
  HIGHEST WIND SPEED    23   HIGHEST WIND DIRECTION    SW (210)
  HIGHEST GUST SPEED    31   HIGHEST GUST DIRECTION     S (180)
  AVERAGE WIND SPEED     9.5


SKY COVER
  POSSIBLE SUNSHINE  MM
  AVERAGE SKY COVER 0.6


WEATHER CONDITIONS
 THE FOLLOWING WEATHER WAS RECORDED YESTERDAY.
  RAIN
  LIGHT RAIN
  FOG
  HAZE


RELATIVE HUMIDITY (PERCENT)
 HIGHEST    93           200 AM
 LOWEST     51           400 PM
 AVERAGE    72

..........................................................


THE WAUSAU WI CLIMATE NORMALS FOR TODAY
                         NORMAL    RECORD    YEAR
 MAXIMUM TEMPERATURE (F)   71        90      2006
 MINIMUM TEMPERATURE (F)   48        31      1965
                                             1947


SUNRISE AND SUNSET
MAY 29 2016...........SUNRISE   517 AM CDT   SUNSET   836 PM CDT
MAY 30 2016...........SUNRISE   516 AM CDT   SUNSET   837 PM CDT


-  INDICATES NEGATIVE NUMBERS.
R  INDICATES RECORD WAS SET OR TIED.
MM INDICATES DATA IS MISSING.
T  INDICATES TRACE AMOUNT.

$$
