000
CDUS43 KGRB 250649
CLIAUW


CLIMATE REPORT
NATIONAL WEATHER SERVICE GREEN BAY
149 AM CDT FRI JUL 25 2014


...................................

...THE WAUSAU WI CLIMATE SUMMARY FOR JULY 24 2014...

CLIMATE NORMAL PERIOD 1981 TO 2010
CLIMATE RECORD PERIOD 1896 TO 2014


WEATHER ITEM   OBSERVED TIME   RECORD YEAR NORMAL DEPARTURE LAST
                VALUE   (LST)  VALUE       VALUE  FROM      YEAR
                                                  NORMAL
..................................................................
TEMPERATURE (F)
 YESTERDAY
  MAXIMUM         78    245 PM  99    1934  80     -2       75
  MINIMUM         52    504 AM  44    1992  59     -7       50
  AVERAGE         65                        69     -4

PRECIPITATION (IN)
  YESTERDAY        T             2.50 1912   0.12  -0.12     0.00
  MONTH TO DATE    1.85                      2.93  -1.08     3.12
  SINCE JUN 1      7.36                      7.24   0.12     8.93
  SINCE JAN 1     18.80                     17.15   1.65    23.40

SNOWFALL (IN)
  YESTERDAY        0.0           0.0    MM   0.0    0.0      0.0
  MONTH TO DATE    0.0                       0.0    0.0      0.0
  SINCE JUN 1      0.0                       0.0    0.0      0.0
  SINCE JUL 1      0.0                       0.0    0.0      0.0
  SNOW DEPTH       0

DEGREE DAYS
 HEATING
  YESTERDAY        0                         1     -1        2
  MONTH TO DATE   35                        24     11        8
  SINCE JUN 1     57                       113    -56       94
  SINCE JUL 1     35                        24     11        8

 COOLING
  YESTERDAY        0                         5     -5        0
  MONTH TO DATE   69                       120    -51      180
  SINCE JUN 1    179                       205    -26      264
  SINCE JAN 1    204                       224    -20      301
..................................................................


WIND (MPH)
  HIGHEST WIND SPEED    12   HIGHEST WIND DIRECTION     W (260)
  HIGHEST GUST SPEED    17   HIGHEST GUST DIRECTION     W (260)
  AVERAGE WIND SPEED     4.5


SKY COVER
  POSSIBLE SUNSHINE  MM
  AVERAGE SKY COVER 0.2


WEATHER CONDITIONS
 THE FOLLOWING WEATHER WAS RECORDED YESTERDAY.
  NO SIGNIFICANT WEATHER WAS OBSERVED.


RELATIVE HUMIDITY (PERCENT)
 HIGHEST   100           500 AM
 LOWEST     36           300 PM
 AVERAGE    68

..........................................................


THE WAUSAU WI CLIMATE NORMALS FOR TODAY
                         NORMAL    RECORD    YEAR
 MAXIMUM TEMPERATURE (F)   80        94      1931
 MINIMUM TEMPERATURE (F)   59        44      1913


SUNRISE AND SUNSET
JULY 25 2014..........SUNRISE   536 AM CDT   SUNSET   833 PM CDT
JULY 26 2014..........SUNRISE   537 AM CDT   SUNSET   832 PM CDT


-  INDICATES NEGATIVE NUMBERS.
R  INDICATES RECORD WAS SET OR TIED.
MM INDICATES DATA IS MISSING.
T  INDICATES TRACE AMOUNT.




$$
