000
CDUS43 KGRB 062138
CLIAUW


CLIMATE REPORT
NATIONAL WEATHER SERVICE GREEN BAY
436 PM CDT MON JUL 6 2015


...................................

...THE WAUSAU WI CLIMATE SUMMARY FOR JULY 6 2015...
VALID TODAY AS OF 0400 PM LOCAL TIME.

CLIMATE NORMAL PERIOD 1981 TO 2010
CLIMATE RECORD PERIOD 1896 TO 2015


WEATHER ITEM   OBSERVED TIME   RECORD YEAR NORMAL DEPARTURE LAST
                VALUE   (LST)  VALUE       VALUE  FROM      YEAR
                                                  NORMAL
..................................................................
TEMPERATURE (F)
 TODAY
  MAXIMUM         75    156 PM  97    1988  80     -5       78
  MINIMUM         67    607 AM  44    1983  58      9       64
                                      1942
  AVERAGE         71                        69      2       71

PRECIPITATION (IN)
  TODAY            0.35          1.41 1908   0.12   0.23     0.49
  MONTH TO DATE    0.35                      0.73  -0.38     1.09
  SINCE JUN 1      4.91                      5.04  -0.13     6.60
  SINCE JAN 1     15.64                     14.95   0.69    18.04

SNOWFALL (IN)
  TODAY            0.0           0.0    MM   0.0             0.0
  MONTH TO DATE    0.0                       0.0             0.0
  SINCE JUN 1      0.0                       0.0             0.0
  SINCE JUL 1      0.0                       0.0             0.0
  SNOW DEPTH       0

DEGREE DAYS
 HEATING
  TODAY            0                         1     -1        0
  MONTH TO DATE    8                         6      2       10
  SINCE JUN 1     69                        95    -26       32
  SINCE JUL 1      8                         6      2       10

 COOLING
  TODAY            6                         5      1        6
  MONTH TO DATE   19                        30    -11       13
  SINCE JAN 1     84                       134    -50      148
..................................................................


WIND (MPH)
  HIGHEST WIND SPEED    16   HIGHEST WIND DIRECTION    SW (230)
  HIGHEST GUST SPEED    20   HIGHEST GUST DIRECTION    SW (220)
  AVERAGE WIND SPEED     6.3


SKY COVER
  POSSIBLE SUNSHINE  MM
  AVERAGE SKY COVER 0.6


WEATHER CONDITIONS
 THE FOLLOWING WEATHER WAS RECORDED TODAY.
  HEAVY RAIN
  RAIN
  LIGHT RAIN
  FOG
  HAZE


RELATIVE HUMIDITY (PERCENT)
 HIGHEST    93           600 AM
 LOWEST     79           100 AM
 AVERAGE    86

..........................................................


THE WAUSAU WI CLIMATE NORMALS FOR TOMORROW
                         NORMAL    RECORD    YEAR
 MAXIMUM TEMPERATURE (F)   80       102      1936
 MINIMUM TEMPERATURE (F)   59        43      1997
                                             1960


SUNRISE AND SUNSET
JULY  6 2015..........SUNRISE   519 AM CDT   SUNSET   847 PM CDT
JULY  7 2015..........SUNRISE   520 AM CDT   SUNSET   847 PM CDT


-  INDICATES NEGATIVE NUMBERS.
R  INDICATES RECORD WAS SET OR TIED.
MM INDICATES DATA IS MISSING.
T  INDICATES TRACE AMOUNT.




$$
