000
CDUS43 KGRB 310657
CLIAUW

CLIMATE REPORT
NATIONAL WEATHER SERVICE GREEN BAY
154 AM CDT FRI OCT 31 2014

...................................

...THE WAUSAU WI CLIMATE SUMMARY FOR OCTOBER 30 2014...

CLIMATE NORMAL PERIOD 1981 TO 2010
CLIMATE RECORD PERIOD 1896 TO 2014

WEATHER ITEM   OBSERVED TIME   RECORD YEAR NORMAL DEPARTURE LAST
                VALUE   (LST)  VALUE       VALUE  FROM      YEAR
                                                  NORMAL
..................................................................
TEMPERATURE (F)
 YESTERDAY
  MAXIMUM         45    309 PM  78    1950  49     -4       50
  MINIMUM         32    344 AM   8    1925  32      0       38
  AVERAGE         39                        41     -2

PRECIPITATION (IN)
  YESTERDAY        T             2.00 1935   0.08  -0.08     0.06
  MONTH TO DATE    4.42                      2.87   1.55     3.95
  SINCE SEP 1     10.41                      6.77   3.64     6.71
  SINCE JAN 1     37.06                     28.98   8.08    34.34

SNOWFALL (IN)
  YESTERDAY        0.0           0.9  1955   0.1   -0.1      0.0
                                      2001
  MONTH TO DATE    T                         1.3   -1.3       T
  SINCE JUL 1      T                         1.3   -1.3       T
  SNOW DEPTH       0

DEGREE DAYS
 HEATING
  YESTERDAY       26                        24      2       21
  MONTH TO DATE  557                       566     -9      535
  SINCE SEP 1    781                       793    -12      707
  SINCE JUL 1    835                       859    -24      763

COOLING
  YESTERDAY        0                         0      0        0
  MONTH TO DATE    0                         0      0        0
  SINCE SEP 1     12                        30    -18       56
  SINCE JAN 1    338                       405    -67      506
..................................................................

WIND (MPH)
  HIGHEST WIND SPEED    22   HIGHEST WIND DIRECTION     N (350)
  HIGHEST GUST SPEED    31   HIGHEST GUST DIRECTION    NW (330)
  AVERAGE WIND SPEED     6.9

SKY COVER
  POSSIBLE SUNSHINE  MM
  AVERAGE SKY COVER 0.8

WEATHER CONDITIONS
 THE FOLLOWING WEATHER WAS RECORDED YESTERDAY.
  NO SIGNIFICANT WEATHER WAS OBSERVED.

RELATIVE HUMIDITY (PERCENT)
 HIGHEST    96           700 AM
 LOWEST     62           400 PM
 AVERAGE    79
..........................................................

THE WAUSAU WI CLIMATE NORMALS FOR TODAY
                         NORMAL    RECORD    YEAR
 MAXIMUM TEMPERATURE (F)   49        78      1950
 MINIMUM TEMPERATURE (F)   32        12      1906

SUNRISE AND SUNSET
OCTOBER 31 2014.......SUNRISE   735 AM CDT   SUNSET   548 PM CDT
NOVEMBER  1 2014......SUNRISE   737 AM CDT   SUNSET   547 PM CDT

-  INDICATES NEGATIVE NUMBERS.
R  INDICATES RECORD WAS SET OR TIED.
MM INDICATES DATA IS MISSING.
T  INDICATES TRACE AMOUNT.

$$
