000
CDUS43 KGRB 220654
CLIAUW


CLIMATE REPORT
NATIONAL WEATHER SERVICE GREEN BAY
150 AM CDT TUE AUG 22 2017


...................................

...THE WAUSAU WI CLIMATE SUMMARY FOR AUGUST 21 2017...

CLIMATE NORMAL PERIOD 1981 TO 2010
CLIMATE RECORD PERIOD 1896 TO 2017


WEATHER ITEM   OBSERVED TIME   RECORD YEAR NORMAL DEPARTURE LAST
                VALUE   (LST)  VALUE       VALUE  FROM      YEAR
                                                  NORMAL
..................................................................
TEMPERATURE (F)
 YESTERDAY
  MAXIMUM         78   1134 AM  99    1955  77      1       71
  MINIMUM         63    513 AM  39    2004  57      6       53
  AVERAGE         71                        67      4

PRECIPITATION (IN)
  YESTERDAY        0.12          2.98 1924   0.13  -0.01     0.02
  MONTH TO DATE    2.54                      2.87  -0.33     3.33
  SINCE JUN 1     12.45                     11.01   1.44    13.15
  SINCE JAN 1     28.24                     20.92   7.32    24.81

SNOWFALL (IN)
  YESTERDAY        0.0           0.0    MM   0.0    0.0      0.0
  MONTH TO DATE    0.0                       0.0    0.0      0.0
  SINCE JUL 1      0.0                       0.0    0.0      0.0
  SNOW DEPTH       0

DEGREE DAYS
 HEATING
  YESTERDAY        0                         1     -1        3
  MONTH TO DATE   19                        21     -2        6
  SINCE JUN 1     76                       133    -57       45
  SINCE JUL 1     22                        44    -22       15

 COOLING
  YESTERDAY        6                         3      3        0
  MONTH TO DATE   41                        88    -47      133
  SINCE JUN 1    270                       329    -59      408
  SINCE JAN 1    271                       348    -77      455
..................................................................


WIND (MPH)
  HIGHEST WIND SPEED    16   HIGHEST WIND DIRECTION     W (280)
  HIGHEST GUST SPEED    21   HIGHEST GUST DIRECTION     W (270)
  AVERAGE WIND SPEED     4.8


SKY COVER
  POSSIBLE SUNSHINE  MM
  AVERAGE SKY COVER 0.3


WEATHER CONDITIONS
 THE FOLLOWING WEATHER WAS RECORDED YESTERDAY.
  HEAVY RAIN
  LIGHT RAIN
  FOG


RELATIVE HUMIDITY (PERCENT)
 HIGHEST   100           200 AM
 LOWEST     74          1200 PM
 AVERAGE    87

..........................................................


THE WAUSAU WI CLIMATE NORMALS FOR TODAY
                         NORMAL    RECORD    YEAR
 MAXIMUM TEMPERATURE (F)   77        93      1947
 MINIMUM TEMPERATURE (F)   56        39      1967
                                             1950
                                             1923


SUNRISE AND SUNSET
AUGUST 22 2017........SUNRISE   609 AM CDT   SUNSET   753 PM CDT
AUGUST 23 2017........SUNRISE   610 AM CDT   SUNSET   751 PM CDT


-  INDICATES NEGATIVE NUMBERS.
R  INDICATES RECORD WAS SET OR TIED.
MM INDICATES DATA IS MISSING.
T  INDICATES TRACE AMOUNT.




$$
