000
CDUS42 KGSP 090638
CLIAVL

CLIMATE REPORT
NATIONAL WEATHER SERVICE GREENVILLE-SPARTANBURG SC
137 AM EST TUE FEB 9 2016


...................................

...THE ASHEVILLE NC CLIMATE SUMMARY FOR FEBRUARY 8 2016...

CLIMATE NORMAL PERIOD 1981 TO 2010
CLIMATE RECORD PERIOD 1869 TO 2016


WEATHER ITEM   OBSERVED TIME   RECORD YEAR NORMAL DEPARTURE LAST
                VALUE   (LST)  VALUE       VALUE  FROM      YEAR
                                                  NORMAL
..................................................................
TEMPERATURE (F)
 YESTERDAY
  MAXIMUM         46    334 PM  70    1937  50     -4       69
  MINIMUM         26    653 AM  -9    1895  29     -3       27
  AVERAGE         36                        39     -3       48

PRECIPITATION (IN)
  YESTERDAY        T             1.02 1905   0.13  -0.13     0.00
  MONTH TO DATE    2.42                      1.06   1.36     0.71
  SINCE DEC 1     14.47                      8.32   6.15     6.17
  SINCE JAN 1      5.71                      4.73   0.98     3.77

SNOWFALL (IN)
  YESTERDAY        T             2.1  1995   0.0             0.0
  MONTH TO DATE    T                         0.7              T
  SINCE DEC 1     13.8                       5.7              T
  SINCE JUL 1     13.8                       5.8             3.2
  SNOW DEPTH       0

DEGREE DAYS
 HEATING
  YESTERDAY       29                        26      3       17
  MONTH TO DATE  174                       212    -38      216
  SINCE DEC 1   1522                      1872   -350     1716
  SINCE JUL 1   2197                      2739   -542     2631

 COOLING
  YESTERDAY        0                         0      0        0
  MONTH TO DATE    0                         0      0        0
  SINCE DEC 1      0                         0      0        0
  SINCE JAN 1      0                         0      0        0
..................................................................


WIND (MPH)
  HIGHEST WIND SPEED    17   HIGHEST WIND DIRECTION    NW (330)
  HIGHEST GUST SPEED    25   HIGHEST GUST DIRECTION    NW (300)
  AVERAGE WIND SPEED     5.1


SKY COVER
  POSSIBLE SUNSHINE  MM
  AVERAGE SKY COVER 0.6


WEATHER CONDITIONS
 THE FOLLOWING WEATHER WAS RECORDED YESTERDAY.
  LIGHT RAIN
  LIGHT SNOW


RELATIVE HUMIDITY (PERCENT)
 HIGHEST    84           700 AM
 LOWEST     28           200 PM
 AVERAGE    56

..........................................................


THE ASHEVILLE NC CLIMATE NORMALS FOR TODAY
                         NORMAL    RECORD    YEAR
 MAXIMUM TEMPERATURE (F)   50        71      1957
 MINIMUM TEMPERATURE (F)   29        -2      1895


SUNRISE AND SUNSET
FEBRUARY  9 2016......SUNRISE   723 AM EST   SUNSET   606 PM EST
FEBRUARY 10 2016......SUNRISE   722 AM EST   SUNSET   607 PM EST


-  INDICATES NEGATIVE NUMBERS.
R  INDICATES RECORD WAS SET OR TIED.
MM INDICATES DATA IS MISSING.
T  INDICATES TRACE AMOUNT.




$$
