000
CDUS42 KGSP 280643
CLIAVL

CLIMATE REPORT
NATIONAL WEATHER SERVICE GREENVILLE-SPARTANBURG SC
238 AM EDT SAT MAR 28 2015

...................................

...THE ASHEVILLE NC CLIMATE SUMMARY FOR MARCH 27 2015...

CLIMATE NORMAL PERIOD 1981 TO 2010
CLIMATE RECORD PERIOD 1869 TO 2015


WEATHER ITEM   OBSERVED TIME   RECORD YEAR NORMAL DEPARTURE LAST
                VALUE   (LST)  VALUE       VALUE  FROM      YEAR
                                                  NORMAL
..................................................................
TEMPERATURE (F)
 YESTERDAY
  MAXIMUM         51   1202 AM  80    1907  62    -11       57
  MINIMUM         33   1148 PM  11    1955  38     -5       24
                                      1894
  AVERAGE         42                        50     -8       41

PRECIPITATION (IN)
  YESTERDAY        0.08          3.79 1994   0.13  -0.05     0.00
  MONTH TO DATE    1.89                      3.33  -1.44     1.91
  SINCE MAR 1      1.89                      3.33  -1.44     1.91
  SINCE JAN 1      7.73                     10.76  -3.03     7.26

SNOWFALL (IN)
  YESTERDAY        T             2.4  1947   0.0             0.0
  MONTH TO DATE    T                         1.7             0.4
  SINCE MAR 1      T                         1.7             0.4
  SINCE JUL 1     13.3                       9.0             9.8
  SNOW DEPTH       0

DEGREE DAYS
 HEATING
  YESTERDAY       23                        15      8       24
  MONTH TO DATE  347                       496   -149      571
  SINCE MAR 1    347                       496   -149      571
  SINCE JUL 1   3656                      3713    -57     3890

 COOLING
  YESTERDAY        0                         0      0        0
  MONTH TO DATE    0                         0      0        0
  SINCE MAR 1      0                         0      0        0
  SINCE JAN 1      0                         0      0        0
..................................................................


WIND (MPH)
  HIGHEST WIND SPEED    30   HIGHEST WIND DIRECTION     N (340)
  HIGHEST GUST SPEED    37   HIGHEST GUST DIRECTION     N (340)
  AVERAGE WIND SPEED    16.1


SKY COVER
  POSSIBLE SUNSHINE  MM
  AVERAGE SKY COVER 0.9


WEATHER CONDITIONS
 THE FOLLOWING WEATHER WAS RECORDED YESTERDAY.
  LIGHT RAIN
  LIGHT SNOW
  FOG


RELATIVE HUMIDITY (PERCENT)
 HIGHEST    89           600 AM
 LOWEST     41           600 PM
 AVERAGE    65

..........................................................


THE ASHEVILLE NC CLIMATE NORMALS FOR TODAY
                         NORMAL    RECORD    YEAR
 MAXIMUM TEMPERATURE (F)   62        86      1907
 MINIMUM TEMPERATURE (F)   38        11      1887


SUNRISE AND SUNSET
MARCH 28 2015.........SUNRISE   723 AM EDT   SUNSET   748 PM EDT
MARCH 29 2015.........SUNRISE   721 AM EDT   SUNSET   749 PM EDT


-  INDICATES NEGATIVE NUMBERS.
R  INDICATES RECORD WAS SET OR TIED.
MM INDICATES DATA IS MISSING.
T  INDICATES TRACE AMOUNT.

$$
