000
CDUS42 KGSP 010635
CLIAVL

CLIMATE REPORT
NATIONAL WEATHER SERVICE GREENVILLE-SPARTANBURG SC
233 AM EDT WED JUL 1 2015


...................................

...THE ASHEVILLE NC CLIMATE SUMMARY FOR JUNE 30 2015...

CLIMATE NORMAL PERIOD 1981 TO 2010
CLIMATE RECORD PERIOD 1869 TO 2015


WEATHER ITEM   OBSERVED TIME   RECORD YEAR NORMAL DEPARTURE LAST
                VALUE   (LST)  VALUE       VALUE  FROM      YEAR
                                                  NORMAL
..................................................................
TEMPERATURE (F)
 YESTERDAY
  MAXIMUM         84    343 PM  98    2012  84      0       81
  MINIMUM         64    541 AM  48    1923  63      1       65
  AVERAGE         74                        73      1       73

PRECIPITATION (IN)
  YESTERDAY        0.02          1.50 1977   0.16  -0.14     0.41
  MONTH TO DATE    6.42                      4.65   1.77     5.39
  SINCE JUN 1      6.42                      4.65   1.77     5.39
  SINCE JAN 1     20.67                     22.90  -2.23    21.90

SNOWFALL (IN)
  YESTERDAY        0.0           0.0    MM   0.0             0.0
  MONTH TO DATE    0.0                       0.0             0.0
  SINCE JUN 1      0.0                       0.0             0.0
  SINCE JUL 1     13.3                       9.9             9.8
  SNOW DEPTH       0

DEGREE DAYS
 HEATING
  YESTERDAY        0                         0      0        0
  MONTH TO DATE    0                        11    -11        0
  SINCE JUN 1      0                        14    -14        0
  SINCE JUL 1   3983                      4195   -212     4294

 COOLING
  YESTERDAY        9                         8      1        8
  MONTH TO DATE  263                       177     86      226
  SINCE JUN 1    263                       177     86      226
  SINCE JAN 1    385                       235    150      307
..................................................................


WIND (MPH)
  HIGHEST WIND SPEED    22   HIGHEST WIND DIRECTION     N (360)
  HIGHEST GUST SPEED    34   HIGHEST GUST DIRECTION     N (350)
  AVERAGE WIND SPEED     4.8


SKY COVER
  POSSIBLE SUNSHINE  MM
  AVERAGE SKY COVER 0.5


WEATHER CONDITIONS
 THE FOLLOWING WEATHER WAS RECORDED YESTERDAY.
  THUNDERSTORM
  LIGHT RAIN


RELATIVE HUMIDITY (PERCENT)
 HIGHEST    87           400 AM
 LOWEST     47           300 PM
 AVERAGE    67

..........................................................


THE ASHEVILLE NC CLIMATE NORMALS FOR TODAY
                         NORMAL    RECORD    YEAR
 MAXIMUM TEMPERATURE (F)   84        98      2012
 MINIMUM TEMPERATURE (F)   63        49      1937


SUNRISE AND SUNSET
JULY  1 2015..........SUNRISE   619 AM EDT   SUNSET   849 PM EDT
JULY  2 2015..........SUNRISE   619 AM EDT   SUNSET   849 PM EDT


-  INDICATES NEGATIVE NUMBERS.
R  INDICATES RECORD WAS SET OR TIED.
MM INDICATES DATA IS MISSING.
T  INDICATES TRACE AMOUNT.

$$
07
