000
CDUS42 KGSP 160645
CLIAVL

CLIMATE REPORT
NATIONAL WEATHER SERVICE GREENVILLE-SPARTANBURG SC
143 AM EST MON JAN 16 2017


...................................

...THE ASHEVILLE NC CLIMATE SUMMARY FOR JANUARY 15 2017...

CLIMATE NORMAL PERIOD 1981 TO 2010
CLIMATE RECORD PERIOD 1869 TO 2017


WEATHER ITEM   OBSERVED TIME   RECORD YEAR NORMAL DEPARTURE LAST
                VALUE   (LST)  VALUE       VALUE  FROM      YEAR
                                                  NORMAL
..................................................................
TEMPERATURE (F)
 YESTERDAY
  MAXIMUM         65    109 PM  74    1932  47     18       43
  MINIMUM         46    639 AM   2    1912  26     20       32
  AVERAGE         56                        37     19       38

PRECIPITATION (IN)
  YESTERDAY        0.01          1.50 1873   0.12  -0.11     1.21
  MONTH TO DATE    1.43                      1.72  -0.29     1.69
  SINCE DEC 1      3.74                      5.31  -1.57    10.45
  SINCE JAN 1      1.43                      1.72  -0.29     1.69

SNOWFALL (IN)
  YESTERDAY        0.0           7.5  1966   0.1             0.0
  MONTH TO DATE    7.0                       1.9              T
  SINCE DEC 1      7.0                       2.8              T
  SINCE JUL 1      7.0                       2.9              T
  SNOW DEPTH       0

DEGREE DAYS
 HEATING
  YESTERDAY        9                        28    -19       27
  MONTH TO DATE  353                       420    -67      426
  SINCE DEC 1   1060                      1214   -154      847
  SINCE JUL 1   1631                      2081   -450     1522

 COOLING
  YESTERDAY        0                         0      0        0
  MONTH TO DATE    0                         0      0        0
  SINCE DEC 1      0                         0      0        0
  SINCE JAN 1      0                         0      0        0
..................................................................


WIND (MPH)
  HIGHEST WIND SPEED    12   HIGHEST WIND DIRECTION     N (340)
  HIGHEST GUST SPEED    14   HIGHEST GUST DIRECTION    NW (330)
  AVERAGE WIND SPEED     3.4


SKY COVER
  POSSIBLE SUNSHINE  MM
  AVERAGE SKY COVER 0.9


WEATHER CONDITIONS
 THE FOLLOWING WEATHER WAS RECORDED YESTERDAY.
  LIGHT RAIN
  FOG
  FOG W/VISIBILITY <= 1/4 MILE


RELATIVE HUMIDITY (PERCENT)
 HIGHEST    96          1100 PM
 LOWEST     63           100 PM
 AVERAGE    80

..........................................................


THE ASHEVILLE NC CLIMATE NORMALS FOR TODAY
                         NORMAL    RECORD    YEAR
 MAXIMUM TEMPERATURE (F)   47        73      1974
 MINIMUM TEMPERATURE (F)   26        -9      1893


SUNRISE AND SUNSET
JANUARY 16 2017.......SUNRISE   738 AM EST   SUNSET   542 PM EST
JANUARY 17 2017.......SUNRISE   738 AM EST   SUNSET   543 PM EST


-  INDICATES NEGATIVE NUMBERS.
R  INDICATES RECORD WAS SET OR TIED.
MM INDICATES DATA IS MISSING.
T  INDICATES TRACE AMOUNT.




$$
