000
CDUS42 KGSP 230629
CLIAVL

CLIMATE REPORT
NATIONAL WEATHER SERVICE GREENVILLE-SPARTANBURG SC
228 AM EDT SAT SEP 23 2017


...................................

...THE ASHEVILLE NC CLIMATE SUMMARY FOR SEPTEMBER 22 2017...

CLIMATE NORMAL PERIOD 1981 TO 2010
CLIMATE RECORD PERIOD 1869 TO 2017


WEATHER ITEM   OBSERVED TIME   RECORD YEAR NORMAL DEPARTURE LAST
                VALUE   (LST)  VALUE       VALUE  FROM      YEAR
                                                  NORMAL
..................................................................
TEMPERATURE (F)
 YESTERDAY
  MAXIMUM         84    119 PM  91    1931  75      9       80
  MINIMUM         59    641 AM  35    1918  54      5       60
  AVERAGE         72                        64      8       70

PRECIPITATION (IN)
  YESTERDAY        0.00          2.12 2003   0.12  -0.12     0.00
  MONTH TO DATE    3.75                      2.87   0.88     0.05
  SINCE SEP 1      3.75                      2.87   0.88     0.05
  SINCE JAN 1     40.36                     34.48   5.88    28.50

SNOWFALL (IN)
  YESTERDAY        0.0           0.0    MM   0.0             0.0
  MONTH TO DATE    0.0                       0.0             0.0
  SINCE SEP 1      0.0                       0.0             0.0
  SINCE JUL 1      0.0                       0.0             0.0
  SNOW DEPTH       0

DEGREE DAYS
 HEATING
  YESTERDAY        0                         3     -3        0
  MONTH TO DATE   37                        23     14        0
  SINCE SEP 1     37                        23     14        0
  SINCE JUL 1     37                        25     12        0

 COOLING
  YESTERDAY        7                         2      5        5
  MONTH TO DATE   60                        84    -24      173
  SINCE SEP 1     60                        84    -24      173
  SINCE JAN 1    926                       841     85     1256
..................................................................


WIND (MPH)
  HIGHEST WIND SPEED     9   HIGHEST WIND DIRECTION     S (160)
  HIGHEST GUST SPEED    13   HIGHEST GUST DIRECTION     S (160)
  AVERAGE WIND SPEED     2.3


SKY COVER
  POSSIBLE SUNSHINE  MM
  AVERAGE SKY COVER 0.5


WEATHER CONDITIONS
 THE FOLLOWING WEATHER WAS RECORDED YESTERDAY.
  THUNDERSTORM
  FOG
  FOG W/VISIBILITY <= 1/4 MILE


RELATIVE HUMIDITY (PERCENT)
 HIGHEST   100           800 AM
 LOWEST     51           100 PM
 AVERAGE    76

..........................................................


THE ASHEVILLE NC CLIMATE NORMALS FOR TODAY
                         NORMAL    RECORD    YEAR
 MAXIMUM TEMPERATURE (F)   75        89      1941
                                             1895
 MINIMUM TEMPERATURE (F)   53        35      1983


SUNRISE AND SUNSET
SEPTEMBER 23 2017.....SUNRISE   719 AM EDT   SUNSET   725 PM EDT
SEPTEMBER 24 2017.....SUNRISE   720 AM EDT   SUNSET   724 PM EDT


-  INDICATES NEGATIVE NUMBERS.
R  INDICATES RECORD WAS SET OR TIED.
MM INDICATES DATA IS MISSING.
T  INDICATES TRACE AMOUNT.




$$
