000
CDUS42 KGSP 270632 RRA
CLIAVL

CLIMATE REPORT
NATIONAL WEATHER SERVICE GREENVILLE-SPARTANBURG SC
228 AM EDT TUE SEP 27 2016

...THE ASHEVILLE NC CLIMATE SUMMARY FOR SEPTEMBER 26 2016...

CLIMATE NORMAL PERIOD 1981 TO 2010
CLIMATE RECORD PERIOD 1869 TO 2016


WEATHER ITEM   OBSERVED TIME   RECORD YEAR NORMAL DEPARTURE LAST
                VALUE   (LST)  VALUE       VALUE  FROM      YEAR
                                                  NORMAL
..................................................................
TEMPERATURE (F)
 YESTERDAY
  MAXIMUM         84   1253 PM  86    1945  74     10       65
                                      1933
  MINIMUM         64   1159 PM  38    1943  52     12       59
  AVERAGE         74                        63     11       62

PRECIPITATION (IN)
  YESTERDAY        0.45          1.71 1956   0.12   0.33     0.27
  MONTH TO DATE    0.50                      3.34  -2.84     2.79
  SINCE SEP 1      0.50                      3.34  -2.84     2.79
  SINCE JAN 1     28.95                     34.95  -6.00    28.89

SNOWFALL (IN)
  YESTERDAY        0.0           0.0    MM   0.0             0.0
  MONTH TO DATE    0.0                       0.0             0.0
  SINCE SEP 1      0.0                       0.0             0.0
  SINCE JUL 1      0.0                       0.0             0.0
  SNOW DEPTH       0

DEGREE DAYS
 HEATING
  YESTERDAY        0                         4     -4        3
  MONTH TO DATE    0                        36    -36       33
  SINCE SEP 1      0                        36    -36       33
  SINCE JUL 1      0                        38    -38       33

 COOLING
  YESTERDAY        9                         1      8        0
  MONTH TO DATE  208                        91    117      122
  SINCE SEP 1    208                        91    117      122
  SINCE JAN 1   1291                       848    443     1127
..................................................................


WIND (MPH)
  HIGHEST WIND SPEED    16   HIGHEST WIND DIRECTION    NW (330)
  HIGHEST GUST SPEED    22   HIGHEST GUST DIRECTION    SW (230)
  AVERAGE WIND SPEED     4.6


SKY COVER
  POSSIBLE SUNSHINE  MM
  AVERAGE SKY COVER 0.5


WEATHER CONDITIONS
 THE FOLLOWING WEATHER WAS RECORDED YESTERDAY.
  THUNDERSTORM
  HEAVY RAIN
  RAIN
  LIGHT RAIN
  FOG


RELATIVE HUMIDITY (PERCENT)
 HIGHEST    93           300 AM
 LOWEST     47          1200 PM
 AVERAGE    70

..........................................................


THE ASHEVILLE NC CLIMATE NORMALS FOR TODAY
                         NORMAL    RECORD    YEAR
 MAXIMUM TEMPERATURE (F)   73        88      1998
 MINIMUM TEMPERATURE (F)   52        35      1879


SUNRISE AND SUNSET
SEPTEMBER 27 2016.....SUNRISE   722 AM EDT   SUNSET   719 PM EDT
SEPTEMBER 28 2016.....SUNRISE   723 AM EDT   SUNSET   718 PM EDT


-  INDICATES NEGATIVE NUMBERS.
R  INDICATES RECORD WAS SET OR TIED.
MM INDICATES DATA IS MISSING.
T  INDICATES TRACE AMOUNT.

$$
