000
CDUS42 KGSP 220629
CLIAVL

CLIMATE REPORT
NATIONAL WEATHER SERVICE GREENVILLE-SPARTANBURG SC
227 AM EDT MON SEP 22 2014


...................................

...THE ASHEVILLE NC CLIMATE SUMMARY FOR SEPTEMBER 21 2014...

CLIMATE NORMAL PERIOD 1981 TO 2010
CLIMATE RECORD PERIOD 1869 TO 2014


WEATHER ITEM   OBSERVED TIME   RECORD YEAR NORMAL DEPARTURE LAST
                VALUE   (LST)  VALUE       VALUE  FROM      YEAR
                                                  NORMAL
..................................................................
TEMPERATURE (F)
 YESTERDAY
  MAXIMUM         83    243 PM  91    1931  75      8       69
  MINIMUM         54    600 AM  38    1897  54      0       61
  AVERAGE         69                        65      4       65

PRECIPITATION (IN)
  YESTERDAY        T             1.94 1979   0.13  -0.13     1.39
  MONTH TO DATE    5.79                      2.75   3.04     1.93
  SINCE SEP 1      5.79                      2.75   3.04     1.93
  SINCE JAN 1     36.57                     34.36   2.21    60.69

SNOWFALL (IN)
  YESTERDAY        0.0           0.0    MM   0.0             0.0
  MONTH TO DATE    0.0                       0.0             0.0
  SINCE SEP 1      0.0                       0.0             0.0
  SINCE JUL 1      0.0                       0.0             0.0
  SNOW DEPTH       0

DEGREE DAYS
 HEATING
  YESTERDAY        0                         3     -3        0
  MONTH TO DATE    2                        20    -18        4
  SINCE SEP 1      2                        20    -18        4
  SINCE JUL 1      4                        22    -18        9

 COOLING
  YESTERDAY        4                         2      2        0
  MONTH TO DATE  143                        82     61      105
  SINCE SEP 1    143                        82     61      105
  SINCE JAN 1    895                       839     56      843
..................................................................


WIND (MPH)
  HIGHEST WIND SPEED    16   HIGHEST WIND DIRECTION    NW (310)
  HIGHEST GUST SPEED    21   HIGHEST GUST DIRECTION     W (290)
  AVERAGE WIND SPEED     4.5


SKY COVER
  POSSIBLE SUNSHINE  MM
  AVERAGE SKY COVER 0.6


WEATHER CONDITIONS
 THE FOLLOWING WEATHER WAS RECORDED YESTERDAY.
  LIGHT RAIN
  FOG
  FOG W/VISIBILITY <= 1/4 MILE


RELATIVE HUMIDITY (PERCENT)
 HIGHEST   100           600 AM
 LOWEST     43           300 PM
 AVERAGE    72

..........................................................


THE ASHEVILLE NC CLIMATE NORMALS FOR TODAY
                         NORMAL    RECORD    YEAR
 MAXIMUM TEMPERATURE (F)   75        91      1931
 MINIMUM TEMPERATURE (F)   54        35      1918


SUNRISE AND SUNSET
SEPTEMBER 22 2014.....SUNRISE   718 AM EDT   SUNSET   727 PM EDT
SEPTEMBER 23 2014.....SUNRISE   719 AM EDT   SUNSET   726 PM EDT


-  INDICATES NEGATIVE NUMBERS.
R  INDICATES RECORD WAS SET OR TIED.
MM INDICATES DATA IS MISSING.
T  INDICATES TRACE AMOUNT.

$$
