000
CDUS42 KGSP 250630 RRB
CLIAVL

CLIMATE REPORT
NATIONAL WEATHER SERVICE GREENVILLE-SPARTANBURG SC
229 AM EDT THU MAY 25 2017

...THE ASHEVILLE NC CLIMATE SUMMARY FOR MAY 24 2017...

CLIMATE NORMAL PERIOD 1981 TO 2010
CLIMATE RECORD PERIOD 1869 TO 2017


WEATHER ITEM   OBSERVED TIME   RECORD YEAR NORMAL DEPARTURE LAST
                VALUE   (LST)  VALUE       VALUE  FROM      YEAR
                                                  NORMAL
..................................................................
TEMPERATURE (F)
 YESTERDAY
  MAXIMUM         71    123 PM  90    1939  77     -6       80
                                      1903
  MINIMUM         58   1159 PM  36    1931  54      4       48
  AVERAGE         65                        65      0       64

PRECIPITATION (IN)
  YESTERDAY        0.33          2.28 1959   0.11   0.22     0.00
  MONTH TO DATE    6.86                      2.78   4.08     1.55
  SINCE MAR 1     18.43                      9.94   8.49     5.61
  SINCE JAN 1     22.85                     17.37   5.48    14.59

SNOWFALL (IN)
  YESTERDAY        0.0           0.0    MM   0.0             0.0
  MONTH TO DATE    0.0                       0.0             0.0
  SINCE MAR 1      2.1                       2.6              T
  SINCE JUL 1      9.4                       9.9            13.9
  SNOW DEPTH       0

DEGREE DAYS
 HEATING
  YESTERDAY        0                         2     -2        1
  MONTH TO DATE   63                        97    -34       93
  SINCE MAR 1    722                       952   -230      709
  SINCE JUL 1   3116                      4169  -1053     3456

 COOLING
  YESTERDAY        0                         2     -2        0
  MONTH TO DATE   48                        32     16       25
  SINCE MAR 1     76                        40     36       41
  SINCE JAN 1     76                        40     36       41
..................................................................


WIND (MPH)
  HIGHEST WIND SPEED    18   HIGHEST WIND DIRECTION     S (190)
  HIGHEST GUST SPEED    28   HIGHEST GUST DIRECTION    SE (150)
  AVERAGE WIND SPEED     5.8


SKY COVER
  POSSIBLE SUNSHINE  MM
  AVERAGE SKY COVER 0.7


WEATHER CONDITIONS
 THE FOLLOWING WEATHER WAS RECORDED YESTERDAY.
  THUNDERSTORM
  HEAVY RAIN
  RAIN
  LIGHT RAIN
  FOG


RELATIVE HUMIDITY (PERCENT)
 HIGHEST    97           300 AM
 LOWEST     84           800 AM
 AVERAGE    91

..........................................................


THE ASHEVILLE NC CLIMATE NORMALS FOR TODAY
                         NORMAL    RECORD    YEAR
 MAXIMUM TEMPERATURE (F)   77        89      1896
 MINIMUM TEMPERATURE (F)   54        39      1925


SUNRISE AND SUNSET
MAY 25 2017...........SUNRISE   619 AM EDT   SUNSET   836 PM EDT
MAY 26 2017...........SUNRISE   619 AM EDT   SUNSET   836 PM EDT


-  INDICATES NEGATIVE NUMBERS.
R  INDICATES RECORD WAS SET OR TIED.
MM INDICATES DATA IS MISSING.
T  INDICATES TRACE AMOUNT.

$$
