217
CDUS42 KGSP 022041 RRA
CLIAVL

CLIMATE REPORT
NATIONAL WEATHER SERVICE GREENVILLE-SPARTANBURG SC
439 PM EDT MON MAY 2 2016


...................................

...THE ASHEVILLE NC CLIMATE SUMMARY FOR MAY 2 2016...
VALID TODAY AS OF 400 PM LOCAL TIME.

CLIMATE NORMAL PERIOD 1981 TO 2010
CLIMATE RECORD PERIOD 1869 TO 2016


WEATHER ITEM   OBSERVED TIME   RECORD YEAR NORMAL DEPARTURE LAST
                VALUE   (LST)  VALUE       VALUE  FROM      YEAR
                                                  NORMAL
..................................................................
TEMPERATURE (F)
 TODAY
  MAXIMUM         79    137 PM  88    1935  72      7       72
  MINIMUM         58    635 AM  33    1963  47     11       42
                                      1918
  AVERAGE         69                        60      9       57

PRECIPITATION (IN)
  TODAY            T             0.93 1946   0.12  -0.12     0.00
  MONTH TO DATE    0.33                      0.23   0.10     0.00
  SINCE MAR 1      4.39                      7.39  -3.00     7.06
  SINCE JAN 1     13.37                     14.82  -1.45    12.90

SNOWFALL (IN)
  TODAY            0.0           0.0    MM   0.0    0.0      0.0
  MONTH TO DATE    0.0                       0.0    0.0      0.0
  SINCE MAR 1      T                         2.6   -2.6       T
  SINCE JUL 1     13.9                       9.9    4.0     13.3
  SNOW DEPTH       0

DEGREE DAYS
 HEATING
  TODAY            0                         6     -6        8
  MONTH TO DATE    0                        12    -12       20
  SINCE MAR 1    616                       867   -251      651
  SINCE JUL 1   3363                      4084   -721     3960

 COOLING
  TODAY            4                         1      3        0
  MONTH TO DATE    7                         1      6        0
  SINCE MAR 1     23                         9     14       19
  SINCE JAN 1     23                         9     14       19
..................................................................


WIND (MPH)
  HIGHEST WIND SPEED    17   HIGHEST WIND DIRECTION     S (200)
  HIGHEST GUST SPEED    24   HIGHEST GUST DIRECTION     S (200)
  AVERAGE WIND SPEED     2.3


SKY COVER
  POSSIBLE SUNSHINE  MM
  AVERAGE SKY COVER 0.5


WEATHER CONDITIONS
 THE FOLLOWING WEATHER WAS RECORDED TODAY.
  THUNDERSTORM
  LIGHT RAIN
  FOG
  FOG W/VISIBILITY <= 1/4 MILE


RELATIVE HUMIDITY (PERCENT)
 HIGHEST    93           100 AM
 LOWEST     45          1200 PM
 AVERAGE    69

..........................................................


THE ASHEVILLE NC CLIMATE NORMALS FOR TOMORROW
                         NORMAL    RECORD    YEAR
 MAXIMUM TEMPERATURE (F)   72        85      1965
                                             1959
                                             1938
 MINIMUM TEMPERATURE (F)   48        31      1909


SUNRISE AND SUNSET
MAY  2 2016...........SUNRISE   637 AM EDT   SUNSET   818 PM EDT
MAY  3 2016...........SUNRISE   636 AM EDT   SUNSET   818 PM EDT


-  INDICATES NEGATIVE NUMBERS.
R  INDICATES RECORD WAS SET OR TIED.
MM INDICATES DATA IS MISSING.
T  INDICATES TRACE AMOUNT.




$$
JPT
