000
CDUS42 KGSP 292039
CLIAVL

CLIMATE REPORT
NATIONAL WEATHER SERVICE GREENVILLE-SPARTANBURG SC
438 PM EDT FRI JUL 29 2016


...................................

...THE ASHEVILLE NC CLIMATE SUMMARY FOR JULY 29 2016...
VALID TODAY AS OF 400 PM LOCAL TIME.

CLIMATE NORMAL PERIOD 1981 TO 2010
CLIMATE RECORD PERIOD 1869 TO 2016


WEATHER ITEM   OBSERVED TIME   RECORD YEAR NORMAL DEPARTURE LAST
                VALUE   (LST)  VALUE       VALUE  FROM      YEAR
                                                  NORMAL
..................................................................
TEMPERATURE (F)
 TODAY
  MAXIMUM         87    240 PM  98    1952  84      3       90
  MINIMUM         69    553 AM  55    1911  64      5       67
                                      1895
  AVERAGE         78                        74      4       79

PRECIPITATION (IN)
  TODAY            0.01          1.80 1876   0.13  -0.12     0.01
  MONTH TO DATE    3.72                      4.03  -0.31     2.66
  SINCE JUN 1      6.25                      8.68  -2.43     9.08
  SINCE JAN 1     21.13                     26.93  -5.80    23.33

SNOWFALL (IN)
  TODAY            0.0           0.0    MM   0.0    0.0      0.0
  MONTH TO DATE    0.0                       0.0    0.0      0.0
  SINCE JUN 1      0.0                       0.0    0.0      0.0
  SINCE JUL 1      0.0                       0.0    0.0      0.0
  SNOW DEPTH       0

DEGREE DAYS
 HEATING
  TODAY            0                         0      0        0
  MONTH TO DATE    0                         0      0        0
  SINCE JUN 1      0                        14    -14        0
  SINCE JUL 1      0                         0      0        0

 COOLING
  TODAY           13                         9      4       14
  MONTH TO DATE  357                       257    100      313
  SINCE JUN 1    634                       434    200      576
  SINCE JAN 1    707                       492    215      698
..................................................................


WIND (MPH)
  HIGHEST WIND SPEED    17   HIGHEST WIND DIRECTION    NW (330)
  HIGHEST GUST SPEED    21   HIGHEST GUST DIRECTION     N (340)
  AVERAGE WIND SPEED     8.4


SKY COVER
  POSSIBLE SUNSHINE  MM
  AVERAGE SKY COVER 0.4


WEATHER CONDITIONS
 THE FOLLOWING WEATHER WAS RECORDED TODAY.
  LIGHT RAIN


RELATIVE HUMIDITY (PERCENT)
 HIGHEST    90           400 AM
 LOWEST     45           200 PM
 AVERAGE    68

..........................................................


THE ASHEVILLE NC CLIMATE NORMALS FOR TOMORROW
                         NORMAL    RECORD    YEAR
 MAXIMUM TEMPERATURE (F)   84        93      1954
 MINIMUM TEMPERATURE (F)   64        54      2014
                                             1897
                                             1895


SUNRISE AND SUNSET
JULY 29 2016..........SUNRISE   637 AM EDT   SUNSET   836 PM EDT
JULY 30 2016..........SUNRISE   638 AM EDT   SUNSET   835 PM EDT


-  INDICATES NEGATIVE NUMBERS.
R  INDICATES RECORD WAS SET OR TIED.
MM INDICATES DATA IS MISSING.
T  INDICATES TRACE AMOUNT.




$$
JPT
