000
CDUS42 KGSP 090638
CLIAVL

CLIMATE REPORT
NATIONAL WEATHER SERVICE GREENVILLE-SPARTANBURG SC
134 AM EST FRI DEC 9 2016


...................................

...THE ASHEVILLE NC CLIMATE SUMMARY FOR DECEMBER 8 2016...

CLIMATE NORMAL PERIOD 1981 TO 2010
CLIMATE RECORD PERIOD 1869 TO 2016


WEATHER ITEM   OBSERVED TIME   RECORD YEAR NORMAL DEPARTURE LAST
                VALUE   (LST)  VALUE       VALUE  FROM      YEAR
                                                  NORMAL
..................................................................
TEMPERATURE (F)
 YESTERDAY
  MAXIMUM         45   1217 AM  75    1956  51     -6       58
  MINIMUM         28   1159 PM  12    1977  31     -3       29
  AVERAGE         37                        41     -4       44

PRECIPITATION (IN)
  YESTERDAY        0.00          1.91 1924   0.12  -0.12     0.00
  MONTH TO DATE    1.85                      1.04   0.81     1.78
  SINCE DEC 1      1.85                      1.04   0.81     1.78
  SINCE JAN 1     32.94                     43.02 -10.08    47.37

SNOWFALL (IN)
  YESTERDAY        0.0           2.0  1973   0.0             0.0
  MONTH TO DATE    0.0                       0.1             0.0
  SINCE DEC 1      0.0                       0.1             0.0
  SINCE JUL 1      0.0                       0.2             0.0
  SNOW DEPTH       0

DEGREE DAYS
 HEATING
  YESTERDAY       28                        24      4       21
  MONTH TO DATE  166                       186    -20      166
  SINCE DEC 1    166                       186    -20      166
  SINCE JUL 1    737                      1053   -316      841

 COOLING
  YESTERDAY        0                         0      0        0
  MONTH TO DATE    0                         0      0        0
  SINCE DEC 1      0                         0      0        0
  SINCE JAN 1   1317                       863    454     1156
..................................................................


WIND (MPH)
  HIGHEST WIND SPEED    30   HIGHEST WIND DIRECTION    NW (330)
  HIGHEST GUST SPEED    35   HIGHEST GUST DIRECTION    NW (330)
  AVERAGE WIND SPEED    13.0


SKY COVER
  POSSIBLE SUNSHINE  MM
  AVERAGE SKY COVER 0.2


WEATHER CONDITIONS
 THE FOLLOWING WEATHER WAS RECORDED YESTERDAY.
  NO SIGNIFICANT WEATHER WAS OBSERVED.


RELATIVE HUMIDITY (PERCENT)
 HIGHEST    73           500 AM
 LOWEST     32           500 PM
 AVERAGE    53

..........................................................


THE ASHEVILLE NC CLIMATE NORMALS FOR TODAY
                         NORMAL    RECORD    YEAR
 MAXIMUM TEMPERATURE (F)   51        70      1923
 MINIMUM TEMPERATURE (F)   30         2      1917


SUNRISE AND SUNSET
DECEMBER  9 2016......SUNRISE   728 AM EST   SUNSET   518 PM EST
DECEMBER 10 2016......SUNRISE   729 AM EST   SUNSET   518 PM EST


-  INDICATES NEGATIVE NUMBERS.
R  INDICATES RECORD WAS SET OR TIED.
MM INDICATES DATA IS MISSING.
T  INDICATES TRACE AMOUNT.




$$

LEV
