000
CDUS42 KGSP 250630 RRB
CLIAVL

CLIMATE REPORT
NATIONAL WEATHER SERVICE GREENVILLE-SPARTANBURG SC
227 AM EDT TUE JUL 25 2017


...................................

...THE ASHEVILLE NC CLIMATE SUMMARY FOR JULY 24 2017...

CLIMATE NORMAL PERIOD 1981 TO 2010
CLIMATE RECORD PERIOD 1869 TO 2017


WEATHER ITEM   OBSERVED TIME   RECORD YEAR NORMAL DEPARTURE LAST
                VALUE   (LST)  VALUE       VALUE  FROM      YEAR
                                                  NORMAL
..................................................................
TEMPERATURE (F)
 YESTERDAY
  MAXIMUM         87    503 PM  96    1983  84      3       90
  MINIMUM         68    619 AM  52    1966  64      4       67
                                      1895
  AVERAGE         78                        74      4       79

PRECIPITATION (IN)
  YESTERDAY        T             1.90 1890   0.14  -0.14     0.00
  MONTH TO DATE    3.36                      3.35   0.01     3.71
  SINCE JUN 1      6.07                      8.00  -1.93     6.24
  SINCE JAN 1     29.09                     26.25   2.84    21.12

SNOWFALL (IN)
  YESTERDAY        0.0           0.0    MM   0.0             0.0
  MONTH TO DATE    0.0                       0.0             0.0
  SINCE JUN 1      0.0                       0.0             0.0
  SINCE JUL 1      0.0                       0.0             0.0
  SNOW DEPTH       0

DEGREE DAYS
 HEATING
  YESTERDAY        0                         0      0        0
  MONTH TO DATE    0                         0      0        0
  SINCE JUN 1      1                        14    -13        0
  SINCE JUL 1      0                         0      0        0

 COOLING
  YESTERDAY       13                         9      4       14
  MONTH TO DATE  270                       212     58      284
  SINCE JUN 1    452                       389     63      561
  SINCE JAN 1    551                       447    104      634
..................................................................


WIND (MPH)
  HIGHEST WIND SPEED    17   HIGHEST WIND DIRECTION     N (350)
  HIGHEST GUST SPEED    24   HIGHEST GUST DIRECTION     N (350)
  AVERAGE WIND SPEED     7.0


SKY COVER
  POSSIBLE SUNSHINE  MM
  AVERAGE SKY COVER 0.1


WEATHER CONDITIONS
 THE FOLLOWING WEATHER WAS RECORDED YESTERDAY.
  THUNDERSTORM
  LIGHT RAIN
  FOG


RELATIVE HUMIDITY (PERCENT)
 HIGHEST   100           100 AM
 LOWEST     36           400 PM
 AVERAGE    68

..........................................................


THE ASHEVILLE NC CLIMATE NORMALS FOR TODAY
                         NORMAL    RECORD    YEAR
 MAXIMUM TEMPERATURE (F)   84        92      2010
                                             2005
                                             1987
 MINIMUM TEMPERATURE (F)   64        51      1895


SUNRISE AND SUNSET
JULY 25 2017..........SUNRISE   634 AM EDT   SUNSET   839 PM EDT
JULY 26 2017..........SUNRISE   634 AM EDT   SUNSET   839 PM EDT


-  INDICATES NEGATIVE NUMBERS.
R  INDICATES RECORD WAS SET OR TIED.
MM INDICATES DATA IS MISSING.
T  INDICATES TRACE AMOUNT.




$$
