000
CDUS41 KBGM 202125
CLIAVP


CLIMATE REPORT
NATIONAL WEATHER SERVICE BINGHAMTON NY
523 PM EDT MON OCT 20 2014


...................................

...THE AVOCA PA CLIMATE SUMMARY FOR OCTOBER 20 2014...
VALID TODAY AS OF 0500 PM LOCAL TIME.

CLIMATE NORMAL PERIOD 1981 TO 2010
CLIMATE RECORD PERIOD 1901 TO 2014


WEATHER ITEM   OBSERVED TIME   RECORD YEAR NORMAL DEPARTURE LAST
                VALUE   (LST)  VALUE       VALUE  FROM      YEAR
                                                  NORMAL
..................................................................
TEMPERATURE (F)
 TODAY
  MAXIMUM         59    314 PM  79    1963  59      0       58
  MINIMUM         32    312 AM  19    1972  40     -8       39
  AVERAGE         46                        50     -4       49

PRECIPITATION (IN)
  TODAY            0.00          1.97 1976   0.10  -0.10     0.00
  MONTH TO DATE    3.38                      2.24   1.14     1.29
  SINCE SEP 1      4.07                      6.31  -2.24     2.86
  SINCE JAN 1     25.63                     31.34  -5.71    21.21

SNOWFALL (IN)
  TODAY            0.0           T    1992   0.0    0.0      0.0
                                      1974
  MONTH TO DATE    0.0                       0.0    0.0      0.0
  SINCE SEP 1      0.0                       0.0    0.0      0.0
  SINCE JUL 1      0.0                       0.0    0.0      0.0

DEGREE DAYS
 HEATING
  TODAY           19                        16      3       16
  MONTH TO DATE  166                       250    -84      103
  SINCE SEP 1    268                       386   -118      256
  SINCE JUL 1    279                       412   -133      265

 COOLING
  TODAY            0                         0      0        0
  MONTH TO DATE   11                         0     11       24
  SINCE SEP 1    100                        52     48       93
  SINCE JAN 1    686                       576    110      795
..................................................................


WIND (MPH)
  HIGHEST WIND SPEED    15   HIGHEST WIND DIRECTION    SW (210)
  HIGHEST GUST SPEED    22   HIGHEST GUST DIRECTION    SW (220)
  AVERAGE WIND SPEED     3.1


SKY COVER
  AVERAGE SKY COVER 0.2


WEATHER CONDITIONS
 THE FOLLOWING WEATHER WAS RECORDED TODAY.
  NO SIGNIFICANT WEATHER WAS OBSERVED.


RELATIVE HUMIDITY (PERCENT)
 HIGHEST    82          1200 AM
 LOWEST     40           300 PM
 AVERAGE    61

..........................................................


THE AVOCA PA CLIMATE NORMALS FOR TOMORROW
                         NORMAL    RECORD    YEAR
 MAXIMUM TEMPERATURE (F)   59        81      1979
                                             1920
 MINIMUM TEMPERATURE (F)   39        22      1972


SUNRISE AND SUNSET
OCTOBER 20 2014.......SUNRISE   720 AM EDT   SUNSET   614 PM EDT
OCTOBER 21 2014.......SUNRISE   721 AM EDT   SUNSET   613 PM EDT


-  INDICATES NEGATIVE NUMBERS.
R  INDICATES RECORD WAS SET OR TIED.
MM INDICATES DATA IS MISSING.
T  INDICATES TRACE AMOUNT.




$$
