000
CDUS41 KBGM 310552
CLIAVP


CLIMATE REPORT
NATIONAL WEATHER SERVICE BINGHAMTON NY
1252 AM EST SAT JAN 31 2015


...................................

...THE AVOCA PA CLIMATE SUMMARY FOR JANUARY 30 2015...

CLIMATE NORMAL PERIOD 1981 TO 2010
CLIMATE RECORD PERIOD 1901 TO 2015


WEATHER ITEM   OBSERVED TIME   RECORD YEAR NORMAL DEPARTURE LAST
                VALUE   (LST)  VALUE       VALUE  FROM      YEAR
                                                  NORMAL
..................................................................
TEMPERATURE (F)
 YESTERDAY
  MAXIMUM         32    126 PM  67    2013  34     -2       29
  MINIMUM         12   1159 PM  -3    1948  19     -7        1
  AVERAGE         22                        26     -4       15

PRECIPITATION (IN)
  YESTERDAY        0.15          1.09 1939   0.08   0.07     0.00
  MONTH TO DATE    1.87                      2.29  -0.42     2.11
  SINCE DEC 1      4.65                      4.97  -0.32     5.45
  SINCE JAN 1      1.87                      2.29  -0.42     2.11

SNOWFALL (IN)
  YESTERDAY        2.7          10.0  2000   0.4    2.3      0.0
  MONTH TO DATE   15.5                      13.7    1.8     13.0
  SINCE DEC 1     19.9                      21.1   -1.2     23.8
  SINCE JUL 1     28.8                      24.1    4.7     26.5

DEGREE DAYS
 HEATING
  YESTERDAY       43                        39      4       50
  MONTH TO DATE 1231                      1169     62     1318
  SINCE DEC 1   2133                      2234   -101     2356
  SINCE JUL 1   3323                      3547   -224     3632

 COOLING
  YESTERDAY        0                         0      0        0
  MONTH TO DATE    0                         0      0        0
  SINCE DEC 1      0                         0      0        0
  SINCE JAN 1      0                         0      0        0
..................................................................


WIND (MPH)
  HIGHEST WIND SPEED    29   HIGHEST WIND DIRECTION    NW (330)
  HIGHEST GUST SPEED    36   HIGHEST GUST DIRECTION    NW (330)
  AVERAGE WIND SPEED    12.4


SKY COVER
  AVERAGE SKY COVER 1.0



RELATIVE HUMIDITY (PERCENT)
 HIGHEST    92           300 AM
 LOWEST     55           400 PM
 AVERAGE    74

..........................................................


THE AVOCA PA CLIMATE NORMALS FOR TODAY
                         NORMAL    RECORD    YEAR
 MAXIMUM TEMPERATURE (F)   34        63      1916
 MINIMUM TEMPERATURE (F)   19        -7      1948


SUNRISE AND SUNSET
JANUARY 31 2015.......SUNRISE   715 AM EST   SUNSET   518 PM EST
FEBRUARY  1 2015......SUNRISE   714 AM EST   SUNSET   519 PM EST


-  INDICATES NEGATIVE NUMBERS.
R  INDICATES RECORD WAS SET OR TIED.
MM INDICATES DATA IS MISSING.
T  INDICATES TRACE AMOUNT.




$$
