000
CDUS41 KBGM 270549
CLIAVP


CLIMATE REPORT
NATIONAL WEATHER SERVICE BINGHAMTON NY
148 AM EDT THU APR 27 2017


...................................

...THE AVOCA PA CLIMATE SUMMARY FOR APRIL 26 2017...

CLIMATE NORMAL PERIOD 1981 TO 2010
CLIMATE RECORD PERIOD 1901 TO 2017


WEATHER ITEM   OBSERVED TIME   RECORD YEAR NORMAL DEPARTURE LAST
                VALUE   (LST)  VALUE       VALUE  FROM      YEAR
                                                  NORMAL
..................................................................
TEMPERATURE (F)
 YESTERDAY
  MAXIMUM         74    526 PM  90    2009  64     10       71
  MINIMUM         53    542 AM  26    1972  42     11       42
                                      1919
  AVERAGE         64                        53     11       57

PRECIPITATION (IN)
  YESTERDAY        0.00          1.35 1953   0.11  -0.11     0.28
  MONTH TO DATE    2.91                      2.88   0.03     2.53
  SINCE MAR 1      8.36                      5.43   2.93     4.31
  SINCE JAN 1     14.59                      9.83   4.76    10.11

SNOWFALL (IN)
  YESTERDAY        0.0           T    1993   0.1   -0.1      0.0
                                      1976
  MONTH TO DATE    0.1                       3.0   -2.9      2.2
  SINCE MAR 1     30.7                      12.0   18.7      3.5
  SINCE JUL 1     55.5                      45.9    9.6     15.5

DEGREE DAYS
 HEATING
  YESTERDAY        1                        13    -12        8
  MONTH TO DATE  282                       449   -167      448
  SINCE MAR 1   1217                      1320   -103     1079
  SINCE JUL 1   4972                      5926   -954     4649

 COOLING
  YESTERDAY        0                         0      0        0
  MONTH TO DATE   10                         0     10        1
  SINCE MAR 1     10                         0     10        1
  SINCE JAN 1     10                         0     10        1
..................................................................


WIND (MPH)
  HIGHEST WIND SPEED    15   HIGHEST WIND DIRECTION     N (20)
  HIGHEST GUST SPEED    19   HIGHEST GUST DIRECTION    NE (30)
  AVERAGE WIND SPEED     6.5


SKY COVER
  AVERAGE SKY COVER 0.6



RELATIVE HUMIDITY (PERCENT)
 HIGHEST    93           400 AM
 LOWEST     53           400 PM
 AVERAGE    73

..........................................................


THE AVOCA PA CLIMATE NORMALS FOR TODAY
                         NORMAL    RECORD    YEAR
 MAXIMUM TEMPERATURE (F)   64        93      2009
 MINIMUM TEMPERATURE (F)   42        28      2002


SUNRISE AND SUNSET
APRIL 27 2017.........SUNRISE   605 AM EDT   SUNSET   756 PM EDT
APRIL 28 2017.........SUNRISE   604 AM EDT   SUNSET   757 PM EDT


-  INDICATES NEGATIVE NUMBERS.
R  INDICATES RECORD WAS SET OR TIED.
MM INDICATES DATA IS MISSING.
T  INDICATES TRACE AMOUNT.




$$
