622
CDUS41 KBGM 180535
CLIAVP


CLIMATE REPORT
NATIONAL WEATHER SERVICE BINGHAMTON NY
1235 AM EST WED JAN 18 2017


...................................

...THE AVOCA PA CLIMATE SUMMARY FOR JANUARY 17 2017...

CLIMATE NORMAL PERIOD 1981 TO 2010
CLIMATE RECORD PERIOD 1901 TO 2017


WEATHER ITEM   OBSERVED TIME   RECORD YEAR NORMAL DEPARTURE LAST
                VALUE   (LST)  VALUE       VALUE  FROM      YEAR
                                                  NORMAL
..................................................................
TEMPERATURE (F)
 YESTERDAY
  MAXIMUM         40   1205 PM  60    1990  33      7       34
  MINIMUM         34    832 AM -10    1977  18     16       28
  AVERAGE         37                        26     11       31

PRECIPITATION (IN)
  YESTERDAY        0.50          1.05 1994   0.08   0.42      T
  MONTH TO DATE    1.71                      1.26   0.45     1.59
  SINCE DEC 1      3.77                      3.94  -0.17     4.14
  SINCE JAN 1      1.71                      1.26   0.45     1.59

SNOWFALL (IN)
  YESTERDAY        0.0          16.4  1994   0.5   -0.5       T
  MONTH TO DATE    1.9                       8.0   -6.1      2.0
  SINCE DEC 1      8.8                      15.4   -6.6      2.8
  SINCE JUL 1     14.5                      18.4   -3.9      2.8

DEGREE DAYS
 HEATING
  YESTERDAY       28                        39    -11       34
  MONTH TO DATE  596                       662    -66      612
  SINCE DEC 1   1590                      1727   -137     1240
  SINCE JUL 1   2608                      3040   -432     2148

 COOLING
  YESTERDAY        0                         0      0        0
  MONTH TO DATE    0                         0      0        0
  SINCE DEC 1      0                         0      0        0
  SINCE JAN 1      0                         0      0        0
..................................................................


WIND (MPH)
  HIGHEST WIND SPEED     9   HIGHEST WIND DIRECTION    NE (50)
  HIGHEST GUST SPEED    11   HIGHEST GUST DIRECTION    NE (60)
  AVERAGE WIND SPEED     3.3


SKY COVER
  AVERAGE SKY COVER 1.0



RELATIVE HUMIDITY (PERCENT)
 HIGHEST   100           400 PM
 LOWEST     70           100 AM
 AVERAGE    85

..........................................................


THE AVOCA PA CLIMATE NORMALS FOR TODAY
                         NORMAL    RECORD    YEAR
 MAXIMUM TEMPERATURE (F)   33        60      2006
                                             1990
                                             1929
 MINIMUM TEMPERATURE (F)   18        -7      1982


SUNRISE AND SUNSET
JANUARY 18 2017.......SUNRISE   725 AM EST   SUNSET   502 PM EST
JANUARY 19 2017.......SUNRISE   724 AM EST   SUNSET   504 PM EST


-  INDICATES NEGATIVE NUMBERS.
R  INDICATES RECORD WAS SET OR TIED.
MM INDICATES DATA IS MISSING.
T  INDICATES TRACE AMOUNT.




$$
