000
CDUS41 KBGM 280515
CLIAVP


CLIMATE REPORT
NATIONAL WEATHER SERVICE BINGHAMTON NY
1215 AM EST TUE FEB 28 2017


...................................

...THE AVOCA PA CLIMATE SUMMARY FOR FEBRUARY 27 2017...

CLIMATE NORMAL PERIOD 1981 TO 2010
CLIMATE RECORD PERIOD 1901 TO 2017


WEATHER ITEM   OBSERVED TIME   RECORD YEAR NORMAL DEPARTURE LAST
                VALUE   (LST)  VALUE       VALUE  FROM      YEAR
                                                  NORMAL
..................................................................
TEMPERATURE (F)
 YESTERDAY
  MAXIMUM         51        MM  70    1997  40     11       37
  MINIMUM         25        MM  -2    1963  23      2       23
  AVERAGE         38                        31      7       30

PRECIPITATION (IN)
  YESTERDAY        0.00          0.45 1946   0.07  -0.07     0.00
  MONTH TO DATE    2.98                      1.96   1.02     4.01
  SINCE DEC 1      8.29                      7.01   1.28     8.35
  SINCE JAN 1      6.23                      4.33   1.90     5.80

SNOWFALL (IN)
  YESTERDAY        0.0           2.3  2010   0.4   -0.4      0.0
  MONTH TO DATE    8.2                       9.0   -0.8      6.7
  SINCE DEC 1     19.0                      30.6  -11.6     12.0
  SINCE JUL 1     24.7                      33.6   -8.9     12.0

DEGREE DAYS
 HEATING
  YESTERDAY       27                        34     -7       35
  MONTH TO DATE  742                       982   -240      863
  SINCE DEC 1   2723                      3260   -537     2626
  SINCE JUL 1   3741                      4573   -832     3534

 COOLING
  YESTERDAY        0                         0      0        0
  MONTH TO DATE    0                         0      0        0
  SINCE DEC 1      0                         0      0        0
  SINCE JAN 1      0                         0      0        0
..................................................................


WIND (MPH)
  HIGHEST WIND SPEED    13   HIGHEST WIND DIRECTION    SW (210)
  HIGHEST GUST SPEED    23   HIGHEST GUST DIRECTION    SW (240)
  AVERAGE WIND SPEED     5.9


SKY COVER
  AVERAGE SKY COVER 0.5



RELATIVE HUMIDITY (PERCENT)
 HIGHEST    68           400 AM
 LOWEST     31           200 PM
 AVERAGE    50

..........................................................


THE AVOCA PA CLIMATE NORMALS FOR TODAY
                         NORMAL    RECORD    YEAR
 MAXIMUM TEMPERATURE (F)   40        64      1903
 MINIMUM TEMPERATURE (F)   23        -6      1934


SUNRISE AND SUNSET
FEBRUARY 28 2017......SUNRISE   639 AM EST   SUNSET   553 PM EST
MARCH  1 2017.........SUNRISE   637 AM EST   SUNSET   554 PM EST


-  INDICATES NEGATIVE NUMBERS.
R  INDICATES RECORD WAS SET OR TIED.
MM INDICATES DATA IS MISSING.
T  INDICATES TRACE AMOUNT.




$$
