000
CDUS41 KBGM 240548
CLIAVP


CLIMATE REPORT
NATIONAL WEATHER SERVICE BINGHAMTON NY
147 AM EDT SUN MAY 24 2015


...................................

...THE AVOCA PA CLIMATE SUMMARY FOR MAY 23 2015...

CLIMATE NORMAL PERIOD 1981 TO 2010
CLIMATE RECORD PERIOD 1901 TO 2015


WEATHER ITEM   OBSERVED TIME   RECORD YEAR NORMAL DEPARTURE LAST
                VALUE   (LST)  VALUE       VALUE  FROM      YEAR
                                                  NORMAL
..................................................................
TEMPERATURE (F)
 YESTERDAY
  MAXIMUM         68    541 PM  93    1911  72     -4       69
  MINIMUM         40    448 AM  36    1998  50    -10       52
                                      1967
                                      1929
  AVERAGE         54                        61     -7       61

PRECIPITATION (IN)
  YESTERDAY        0.00          1.08 1913   0.12  -0.12     0.32
  MONTH TO DATE    0.39                      2.55  -2.16     2.71
  SINCE MAR 1      5.23                      8.43  -3.20     7.79
  SINCE JAN 1      8.23                     12.83  -4.60    12.67

SNOWFALL (IN)
  YESTERDAY        0.0           0.0    MM   0.0    0.0      0.0
  MONTH TO DATE    0.0                       0.3   -0.3      0.0
  SINCE MAR 1      9.0                      12.6   -3.6      3.1
  SINCE JUL 1     51.4                      46.5    4.9     58.9

DEGREE DAYS
 HEATING
  YESTERDAY       11                         6      5        4
  MONTH TO DATE   96                       190    -94      129
  SINCE MAR 1   1543                      1557    -14     1670
  SINCE JUL 1   6240                      6163     77     6493

 COOLING
  YESTERDAY        0                         1     -1        0
  MONTH TO DATE   82                        16     66       26
  SINCE MAR 1     82                        22     60       33
  SINCE JAN 1     82                        22     60       33
..................................................................


WIND (MPH)
  HIGHEST WIND SPEED    13   HIGHEST WIND DIRECTION     W (250)
  HIGHEST GUST SPEED    19   HIGHEST GUST DIRECTION     N (360)
  AVERAGE WIND SPEED     6.2


SKY COVER
  AVERAGE SKY COVER 0.0



RELATIVE HUMIDITY (PERCENT)
 HIGHEST    56          1100 PM
 LOWEST     22           300 PM
 AVERAGE    39

..........................................................


THE AVOCA PA CLIMATE NORMALS FOR TODAY
                         NORMAL    RECORD    YEAR
 MAXIMUM TEMPERATURE (F)   72        88      1975
                                             1964
                                             1936
 MINIMUM TEMPERATURE (F)   50        32      1963


SUNRISE AND SUNSET
MAY 24 2015...........SUNRISE   537 AM EDT   SUNSET   823 PM EDT
MAY 25 2015...........SUNRISE   536 AM EDT   SUNSET   824 PM EDT


-  INDICATES NEGATIVE NUMBERS.
R  INDICATES RECORD WAS SET OR TIED.
MM INDICATES DATA IS MISSING.
T  INDICATES TRACE AMOUNT.




$$
