000
CDUS43 KGRR 010521
CLIAZO


CLIMATE REPORT
NATIONAL WEATHER SERVICE GRAND RAPIDS, MI
119 AM EDT SAT NOV 1 2014


...................................

...THE KALAMAZOO MI CLIMATE SUMMARY FOR OCTOBER 31 2014...

CLIMATE NORMAL PERIOD 1981 TO 2010
CLIMATE RECORD PERIOD 1998 TO 2014


WEATHER ITEM   OBSERVED TIME   NORMAL DEPARTURE LAST
                VALUE   (LST)  VALUE  FROM      YEAR
                                      NORMAL
......................................................
TEMPERATURE (F)
 YESTERDAY
  MAXIMUM         46    132 AM  55     -9       63
  MINIMUM         33   1159 PM  38     -5       53
  AVERAGE         40            46     -6       58

PRECIPITATION (IN)
  YESTERDAY        0.15          0.09   0.06     1.80
  MONTH TO DATE    4.89          3.33   1.56     4.66
  SINCE SEP 1      7.71          7.15   0.56     6.39
  SINCE JAN 1     24.50         30.74  -6.24    35.48

DEGREE DAYS
 HEATING
  YESTERDAY       25            19      6        7
  MONTH TO DATE  439           443     -4      388
  SINCE SEP 1    588           576     12      507
  SINCE JUL 1    620           592     28      544

 COOLING
  YESTERDAY        0             0      0        0
  MONTH TO DATE    0             8     -8       16
  SINCE SEP 1     58            64     -6       97
  SINCE JAN 1    609           675    -66      725
......................................................


WIND (MPH)
  RESULTANT WIND SPEED  11   RESULTANT WIND DIRECTION   N (350)
  HIGHEST WIND SPEED    28   HIGHEST WIND DIRECTION     N (350)
  HIGHEST GUST SPEED    36   HIGHEST GUST DIRECTION    NE (30)
  AVERAGE WIND SPEED    14.5


SKY COVER
  AVERAGE SKY COVER 1.0


WEATHER CONDITIONS
 THE FOLLOWING WEATHER WAS RECORDED YESTERDAY.
  LIGHT RAIN
  LIGHT SNOW
  FOG


RELATIVE HUMIDITY (PERCENT)
 HIGHEST    85           700 AM
 LOWEST     61          1000 PM
 AVERAGE    73

..........................................................


THE KALAMAZOO MI CLIMATE NORMALS FOR TODAY
                         NORMAL
 MAXIMUM TEMPERATURE (F)   54
 MINIMUM TEMPERATURE (F)   38


SUNRISE AND SUNSET
NOVEMBER  1 2014......SUNRISE   815 AM EDT   SUNSET   636 PM EDT
NOVEMBER  2 2014......SUNRISE   716 AM EST   SUNSET   534 PM EST


-  INDICATES NEGATIVE NUMBERS.
R  INDICATES RECORD WAS SET OR TIED.
MM INDICATES DATA IS MISSING.
T  INDICATES TRACE AMOUNT.




$$
