000
CDUS43 KGRR 210517
CLIAZO


CLIMATE REPORT
NATIONAL WEATHER SERVICE GRAND RAPIDS, MI
1217 AM EST SUN JAN 21 2018


...................................

...THE KALAMAZOO MI CLIMATE SUMMARY FOR JANUARY 20 2018...

CLIMATE NORMAL PERIOD 1981 TO 2010
CLIMATE RECORD PERIOD 1998 TO 2018


WEATHER ITEM   OBSERVED TIME   NORMAL DEPARTURE LAST
                VALUE   (LST)  VALUE  FROM      YEAR
                                      NORMAL
......................................................
TEMPERATURE (F)
 YESTERDAY
  MAXIMUM         43    330 PM  31     12       44
  MINIMUM         30    838 AM  18     12       37
  AVERAGE         37            24     13       41

PRECIPITATION (IN)
  YESTERDAY        0.00          0.06  -0.06     0.38
  MONTH TO DATE    0.36          1.14  -0.78     2.36
  SINCE DEC 1      1.05          3.12  -2.07     3.41
  SINCE JAN 1      0.36          1.14  -0.78     2.36

DEGREE DAYS
 HEATING
  YESTERDAY       28            41    -13       24
  MONTH TO DATE  905           812     93      730
  SINCE DEC 1   2105          1936    169     1883
  SINCE JUL 1   3268          3263      5     2783

 COOLING
  YESTERDAY        0             0      0        0
  MONTH TO DATE    0             0      0        0
  SINCE DEC 1      0             0      0        0
  SINCE JAN 1      0             0      0        0
......................................................


WIND (MPH)
  RESULTANT WIND SPEED   9   RESULTANT WIND DIRECTION  SW (220)
  HIGHEST WIND SPEED    21   HIGHEST WIND DIRECTION    SW (230)
  HIGHEST GUST SPEED    27   HIGHEST GUST DIRECTION    SW (220)
  AVERAGE WIND SPEED     9.3


SKY COVER
  AVERAGE SKY COVER 0.1


WEATHER CONDITIONS
 THE FOLLOWING WEATHER WAS RECORDED YESTERDAY.
  FOG


RELATIVE HUMIDITY (PERCENT)
 HIGHEST    85          1000 PM
 LOWEST     59           200 AM
 AVERAGE    72

..........................................................


THE KALAMAZOO MI CLIMATE NORMALS FOR TODAY
                         NORMAL
 MAXIMUM TEMPERATURE (F)   31
 MINIMUM TEMPERATURE (F)   18


SUNRISE AND SUNSET
JANUARY 21 2018.......SUNRISE   805 AM EST   SUNSET   543 PM EST
JANUARY 22 2018.......SUNRISE   804 AM EST   SUNSET   544 PM EST


-  INDICATES NEGATIVE NUMBERS.
R  INDICATES RECORD WAS SET OR TIED.
MM INDICATES DATA IS MISSING.
T  INDICATES TRACE AMOUNT.




$$
