000
CDUS43 KGRR 282127
CLIAZO


CLIMATE REPORT
NATIONAL WEATHER SERVICE GRAND RAPIDS, MI
526 PM EDT TUE JUL 28 2015


...................................

...THE KALAMAZOO MI CLIMATE SUMMARY FOR JULY 28 2015...
VALID TODAY AS OF 0500 PM LOCAL TIME.

CLIMATE NORMAL PERIOD 1981 TO 2010
CLIMATE RECORD PERIOD 1998 TO 2015


WEATHER ITEM   OBSERVED TIME   NORMAL DEPARTURE LAST
                VALUE   (LST)  VALUE  FROM      YEAR
                                      NORMAL
......................................................
TEMPERATURE (F)
 TODAY
  MAXIMUM         90    314 PM  83      7       69
  MINIMUM         63    612 AM  62      1       52
  AVERAGE         77            72      5       61

PRECIPITATION (IN)
  TODAY            0.00          0.13  -0.13     0.00
  MONTH TO DATE    4.11          3.34   0.77     2.95
  SINCE JUN 1      7.86          6.92   0.94     6.82
  SINCE JAN 1     17.57         19.36  -1.79    15.24

DEGREE DAYS
 HEATING
  TODAY            0             0      0        4
  MONTH TO DATE    9             0      9       19
  SINCE JUN 1     30            48    -18       38
  SINCE JUL 1      9             0      9       19

 COOLING
  TODAY           12             7      5        0
  MONTH TO DATE  159           220    -61      109
  SINCE JUN 1    239           365   -126      289
  SINCE JAN 1    306           406   -100      343
......................................................


WIND (MPH)
  RESULTANT WIND SPEED   2   RESULTANT WIND DIRECTION  SE (150)
  HIGHEST WIND SPEED    12   HIGHEST WIND DIRECTION     S (180)
  HIGHEST GUST SPEED    15   HIGHEST GUST DIRECTION     S (180)
  AVERAGE WIND SPEED     2.0


SKY COVER
  AVERAGE SKY COVER 0.0


WEATHER CONDITIONS
 THE FOLLOWING WEATHER WAS RECORDED TODAY.
  FOG


RELATIVE HUMIDITY (PERCENT)
 HIGHEST    87          1200 AM
 LOWEST     41           300 PM
 AVERAGE    64

..........................................................


THE KALAMAZOO MI CLIMATE NORMALS FOR TOMORROW
                         NORMAL
 MAXIMUM TEMPERATURE (F)   83
 MINIMUM TEMPERATURE (F)   62


SUNRISE AND SUNSET
JULY 28 2015..........SUNRISE   631 AM EDT   SUNSET   906 PM EDT
JULY 29 2015..........SUNRISE   632 AM EDT   SUNSET   905 PM EDT


-  INDICATES NEGATIVE NUMBERS.
R  INDICATES RECORD WAS SET OR TIED.
MM INDICATES DATA IS MISSING.
T  INDICATES TRACE AMOUNT.




$$

JAM
