000
CDUS43 KGRR 300519
CLIAZO


CLIMATE REPORT
NATIONAL WEATHER SERVICE GRAND RAPIDS, MI
1217 AM EST FRI JAN 30 2015


...................................

...THE KALAMAZOO MI CLIMATE SUMMARY FOR JANUARY 29 2015...

CLIMATE NORMAL PERIOD 1981 TO 2010
CLIMATE RECORD PERIOD 1998 TO 2015


WEATHER ITEM   OBSERVED TIME   NORMAL DEPARTURE LAST
                VALUE   (LST)  VALUE  FROM      YEAR
                                      NORMAL
......................................................
TEMPERATURE (F)
 YESTERDAY
  MAXIMUM         34   1259 PM  31      3       17
  MINIMUM         26   1159 PM  18      8       -2
  AVERAGE         30            24      6        8

PRECIPITATION (IN)
  YESTERDAY        0.02          0.05  -0.03     0.00
  MONTH TO DATE    0.95          1.68  -0.73     1.10
  SINCE DEC 1      2.01          3.66  -1.65     2.56
  SINCE JAN 1      0.95          1.68  -0.73     1.10

DEGREE DAYS
 HEATING
  YESTERDAY       35            41     -6       57
  MONTH TO DATE 1251          1181     70     1247
  SINCE DEC 1   2236          2305    -69     2397
  SINCE JUL 1   3766          3632    134     3754

 COOLING
  YESTERDAY        0             0      0        0
  MONTH TO DATE    0             0      0        0
  SINCE DEC 1      0             0      0        0
  SINCE JAN 1      0             0      0        0
......................................................


WIND (MPH)
  RESULTANT WIND SPEED   2   RESULTANT WIND DIRECTION  SW (240)
  HIGHEST WIND SPEED    29   HIGHEST WIND DIRECTION     N (350)
  HIGHEST GUST SPEED    35   HIGHEST GUST DIRECTION     N (350)
  AVERAGE WIND SPEED    11.5


SKY COVER
  AVERAGE SKY COVER 0.8


WEATHER CONDITIONS
 THE FOLLOWING WEATHER WAS RECORDED YESTERDAY.
  LIGHT RAIN
  SNOW
  LIGHT SNOW
  FOG
  HAZE


RELATIVE HUMIDITY (PERCENT)
 HIGHEST    89           100 PM
 LOWEST     58          1200 AM
 AVERAGE    74

..........................................................


THE KALAMAZOO MI CLIMATE NORMALS FOR TODAY
                         NORMAL
 MAXIMUM TEMPERATURE (F)   31
 MINIMUM TEMPERATURE (F)   18


SUNRISE AND SUNSET
JANUARY 30 2015.......SUNRISE   758 AM EST   SUNSET   554 PM EST
JANUARY 31 2015.......SUNRISE   757 AM EST   SUNSET   555 PM EST


-  INDICATES NEGATIVE NUMBERS.
R  INDICATES RECORD WAS SET OR TIED.
MM INDICATES DATA IS MISSING.
T  INDICATES TRACE AMOUNT.




$$

63
