000
CDUS43 KGRR 242127
CLIAZO


CLIMATE REPORT
NATIONAL WEATHER SERVICE GRAND RAPIDS, MI
526 PM EDT MON JUL 24 2017


...................................

...THE KALAMAZOO MI CLIMATE SUMMARY FOR JULY 24 2017...
VALID TODAY AS OF 0500 PM LOCAL TIME.

CLIMATE NORMAL PERIOD 1981 TO 2010
CLIMATE RECORD PERIOD 1998 TO 2017


WEATHER ITEM   OBSERVED TIME   NORMAL DEPARTURE LAST
                VALUE   (LST)  VALUE  FROM      YEAR
                                      NORMAL
......................................................
TEMPERATURE (F)
 TODAY
  MAXIMUM         76    359 PM  83     -7       89
  MINIMUM         63    616 AM  62      1       71
  AVERAGE         70            73     -3       80

PRECIPITATION (IN)
  TODAY            0.00          0.12  -0.12     1.38
  MONTH TO DATE    3.19          2.85   0.34     4.76
  SINCE JUN 1      4.43          6.43  -2.00     6.66
  SINCE JAN 1     19.58         18.87   0.71    17.64

DEGREE DAYS
 HEATING
  TODAY            0             0      0        0
  MONTH TO DATE    0             0      0        1
  SINCE JUN 1     19            48    -29       29
  SINCE JUL 1      0             0      0        1

 COOLING
  TODAY            5             8     -3       15
  MONTH TO DATE  205           189     16      217
  SINCE JUN 1    377           334     43      386
  SINCE JAN 1    416           375     41      453
......................................................


WIND (MPH)
  RESULTANT WIND SPEED   8   RESULTANT WIND DIRECTION   N (10)
  HIGHEST WIND SPEED    15   HIGHEST WIND DIRECTION    NE (50)
  HIGHEST GUST SPEED    22   HIGHEST GUST DIRECTION     N (360)
  AVERAGE WIND SPEED     9.1


SKY COVER
  AVERAGE SKY COVER 0.6


WEATHER CONDITIONS
 THE FOLLOWING WEATHER WAS RECORDED TODAY.
  NO SIGNIFICANT WEATHER WAS OBSERVED.


RELATIVE HUMIDITY (PERCENT)
 HIGHEST    90           600 AM
 LOWEST     46           400 PM
 AVERAGE    68

..........................................................


THE KALAMAZOO MI CLIMATE NORMALS FOR TOMORROW
                         NORMAL
 MAXIMUM TEMPERATURE (F)   83
 MINIMUM TEMPERATURE (F)   62


SUNRISE AND SUNSET
JULY 24 2017..........SUNRISE   627 AM EDT   SUNSET   909 PM EDT
JULY 25 2017..........SUNRISE   628 AM EDT   SUNSET   908 PM EDT


-  INDICATES NEGATIVE NUMBERS.
R  INDICATES RECORD WAS SET OR TIED.
MM INDICATES DATA IS MISSING.
T  INDICATES TRACE AMOUNT.




$$
