000
CDUS43 KGRR 040520
CLIAZO


CLIMATE REPORT
NATIONAL WEATHER SERVICE GRAND RAPIDS, MI
118 AM EDT SAT JUL 4 2015


...................................

...THE KALAMAZOO MI CLIMATE SUMMARY FOR JULY 3 2015...

CLIMATE NORMAL PERIOD 1981 TO 2010
CLIMATE RECORD PERIOD 1998 TO 2015


WEATHER ITEM   OBSERVED TIME   NORMAL DEPARTURE LAST
                VALUE   (LST)  VALUE  FROM      YEAR
                                      NORMAL
......................................................
TEMPERATURE (F)
 YESTERDAY
  MAXIMUM         76    548 PM  83     -7       72
  MINIMUM         53    551 AM  62     -9       53
  AVERAGE         65            72     -7       63

PRECIPITATION (IN)
  YESTERDAY        0.00          0.10  -0.10     0.44
  MONTH TO DATE    0.00          0.29  -0.29     1.75
  SINCE JUN 1      3.75          3.87  -0.12     5.62
  SINCE JAN 1     13.46         16.31  -2.85    14.04

DEGREE DAYS
 HEATING
  YESTERDAY        0             0      0        2
  MONTH TO DATE    3             0      3        2
  SINCE JUN 1     24            48    -24       21
  SINCE JUL 1      3             0      3        2

 COOLING
  YESTERDAY        0             7     -7        0
  MONTH TO DATE    0            21    -21       10
  SINCE JUN 1     80           166    -86      190
  SINCE JAN 1    147           207    -60      244
......................................................


WIND (MPH)
  RESULTANT WIND SPEED   1   RESULTANT WIND DIRECTION  NE (60)
  HIGHEST WIND SPEED     8   HIGHEST WIND DIRECTION     N (360)
  HIGHEST GUST SPEED    10   HIGHEST GUST DIRECTION    SE (120)
  AVERAGE WIND SPEED     2.0


SKY COVER
  AVERAGE SKY COVER 0.0


WEATHER CONDITIONS
 THE FOLLOWING WEATHER WAS RECORDED YESTERDAY.
  NO SIGNIFICANT WEATHER WAS OBSERVED.


RELATIVE HUMIDITY (PERCENT)
 HIGHEST    89           400 AM
 LOWEST     41           400 PM
 AVERAGE    65

..........................................................


THE KALAMAZOO MI CLIMATE NORMALS FOR TODAY
                         NORMAL
 MAXIMUM TEMPERATURE (F)   83
 MINIMUM TEMPERATURE (F)   62


SUNRISE AND SUNSET
JULY  4 2015..........SUNRISE   611 AM EDT   SUNSET   922 PM EDT
JULY  5 2015..........SUNRISE   612 AM EDT   SUNSET   922 PM EDT


-  INDICATES NEGATIVE NUMBERS.
R  INDICATES RECORD WAS SET OR TIED.
MM INDICATES DATA IS MISSING.
T  INDICATES TRACE AMOUNT.




$$
