000
CDUS41 KBOX 250546
CLIBDL


CLIMATE REPORT
NATIONAL WEATHER SERVICE TAUNTON MA
135 AM EDT SAT OCT 25 2014


...................................

...THE HARTFORD CT CLIMATE SUMMARY FOR OCTOBER 24 2014...

CLIMATE NORMAL PERIOD 1981 TO 2010
CLIMATE RECORD PERIOD 1904 TO 2014


WEATHER ITEM   OBSERVED TIME   RECORD YEAR NORMAL DEPARTURE LAST
                VALUE   (LST)  VALUE       VALUE  FROM      YEAR
                                                  NORMAL
..................................................................
TEMPERATURE (F)
 YESTERDAY
  MAXIMUM         58   1216 PM  80    1972  60     -2       54
  MINIMUM         48    732 AM  21    1969  39      9       35
  AVERAGE         53                        49      4       45

PRECIPITATION (IN)
  YESTERDAY        0.13          4.31 1959   0.13   0.00     0.00
  MONTH TO DATE    3.71                      3.48   0.23     2.08
  SINCE SEP 1      5.33                      7.36  -2.03     5.66
  SINCE JAN 1     37.30                     37.63  -0.33    43.66

SNOWFALL (IN)
  YESTERDAY        0.0           T    1960   0.0    0.0      0.0
  MONTH TO DATE    0.0                       0.0    0.0      0.0
  SINCE SEP 1      0.0                       0.0    0.0      0.0
  SINCE JUL 1      0.0                       0.0    0.0      0.0
  SNOW DEPTH       0

DEGREE DAYS
 HEATING
  YESTERDAY       12                        16     -4       20
  MONTH TO DATE  210                       289    -79      202
  SINCE SEP 1    294                       399   -105      333
  SINCE JUL 1    296                       411   -115      335

 COOLING
  YESTERDAY        0                         0      0        0
  MONTH TO DATE   15                         5     10        5
  SINCE SEP 1    112                        79     33       70
  SINCE JAN 1    771                       754     17      894
..................................................................


WIND (MPH)
  RESULTANT WIND SPEED  10   RESULTANT WIND DIRECTION  NW (330)
  HIGHEST WIND SPEED    21   HIGHEST WIND DIRECTION    NW (330)
  HIGHEST GUST SPEED    29   HIGHEST GUST DIRECTION    NW (310)
  AVERAGE WIND SPEED    10.0


SKY COVER
  POSSIBLE SUNSHINE  MM
  AVERAGE SKY COVER 0.8


WEATHER CONDITIONS
 THE FOLLOWING WEATHER WAS RECORDED YESTERDAY.
  LIGHT RAIN
  FOG


RELATIVE HUMIDITY (PERCENT)
 HIGHEST    86           200 AM
 LOWEST     59          1200 PM
 AVERAGE    73

..........................................................


THE HARTFORD CT CLIMATE NORMALS FOR TODAY
                         NORMAL    RECORD    YEAR
 MAXIMUM TEMPERATURE (F)   60        80      1963
 MINIMUM TEMPERATURE (F)   38        24      2003


SUNRISE AND SUNSET
OCTOBER 25 2014.......SUNRISE   715 AM EDT   SUNSET   554 PM EDT
OCTOBER 26 2014.......SUNRISE   716 AM EDT   SUNSET   553 PM EDT


-  INDICATES NEGATIVE NUMBERS.
R  INDICATES RECORD WAS SET OR TIED.
MM INDICATES DATA IS MISSING.
T  INDICATES TRACE AMOUNT.




$$
