000
CDUS41 KBOX 280609
CLIBDL


CLIMATE REPORT
NATIONAL WEATHER SERVICE TAUNTON MA
206 AM EDT SUN MAY 28 2017


...................................

...THE HARTFORD CT CLIMATE SUMMARY FOR MAY 27 2017...

CLIMATE NORMAL PERIOD 1981 TO 2010
CLIMATE RECORD PERIOD 1904 TO 2017


WEATHER ITEM   OBSERVED TIME   RECORD YEAR NORMAL DEPARTURE LAST
                VALUE   (LST)  VALUE       VALUE  FROM      YEAR
                                                  NORMAL
..................................................................
TEMPERATURE (F)
 YESTERDAY
  MAXIMUM         69    421 PM  94    1965  74     -5       89
                                      1914
  MINIMUM         52    338 AM  37    1969  51      1       63
                                      1968
  AVERAGE         61                        63     -2       76

PRECIPITATION (IN)
  YESTERDAY        0.00          2.28 1946   0.16  -0.16     0.00
  MONTH TO DATE    4.17                      3.71   0.46     1.83
  SINCE MAR 1     11.87                     11.05   0.82     6.47
  SINCE JAN 1     17.85                     17.17   0.68    13.30

SNOWFALL (IN)
  YESTERDAY        0.0           0.0  2002   0.0    0.0      0.0
                                      2001
                                      2000
  MONTH TO DATE    0.0                       0.0    0.0      0.0
  SINCE MAR 1     19.6                       7.8   11.8      9.8
  SINCE JUL 1     62.3                      40.5   21.8     26.9
  SNOW DEPTH       0

DEGREE DAYS
 HEATING
  YESTERDAY        4                         4      0        0
  MONTH TO DATE  218                       189     29      208
  SINCE MAR 1   1560                      1504     56     1368
  SINCE JUL 1   5453                      5942   -489     5044

 COOLING
  YESTERDAY        0                         2     -2       11
  MONTH TO DATE   37                        24     13       27
  SINCE MAR 1     60                        30     30       29
  SINCE JAN 1     60                        30     30       29
..................................................................


WIND (MPH)
  RESULTANT WIND SPEED   0   RESULTANT WIND DIRECTION  NW (310)
  HIGHEST WIND SPEED    10   HIGHEST WIND DIRECTION     S (190)
  HIGHEST GUST SPEED    15   HIGHEST GUST DIRECTION     N (10)
  AVERAGE WIND SPEED     5.1


SKY COVER
  POSSIBLE SUNSHINE  MM
  AVERAGE SKY COVER 0.8


WEATHER CONDITIONS
 THE FOLLOWING WEATHER WAS RECORDED YESTERDAY.
  NO SIGNIFICANT WEATHER WAS OBSERVED.


RELATIVE HUMIDITY (PERCENT)
 HIGHEST    86           300 AM
 LOWEST     47           300 PM
 AVERAGE    67

..........................................................


THE HARTFORD CT CLIMATE NORMALS FOR TODAY
                         NORMAL    RECORD    YEAR
 MAXIMUM TEMPERATURE (F)   75        93      2016
                                             1977
 MINIMUM TEMPERATURE (F)   51        38      1997


SUNRISE AND SUNSET
MAY 28 2017...........SUNRISE   520 AM EDT   SUNSET   817 PM EDT
MAY 29 2017...........SUNRISE   519 AM EDT   SUNSET   817 PM EDT


-  INDICATES NEGATIVE NUMBERS.
R  INDICATES RECORD WAS SET OR TIED.
MM INDICATES DATA IS MISSING.
T  INDICATES TRACE AMOUNT.




$$
