000
CDUS41 KBOX 290542
CLIBDL


CLIMATE REPORT
NATIONAL WEATHER SERVICE TAUNTON MA
1237 AM EST MON DEC 29 2014


...................................

...THE HARTFORD CT CLIMATE SUMMARY FOR DECEMBER 28 2014...

CLIMATE NORMAL PERIOD 1981 TO 2010
CLIMATE RECORD PERIOD 1904 TO 2014


WEATHER ITEM   OBSERVED TIME   RECORD YEAR NORMAL DEPARTURE LAST
                VALUE   (LST)  VALUE       VALUE  FROM      YEAR
                                                  NORMAL
..................................................................
TEMPERATURE (F)
 YESTERDAY
  MAXIMUM         50    229 PM  60    2008  36     14       49
                                      1949
  MINIMUM         38   1159 PM  -5    1963  20     18       22
                                      1960
  AVERAGE         44                        28     16       36

PRECIPITATION (IN)
  YESTERDAY        0.04          1.62 1922   0.10  -0.06     0.00
  MONTH TO DATE    4.55                      3.15   1.40     2.75
  SINCE DEC 1      4.55                      3.15   1.40     2.75
  SINCE JAN 1     45.83                     45.56   0.27    50.54

SNOWFALL (IN)
  YESTERDAY        0.0          11.9  1967   0.3   -0.3      0.0
  MONTH TO DATE    0.7                       6.4   -5.7     12.7
  SINCE DEC 1      0.7                       6.4   -5.7     12.7
  SINCE JUL 1      5.8                       8.4   -2.6     12.7
  SNOW DEPTH       0

DEGREE DAYS
 HEATING
  YESTERDAY       21                        37    -16       29
  MONTH TO DATE  790                       923   -133      950
  SINCE DEC 1    790                       923   -133      950
  SINCE JUL 1   1887                      2130   -243     2182

 COOLING
  YESTERDAY        0                         0      0        0
  MONTH TO DATE    0                         0      0        0
  SINCE DEC 1      0                         0      0        0
  SINCE JAN 1    771                       756     15      894
..................................................................


WIND (MPH)
  RESULTANT WIND SPEED   3   RESULTANT WIND DIRECTION   W (260)
  HIGHEST WIND SPEED    17   HIGHEST WIND DIRECTION    NW (320)
  HIGHEST GUST SPEED    24   HIGHEST GUST DIRECTION     N (340)
  AVERAGE WIND SPEED     8.2


SKY COVER
  POSSIBLE SUNSHINE  MM
  AVERAGE SKY COVER 0.9


WEATHER CONDITIONS
 THE FOLLOWING WEATHER WAS RECORDED YESTERDAY.
  LIGHT RAIN


RELATIVE HUMIDITY (PERCENT)
 HIGHEST    89          1000 AM
 LOWEST     54          1000 PM
 AVERAGE    72

..........................................................


THE HARTFORD CT CLIMATE NORMALS FOR TODAY
                         NORMAL    RECORD    YEAR
 MAXIMUM TEMPERATURE (F)   36        74      1984
 MINIMUM TEMPERATURE (F)   19       -11      1933


SUNRISE AND SUNSET
DECEMBER 29 2014......SUNRISE   718 AM EST   SUNSET   428 PM EST
DECEMBER 30 2014......SUNRISE   718 AM EST   SUNSET   428 PM EST


-  INDICATES NEGATIVE NUMBERS.
R  INDICATES RECORD WAS SET OR TIED.
MM INDICATES DATA IS MISSING.
T  INDICATES TRACE AMOUNT.




$$
