000
CDUS41 KBOX 300547
CLIBDL


CLIMATE REPORT
NATIONAL WEATHER SERVICE TAUNTON MA
1236 AM EST FRI JAN 30 2015


...................................

...THE HARTFORD CT CLIMATE SUMMARY FOR JANUARY 29 2015...

CLIMATE NORMAL PERIOD 1981 TO 2010
CLIMATE RECORD PERIOD 1904 TO 2015


WEATHER ITEM   OBSERVED TIME   RECORD YEAR NORMAL DEPARTURE LAST
                VALUE   (LST)  VALUE       VALUE  FROM      YEAR
                                                  NORMAL
..................................................................
TEMPERATURE (F)
 YESTERDAY
  MAXIMUM         31    428 PM  66    2002  35     -4       26
  MINIMUM          0    712 AM -10    1963  18    -18       12
                                      1961
  AVERAGE         16                        27    -11       19

PRECIPITATION (IN)
  YESTERDAY        T             1.04 1973   0.11  -0.11      T
  MONTH TO DATE    3.19                      3.02   0.17     3.41
  SINCE DEC 1      7.74                      6.46   1.28     7.33
  SINCE JAN 1      3.19                      3.02   0.17     3.41

SNOWFALL (IN)
  YESTERDAY        T             9.8  1973   0.5   -0.5       T
  MONTH TO DATE   16.8                      11.5    5.3     10.3
  SINCE DEC 1     17.5                      18.9   -1.4     23.0
  SINCE JUL 1     22.6                      20.9    1.7     23.0
  SNOW DEPTH      10

DEGREE DAYS
 HEATING
  YESTERDAY       49                        38     11       46
  MONTH TO DATE 1193                      1127     66     1170
  SINCE DEC 1   2095                      2164    -69     2234
  SINCE JUL 1   3192                      3371   -179     3466

 COOLING
  YESTERDAY        0                         0      0        0
  MONTH TO DATE    0                         0      0        0
  SINCE DEC 1      0                         0      0        0
  SINCE JAN 1      0                         0      0        0
..................................................................


WIND (MPH)
  RESULTANT WIND SPEED   1   RESULTANT WIND DIRECTION  SE (130)
  HIGHEST WIND SPEED    12   HIGHEST WIND DIRECTION     S (160)
  HIGHEST GUST SPEED    14   HIGHEST GUST DIRECTION     S (170)
  AVERAGE WIND SPEED     4.1


SKY COVER
  POSSIBLE SUNSHINE  MM
  AVERAGE SKY COVER 0.5


WEATHER CONDITIONS
 THE FOLLOWING WEATHER WAS RECORDED YESTERDAY.
  LIGHT SNOW


RELATIVE HUMIDITY (PERCENT)
 HIGHEST    75           900 PM
 LOWEST     28           300 PM
 AVERAGE    52

..........................................................


THE HARTFORD CT CLIMATE NORMALS FOR TODAY
                         NORMAL    RECORD    YEAR
 MAXIMUM TEMPERATURE (F)   35        60      1947
 MINIMUM TEMPERATURE (F)   18        -3      1965
                                             1961
                                             1948


SUNRISE AND SUNSET
JANUARY 30 2015.......SUNRISE   706 AM EST   SUNSET   503 PM EST
JANUARY 31 2015.......SUNRISE   705 AM EST   SUNSET   504 PM EST


-  INDICATES NEGATIVE NUMBERS.
R  INDICATES RECORD WAS SET OR TIED.
MM INDICATES DATA IS MISSING.
T  INDICATES TRACE AMOUNT.




$$
