000
CDUS41 KOKX 050622
CLIBDR


CLIMATE REPORT
NATIONAL WEATHER SERVICE NEW YORK NY
222 AM EDT THU MAY 5 2016


...................................

...THE BRIDGEPORT CT CLIMATE SUMMARY FOR MAY 4 2016...

CLIMATE NORMAL PERIOD 1981 TO 2010
CLIMATE RECORD PERIOD 1948 TO 2016


WEATHER ITEM   OBSERVED TIME   RECORD YEAR NORMAL DEPARTURE LAST
                VALUE   (LST)  VALUE       VALUE  FROM      YEAR
                                                  NORMAL
..................................................................
TEMPERATURE (F)
 YESTERDAY
  MAXIMUM         52   1130 AM  87    1965  64    -12       77
  MINIMUM         48   1159 PM  36    1986  47      1       49
                                      1985
                                      1967
  AVERAGE         50                        55     -5       63

PRECIPITATION (IN)
  YESTERDAY        0.12          1.12 1975   0.12   0.00     0.00
  MONTH TO DATE    0.89                      0.46   0.43     0.00
  SINCE MAR 1      5.77                      8.64  -2.87     6.81
  SINCE JAN 1     12.93                     14.53  -1.60    13.15

SNOWFALL (IN)
  YESTERDAY        0.0           0.0  2002   0.0    0.0      0.0
                                      2001
  MONTH TO DATE    0.0                       0.0    0.0      0.0
  SINCE OCT 1     27.3                      27.6   -0.3     59.7
  SINCE JUL 1     27.3                      27.6   -0.3     59.7
  SNOW DEPTH       0

DEGREE DAYS
 HEATING
  YESTERDAY       15                        10      5        2
  MONTH TO DATE   60                        41     19       33
  SINCE MAR 1   1144                      1309   -165     1447
  SINCE JUL 1   4279                      5196   -917     5553

 COOLING
  YESTERDAY        0                         0      0        0
  MONTH TO DATE    0                         0      0        0
  SINCE MAR 1      0                         2     -2        0
  SINCE JAN 1      0                         2     -2        0
..................................................................


WIND (MPH)
  HIGHEST WIND SPEED    22   HIGHEST WIND DIRECTION     E (100)
  HIGHEST GUST SPEED    27   HIGHEST GUST DIRECTION     E (100)
  AVERAGE WIND SPEED    10.4


SKY COVER
  AVERAGE SKY COVER 1.0


WEATHER CONDITIONS
 THE FOLLOWING WEATHER WAS RECORDED YESTERDAY.
  LIGHT RAIN
  FOG


RELATIVE HUMIDITY (PERCENT)
 HIGHEST    93          1200 AM
 LOWEST     71           800 AM
 AVERAGE    82

..........................................................


THE BRIDGEPORT CT CLIMATE NORMALS FOR TODAY
                         NORMAL    RECORD    YEAR
 MAXIMUM TEMPERATURE (F)   64        86      1955
 MINIMUM TEMPERATURE (F)   47        35      1974


SUNRISE AND SUNSET
MAY  5 2016...........SUNRISE   545 AM EDT   SUNSET   754 PM EDT
MAY  6 2016...........SUNRISE   543 AM EDT   SUNSET   755 PM EDT


-  INDICATES NEGATIVE NUMBERS.
R  INDICATES RECORD WAS SET OR TIED.
MM INDICATES DATA IS MISSING.
T  INDICATES TRACE AMOUNT.




$$
