000
CDUS41 KOKX 300616
CLIBDR


CLIMATE REPORT
NATIONAL WEATHER SERVICE NEW YORK NY
216 AM EDT SAT AUG 30 2014


...................................

...THE BRIDGEPORT CT CLIMATE SUMMARY FOR AUGUST 29 2014...

CLIMATE NORMAL PERIOD 1981 TO 2010
CLIMATE RECORD PERIOD 1948 TO 2014


WEATHER ITEM   OBSERVED TIME   RECORD YEAR NORMAL DEPARTURE LAST
                VALUE   (LST)  VALUE       VALUE  FROM      YEAR
                                                  NORMAL
..................................................................
TEMPERATURE (F)
 YESTERDAY
  MAXIMUM         75    319 PM  98    1953  79     -4       78
  MINIMUM         59    532 AM  44    1982  64     -5       68
  AVERAGE         67                        72     -5       73

PRECIPITATION (IN)
  YESTERDAY        0.00          2.07 2002   0.10  -0.10      T
  MONTH TO DATE    2.05                      3.74  -1.69     2.11
  SINCE JUN 1      9.52                     10.81  -1.29    13.18
  SINCE JAN 1     31.18                     28.68   2.50    26.78

SNOWFALL (IN)
  YESTERDAY        0.0           0.0  2002   0.0    0.0      0.0
                                      2001
  MONTH TO DATE    0.0                       0.0    0.0      0.0
  SINCE OCT 1     57.4                      27.6   29.8     64.3
  SINCE JUL 1      0.0                       0.0    0.0      0.0
  SNOW DEPTH       0

DEGREE DAYS
 HEATING
  YESTERDAY        0                         0      0        0
  MONTH TO DATE    0                         0      0        0
  SINCE JUN 1      4                        33    -29       18
  SINCE JUL 1      0                         1     -1        0

 COOLING
  YESTERDAY        2                         7     -5        8
  MONTH TO DATE  220                       249    -29      224
  SINCE JUN 1    689                       681      8      824
  SINCE JAN 1    712                       705      7      862
..................................................................


WIND (MPH)
  HIGHEST WIND SPEED    14   HIGHEST WIND DIRECTION    NE (60)
  HIGHEST GUST SPEED    18   HIGHEST GUST DIRECTION     N (20)
  AVERAGE WIND SPEED     7.4


SKY COVER
  AVERAGE SKY COVER 0.0


WEATHER CONDITIONS
 THE FOLLOWING WEATHER WAS RECORDED YESTERDAY.
  NO SIGNIFICANT WEATHER WAS OBSERVED.


RELATIVE HUMIDITY (PERCENT)
 HIGHEST    78           600 AM
 LOWEST     46          1100 AM
 AVERAGE    62

..........................................................


THE BRIDGEPORT CT CLIMATE NORMALS FOR TODAY
                         NORMAL    RECORD    YEAR
 MAXIMUM TEMPERATURE (F)   79        96      1953
 MINIMUM TEMPERATURE (F)   64        46      1986


SUNRISE AND SUNSET
AUGUST 30 2014........SUNRISE   617 AM EDT   SUNSET   729 PM EDT
AUGUST 31 2014........SUNRISE   618 AM EDT   SUNSET   727 PM EDT


-  INDICATES NEGATIVE NUMBERS.
R  INDICATES RECORD WAS SET OR TIED.
MM INDICATES DATA IS MISSING.
T  INDICATES TRACE AMOUNT.




$$
