000
CDUS41 KOKX 182133
CLIBDR


CLIMATE REPORT
NATIONAL WEATHER SERVICE NEW YORK NY
433 PM EST MON DEC 18 2017


...................................

...THE BRIDGEPORT CT CLIMATE SUMMARY FOR DECEMBER 18 2017...
VALID TODAY AS OF 0400 PM LOCAL TIME.

CLIMATE NORMAL PERIOD 1981 TO 2010
CLIMATE RECORD PERIOD 1948 TO 2017


WEATHER ITEM   OBSERVED TIME   RECORD YEAR NORMAL DEPARTURE LAST
                VALUE   (LST)  VALUE       VALUE  FROM      YEAR
                                                  NORMAL
..................................................................
TEMPERATURE (F)
 TODAY
  MAXIMUM         42    225 PM  61    1984  41      1       53
  MINIMUM         31    726 AM  13    2009  28      3       32
                                      1988
                                      1953
  AVERAGE         37                        34      3       43

PRECIPITATION (IN)
  TODAY            T             1.14 1951   0.10  -0.10     0.06
  MONTH TO DATE    1.04                      2.00  -0.96     2.12
  SINCE DEC 1      1.04                      2.00  -0.96     2.12
  SINCE JAN 1     40.60                     41.41  -0.81    38.09

SNOWFALL (IN)
  TODAY            T             4.4  1963   0.2   -0.2      0.0
  MONTH TO DATE    6.4                       2.3    4.1      6.0
  SINCE OCT 1      6.4                       3.0    3.4      6.0
  SINCE JUL 1      6.4                       3.0    3.4      6.0
  SNOW DEPTH       1

DEGREE DAYS
 HEATING
  TODAY           28                        31     -3       22
  MONTH TO DATE  502                       499      3      481
  SINCE DEC 1    502                       499      3      481
  SINCE JUL 1   1257                      1473   -216     1209

 COOLING
  TODAY            0                         0      0        0
  MONTH TO DATE    0                         0      0        0
  SINCE DEC 1      0                         0      0        0
  SINCE JAN 1   1053                       825    228     1270
..................................................................


WIND (MPH)
  HIGHEST WIND SPEED     9   HIGHEST WIND DIRECTION     N (20)
  HIGHEST GUST SPEED    11   HIGHEST GUST DIRECTION     N (20)
  AVERAGE WIND SPEED     5.8


SKY COVER
  AVERAGE SKY COVER 1.0


WEATHER CONDITIONS
 THE FOLLOWING WEATHER WAS RECORDED TODAY.
  LIGHT SNOW


RELATIVE HUMIDITY (PERCENT)
 HIGHEST    70           400 PM
 LOWEST     45          1200 AM
 AVERAGE    58

..........................................................


THE BRIDGEPORT CT CLIMATE NORMALS FOR TOMORROW
                         NORMAL    RECORD    YEAR
 MAXIMUM TEMPERATURE (F)   41        57      1967
 MINIMUM TEMPERATURE (F)   27        10      1991
                                             1989


SUNRISE AND SUNSET
DECEMBER 18 2017......SUNRISE   713 AM EST   SUNSET   426 PM EST
DECEMBER 19 2017......SUNRISE   713 AM EST   SUNSET   426 PM EST


-  INDICATES NEGATIVE NUMBERS.
R  INDICATES RECORD WAS SET OR TIED.
MM INDICATES DATA IS MISSING.
T  INDICATES TRACE AMOUNT.




$$
