000
CDAK48 PABE 072334
CLIBET

CLIMATE REPORT
NATIONAL WEATHER SERVICE BETHEL, AK
334 PM AKDT TUE JUL 7 2015

...................................
...THE BETHEL AP CLIMATE SUMMARY FOR JULY 7 2015...
VALID TODAY AS OF 2:00 PM LOCAL TIME

CLIMATE NORMAL PERIOD  1981 TO  2010
CLIMATE RECORD PERIOD  1923 TO  2015

WEATHER ITEM   OBSERVED TIME    RECORD YEAR NORMAL DEPARTURE LAST
               VALUE    (LST)   VALUE       VALUE  FROM      YEAR
                                                   NORMAL
...................................................................
TEMPERATURE
TODAY
 MAXIMUM            59  0155 PM    83  1972     64      -5     65
 MINIMUM            47  0521 AM    38  1967     49      -2     50
 AVERAGE            53                          57      -4     58

PRECIPITATION
(INCHES)
 TODAY            0.01           0.43  1980   0.06   -0.05   0.20
 MONTH TO DATE    0.42                        0.42    0.00   0.21
 SINCE JUN 1      0.70                        2.14   -1.44   1.73
 SINCE JAN 1      5.10                        6.23   -1.13   4.77

SNOWFALL
(INCHES)
 TODAY             0.0            0.0  2015    0.0     0.0    0.0
 MONTH TO DATE     0.0                         0.0     0.0    0.0
 SINCE JUN 1       0.0                         0.0     0.0    0.0
 SINCE JUL 1       0.0                         0.0     0.0    0.0
 SNOW DEPTH (IN)     0                                          0

DEGREE DAYS
 HEATING
  TODAY             12                           9       3      7
  MONTH TO DATE     44                          63     -19     39
  SINCE JUN 1      282                         440    -158    459
  SINCE JUL 1       44                          63     -19     39

 COOLING
  TODAY              0                           0       0      0
  MONTH TO DATE      1                           0       1      0
  SINCE JUN 1       11                           0      11      0
  SINCE JAN 1       11                           0      11      0
...................................................................

WIND (MPH)
 HIGHEST WIND SPEED    25     HIGHEST WIND DIRECTION    160
 HIGHEST GUST SPEED    33     HIGHEST GUST DIRECTION    160
 AVERAGE WIND SPEED    MM

SKY COVER
  POSSIBLE SUNSHINE  MM            AVERAGE SKY COVER MM

WEATHER CONDITIONS
 THE FOLLOWING WEATHER WAS RECORDED TODAY.
 RAIN


RELATIVE HUMIDITY
 HIGHEST RH     MM PERCENT       MM
 LOWEST  RH     MM PERCENT       MM
 AVERAGE RH     MM PERCENT       MM
...................................................................

THE BETHEL CLIMATE NORMALS FOR TOMORROW
                        NORMAL    RECORD   YEAR
 MAXIMUM TEMPERATURE      64        78     2003
 MINIMUM TEMPERATURE      49        34     2014

SUNRISE AND SUNSET
 JUL 7 2015..........SUNRISE  5:29 AM      SUNSET 12:15 AM
 JUL 8 2015..........SUNRISE  5:31 AM      SUNSET 12:14 AM

-  INDICATES NEGATIVE NUMBERS.
R  INDICATES RECORD HAS BEEN SET OR TIED.
MM INDICATES DATA IS MISSING.
T  INDICATES TRACE OF PRECIPITATION.

&&
-------------------------------------------------------------------

AMOUNT OF DAYLIGHT TODAY  (HOUR:MIN)........18 HOURS 46 MINUTES
GAIN/LOSS SINCE YESTERDAY (HOUR:MIN:SEC)....-0:02:46

$$
DAC
