000
CDAK48 PABE 131107
CLIBET

CLIMATE REPORT
NATIONAL WEATHER SERVICE BETHEL, AK
307 AM AKDT SUN JUL 13 2014

...................................
...THE BETHEL AP CLIMATE SUMMARY FOR JULY 12 2014...

CLIMATE NORMAL PERIOD  1981 TO  2010
CLIMATE RECORD PERIOD  1923 TO  2014

WEATHER ITEM   OBSERVED TIME    RECORD YEAR NORMAL DEPARTURE LAST
               VALUE    (LST)   VALUE       VALUE  FROM      YEAR
                                                   NORMAL
...................................................................
TEMPERATURE
YESTERDAY
 MAXIMUM            66  0811 PM    86  1951     64       2     80
 MINIMUM            48  0526 AM    34  1959     49      -1     50
 AVERAGE            57                          57       0     65

PRECIPITATION
(INCHES)
 YESTERDAY        0.25           0.62  2008   0.06    0.19   0.00
 MONTH TO DATE    1.28                        0.74    0.54   1.16
 SINCE JUN 1      2.80                        2.46    0.34   2.77
 SINCE JAN 1      5.84                        6.55   -0.71   6.07

SNOWFALL
(INCHES)
 YESTERDAY         0.0            0.0  2014    0.0     0.0    0.0
 MONTH TO DATE     0.0                         0.0     0.0    0.0
 SINCE JUN 1       0.0                         0.0     0.0    0.0
 SINCE JUL 1       0.0                         0.0     0.0    0.0
 SNOW DEPTH (IN)     0                                          0

DEGREE DAYS
 HEATING
  YESTERDAY          8                           9      -1      0
  MONTH TO DATE     83                         108     -25    152
  SINCE JUN 1      503                         485      18    440
  SINCE JUL 1       83                         108     -25    152

 COOLING
  YESTERDAY          0                           0       0      0
  MONTH TO DATE      0                           0       0      0
  SINCE JUN 1        0                           0       0      7
  SINCE JAN 1        0                           0       0      7
...................................................................

WIND (MPH)
 HIGHEST WIND SPEED    15     HIGHEST WIND DIRECTION    160
 HIGHEST GUST SPEED    18     HIGHEST GUST DIRECTION    160
 AVERAGE WIND SPEED   5.7

SKY COVER
  POSSIBLE SUNSHINE    MM          AVERAGE SKY COVER     MM

WEATHER CONDITIONS
 THE FOLLOWING WEATHER WAS RECORDED YESTERDAY.
  FOG
RAIN


RELATIVE HUMIDITY
 HIGHEST RH     MM PERCENT       MM
 LOWEST  RH     MM PERCENT       MM
 AVERAGE RH     MM PERCENT       MM
...................................................................

THE BETHEL CLIMATE NORMALS FOR TODAY
                           NORMAL    RECORD   YEAR
 MAXIMUM TEMPERATURE (F)     64        84     1956
 MINIMUM TEMPERATURE (F)     49        38     1930

SUNRISE AND SUNSET
 JUL 13 2014..........SUNRISE  5:40 AM      SUNSET 12:05 AM
 JUL 14 2014..........SUNRISE  5:42 AM      SUNSET 12:04 AM

-  INDICATES NEGATIVE NUMBERS.
R  INDICATES RECORD HAS BEEN SET OR TIED.
MM INDICATES DATA IS MISSING.
T  INDICATES TRACE OF PRECIPITATION.

&&
-------------------------------------------------------------------

AMOUNT OF DAYLIGHT TODAY  (HOUR:MIN)........18 HOURS 25 MINUTES
GAIN/LOSS SINCE YESTERDAY (HOUR:MIN:SEC)....-0:03:36

$$
BDW JUL 14
