000
CDAK48 PAFC 271308
CLIBET

CLIMATE REPORT
NATIONAL WEATHER SERVICE ANCHORAGE, AK
403 AM AKST MON FEB 27 2017


...................................

...THE BETHEL CLIMATE SUMMARY FOR FEBRUARY 26 2017...

CLIMATE NORMAL PERIOD 1981 TO 2010
CLIMATE RECORD PERIOD 1948 TO 2017


WEATHER ITEM   OBSERVED TIME   RECORD YEAR NORMAL DEPARTURE LAST
                VALUE   (LST)  VALUE       VALUE  FROM      YEAR
                                                  NORMAL
..................................................................
TEMPERATURE (F)
 YESTERDAY
  MAXIMUM         32    608 PM  45    1991  20     12       39
  MINIMUM         28   1159 PM -39    1954   6     22       23
  AVERAGE         30                        13     17       31

PRECIPITATION (IN)
  YESTERDAY        0.02          0.50 1951   0.03  -0.01      T
  MONTH TO DATE    0.67                      0.67   0.00     0.16
  SINCE DEC 1      2.64                      2.57   0.07     1.63
  SINCE JAN 1      1.88                      1.45   0.43     0.39

SNOWFALL (IN)
  YESTERDAY        0.2           5.0  1951   0.3   -0.1      0.0
  MONTH TO DATE    5.1                       6.4   -1.3      1.3
  SINCE DEC 1     22.4                      27.4   -5.0     17.6
  SINCE JUL 1     26.0                      45.3  -19.3     27.0
  SNOW DEPTH       6

DEGREE DAYS
 HEATING
  YESTERDAY       35                        52    -17       34
  MONTH TO DATE 1590                      1406    184     1144
  SINCE DEC 1   4927                      4910     17     3944
  SINCE JUL 1   8155                      8633   -478     7156

 COOLING
  YESTERDAY        0                         0      0        0
  MONTH TO DATE    0                         0      0        0
  SINCE DEC 1      0                         0      0        0
  SINCE JAN 1      0                         0      0        0
..................................................................


WIND (MPH)
  RESULTANT WIND SPEED   6   RESULTANT WIND DIRECTION  SW (230)
  HIGHEST WIND SPEED    18   HIGHEST WIND DIRECTION    SW (220)
  HIGHEST GUST SPEED    22   HIGHEST GUST DIRECTION    SW (210)
  AVERAGE WIND SPEED     8.8



WEATHER CONDITIONS
 THE FOLLOWING WEATHER WAS RECORDED YESTERDAY.
  LIGHT SNOW
  FOG
  FOG W/VISIBILITY <= 1/4 MILE


RELATIVE HUMIDITY (PERCENT)
 HIGHEST   100
 LOWEST     92
 AVERAGE    96

..........................................................


THE BETHEL CLIMATE NORMALS FOR TODAY
                         NORMAL    RECORD    YEAR
 MAXIMUM TEMPERATURE (F)   20        46      2014
 MINIMUM TEMPERATURE (F)    6       -39      1932


SUNRISE AND SUNSET
FEBRUARY 27 2017......SUNRISE   852 AM AKST  SUNSET   709 PM AKST
FEBRUARY 28 2017......SUNRISE   849 AM AKST  SUNSET   712 PM AKST

CIVIL TWILIGHT
FEBRUARY 27 2017        START    809 AM GMT     END    753 PM GMT
FEBRUARY 28 2017        START    806 AM GMT     END    756 PM GMT



-  INDICATES NEGATIVE NUMBERS.
R  INDICATES RECORD WAS SET OR TIED.
MM INDICATES DATA IS MISSING.
T  INDICATES TRACE AMOUNT.




$$
&&
------------------------------------------------------
AMOUNT OF DAYLIGHT TODAY  (HOUR:MIN)........10:17
GAIN/LOSS SINCE YESTERDAY (HOUR:MIN:SEC)....+0:05:37

$$
