000
CDAK48 PABE 201107
CLIBET

CLIMATE REPORT
NATIONAL WEATHER SERVICE BETHEL, AK
307 AM AKDT WED AUG 20 2014

...................................
...THE BETHEL AP CLIMATE SUMMARY FOR AUGUST 19 2014...

CLIMATE NORMAL PERIOD  1981 TO  2010
CLIMATE RECORD PERIOD  1923 TO  2014

WEATHER ITEM   OBSERVED TIME    RECORD YEAR NORMAL DEPARTURE LAST
               VALUE    (LST)   VALUE       VALUE  FROM      YEAR
                                                   NORMAL
...................................................................
TEMPERATURE
YESTERDAY
 MAXIMUM            60  0618 PM    75  2004     60       0     58
 MINIMUM            51  0708 AM    35  1984     47       4     50
 AVERAGE            56                          53       3     54

PRECIPITATION
(INCHES)
 YESTERDAY           T           1.21  2001   0.10   -0.10   0.20
 MONTH TO DATE    1.68                        1.99   -0.31   1.94
 SINCE JUN 1      5.93                        6.07   -0.14   5.84
 SINCE JAN 1      8.97                       10.16   -1.19   9.14

SNOWFALL
(INCHES)
 YESTERDAY         0.0            0.0  2014    0.0     0.0    0.0
 MONTH TO DATE     0.0                         0.0     0.0    0.0
 SINCE JUN 1       0.0                         0.0     0.0    0.0
 SINCE JUL 1       0.0                         0.0     0.0    0.0
 SNOW DEPTH (IN)     0                                          0

DEGREE DAYS
 HEATING
  YESTERDAY          9                          12      -3     11
  MONTH TO DATE    108                         205     -97    156
  SINCE JUN 1      801                         866     -65    709
  SINCE JUL 1      381                         489    -108    421

 COOLING
  YESTERDAY          0                           0       0      0
  MONTH TO DATE      0                           0       0      0
  SINCE JUN 1        0                           0       0     18
  SINCE JAN 1        0                           0       0     18
...................................................................

WIND (MPH)
 HIGHEST WIND SPEED    10     HIGHEST WIND DIRECTION    320
 HIGHEST GUST SPEED    14     HIGHEST GUST DIRECTION    300
 AVERAGE WIND SPEED   5.3

SKY COVER
  POSSIBLE SUNSHINE    MM          AVERAGE SKY COVER     MM

WEATHER CONDITIONS
 THE FOLLOWING WEATHER WAS RECORDED YESTERDAY.
  RAIN


RELATIVE HUMIDITY
 HIGHEST RH     MM PERCENT       MM
 LOWEST  RH     MM PERCENT       MM
 AVERAGE RH     MM PERCENT       MM
...................................................................

THE BETHEL CLIMATE NORMALS FOR TODAY
                           NORMAL    RECORD   YEAR
 MAXIMUM TEMPERATURE (F)     60        80     1977
 MINIMUM TEMPERATURE (F)     47        33     1926

SUNRISE AND SUNSET
 AUG 20 2014..........SUNRISE  7:12 AM      SUNSET 10:29 PM
 AUG 21 2014..........SUNRISE  7:14 AM      SUNSET 10:26 PM

-  INDICATES NEGATIVE NUMBERS.
R  INDICATES RECORD HAS BEEN SET OR TIED.
MM INDICATES DATA IS MISSING.
T  INDICATES TRACE OF PRECIPITATION.

&&
-------------------------------------------------------------------

AMOUNT OF DAYLIGHT TODAY  (HOUR:MIN)........15 HOURS 17 MINUTES
GAIN/LOSS SINCE YESTERDAY (HOUR:MIN:SEC)....-0:05:29

$$
BDW AUG 14
