000
CDAK48 PABE 301023
CLIBET

CLIMATE REPORT
NATIONAL WEATHER SERVICE BETHEL, AK
223 AM AKDT TUE SEP 30 2014

...................................
...THE BETHEL AP CLIMATE SUMMARY FOR SEPTEMBER 29 2014...

CLIMATE NORMAL PERIOD  1981 TO  2010
CLIMATE RECORD PERIOD  1923 TO  2014

WEATHER ITEM   OBSERVED TIME    RECORD YEAR NORMAL DEPARTURE LAST
               VALUE    (LST)   VALUE       VALUE  FROM      YEAR
                                                   NORMAL
...................................................................
TEMPERATURE
YESTERDAY
 MAXIMUM            48  0448 PM    61  1950     46       2     40
 MINIMUM            33  0829 AM    19  1992     33       0     31
 AVERAGE            41                          39       2     36

PRECIPITATION
(INCHES)
 YESTERDAY        0.00           1.50  1954   0.08   -0.08   0.00
 MONTH TO DATE    1.26                        2.67   -1.41   2.52
 SINCE SEP 1      1.26                        2.67   -1.41   2.52
 SINCE JAN 1     10.57                       14.09   -3.52  13.00

SNOWFALL
(INCHES)
 YESTERDAY         0.0            3.7  2004    0.0     0.0    0.0
 MONTH TO DATE     0.0                         0.5    -0.5      T
 SINCE SEP 1       0.0                         0.5    -0.5    0.0
 SINCE JUL 1       0.0                         0.5    -0.5      T
 SNOW DEPTH (IN)     0                                          0

DEGREE DAYS
 HEATING
  YESTERDAY         24                          26      -2     29
  MONTH TO DATE    479                         558     -79    579
  SINCE SEP 1      479                         558     -79    579
  SINCE JUL 1     1000                        1200    -200   1163

 COOLING
  YESTERDAY          0                           0       0      0
  MONTH TO DATE      0                           0       0      0
  SINCE SEP 1        0                           0       0      0
  SINCE JAN 1        0                           0       0     18
...................................................................

WIND (MPH)
 HIGHEST WIND SPEED    15     HIGHEST WIND DIRECTION    330
 HIGHEST GUST SPEED    19     HIGHEST GUST DIRECTION    330
 AVERAGE WIND SPEED   8.4

SKY COVER
  POSSIBLE SUNSHINE    MM          AVERAGE SKY COVER     MM

WEATHER CONDITIONS
 THE FOLLOWING WEATHER WAS RECORDED YESTERDAY.
  NO SIGNIFICANT WEATHER WAS OBSERVED.

RELATIVE HUMIDITY
 HIGHEST RH     MM PERCENT       MM
 LOWEST  RH     MM PERCENT       MM
 AVERAGE RH     MM PERCENT       MM
...................................................................

THE BETHEL CLIMATE NORMALS FOR TODAY
                           NORMAL    RECORD   YEAR
 MAXIMUM TEMPERATURE (F)     45        70     1954
 MINIMUM TEMPERATURE (F)     33        18     1970

SUNRISE AND SUNSET
 SEP 30 2014..........SUNRISE  8:52 AM      SUNSET  8:22 PM
 OCT 1 2014..........SUNRISE  8:55 AM      SUNSET  8:19 PM

-  INDICATES NEGATIVE NUMBERS.
R  INDICATES RECORD HAS BEEN SET OR TIED.
MM INDICATES DATA IS MISSING.
T  INDICATES TRACE OF PRECIPITATION.

&&
-------------------------------------------------------------------

AMOUNT OF DAYLIGHT TODAY  (HOUR:MIN)........11 HOURS 30 MINUTES
GAIN/LOSS SINCE YESTERDAY (HOUR:MIN:SEC)....-0:05:34

$$
DPA SEP 14
