817
CDAK48 PABE 081250
CLIBET

CLIMATE REPORT
NATIONAL WEATHER SERVICE BETHEL, AK
350 AM AKST MON FEB 8 2016

...................................
...THE BETHEL AP CLIMATE SUMMARY FOR FEBRUARY 7 2016...

CLIMATE NORMAL PERIOD  1981 TO  2010
CLIMATE RECORD PERIOD  1923 TO  2016

WEATHER ITEM   OBSERVED TIME    RECORD YEAR NORMAL DEPARTURE LAST
               VALUE    (LST)   VALUE       VALUE  FROM      YEAR
                                                   NORMAL
...................................................................
TEMPERATURE
YESTERDAY
 MAXIMUM            29  0107 AM    42  1947     16      13      0
 MINIMUM            14  1159 PM   -37  1955      3      11     -7
 AVERAGE            22                          10      12     -4

PRECIPITATION
(INCHES)
 YESTERDAY        0.00           0.24  1989   0.03   -0.03   0.00
 MONTH TO DATE    0.03                        0.18   -0.15   0.02
 SINCE DEC 1      1.50                        2.08   -0.58   2.12
 SINCE JAN 1      0.26                        0.96   -0.70   0.53

SNOWFALL
(INCHES)
 YESTERDAY         0.0            2.2  1965    0.3    -0.3    0.0
 MONTH TO DATE     0.3                         1.7    -1.4    0.6
 SINCE DEC 1      16.1                        22.7    -6.6    8.3
 SINCE JUL 1      25.5                        40.6   -15.1   20.5
 SNOW DEPTH (IN)     2                                          2

DEGREE DAYS
 HEATING
  YESTERDAY         43                          55     -12     69
  MONTH TO DATE    299                         393     -94    431
  SINCE DEC 1     3215                        3899    -684   3596
  SINCE JUL 1     6503                        7629   -1126   6877

 COOLING
  YESTERDAY          0                           0       0      0
  MONTH TO DATE      0                           0       0      0
  SINCE DEC 1        0                           0       0      0
  SINCE JAN 1        0                           0       0      0
...................................................................

WIND (MPH)
 HIGHEST WIND SPEED    16     HIGHEST WIND DIRECTION     40
 HIGHEST GUST SPEED    21     HIGHEST GUST DIRECTION     30
 AVERAGE WIND SPEED  12.2

WEATHER CONDITIONS
 THE FOLLOWING WEATHER WAS RECORDED YESTERDAY.
 NO SIGNIFICANT WEATHER WAS OBSERVED.

...................................................................

THE BETHEL CLIMATE NORMALS FOR TODAY
                           NORMAL    RECORD   YEAR
 MAXIMUM TEMPERATURE (F)     16        47     1947
 MINIMUM TEMPERATURE (F)      4       -39     1946

SUNRISE AND SUNSET
 FEB 8 2016..........SUNRISE  9:48 AM      SUNSET  6:17 PM
 FEB 9 2016..........SUNRISE  9:46 AM      SUNSET  6:19 PM

-  INDICATES NEGATIVE NUMBERS.
R  INDICATES RECORD HAS BEEN SET OR TIED.
MM INDICATES DATA IS MISSING.
T  INDICATES TRACE OF PRECIPITATION.

&&
-------------------------------------------------------------------

AMOUNT OF DAYLIGHT TODAY  (HOUR:MIN)........8 HOURS 29 MINUTES
GAIN SINCE YESTERDAY (HOUR:MIN:SEC)....+0:05:23

$$
CR FEB 16
