000
CDAK48 PAFC 051250
CLIBET

CLIMATE REPORT
NATIONAL WEATHER SERVICE ANCHORAGE, AK
348 AM AKST MON DEC 5 2016


...................................

...THE BETHEL CLIMATE SUMMARY FOR DECEMBER 4 2016...

CLIMATE NORMAL PERIOD 1981 TO 2010
CLIMATE RECORD PERIOD 1948 TO 2016


WEATHER ITEM   OBSERVED TIME   RECORD YEAR NORMAL DEPARTURE LAST
                VALUE   (LST)  VALUE       VALUE  FROM      YEAR
                                                  NORMAL
..................................................................
TEMPERATURE (F)
 YESTERDAY
  MAXIMUM         -5   1159 PM  40    2013  19    -24        5
                                      2009
                                      1958
  MINIMUM        -15    437 AM -30    1987   6    -21       -6
  AVERAGE        -10                        13    -23        0

PRECIPITATION (IN)
  YESTERDAY        0.00          0.29 1983   0.04  -0.04     0.00
  MONTH TO DATE    T                         0.17  -0.17      T
  SINCE DEC 1      T                         0.17  -0.17      T
  SINCE JAN 1     15.30                     17.59  -2.29    17.77

SNOWFALL (IN)
  YESTERDAY        0.0           2.9  1952   0.4   -0.4      0.0
  MONTH TO DATE    T                         1.6   -1.6       T
  SINCE DEC 1      T                         1.6   -1.6       T
  SINCE JUL 1      3.6                      19.5  -15.9      9.4
  SNOW DEPTH       2

DEGREE DAYS
 HEATING
  YESTERDAY       75                        52     23       65
  MONTH TO DATE  294                       208     86      242
  SINCE DEC 1    294                       208     86      242
  SINCE JUL 1   3522                      3931   -409     3454

 COOLING
  YESTERDAY        0                         0      0        0
  MONTH TO DATE    0                         0      0        0
  SINCE DEC 1      0                         0      0        0
  SINCE JAN 1     13                         4      9       11
..................................................................


WIND (MPH)
  RESULTANT WIND SPEED  11   RESULTANT WIND DIRECTION  NE (40)
  HIGHEST WIND SPEED    18   HIGHEST WIND DIRECTION    NE (40)
  HIGHEST GUST SPEED    26   HIGHEST GUST DIRECTION     N (20)
  AVERAGE WIND SPEED    11.7



WEATHER CONDITIONS
 THE FOLLOWING WEATHER WAS RECORDED YESTERDAY.
  FOG


RELATIVE HUMIDITY (PERCENT)
 HIGHEST    92
 LOWEST     75
 AVERAGE    84

..........................................................


THE BETHEL CLIMATE NORMALS FOR TODAY
                         NORMAL    RECORD    YEAR
 MAXIMUM TEMPERATURE (F)   19        41      2013
                                             1972
 MINIMUM TEMPERATURE (F)    6       -30      1987


SUNRISE AND SUNSET
DECEMBER  5 2016......SUNRISE  1038 AM AKST  SUNSET   438 PM AKST
DECEMBER  6 2016......SUNRISE  1040 AM AKST  SUNSET   437 PM AKST

CIVIL TWILIGHT
DECEMBER 5 2016         START    941 AM GMT     END    536 PM GMT
DECEMBER 6 2016         START    942 AM GMT     END    536 PM GMT



-  INDICATES NEGATIVE NUMBERS.
R  INDICATES RECORD WAS SET OR TIED.
MM INDICATES DATA IS MISSING.
T  INDICATES TRACE AMOUNT.




$$
&&
------------------------------------------------------
AMOUNT OF DAYLIGHT TODAY  (HOUR:MIN)........ 6:00
GAIN/LOSS SINCE YESTERDAY (HOUR:MIN:SEC)....-0:02:52

$$
