000
CDAK48 PABE 211128
CLIBET

CORRECTED

CLIMATE REPORT
NATIONAL WEATHER SERVICE BETHEL, AK
229 AM AKST SUN DEC 21 2014

...................................
...THE BETHEL AP CLIMATE SUMMARY FOR DECEMBER 20 2014...

CLIMATE NORMAL PERIOD  1981 TO  2010
CLIMATE RECORD PERIOD  1923 TO  2014

WEATHER ITEM   OBSERVED TIME    RECORD YEAR NORMAL DEPARTURE LAST
               VALUE    (LST)   VALUE       VALUE  FROM      YEAR
                                                   NORMAL
...................................................................
TEMPERATURE
YESTERDAY
 MAXIMUM             8  1159 PM    43  1963     16      -8     37
 MINIMUM             6  1106 AM   -37  1957      3       3     24
 AVERAGE             7                          10      -3     31

PRECIPITATION
(INCHES)
 YESTERDAY        0.00           0.94  2013   0.03   -0.03   0.94
 MONTH TO DATE    0.64                        0.75   -0.11   1.86
 SINCE DEC 1      0.64                        0.75   -0.11   1.86
 SINCE JAN 1     14.87                       18.17   -3.30  21.57

SNOWFALL
(INCHES)
 YESTERDAY         0.0            5.1  1960    0.3    -0.3    0.4
 MONTH TO DATE     3.3                         7.6    -4.3    5.7
 SINCE DEC 1       3.3                         7.6    -4.3    5.7
 SINCE JUL 1      15.5                        25.5   -10.0   12.6
 SNOW DEPTH (IN)     2                                          2

DEGREE DAYS
 HEATING
  YESTERDAY         58                          55       3     34
  MONTH TO DATE    952                        1070    -118    907
  SINCE DEC 1      952                        1070    -118    906
  SINCE JUL 1     4227                        4800    -573   4258

 COOLING
  YESTERDAY          0                           0       0      0
  MONTH TO DATE      0                           0       0      0
  SINCE DEC 1        0                           0       0      0
  SINCE JAN 1        0                           0       0     18
...................................................................

WIND (MPH)
 HIGHEST WIND SPEED    23     HIGHEST WIND DIRECTION     10
 HIGHEST GUST SPEED    28     HIGHEST GUST DIRECTION     20
 AVERAGE WIND SPEED  17.9

SKY COVER
  POSSIBLE SUNSHINE    MM          AVERAGE SKY COVER     MM

WEATHER CONDITIONS
 THE FOLLOWING WEATHER WAS RECORDED YESTERDAY.
  NO SIGNIFICANT WEATHER WAS OBSERVED.

RELATIVE HUMIDITY
 HIGHEST RH     MM PERCENT       MM
 LOWEST  RH     MM PERCENT       MM
 AVERAGE RH     MM PERCENT       MM
...................................................................

THE BETHEL CLIMATE NORMALS FOR TODAY
                           NORMAL    RECORD   YEAR
 MAXIMUM TEMPERATURE (F)     16        45     1963
 MINIMUM TEMPERATURE (F)      3       -40     1957

SUNRISE AND SUNSET
 DEC 21 2014..........SUNRISE 10:58 AM      SUNSET  4:34 PM
 DEC 22 2014..........SUNRISE 10:58 AM      SUNSET  4:35 PM

-  INDICATES NEGATIVE NUMBERS.
R  INDICATES RECORD HAS BEEN SET OR TIED.
MM INDICATES DATA IS MISSING.
T  INDICATES TRACE OF PRECIPITATION.

&&
-------------------------------------------------------------------

AMOUNT OF DAYLIGHT TODAY  (HOUR:MIN)........5 HOURS 36 MINUTES
GAIN/LOSS SINCE YESTERDAY (HOUR:MIN:SEC)....-0:00:05

$$
ANDERSON DEC 14
