000
CDAK48 PABE 241257
CLIBET


CLIMATE REPORT
NATIONAL WEATHER SERVICE ANCHORAGE, AK
456 AM AKDT SAT JUN 24 2017


...................................

...THE BETHEL CLIMATE SUMMARY FOR JUNE 23 2017...

CLIMATE NORMAL PERIOD 1981 TO 2010
CLIMATE RECORD PERIOD 1948 TO 2017


WEATHER ITEM   OBSERVED TIME   RECORD YEAR NORMAL DEPARTURE LAST
                VALUE   (LST)  VALUE       VALUE  FROM      YEAR
                                                  NORMAL
..................................................................
TEMPERATURE (F)
 YESTERDAY
  MAXIMUM         65        MM  81    1924  63      2       54
  MINIMUM         48        MM  37    1981  46      2       48
                                      1954
  AVERAGE         57                        55      2       51

PRECIPITATION (IN)
  YESTERDAY        0.00          0.47 2010   0.06  -0.06     0.06
  MONTH TO DATE    0.87                      1.29  -0.42     1.32
  SINCE JUN 1      0.87                      1.29  -0.42     1.32
  SINCE JAN 1      5.84                      5.38   0.46     4.56

SNOWFALL (IN)
  YESTERDAY        0.0          MM      MM   0.0    0.0      0.0
  MONTH TO DATE    0.0                       0.0    0.0      0.0
  SINCE JUN 1      0.0                       0.0    0.0      0.0
  SINCE JUL 1     31.2                      61.8  -30.6     29.9
  SNOW DEPTH       0

DEGREE DAYS
 HEATING
  YESTERDAY        8                        10     -2       14
  MONTH TO DATE  196                       310   -114      240
  SINCE JUN 1    196                       310   -114      240
  SINCE JUL 1  11766                     12451   -685     9953

 COOLING
  YESTERDAY        0                         0      0        0
  MONTH TO DATE    0                         0      0        0
  SINCE JUN 1      0                         0      0        0
  SINCE JAN 1      0                         0      0        0
..................................................................


WIND (MPH)
  RESULTANT WIND SPEED   7   RESULTANT WIND DIRECTION  SW (230)
  HIGHEST WIND SPEED    15   HIGHEST WIND DIRECTION     S (190)
  HIGHEST GUST SPEED    21   HIGHEST GUST DIRECTION     S (190)
  AVERAGE WIND SPEED     9.6



WEATHER CONDITIONS
 THE FOLLOWING WEATHER WAS RECORDED YESTERDAY.
  NO SIGNIFICANT WEATHER WAS OBSERVED.


RELATIVE HUMIDITY (PERCENT)
 HIGHEST   100
 LOWEST     60
 AVERAGE    80

..........................................................


THE BETHEL CLIMATE NORMALS FOR TODAY
                         NORMAL    RECORD    YEAR
 MAXIMUM TEMPERATURE (F)   63        80      2015
                                             2000
 MINIMUM TEMPERATURE (F)   47        37      1976
                                             1965
                                             1930


SUNRISE AND SUNSET
JUNE 24 2017..........SUNRISE   515 AM AKDT  SUNSET  1225 AM AKDT
JUNE 25 2017..........SUNRISE   515 AM AKDT  SUNSET  1224 AM AKDT


-  INDICATES NEGATIVE NUMBERS.
R  INDICATES RECORD WAS SET OR TIED.
MM INDICATES DATA IS MISSING.
T  INDICATES TRACE AMOUNT.




$$
