000
CDAK48 PABE 221020
CLIBET

CLIMATE REPORT
NATIONAL WEATHER SERVICE BETHEL, AK
220 AM AKDT MON SEP 22 2014

...................................
...THE BETHEL AP CLIMATE SUMMARY FOR SEPTEMBER 21 2014...

CLIMATE NORMAL PERIOD  1981 TO  2010
CLIMATE RECORD PERIOD  1923 TO  2014

WEATHER ITEM   OBSERVED TIME    RECORD YEAR NORMAL DEPARTURE LAST
               VALUE    (LST)   VALUE       VALUE  FROM      YEAR
                                                   NORMAL
...................................................................
TEMPERATURE
YESTERDAY
 MAXIMUM            50  0535 PM    63  2010     50       0     41
 MINIMUM            32  0727 AM    25  2003     37      -5     29
 AVERAGE            41                          44      -3     35

PRECIPITATION
(INCHES)
 YESTERDAY        0.00           0.66  2004   0.09   -0.09   0.01
 MONTH TO DATE    1.19                        1.99   -0.80   2.22
 SINCE SEP 1      1.19                        1.99   -0.80   2.22
 SINCE JAN 1     10.50                       13.41   -2.91  12.70

SNOWFALL
(INCHES)
 YESTERDAY         0.0            1.4  1933    0.0     0.0    0.0
 MONTH TO DATE     0.0                         0.2    -0.2    0.0
 SINCE SEP 1       0.0                         0.2    -0.2    0.0
 SINCE JUL 1       0.0                         0.2    -0.2    0.0
 SNOW DEPTH (IN)     0                                          0

DEGREE DAYS
 HEATING
  YESTERDAY         24                          22       2     30
  MONTH TO DATE    300                         366     -66    362
  SINCE SEP 1      300                         366     -66    362
  SINCE JUL 1      821                        1008    -187    946

 COOLING
  YESTERDAY          0                           0       0      0
  MONTH TO DATE      0                           0       0      0
  SINCE SEP 1        0                           0       0      0
  SINCE JAN 1        0                           0       0     18
...................................................................

WIND (MPH)
 HIGHEST WIND SPEED    21     HIGHEST WIND DIRECTION     10
 HIGHEST GUST SPEED    25     HIGHEST GUST DIRECTION     20
 AVERAGE WIND SPEED  11.2

SKY COVER
  POSSIBLE SUNSHINE    MM          AVERAGE SKY COVER     MM

WEATHER CONDITIONS
 THE FOLLOWING WEATHER WAS RECORDED YESTERDAY.
  NO SIGNIFICANT WEATHER WAS OBSERVED.

RELATIVE HUMIDITY
 HIGHEST RH     MM PERCENT       MM
 LOWEST  RH     MM PERCENT       MM
 AVERAGE RH     MM PERCENT       MM
...................................................................

THE BETHEL CLIMATE NORMALS FOR TODAY
                           NORMAL    RECORD   YEAR
 MAXIMUM TEMPERATURE (F)     50        63     1942
 MINIMUM TEMPERATURE (F)     36        23     2003

SUNRISE AND SUNSET
 SEP 22 2014..........SUNRISE  8:32 AM      SUNSET  8:47 PM
 SEP 23 2014..........SUNRISE  8:35 AM      SUNSET  8:44 PM

-  INDICATES NEGATIVE NUMBERS.
R  INDICATES RECORD HAS BEEN SET OR TIED.
MM INDICATES DATA IS MISSING.
T  INDICATES TRACE OF PRECIPITATION.

&&
-------------------------------------------------------------------

AMOUNT OF DAYLIGHT TODAY  (HOUR:MIN)........12 HOURS 15 MINUTES
GAIN/LOSS SINCE YESTERDAY (HOUR:MIN:SEC)....-0:05:33

$$
DPA SEP 14
