206
CDAK48 PABE 251233
CLIBET

CLIMATE REPORT
NATIONAL WEATHER SERVICE BETHEL, AK
433 AM AKDT MON JUL 25 2016

...................................
...THE BETHEL AP CLIMATE SUMMARY FOR JULY 24 2016...

CLIMATE NORMAL PERIOD  1981 TO  2010
CLIMATE RECORD PERIOD  1923 TO  2016

WEATHER ITEM   OBSERVED TIME    RECORD YEAR NORMAL DEPARTURE LAST
               VALUE    (LST)   VALUE       VALUE  FROM      YEAR
                                                   NORMAL
...................................................................
TEMPERATURE
YESTERDAY
 MAXIMUM            66  0536 PM    83  1966     63       3     60
 MINIMUM            51  0604 AM    36  1926     49       2     49
 AVERAGE            59                          56       3     55

PRECIPITATION
(INCHES)
 YESTERDAY        0.07           1.39  1955   0.08   -0.01   0.00
 MONTH TO DATE    1.81                        1.69    0.12   1.66
 SINCE JUN 1      3.28                        3.41   -0.13   1.94
 SINCE JAN 1      6.54                        7.50   -0.96   6.34

SNOWFALL
(INCHES)
 YESTERDAY         0.0            0.0  2016    0.0     0.0    0.0
 MONTH TO DATE     0.0                         0.0     0.0    0.0
 SINCE JUN 1       0.0                         0.0     0.0    0.0
 SINCE JUL 1       0.0                         0.0     0.0    0.0
 SNOW DEPTH (IN)     0                                          0

DEGREE DAYS
 HEATING
  YESTERDAY          6                           9      -3     10
  MONTH TO DATE    142                         216     -74    182
  SINCE JUN 1      414                         593    -179    420
  SINCE JUL 1      142                         216     -74    182

 COOLING
  YESTERDAY          0                           0       0      0
  MONTH TO DATE     12                           0      12      1
  SINCE JUN 1       13                           0      13     11
  SINCE JAN 1       13                           0      13     11
...................................................................

WIND (MPH)
 HIGHEST WIND SPEED    18     HIGHEST WIND DIRECTION     10
 HIGHEST GUST SPEED    22     HIGHEST GUST DIRECTION    360
 AVERAGE WIND SPEED  12.3

WEATHER CONDITIONS
 THE FOLLOWING WEATHER WAS RECORDED YESTERDAY.
 FOG
 RAIN

...................................................................

THE BETHEL CLIMATE NORMALS FOR TODAY
                           NORMAL    RECORD   YEAR
 MAXIMUM TEMPERATURE (F)     63        83     1968
 MINIMUM TEMPERATURE (F)     49        40     1969

SUNRISE AND SUNSET
 JUL 25 2016..........SUNRISE  6:08 AM      SUNSET 11:39 PM
 JUL 26 2016..........SUNRISE  6:10 AM      SUNSET 11:37 PM

-  INDICATES NEGATIVE NUMBERS.
R  INDICATES RECORD HAS BEEN SET OR TIED.
MM INDICATES DATA IS MISSING.
T  INDICATES TRACE OF PRECIPITATION.

&&
-------------------------------------------------------------------

AMOUNT OF DAYLIGHT TODAY  (HOUR:MIN)........17 HOURS 31 MINUTES
LOSS SINCE YESTERDAY (HOUR:MIN:SEC)....-0:04:45

$$
CR JUL 16
