000
CDAK48 PABE 222322
CLIBET

CLIMATE REPORT
NATIONAL WEATHER SERVICE BETHEL, AK
322 PM AKDT WED OCT 22 2014

...................................
...THE BETHEL AP CLIMATE SUMMARY FOR OCTOBER 22 2014...
VALID TODAY AS OF 2:00 PM LOCAL TIME

CLIMATE NORMAL PERIOD  1981 TO  2010
CLIMATE RECORD PERIOD  1948 TO  2014

WEATHER ITEM   OBSERVED TIME    RECORD YEAR NORMAL DEPARTURE LAST
               VALUE    (LST)   VALUE       VALUE  FROM      YEAR
                                                   NORMAL
...................................................................
TEMPERATURE
TODAY
 MAXIMUM            29  0159 PM    51  1926     32      -3     44
 MINIMUM            15  1011 AM     3  1970     22      -7     27
 AVERAGE            22                          27      -5     36

PRECIPITATION
(INCHES)
 TODAY            0.00           0.85  1989   0.05   -0.05   0.00
 MONTH TO DATE    0.27                        1.25   -0.98   3.58
 SINCE SEP 1      1.53                        4.00   -2.47   6.10
 SINCE JAN 1     10.84                       15.42   -4.58  16.58

SNOWFALL
(INCHES)
 TODAY             0.0            6.0  2005    0.2    -0.2    0.0
 MONTH TO DATE     4.3                         2.4     1.9    0.0
 SINCE SEP 1       4.3                         3.0     1.3    0.0
 SINCE JUL 1       4.3                         3.0     1.3      T
 SNOW DEPTH (IN)     3                                          0

DEGREE DAYS
 HEATING
  TODAY             43                          38       5     29
  MONTH TO DATE    788                         713      75    562
  SINCE SEP 1     1291                        1297      -6   1173
  SINCE JUL 1     1812                        1939    -127   1757

 COOLING
  TODAY              0                           0       0      0
  MONTH TO DATE      0                           0       0      0
  SINCE SEP 1        0                           0       0      0
  SINCE JAN 1        0                           0       0     18
...................................................................

WIND (MPH)
 HIGHEST WIND SPEED    15     HIGHEST WIND DIRECTION    320
 HIGHEST GUST SPEED    21     HIGHEST GUST DIRECTION    320
 AVERAGE WIND SPEED    MM

WEATHER CONDITIONS
 THE FOLLOWING WEATHER WAS RECORDED TODAY.
NO SIGNIFICANT WEATHER WAS OBSERVED.
...................................................................

THE BETHEL CLIMATE NORMALS FOR TOMORROW
                        NORMAL    RECORD   YEAR
 MAXIMUM TEMPERATURE      32        48     1981
 MINIMUM TEMPERATURE      21        -1     2008

SUNRISE AND SUNSET
 OCT 22 2014..........SUNRISE  9:48 AM      SUNSET  7:16 PM
 OCT 23 2014..........SUNRISE  9:50 AM      SUNSET  7:13 PM

-  INDICATES NEGATIVE NUMBERS.
R  INDICATES RECORD HAS BEEN SET OR TIED.
MM INDICATES DATA IS MISSING.
T  INDICATES TRACE OF PRECIPITATION.

&&
-------------------------------------------------------------------

AMOUNT OF DAYLIGHT TODAY  (HOUR:MIN)........9 HOURS 28 MINUTES
LOSS SINCE YESTERDAY (HOUR:MIN:SEC)....-0:05:30

$$
CRG OCT 14
