000
CDAK48 PABE 021131
CLIBET

CLIMATE REPORT
NATIONAL WEATHER SERVICE BETHEL, AK
331 AM AKDT SUN AUG 2 2015

...................................
...THE BETHEL AP CLIMATE SUMMARY FOR AUGUST 1 2015...

CLIMATE NORMAL PERIOD  1981 TO  2010
CLIMATE RECORD PERIOD  1923 TO  2015

WEATHER ITEM   OBSERVED TIME    RECORD YEAR NORMAL DEPARTURE LAST
               VALUE    (LST)   VALUE       VALUE  FROM      YEAR
                                                   NORMAL
...................................................................
TEMPERATURE
YESTERDAY
 MAXIMUM            58  0634 PM    81  2002     62      -4     61
 MINIMUM            49  0740 AM    38  1928     48       1     52
 AVERAGE            54                          55      -1     57

PRECIPITATION
(INCHES)
 YESTERDAY        0.01           0.53  2014   0.10   -0.09   0.53
 MONTH TO DATE    0.01                        0.10   -0.09   0.53
 SINCE JUN 1      2.37                        4.18   -1.81   4.78
 SINCE JAN 1      6.77                        8.27   -1.50   7.82

SNOWFALL
(INCHES)
 YESTERDAY         0.0            0.0  2015    0.0     0.0    0.0
 MONTH TO DATE     0.0                         0.0     0.0    0.0
 SINCE JUN 1       0.0                         0.0     0.0    0.0
 SINCE JUL 1       0.0                         0.0     0.0    0.0
 SNOW DEPTH (IN)     0                                          0

DEGREE DAYS
 HEATING
  YESTERDAY         11                          10       1      8
  MONTH TO DATE     11                          10       1      8
  SINCE JUN 1      490                         671    -181    701
  SINCE JUL 1      252                         294     -42    281

 COOLING
  YESTERDAY          0                           0       0      0
  MONTH TO DATE      0                           0       0      0
  SINCE JUN 1       11                           0      11      0
  SINCE JAN 1       11                           0      11      0
...................................................................

WIND (MPH)
 HIGHEST WIND SPEED    13     HIGHEST WIND DIRECTION    270
 HIGHEST GUST SPEED    20     HIGHEST GUST DIRECTION    290
 AVERAGE WIND SPEED   8.3

SKY COVER
  POSSIBLE SUNSHINE    MM          AVERAGE SKY COVER     MM

WEATHER CONDITIONS
 THE FOLLOWING WEATHER WAS RECORDED YESTERDAY.
 DRIZZLE


RELATIVE HUMIDITY
 HIGHEST RH     MM PERCENT       MM
 LOWEST  RH     MM PERCENT       MM
 AVERAGE RH     MM PERCENT       MM
...................................................................

THE BETHEL CLIMATE NORMALS FOR TODAY
                           NORMAL    RECORD   YEAR
 MAXIMUM TEMPERATURE (F)     62        84     1925
 MINIMUM TEMPERATURE (F)     48        36     1938

SUNRISE AND SUNSET
 AUG 2 2015..........SUNRISE  6:26 AM      SUNSET 11:21 PM
 AUG 3 2015..........SUNRISE  6:28 AM      SUNSET 11:18 PM

-  INDICATES NEGATIVE NUMBERS.
R  INDICATES RECORD HAS BEEN SET OR TIED.
MM INDICATES DATA IS MISSING.
T  INDICATES TRACE OF PRECIPITATION.

&&
-------------------------------------------------------------------

AMOUNT OF DAYLIGHT TODAY  (HOUR:MIN)........16 HOURS 55 MINUTES
GAIN/LOSS SINCE YESTERDAY (HOUR:MIN:SEC)....-0:05:06

$$
DAC
