000
CDAK48 PABE 291302
CLIBET


CLIMATE REPORT
NATIONAL WEATHER SERVICE ANCHORAGE, AK
501 AM AKDT SAT APR 29 2017


...................................

...THE BETHEL CLIMATE SUMMARY FOR APRIL 28 2017...

CLIMATE NORMAL PERIOD 1981 TO 2010
CLIMATE RECORD PERIOD 1948 TO 2017


WEATHER ITEM   OBSERVED TIME   RECORD YEAR NORMAL DEPARTURE LAST
                VALUE   (LST)  VALUE       VALUE  FROM      YEAR
                                                  NORMAL
..................................................................
TEMPERATURE (F)
 YESTERDAY
  MAXIMUM         49    323 PM  58    1940  42      7       60
  MINIMUM         31   1159 PM -16    1924  26      5       32
  AVERAGE         40                        34      6       46

PRECIPITATION (IN)
  YESTERDAY        0.03          0.32 2002   0.03   0.00     0.00
  MONTH TO DATE    0.44                      0.68  -0.24     0.56
  SINCE MAR 1      0.74                      1.39  -0.65     1.29
  SINCE JAN 1      2.63                      2.89  -0.26     1.68

SNOWFALL (IN)
  YESTERDAY        0.0           1.2  1951   0.2   -0.2      0.0
  MONTH TO DATE    0.9                       5.5   -4.6      0.4
  SINCE MAR 1      3.8                      13.7   -9.9      2.9
  SINCE JUL 1     31.2                      59.5  -28.3     29.9
  SNOW DEPTH       0

DEGREE DAYS
 HEATING
  YESTERDAY       25                        31     -6       19
  MONTH TO DATE  818                      1081   -263      658
  SINCE MAR 1   2643                      2625     18     1970
  SINCE JUL 1  10903                     11363   -460     9227

 COOLING
  YESTERDAY        0                         0      0        0
  MONTH TO DATE    0                         0      0        0
  SINCE MAR 1      0                         0      0        0
  SINCE JAN 1      0                         0      0        0
..................................................................


WIND (MPH)
  RESULTANT WIND SPEED   2   RESULTANT WIND DIRECTION   S (170)
  HIGHEST WIND SPEED    18   HIGHEST WIND DIRECTION    SE (130)
  HIGHEST GUST SPEED    22   HIGHEST GUST DIRECTION    SE (130)
  AVERAGE WIND SPEED     5.3



WEATHER CONDITIONS
 THE FOLLOWING WEATHER WAS RECORDED YESTERDAY.
  LIGHT RAIN
  FOG
  FOG W/VISIBILITY <= 1/4 MILE


RELATIVE HUMIDITY (PERCENT)
 HIGHEST   100
 LOWEST     50
 AVERAGE    75

..........................................................


THE BETHEL CLIMATE NORMALS FOR TODAY
                         NORMAL    RECORD    YEAR
 MAXIMUM TEMPERATURE (F)   42        60      2015
 MINIMUM TEMPERATURE (F)   27        -5      1924


SUNRISE AND SUNSET
APRIL 29 2017.........SUNRISE   645 AM AKDT  SUNSET  1046 PM AKDT
APRIL 30 2017.........SUNRISE   642 AM AKDT  SUNSET  1048 PM AKDT


-  INDICATES NEGATIVE NUMBERS.
R  INDICATES RECORD WAS SET OR TIED.
MM INDICATES DATA IS MISSING.
T  INDICATES TRACE AMOUNT.




$$
