389
CDAK48 PAFC 231429
CLIBET


CLIMATE REPORT
NATIONAL WEATHER SERVICE ANCHORAGE, AK
528 AM AKST TUE JAN 23 2018


...................................

...THE BETHEL CLIMATE SUMMARY FOR JANUARY 22 2018...

CLIMATE NORMAL PERIOD 1981 TO 2010
CLIMATE RECORD PERIOD 1948 TO 2018


WEATHER ITEM   OBSERVED TIME   RECORD YEAR NORMAL DEPARTURE LAST
                VALUE   (LST)  VALUE       VALUE  FROM      YEAR
                                                  NORMAL
..................................................................
TEMPERATURE (F)
 YESTERDAY
  MAXIMUM         -5        MM  40    1937  12    -17      -17
  MINIMUM        -11        MM -39    1973   1    -12      -31
  AVERAGE         -8                         6    -14      -24

PRECIPITATION (IN)
  YESTERDAY        0.00          0.30 1999   0.02  -0.02     0.00
  MONTH TO DATE    0.29                      0.57  -0.28     0.64
  SINCE SEP 1     10.07                      7.69   2.38     5.78
  SINCE JAN 1      0.29                      0.57  -0.28     0.64

SNOWFALL (IN)
  YESTERDAY        0.0           3.9  2000   0.3   -0.3      0.0
  MONTH TO DATE    1.2                       7.2   -6.0      4.3
  SINCE SEP 1     19.6                      36.5  -16.9     15.4
  SINCE JUL 1     19.6                      36.5  -16.9     15.4
  SNOW DEPTH       1

DEGREE DAYS
 HEATING
  YESTERDAY       73                        59     14       89
  MONTH TO DATE 1059                      1293   -234     1341
  SINCE DEC 1   2295                      2987   -692     2930
  SINCE JUL 1   5461                      6710  -1249     6158

 COOLING
  YESTERDAY        0                         0      0        0
  MONTH TO DATE    0                         0      0        0
  SINCE DEC 1      0                         0      0        0
  SINCE JAN 1      0                         0      0        0
..................................................................


WIND (MPH)
  RESULTANT WIND SPEED  11   RESULTANT WIND DIRECTION   N (340)
  HIGHEST WIND SPEED    18   HIGHEST WIND DIRECTION     N (360)
  HIGHEST GUST SPEED    MM   HIGHEST GUST DIRECTION    MM
  AVERAGE WIND SPEED    11.0



WEATHER CONDITIONS
 THE FOLLOWING WEATHER WAS RECORDED YESTERDAY.
  NO SIGNIFICANT WEATHER WAS OBSERVED.


RELATIVE HUMIDITY (PERCENT)
 HIGHEST    83
 LOWEST     68
 AVERAGE    76

..........................................................


THE BETHEL CLIMATE NORMALS FOR TODAY
                         NORMAL    RECORD    YEAR
 MAXIMUM TEMPERATURE (F)   12        45      1963
 MINIMUM TEMPERATURE (F)    1       -43      1947


SUNRISE AND SUNSET
JANUARY 23 2018.......SUNRISE  1025 AM AKST  SUNSET   534 PM AKST
JANUARY 24 2018.......SUNRISE  1023 AM AKST  SUNSET   536 PM AKST


-  INDICATES NEGATIVE NUMBERS.
R  INDICATES RECORD WAS SET OR TIED.
MM INDICATES DATA IS MISSING.
T  INDICATES TRACE AMOUNT.




$$
