000
CDAK48 PABE 302332
CLIBET

CLIMATE REPORT
NATIONAL WEATHER SERVICE BETHEL, AK
332 PM AKDT SAT MAY 30 2015

...................................
...THE BETHEL AP CLIMATE SUMMARY FOR MAY 30 2015...
VALID TODAY AS OF 2:00 PM LOCAL TIME

CLIMATE NORMAL PERIOD  1981 TO  2010
CLIMATE RECORD PERIOD  1923 TO  2015

WEATHER ITEM   OBSERVED TIME    RECORD YEAR NORMAL DEPARTURE LAST
               VALUE    (LST)   VALUE       VALUE  FROM      YEAR
                                                   NORMAL
...................................................................
TEMPERATURE
TODAY
 MAXIMUM            67  0159 PM    76  1993     56      11     49
 MINIMUM            47  0439 AM    26  2009     38       9     38
 AVERAGE            57                          47      10     44

PRECIPITATION
(INCHES)
 TODAY            0.00           0.41  1938   0.04   -0.04   0.03
 MONTH TO DATE    1.80                        1.10    0.70   0.51
 SINCE MAR 1      3.36                        2.55    0.81   1.33
 SINCE JAN 1      4.40                        4.05    0.35   2.91

SNOWFALL
(INCHES)
 TODAY             0.0              T  1977    0.0     0.0    0.0
 MONTH TO DATE       T                         2.1    -2.1    0.0
 SINCE MAR 1      16.6                        16.0     0.6    5.7
 SINCE JUL 1      42.1                        61.8   -19.7   27.8
 SNOW DEPTH (IN)     0                                          0

DEGREE DAYS
 HEATING
  TODAY              8                          18     -10     21
  MONTH TO DATE    558                         699    -141    624
  SINCE MAR 1     2962                        3385    -423   3169
  SINCE JUL 1    10737                       12131   -1394  10644

 COOLING
  TODAY              0                           0       0      0
  MONTH TO DATE      0                           0       0      0
  SINCE MAR 1        0                           0       0      0
  SINCE JAN 1        0                           0       0      0
...................................................................

WIND (MPH)
 HIGHEST WIND SPEED    13     HIGHEST WIND DIRECTION    240
 HIGHEST GUST SPEED    18     HIGHEST GUST DIRECTION    230

WEATHER CONDITIONS
 THE FOLLOWING WEATHER WAS RECORDED TODAY.
 FOG

...................................................................

THE BETHEL CLIMATE NORMALS FOR TOMORROW
                        NORMAL    RECORD   YEAR
 MAXIMUM TEMPERATURE      57        80     1993
 MINIMUM TEMPERATURE      39        28     1933

SUNRISE AND SUNSET
 MAY 30 2015..........SUNRISE  5:32 AM      SUNSET 12:00 PM
 MAY 31 2015..........SUNRISE  5:31 AM      SUNSET 12:02 AM

-  INDICATES NEGATIVE NUMBERS.
R  INDICATES RECORD HAS BEEN SET OR TIED.
MM INDICATES DATA IS MISSING.
T  INDICATES TRACE OF PRECIPITATION.

&&
-------------------------------------------------------------------

AMOUNT OF DAYLIGHT TODAY  (HOUR:MIN)........18 HOURS 28 MINUTES
GAIN SINCE YESTERDAY (HOUR:MIN:SEC)....+0:03:44

$$
CR MAY 15
