000
CDAK48 PABE 051209
CLIBET

CLIMATE REPORT
NATIONAL WEATHER SERVICE BETHEL, AK
309 AM AKST THU MAR 5 2015

...................................
...THE BETHEL AP CLIMATE SUMMARY FOR MARCH 4 2015...

CLIMATE NORMAL PERIOD  1981 TO  2010
CLIMATE RECORD PERIOD  1948 TO  2015

WEATHER ITEM   OBSERVED TIME    RECORD YEAR NORMAL DEPARTURE LAST
               VALUE    (LST)   VALUE       VALUE  FROM      YEAR
                                                   NORMAL
...................................................................
TEMPERATURE
YESTERDAY
 MAXIMUM            33  1057 AM    43  1940     21      12     33
 MINIMUM            18  1028 AM   -30  1977      6      12      3
 AVERAGE            26                          14      12     18

PRECIPITATION
(INCHES)
 YESTERDAY        0.04           0.73  2009   0.02    0.02      T
 MONTH TO DATE    0.12                        0.09    0.03      T
 SINCE MAR 1      0.12                        0.09    0.03   0.00
 SINCE JAN 1      1.16                        1.59   -0.43   1.58

SNOWFALL
(INCHES)
 YESTERDAY         0.5            5.3  1951    0.3     0.2      T
 MONTH TO DATE     0.5                         1.1    -0.6      T
 SINCE MAR 1       0.5                         1.1    -0.6    0.0
 SINCE JUL 1      26.0                        46.9   -20.9   22.1
 SNOW DEPTH (IN)     T                                          T

DEGREE DAYS
 HEATING
  YESTERDAY         39                          51     -12     47
  MONTH TO DATE    144                         207     -63    165
  SINCE MAR 1      144                         207     -63    165
  SINCE JUL 1     7919                        8953   -1034   7640

 COOLING
  YESTERDAY          0                           0       0      0
  MONTH TO DATE      0                           0       0      0
  SINCE MAR 1        0                           0       0      0
  SINCE JAN 1        0                           0       0      0
...................................................................

WIND (MPH)
 HIGHEST WIND SPEED    12     HIGHEST WIND DIRECTION    280
 HIGHEST GUST SPEED    14     HIGHEST GUST DIRECTION    280
 AVERAGE WIND SPEED   5.6

SKY COVER
  POSSIBLE SUNSHINE    MM          AVERAGE SKY COVER     MM

WEATHER CONDITIONS
 THE FOLLOWING WEATHER WAS RECORDED YESTERDAY.
 BLOWING SNOW
 SNOW


RELATIVE HUMIDITY
 HIGHEST RH     MM PERCENT       MM
 LOWEST  RH     MM PERCENT       MM
 AVERAGE RH     MM PERCENT       MM
...................................................................

THE BETHEL CLIMATE NORMALS FOR TODAY
                           NORMAL    RECORD   YEAR
 MAXIMUM TEMPERATURE (F)     21        43     1984
 MINIMUM TEMPERATURE (F)      6       -36     1977

SUNRISE AND SUNSET
 MAR 5 2015..........SUNRISE  8:35 AM      SUNSET  7:24 PM
 MAR 6 2015..........SUNRISE  8:32 AM      SUNSET  7:27 PM

-  INDICATES NEGATIVE NUMBERS.
R  INDICATES RECORD HAS BEEN SET OR TIED.
MM INDICATES DATA IS MISSING.
T  INDICATES TRACE OF PRECIPITATION.

&&
-------------------------------------------------------------------

AMOUNT OF DAYLIGHT TODAY  (HOUR:MIN)........10 HOURS 49 MINUTES
GAIN/LOSS SINCE YESTERDAY (HOUR:MIN:SEC)....+0:05:38

$$
DAC
