700
CDAK48 PAFC 241308 RRA
CLIBET

CLIMATE REPORT
NATIONAL WEATHER SERVICE ANCHORAGE, AK
407 AM AKST TUE JAN 24 2017


...................................

...THE BETHEL CLIMATE SUMMARY FOR JANUARY 23 2017...

CLIMATE NORMAL PERIOD 1981 TO 2010
CLIMATE RECORD PERIOD 1948 TO 2017


WEATHER ITEM   OBSERVED TIME   RECORD YEAR NORMAL DEPARTURE LAST
                VALUE   (LST)  VALUE       VALUE  FROM      YEAR
                                                  NORMAL
..................................................................
TEMPERATURE (F)
 YESTERDAY
  MAXIMUM         -1   1159 PM  45    1963  12    -13        9
  MINIMUM        -17   1208 AM -43    1947   1    -18        2
  AVERAGE         -9                         7    -16        6

PRECIPITATION (IN)
  YESTERDAY        T             0.18 1937   0.03  -0.03     0.04
  MONTH TO DATE    0.64                      0.60   0.04     0.18
  SINCE DEC 1      1.40                      1.72  -0.32     1.42
  SINCE JAN 1      0.64                      0.60   0.04     0.18

SNOWFALL (IN)
  YESTERDAY        T             1.6  2011   0.3   -0.3      0.4
  MONTH TO DATE    4.3                       7.5   -3.2      2.6
  SINCE DEC 1     11.8                      18.9   -7.1     16.0
  SINCE JUL 1     15.4                      36.8  -21.4     25.4
  SNOW DEPTH       6

DEGREE DAYS
 HEATING
  YESTERDAY       74                        58     16       59
  MONTH TO DATE 1415                      1351     64     1043
  SINCE DEC 1   3004                      3045    -41     2541
  SINCE JUL 1   6232                      6768   -536     5753

 COOLING
  YESTERDAY        0                         0      0        0
  MONTH TO DATE    0                         0      0        0
  SINCE DEC 1      0                         0      0        0
  SINCE JAN 1      0                         0      0        0
..................................................................


WIND (MPH)
  RESULTANT WIND SPEED  21   RESULTANT WIND DIRECTION  NE (30)
  HIGHEST WIND SPEED    28   HIGHEST WIND DIRECTION    NE (30)
  HIGHEST GUST SPEED    34   HIGHEST GUST DIRECTION    NE (50)
  AVERAGE WIND SPEED    21.0



WEATHER CONDITIONS
 THE FOLLOWING WEATHER WAS RECORDED YESTERDAY.
  LIGHT SNOW
  FOG
  HAZE
  BLOWING SNOW


RELATIVE HUMIDITY (PERCENT)
 HIGHEST    86
 LOWEST     69
 AVERAGE    78

..........................................................


THE BETHEL CLIMATE NORMALS FOR TODAY
                         NORMAL    RECORD    YEAR
 MAXIMUM TEMPERATURE (F)   13        46      1963
 MINIMUM TEMPERATURE (F)    1       -45      1947


SUNRISE AND SUNSET
JANUARY 24 2017.......SUNRISE  1023 AM AKST  SUNSET   537 PM AKST
JANUARY 25 2017.......SUNRISE  1020 AM AKST  SUNSET   540 PM AKST

CIVIL TWILIGHT
JANUARY 24 2017         START    932 AM GMT     END    629 PM GMT
JANUARY 25 2017         START    930 AM GMT     END    631 PM GMT



-  INDICATES NEGATIVE NUMBERS.
R  INDICATES RECORD WAS SET OR TIED.
MM INDICATES DATA IS MISSING.
T  INDICATES TRACE AMOUNT.




$$
&&
------------------------------------------------------
AMOUNT OF DAYLIGHT TODAY  (HOUR:MIN)........ 7:14
GAIN/LOSS SINCE YESTERDAY (HOUR:MIN:SEC)....+0:04:47

$$
