000
CDUS45 KCYS 220726
CLIBFF


CLIMATE REPORT
NATIONAL WEATHER SERVICE CHEYENNE WY
126 AM MDT MON SEP 22 2014


...................................

...THE SCOTTSBLUFF NEBRASKA AIRPORT CLIMATE SUMMARY FOR SEPTEMBER 21 2014...

CLIMATE NORMAL PERIOD 1981 TO 2010
CLIMATE RECORD PERIOD 1871 TO 2014


WEATHER ITEM   OBSERVED TIME   RECORD YEAR NORMAL DEPARTURE LAST
                VALUE   (LST)  VALUE       VALUE  FROM      YEAR
                                                  NORMAL
..................................................................
TEMPERATURE (F)
 YESTERDAY
  MAXIMUM         76    206 PM  93    1922  75      1       91
  MINIMUM         47    605 AM  19    1983  43      4       42
  AVERAGE         62                        59      3       67

PRECIPITATION (IN)
  YESTERDAY        0.00          1.12 1902   0.04  -0.04     0.00
  MONTH TO DATE    0.26                      0.82  -0.56     1.02
  SINCE JAN 1     12.30                     13.12  -0.82     8.87

SNOWFALL (IN)
  YESTERDAY        0.0           2.5  1895   0.0    0.0      0.0
  MONTH TO DATE    T                         0.2   -0.2      0.0
  SINCE JUL 1      T                         0.2   -0.2      0.0
  SNOW DEPTH       0

DEGREE DAYS
 HEATING
  YESTERDAY        3                         7     -4        0
  MONTH TO DATE  100                        80     20       24
  SINCE SEP 1    100                        80     20       24
  SINCE JUL 1    113                       100     13       26

 COOLING
  YESTERDAY        0                         1     -1        2
  MONTH TO DATE   48                        53     -5      150
  SINCE SEP 1     48                        53     -5      150
  SINCE JAN 1    691                       718    -27     1042
..................................................................


WIND (MPH)
  HIGHEST WIND SPEED    18   HIGHEST WIND DIRECTION     E (90)
  HIGHEST GUST SPEED    22   HIGHEST GUST DIRECTION     E (110)
  AVERAGE WIND SPEED     8.9


SKY COVER
  AVERAGE SKY COVER 0.3


WEATHER CONDITIONS
 THE FOLLOWING WEATHER WAS RECORDED YESTERDAY.
  NO SIGNIFICANT WEATHER WAS OBSERVED.


RELATIVE HUMIDITY (PERCENT)
 HIGHEST    86           600 AM
 LOWEST     27           200 PM
 AVERAGE    57

..........................................................


THE SCOTTSBLUFF NEBRASKA AIRPORT CLIMATE NORMALS FOR TODAY
                         NORMAL    RECORD    YEAR
 MAXIMUM TEMPERATURE (F)   75        93      2007
                                             1935
 MINIMUM TEMPERATURE (F)   42        24      1995
                                             1895


SUNRISE AND SUNSET
SEPTEMBER 22 2014.....SUNRISE   642 AM MDT   SUNSET   652 PM MDT
SEPTEMBER 23 2014.....SUNRISE   643 AM MDT   SUNSET   650 PM MDT


-  INDICATES NEGATIVE NUMBERS.
R  INDICATES RECORD WAS SET OR TIED.
MM INDICATES DATA IS MISSING.
T  INDICATES TRACE AMOUNT.




$$
