000
CDUS45 KCYS 062222
CLIBFF


CLIMATE REPORT
NATIONAL WEATHER SERVICE CHEYENNE WY
321 PM MST FRI MAR 6 2015


...................................

...THE SCOTTSBLUFF NEBRASKA AIRPORT CLIMATE SUMMARY FOR MARCH 6 2015...
VALID AS OF 0300 PM LOCAL TIME.

CLIMATE NORMAL PERIOD 1981 TO 2010
CLIMATE RECORD PERIOD 1871 TO 2015


WEATHER ITEM   OBSERVED TIME   RECORD YEAR NORMAL DEPARTURE LAST
                VALUE   (LST)  VALUE       VALUE  FROM      YEAR
                                                  NORMAL
..................................................................
TEMPERATURE (F)
 TODAY
  MAXIMUM         57    159 PM  76    2012  50      7       66
  MINIMUM         24    606 AM -11    1920  21      3       31
  AVERAGE         41                        36      5       49

PRECIPITATION (IN)
  TODAY            0.00          1.36 1990   0.02  -0.02      T
  MONTH TO DATE    0.07                      0.15  -0.08     0.16
  SINCE MAR 1      0.07                      0.15  -0.08     0.16
  SINCE JAN 1      0.91                      1.16  -0.25     1.76

SNOWFALL (IN)
  TODAY            0.0           7.0  1917   0.2   -0.2      0.0
  MONTH TO DATE    0.8                       1.4   -0.6      3.8
  SINCE JUL 1     43.1                      29.8   13.3     55.1
  SNOW DEPTH       0

DEGREE DAYS
 HEATING
  TODAY           24                        30     -6       16
  MONTH TO DATE  222                       182     40      230
  SINCE MAR 1    222                       182     40      230
  SINCE JUL 1   4937                      5094   -157     5263

 COOLING
  TODAY            0                         0      0        0
  MONTH TO DATE    0                         0      0        0
  SINCE MAR 1      0                         0      0        0
  SINCE JAN 1      0                         0      0        0
..................................................................


WIND (MPH)
  HIGHEST WIND SPEED    23   HIGHEST WIND DIRECTION     W (260)
  HIGHEST GUST SPEED    30   HIGHEST GUST DIRECTION     W (250)
  AVERAGE WIND SPEED     9.5


SKY COVER
  AVERAGE SKY COVER 0.1


WEATHER CONDITIONS
 THE FOLLOWING WEATHER WAS RECORDED TODAY.
  NO SIGNIFICANT WEATHER WAS OBSERVED.


RELATIVE HUMIDITY (PERCENT)
 HIGHEST    81          1200 AM
 LOWEST     19           100 PM
 AVERAGE    50

..........................................................


THE SCOTTSBLUFF NEBRASKA AIRPORT CLIMATE NORMALS FOR TOMORROW
                         NORMAL    RECORD    YEAR
 MAXIMUM TEMPERATURE (F)   50        69      1911
 MINIMUM TEMPERATURE (F)   21       -16      1920


SUNRISE AND SUNSET
MARCH  6 2015.........SUNRISE   622 AM MST   SUNSET   550 PM MST
MARCH  7 2015.........SUNRISE   620 AM MST   SUNSET   552 PM MST


-  INDICATES NEGATIVE NUMBERS.
R  INDICATES RECORD WAS SET OR TIED.
MM INDICATES DATA IS MISSING.
T  INDICATES TRACE AMOUNT.




$$
