000
CDUS45 KCYS 200340
CLIBFF


CLIMATE REPORT
NATIONAL WEATHER SERVICE CHEYENNE WY
940 PM MDT SAT APR 19 2014


...................................

...THE SCOTTSBLUFF NEBRASKA AIRPORT CLIMATE SUMMARY FOR APRIL 19 2014...
VALID TODAY AS OF 0900 PM LOCAL TIME.

CLIMATE NORMAL PERIOD 1981 TO 2010
CLIMATE RECORD PERIOD 1871 TO 2014


WEATHER ITEM   OBSERVED TIME   RECORD YEAR NORMAL DEPARTURE LAST
                VALUE   (LST)  VALUE       VALUE  FROM      YEAR
                                                  NORMAL
..................................................................
TEMPERATURE (F)
 TODAY
  MAXIMUM         67    438 PM  85    1946  63      4       53
                                      1936
  MINIMUM         45    515 AM   1    1966  33     12       20
  AVERAGE         56                        48      8       37

PRECIPITATION (IN)
  TODAY            0.00          1.04 1929   0.07  -0.07     0.00
  MONTH TO DATE    0.09                      1.11  -1.02     1.83
  SINCE MAR 1      0.94                      2.11  -1.17     2.04
  SINCE JAN 1      2.54                      3.12  -0.58     2.58

SNOWFALL (IN)
  TODAY            0.0           3.9  1920   0.1   -0.1      0.0
  MONTH TO DATE    1.1                       4.1   -3.0     17.4
  SINCE JUL 1     61.5                      40.3   21.2     40.3
  SNOW DEPTH       0

DEGREE DAYS
 HEATING
  TODAY            9                        17     -8       28
  MONTH TO DATE  359                       383    -24      523
  SINCE MAR 1   1189                      1212    -23     1340
  SINCE JUL 1   6222                      6124     98     5861

 COOLING
  TODAY            0                         0      0        0
  MONTH TO DATE    0                         0      0        0
  SINCE MAR 1      0                         0      0        0
  SINCE JAN 1      0                         0      0        0
..................................................................


WIND (MPH)
  HIGHEST WIND SPEED    20   HIGHEST WIND DIRECTION     N (20)
  HIGHEST GUST SPEED    24   HIGHEST GUST DIRECTION     S (160)
  AVERAGE WIND SPEED     8.4


SKY COVER
  AVERAGE SKY COVER 0.1


WEATHER CONDITIONS
 THE FOLLOWING WEATHER WAS RECORDED TODAY.
  NO SIGNIFICANT WEATHER WAS OBSERVED.


RELATIVE HUMIDITY (PERCENT)
 HIGHEST    71           400 AM
 LOWEST     28           200 PM
 AVERAGE    50

..........................................................


THE SCOTTSBLUFF NEBRASKA AIRPORT CLIMATE NORMALS FOR TOMORROW
                         NORMAL    RECORD    YEAR
 MAXIMUM TEMPERATURE (F)   63        89      1910
 MINIMUM TEMPERATURE (F)   33        -3      1966


SUNRISE AND SUNSET
APRIL 19 2014.........SUNRISE   608 AM MDT   SUNSET   740 PM MDT
APRIL 20 2014.........SUNRISE   606 AM MDT   SUNSET   741 PM MDT


-  INDICATES NEGATIVE NUMBERS.
R  INDICATES RECORD WAS SET OR TIED.
MM INDICATES DATA IS MISSING.
T  INDICATES TRACE AMOUNT.




$$
