000
CDUS45 KCYS 252127
CLIBFF


CLIMATE REPORT
NATIONAL WEATHER SERVICE CHEYENNE WY
326 PM MDT MON JUL 25 2016


...................................

...THE SCOTTSBLUFF NE AIRPORT CLIMATE SUMMARY FOR JULY 25 2016...
VALID AS OF 0300 PM LOCAL TIME.

CLIMATE NORMAL PERIOD 1981 TO 2010
CLIMATE RECORD PERIOD 1871 TO 2016


WEATHER ITEM   OBSERVED TIME   RECORD YEAR NORMAL DEPARTURE LAST
                VALUE   (LST)  VALUE       VALUE  FROM      YEAR
                                                  NORMAL
..................................................................
TEMPERATURE (F)
 TODAY
  MAXIMUM         93    159 PM 104    1931  90      3       91
                                      1899
  MINIMUM         57    450 AM  41    1911  59     -2       61
  AVERAGE         75                        75      0       76

PRECIPITATION (IN)
  TODAY            0.00          1.13 1982   0.06  -0.06     0.00
  MONTH TO DATE    0.60                      1.51  -0.91     3.52
  SINCE JUN 1      1.68                      4.36  -2.68     5.76
  SINCE JAN 1     10.80                     10.68   0.12    17.92

SNOWFALL (IN)
  TODAY            0.0          MM      MM   0.0    0.0      0.0
  MONTH TO DATE    0.0                       0.0    0.0      0.0
  SINCE JUL 1      0.0                       0.0    0.0      0.0
  SNOW DEPTH       0

DEGREE DAYS
 HEATING
  TODAY            0                         0      0        0
  MONTH TO DATE    0                         1     -1        6
  SINCE JUN 1      6                        61    -55        9
  SINCE JUL 1      0                         1     -1        6

 COOLING
  TODAY           10                        10      0       11
  MONTH TO DATE  275                       230     45      193
  SINCE JUN 1    545                       356    189      378
  SINCE JAN 1    549                       379    170      378
..................................................................


WIND (MPH)
  HIGHEST WIND SPEED    21   HIGHEST WIND DIRECTION    SE (150)
  HIGHEST GUST SPEED    26   HIGHEST GUST DIRECTION    SE (150)
  AVERAGE WIND SPEED    11.6


SKY COVER
  AVERAGE SKY COVER 0.0


WEATHER CONDITIONS
 THE FOLLOWING WEATHER WAS RECORDED TODAY.
  NO SIGNIFICANT WEATHER WAS OBSERVED.


RELATIVE HUMIDITY (PERCENT)
 HIGHEST    93           400 AM
 LOWEST     28           200 PM
 AVERAGE    61

..........................................................


THE SCOTTSBLUFF NE AIRPORT CLIMATE NORMALS FOR TOMORROW
                         NORMAL    RECORD    YEAR
 MAXIMUM TEMPERATURE (F)   90       104      1935
 MINIMUM TEMPERATURE (F)   59        47      1971


SUNRISE AND SUNSET
JULY 25 2016..........SUNRISE   542 AM MDT   SUNSET   819 PM MDT
JULY 26 2016..........SUNRISE   543 AM MDT   SUNSET   818 PM MDT


-  INDICATES NEGATIVE NUMBERS.
R  INDICATES RECORD WAS SET OR TIED.
MM INDICATES DATA IS MISSING.
T  INDICATES TRACE AMOUNT.




$$
