000
CDUS45 KCYS 240727
CLIBFF


CLIMATE REPORT
NATIONAL WEATHER SERVICE CHEYENNE WY
126 AM MDT THU APR 24 2014


...................................

...THE SCOTTSBLUFF NEBRASKA AIRPORT CLIMATE SUMMARY FOR APRIL 23 2014...

CLIMATE NORMAL PERIOD 1981 TO 2010
CLIMATE RECORD PERIOD 1871 TO 2014


WEATHER ITEM   OBSERVED TIME   RECORD YEAR NORMAL DEPARTURE LAST
                VALUE   (LST)  VALUE       VALUE  FROM      YEAR
                                                  NORMAL
..................................................................
TEMPERATURE (F)
 YESTERDAY
  MAXIMUM         67    112 PM  88    2012  64      3       44
  MINIMUM         46   1159 PM  18    2001  34     12       22
                                      1898
  AVERAGE         57                        49      8       33

PRECIPITATION (IN)
  YESTERDAY        0.00          1.59 1915   0.06  -0.06     0.00
  MONTH TO DATE    0.09                      1.36  -1.27     1.87
  SINCE JAN 1      2.54                      3.37  -0.83     2.62

SNOWFALL (IN)
  YESTERDAY        0.0           5.0  1937   0.1   -0.1      0.0
  MONTH TO DATE    1.1                       4.7   -3.6     17.4
  SINCE JUL 1     61.5                      40.9   20.6     40.3
  SNOW DEPTH       0

DEGREE DAYS
 HEATING
  YESTERDAY        8                        16     -8       32
  MONTH TO DATE  384                       449    -65      620
  SINCE MAR 1   1214                      1278    -64     1437
  SINCE JUL 1   6247                      6190     57     5958

 COOLING
  YESTERDAY        0                         0      0        0
  MONTH TO DATE    0                         0      0        0
  SINCE MAR 1      0                         0      0        0
  SINCE JAN 1      0                         0      0        0
..................................................................


WIND (MPH)
  HIGHEST WIND SPEED    37   HIGHEST WIND DIRECTION    NW (300)
  HIGHEST GUST SPEED    47   HIGHEST GUST DIRECTION     W (290)
  AVERAGE WIND SPEED    17.2


SKY COVER
  AVERAGE SKY COVER 0.2


WEATHER CONDITIONS
 THE FOLLOWING WEATHER WAS RECORDED YESTERDAY.
  NO SIGNIFICANT WEATHER WAS OBSERVED.


RELATIVE HUMIDITY (PERCENT)
 HIGHEST    77           600 AM
 LOWEST     14           600 PM
 AVERAGE    46

..........................................................


THE SCOTTSBLUFF NEBRASKA AIRPORT CLIMATE NORMALS FOR TODAY
                         NORMAL    RECORD    YEAR
 MAXIMUM TEMPERATURE (F)   64        93      2012
 MINIMUM TEMPERATURE (F)   35        13      1898


SUNRISE AND SUNSET
APRIL 24 2014.........SUNRISE   600 AM MDT   SUNSET   745 PM MDT
APRIL 25 2014.........SUNRISE   559 AM MDT   SUNSET   746 PM MDT


-  INDICATES NEGATIVE NUMBERS.
R  INDICATES RECORD WAS SET OR TIED.
MM INDICATES DATA IS MISSING.
T  INDICATES TRACE AMOUNT.




$$
