000
CDUS45 KCYS 240728
CLIBFF


CLIMATE REPORT
NATIONAL WEATHER SERVICE CHEYENNE WY
1227 AM MST MON NOV 24 2014


...................................

...THE SCOTTSBLUFF NEBRASKA AIRPORT CLIMATE SUMMARY FOR NOVEMBER 23 2014...

CLIMATE NORMAL PERIOD 1981 TO 2010
CLIMATE RECORD PERIOD 1871 TO 2014


WEATHER ITEM   OBSERVED TIME   RECORD YEAR NORMAL DEPARTURE LAST
                VALUE   (LST)  VALUE       VALUE  FROM      YEAR
                                                  NORMAL
..................................................................
TEMPERATURE (F)
 YESTERDAY
  MAXIMUM         45    129 PM  73    1915  46     -1       29
  MINIMUM         24    716 AM -14    1941  18      6        2
  AVERAGE         35                        32      3       16

PRECIPITATION (IN)
  YESTERDAY        0.00          0.35 1992   0.02  -0.02     0.00
  MONTH TO DATE    0.73                      0.53   0.20     0.85
  SINCE JAN 1     17.62                     15.15   2.47    12.74

SNOWFALL (IN)
  YESTERDAY        0.0           4.0  1992   0.2   -0.2      0.0
  MONTH TO DATE    3.1                       4.2   -1.1      6.3
  SINCE JUL 1      3.1                       7.4   -4.3     12.9
  SNOW DEPTH       0

DEGREE DAYS
 HEATING
  YESTERDAY       30                        33     -3       49
  MONTH TO DATE  741                       630    111      639
  SINCE SEP 1   1206                      1301    -95     1293
  SINCE JUL 1   1219                      1321   -102     1295

 COOLING
  YESTERDAY        0                         0      0        0
  MONTH TO DATE    0                         0      0        0
  SINCE SEP 1     76                        59     17      155
  SINCE JAN 1    719                       724     -5     1047
..................................................................


WIND (MPH)
  HIGHEST WIND SPEED    37   HIGHEST WIND DIRECTION    NW (330)
  HIGHEST GUST SPEED    48   HIGHEST GUST DIRECTION    NW (320)
  AVERAGE WIND SPEED    16.8


SKY COVER
  AVERAGE SKY COVER 0.3


WEATHER CONDITIONS
 THE FOLLOWING WEATHER WAS RECORDED YESTERDAY.
  NO SIGNIFICANT WEATHER WAS OBSERVED.


RELATIVE HUMIDITY (PERCENT)
 HIGHEST    78           400 AM
 LOWEST     25           200 PM
 AVERAGE    52

..........................................................


THE SCOTTSBLUFF NEBRASKA AIRPORT CLIMATE NORMALS FOR TODAY
                         NORMAL    RECORD    YEAR
 MAXIMUM TEMPERATURE (F)   46        71      1998
                                             1933
 MINIMUM TEMPERATURE (F)   18        -5      1952
                                             1950


SUNRISE AND SUNSET
NOVEMBER 24 2014......SUNRISE   655 AM MST   SUNSET   427 PM MST
NOVEMBER 25 2014......SUNRISE   656 AM MST   SUNSET   427 PM MST


-  INDICATES NEGATIVE NUMBERS.
R  INDICATES RECORD WAS SET OR TIED.
MM INDICATES DATA IS MISSING.
T  INDICATES TRACE AMOUNT.




$$
