000
CDUS45 KCYS 270727
CLIBFF


CLIMATE REPORT
NATIONAL WEATHER SERVICE CHEYENNE WY
1226 AM MST TUE JAN 27 2015


...................................

...THE SCOTTSBLUFF NEBRASKA AIRPORT CLIMATE SUMMARY FOR JANUARY 26 2015...

CLIMATE NORMAL PERIOD 1981 TO 2010
CLIMATE RECORD PERIOD 1871 TO 2015


WEATHER ITEM   OBSERVED TIME   RECORD YEAR NORMAL DEPARTURE LAST
                VALUE   (LST)  VALUE       VALUE  FROM      YEAR
                                                  NORMAL
..................................................................
TEMPERATURE (F)
 YESTERDAY
  MAXIMUM         65    330 PM  74    1982  41     24       51
  MINIMUM         33    740 AM -22    2009  14     19       15
                                      1902
  AVERAGE         49                        28     21       33

PRECIPITATION (IN)
  YESTERDAY        0.00          0.24 2009   0.01  -0.01      T
  MONTH TO DATE    0.25                      0.34  -0.09     0.30
  SINCE JAN 1      0.25                      0.34  -0.09     0.30

SNOWFALL (IN)
  YESTERDAY        0.0           4.1  2009   0.2   -0.2       T
  MONTH TO DATE    3.4                       4.5   -1.1      3.7
  SINCE JUL 1     34.3                      20.5   13.8     27.8
  SNOW DEPTH       0

DEGREE DAYS
 HEATING
  YESTERDAY       16                        37    -21       32
  MONTH TO DATE 1057                       985     72      865
  SINCE DEC 1   2265                      2192     73     2088
  SINCE JUL 1   3710                      3757    -47     3593

 COOLING
  YESTERDAY        0                         0      0        0
  MONTH TO DATE    0                         0      0        0
  SINCE DEC 1      0                         0      0        0
  SINCE JAN 1      0                         0      0        0
..................................................................


WIND (MPH)
  HIGHEST WIND SPEED    16   HIGHEST WIND DIRECTION    NW (300)
  HIGHEST GUST SPEED    19   HIGHEST GUST DIRECTION     W (270)
  AVERAGE WIND SPEED     8.7


SKY COVER
  AVERAGE SKY COVER 0.0


WEATHER CONDITIONS
 THE FOLLOWING WEATHER WAS RECORDED YESTERDAY.
  NO SIGNIFICANT WEATHER WAS OBSERVED.


RELATIVE HUMIDITY (PERCENT)
 HIGHEST    89          1200 AM
 LOWEST     34           400 PM
 AVERAGE    62

..........................................................


THE SCOTTSBLUFF NEBRASKA AIRPORT CLIMATE NORMALS FOR TODAY
                         NORMAL    RECORD    YEAR
 MAXIMUM TEMPERATURE (F)   42        67      2003
 MINIMUM TEMPERATURE (F)   14       -29      1902


SUNRISE AND SUNSET
JANUARY 27 2015.......SUNRISE   712 AM MST   SUNSET   503 PM MST
JANUARY 28 2015.......SUNRISE   711 AM MST   SUNSET   504 PM MST


-  INDICATES NEGATIVE NUMBERS.
R  INDICATES RECORD WAS SET OR TIED.
MM INDICATES DATA IS MISSING.
T  INDICATES TRACE AMOUNT.




$$
