000
CDUS45 KCYS 290727
CLIBFF


CLIMATE REPORT
NATIONAL WEATHER SERVICE CHEYENNE WY
127 AM MDT WED JUL 29 2015


...................................

...THE SCOTTSBLUFF NE AIRPORT CLIMATE SUMMARY FOR JULY 28 2015...

CLIMATE NORMAL PERIOD 1981 TO 2010
CLIMATE RECORD PERIOD 1871 TO 2015


WEATHER ITEM   OBSERVED TIME   RECORD YEAR NORMAL DEPARTURE LAST
                VALUE   (LST)  VALUE       VALUE  FROM      YEAR
                                                  NORMAL
..................................................................
TEMPERATURE (F)
 YESTERDAY
  MAXIMUM         84    432 PM 105    1933  90     -6       90
  MINIMUM         53    502 AM  46    1913  59     -6       58
  AVERAGE         69                        75     -6       74

PRECIPITATION (IN)
  YESTERDAY        0.00          2.09 1982   0.05  -0.05     0.00
  MONTH TO DATE    3.83                      1.67   2.16     1.45
  SINCE JAN 1     18.23                     10.84   7.39    10.33

SNOWFALL (IN)
  YESTERDAY        0.0          MM      MM   0.0    0.0      0.0
  MONTH TO DATE    0.0                       0.0    0.0      0.0
  SINCE JUL 1      0.0                       0.0    0.0      0.0
  SNOW DEPTH       0

DEGREE DAYS
 HEATING
  YESTERDAY        0                         0      0        0
  MONTH TO DATE    6                         1      5        7
  SINCE JUN 1      9                        61    -52       60
  SINCE JUL 1      6                         1      5        7

 COOLING
  YESTERDAY        4                        10     -6        9
  MONTH TO DATE  225                       260    -35      265
  SINCE JUN 1    410                       386     24      360
  SINCE JAN 1    410                       409      1      387
..................................................................


WIND (MPH)
  HIGHEST WIND SPEED    22   HIGHEST WIND DIRECTION     N (340)
  HIGHEST GUST SPEED    27   HIGHEST GUST DIRECTION     N (350)
  AVERAGE WIND SPEED     8.0


SKY COVER
  AVERAGE SKY COVER 0.0


WEATHER CONDITIONS
 THE FOLLOWING WEATHER WAS RECORDED YESTERDAY.
  NO SIGNIFICANT WEATHER WAS OBSERVED.


RELATIVE HUMIDITY (PERCENT)
 HIGHEST    83           500 AM
 LOWEST     13           400 PM
 AVERAGE    48

..........................................................


THE SCOTTSBLUFF NE AIRPORT CLIMATE NORMALS FOR TODAY
                         NORMAL    RECORD    YEAR
 MAXIMUM TEMPERATURE (F)   90       106      1980
 MINIMUM TEMPERATURE (F)   59        47      2009


SUNRISE AND SUNSET
JULY 29 2015..........SUNRISE   545 AM MDT   SUNSET   816 PM MDT
JULY 30 2015..........SUNRISE   546 AM MDT   SUNSET   815 PM MDT


-  INDICATES NEGATIVE NUMBERS.
R  INDICATES RECORD WAS SET OR TIED.
MM INDICATES DATA IS MISSING.
T  INDICATES TRACE AMOUNT.




$$
