000
CDUS45 KCYS 260728
CLIBFF


CLIMATE REPORT
NATIONAL WEATHER SERVICE CHEYENNE WY
1227 AM MST FRI DEC 26 2014


...................................

...THE SCOTTSBLUFF NEBRASKA AIRPORT CLIMATE SUMMARY FOR DECEMBER 25 2014...

CLIMATE NORMAL PERIOD 1981 TO 2010
CLIMATE RECORD PERIOD 1871 TO 2014


WEATHER ITEM   OBSERVED TIME   RECORD YEAR NORMAL DEPARTURE LAST
                VALUE   (LST)  VALUE       VALUE  FROM      YEAR
                                                  NORMAL
..................................................................
TEMPERATURE (F)
 YESTERDAY
  MAXIMUM         39    613 AM  66    1971  39      0       42
  MINIMUM         22   1159 PM -14    1987  12     10       17
  AVERAGE         31                        25      6       30

PRECIPITATION (IN)
  YESTERDAY        0.42R         0.38 2007   0.01   0.41     0.00
                                      1941
  MONTH TO DATE    1.22                      0.41   0.81     0.63
  SINCE JAN 1     19.02                     15.69   3.33    13.37

SNOWFALL (IN)
  YESTERDAY       MM             4.1  2007   0.3   MM        0.0
  MONTH TO DATE   10.5                       5.8    4.7     11.2
  SINCE JUL 1     16.1                      14.7    1.4     24.1
  SNOW DEPTH       6

DEGREE DAYS
 HEATING
  YESTERDAY       34                        40     -6       35
  MONTH TO DATE  854                       973   -119     1039
  SINCE DEC 1    854                       973   -119     1039
  SINCE JUL 1   2299                      2538   -239     2544

 COOLING
  YESTERDAY        0                         0      0        0
  MONTH TO DATE    0                         0      0        0
  SINCE DEC 1      0                         0      0        0
  SINCE JAN 1    719                       724     -5     1047
..................................................................


WIND (MPH)
  HIGHEST WIND SPEED    28   HIGHEST WIND DIRECTION    NE (30)
  HIGHEST GUST SPEED    34   HIGHEST GUST DIRECTION     N (20)
  AVERAGE WIND SPEED    11.1


SKY COVER
  AVERAGE SKY COVER 1.0


WEATHER CONDITIONS
 THE FOLLOWING WEATHER WAS RECORDED YESTERDAY.
  HEAVY SNOW
  SNOW
  LIGHT SNOW
  FOG
  FOG W/VISIBILITY <= 1/4 MILE


RELATIVE HUMIDITY (PERCENT)
 HIGHEST    92          1100 AM
 LOWEST     70           200 AM
 AVERAGE    81

..........................................................


THE SCOTTSBLUFF NEBRASKA AIRPORT CLIMATE NORMALS FOR TODAY
                         NORMAL    RECORD    YEAR
 MAXIMUM TEMPERATURE (F)   39        66      1980
 MINIMUM TEMPERATURE (F)   12       -15      1948


SUNRISE AND SUNSET
DECEMBER 26 2014......SUNRISE   721 AM MST   SUNSET   429 PM MST
DECEMBER 27 2014......SUNRISE   721 AM MST   SUNSET   430 PM MST


-  INDICATES NEGATIVE NUMBERS.
R  INDICATES RECORD WAS SET OR TIED.
MM INDICATES DATA IS MISSING.
T  INDICATES TRACE AMOUNT.




$$
